[INFO] fetching crate exint-macro 0.1.4...
[INFO] testing exint-macro-0.1.4 against 1.99.0-beta.8+cargoflags=--release for beta-release-1.100-2
[INFO] extracting crate exint-macro 0.1.4 into /workspace/builds/worker-7-tc1/source
[INFO] started tweaking crates.io crate exint-macro 0.1.4
[INFO] finished tweaking crates.io crate exint-macro 0.1.4
[INFO] tweaked toml for crates.io crate exint-macro 0.1.4 written to /workspace/builds/worker-7-tc1/source/Cargo.toml
[INFO] validating manifest of crates.io crate exint-macro 0.1.4 on toolchain 1.99.0-beta.8
[INFO] running `Command { std: CARGO_HOME="/workspace/cargo-home" RUSTUP_HOME="/workspace/rustup-home" "/workspace/cargo-home/bin/cargo" "+1.99.0-beta.8" "metadata" "--manifest-path" "Cargo.toml" "--no-deps", kill_on_drop: false }`
[INFO] crate crates.io crate exint-macro 0.1.4 already has a lockfile, it will not be regenerated
[INFO] running `Command { std: CARGO_HOME="/workspace/cargo-home" RUSTUP_HOME="/workspace/rustup-home" "/workspace/cargo-home/bin/cargo" "+1.99.0-beta.8" "fetch" "--manifest-path" "Cargo.toml", kill_on_drop: false }`
[INFO] [stderr] warning: Cargo.toml: `lints.rust.deprecated-safe` is deprecated in favor of `lints.rust.deprecated_safe` and will not work in a future edition
[INFO] [stderr] warning: Cargo.toml: `lints.rust.future-incompatible` is deprecated in favor of `lints.rust.future_incompatible` and will not work in a future edition
[INFO] [stderr] warning: Cargo.toml: `lints.rust.keyword-idents` is deprecated in favor of `lints.rust.keyword_idents` and will not work in a future edition
[INFO] [stderr] warning: Cargo.toml: `lints.rust.let-underscore` is deprecated in favor of `lints.rust.let_underscore` and will not work in a future edition
[INFO] [stderr] warning: Cargo.toml: `lints.rust.nonstandard-style` is deprecated in favor of `lints.rust.nonstandard_style` and will not work in a future edition
[INFO] [stderr] warning: Cargo.toml: `lints.rust.refining-impl-trait` is deprecated in favor of `lints.rust.refining_impl_trait` and will not work in a future edition
[INFO] [stderr] warning: Cargo.toml: `lints.rust.rust-2018-compatibility` is deprecated in favor of `lints.rust.rust_2018_compatibility` and will not work in a future edition
[INFO] [stderr] warning: Cargo.toml: `lints.rust.rust-2018-idioms` is deprecated in favor of `lints.rust.rust_2018_idioms` and will not work in a future edition
[INFO] [stderr] warning: Cargo.toml: `lints.rust.rust-2021-compatibility` is deprecated in favor of `lints.rust.rust_2021_compatibility` and will not work in a future edition
[INFO] [stderr] warning: Cargo.toml: `lints.rust.rust-2024-compatibility` is deprecated in favor of `lints.rust.rust_2024_compatibility` and will not work in a future edition
[INFO] [stderr] warning: `exint-macro` (manifest) generated 10 warnings
[INFO] running `Command { std: "docker" "create" "-v" "/var/lib/crater-agent-workspace/builds/worker-7-tc1/source:/opt/rustwide/workdir:ro,Z" "-v" "/var/lib/crater-agent-workspace/builds/worker-7-tc1/target:/opt/rustwide/target:rw,Z" "-v" "/var/lib/crater-agent-workspace/cargo-home:/opt/rustwide/cargo-home:ro,Z" "-v" "/var/lib/crater-agent-workspace/rustup-home:/opt/rustwide/rustup-home:ro,Z" "-m" "1610612736" "--network" "none" "ghcr.io/rust-lang/crates-build-env/linux@sha256:77db811e55d90add9212f6832c23229e3de5f1c1f9905e8cb07319ea15df73ac" "sleep" "infinity", kill_on_drop: false }`
[INFO] [stdout] 111fdb2393dd7110dd07574ac2b8646c2f0125d09eee6730339b351500377017
[INFO] running `Command { std: "docker" "start" "111fdb2393dd7110dd07574ac2b8646c2f0125d09eee6730339b351500377017", kill_on_drop: false }`
[INFO] running `Command { std: "docker" "inspect" "111fdb2393dd7110dd07574ac2b8646c2f0125d09eee6730339b351500377017", kill_on_drop: false }`
[INFO] running `Command { std: "docker" "exec" "-e" "SOURCE_DIR=/opt/rustwide/workdir" "-e" "CARGO_HOME=/opt/rustwide/cargo-home" "-e" "RUSTUP_HOME=/opt/rustwide/rustup-home" "-e" "CARGO_TARGET_DIR=/opt/rustwide/target" "-w" "/opt/rustwide/workdir" "--user" "0:0" "111fdb2393dd7110dd07574ac2b8646c2f0125d09eee6730339b351500377017" "/opt/rustwide/cargo-home/bin/cargo" "+1.99.0-beta.8" "metadata" "--no-deps" "--format-version=1", kill_on_drop: false }`
[INFO] running `Command { std: "docker" "inspect" "111fdb2393dd7110dd07574ac2b8646c2f0125d09eee6730339b351500377017", kill_on_drop: false }`
[INFO] running `Command { std: "docker" "exec" "-e" "SOURCE_DIR=/opt/rustwide/workdir" "-e" "CARGO_HOME=/opt/rustwide/cargo-home" "-e" "RUSTUP_HOME=/opt/rustwide/rustup-home" "-e" "CARGO_TARGET_DIR=/opt/rustwide/target" "-e" "CARGO_INCREMENTAL=0" "-e" "RUST_BACKTRACE=full" "-e" "RUSTFLAGS=--cap-lints=warn" "-e" "RUSTDOCFLAGS=--cap-lints=warn" "-w" "/opt/rustwide/workdir" "--user" "0:0" "111fdb2393dd7110dd07574ac2b8646c2f0125d09eee6730339b351500377017" "/opt/rustwide/cargo-home/bin/cargo" "+1.99.0-beta.8" "build" "--frozen" "--message-format=json" "--release", kill_on_drop: false }`
[INFO] [stderr] warning: Cargo.toml: `lints.rust.deprecated-safe` is deprecated in favor of `lints.rust.deprecated_safe` and will not work in a future edition
[INFO] [stderr] warning: Cargo.toml: `lints.rust.future-incompatible` is deprecated in favor of `lints.rust.future_incompatible` and will not work in a future edition
[INFO] [stderr] warning: Cargo.toml: `lints.rust.keyword-idents` is deprecated in favor of `lints.rust.keyword_idents` and will not work in a future edition
[INFO] [stderr] warning: Cargo.toml: `lints.rust.let-underscore` is deprecated in favor of `lints.rust.let_underscore` and will not work in a future edition
[INFO] [stderr] warning: Cargo.toml: `lints.rust.nonstandard-style` is deprecated in favor of `lints.rust.nonstandard_style` and will not work in a future edition
[INFO] [stderr] warning: Cargo.toml: `lints.rust.refining-impl-trait` is deprecated in favor of `lints.rust.refining_impl_trait` and will not work in a future edition
[INFO] [stderr] warning: Cargo.toml: `lints.rust.rust-2018-compatibility` is deprecated in favor of `lints.rust.rust_2018_compatibility` and will not work in a future edition
[INFO] [stderr] warning: Cargo.toml: `lints.rust.rust-2018-idioms` is deprecated in favor of `lints.rust.rust_2018_idioms` and will not work in a future edition
[INFO] [stderr] warning: Cargo.toml: `lints.rust.rust-2021-compatibility` is deprecated in favor of `lints.rust.rust_2021_compatibility` and will not work in a future edition
[INFO] [stderr] warning: Cargo.toml: `lints.rust.rust-2024-compatibility` is deprecated in favor of `lints.rust.rust_2024_compatibility` and will not work in a future edition
[INFO] [stderr] warning: `exint-macro` (manifest) generated 10 warnings
[INFO] [stderr]    Compiling exint-macro v0.1.4 (/opt/rustwide/workdir)
[INFO] [stderr]     Finished `release` profile [optimized] target(s) in 0.74s
[INFO] running `Command { std: "docker" "inspect" "111fdb2393dd7110dd07574ac2b8646c2f0125d09eee6730339b351500377017", kill_on_drop: false }`
[INFO] running `Command { std: "docker" "exec" "-e" "SOURCE_DIR=/opt/rustwide/workdir" "-e" "CARGO_HOME=/opt/rustwide/cargo-home" "-e" "RUSTUP_HOME=/opt/rustwide/rustup-home" "-e" "CARGO_TARGET_DIR=/opt/rustwide/target" "-e" "CARGO_INCREMENTAL=0" "-e" "RUST_BACKTRACE=full" "-e" "RUSTFLAGS=--cap-lints=warn" "-e" "RUSTDOCFLAGS=--cap-lints=warn" "-w" "/opt/rustwide/workdir" "--user" "0:0" "111fdb2393dd7110dd07574ac2b8646c2f0125d09eee6730339b351500377017" "/opt/rustwide/cargo-home/bin/cargo" "+1.99.0-beta.8" "test" "--frozen" "--no-run" "--message-format=json" "--release", kill_on_drop: false }`
[INFO] [stderr] warning: Cargo.toml: `lints.rust.deprecated-safe` is deprecated in favor of `lints.rust.deprecated_safe` and will not work in a future edition
[INFO] [stderr] warning: Cargo.toml: `lints.rust.future-incompatible` is deprecated in favor of `lints.rust.future_incompatible` and will not work in a future edition
[INFO] [stderr] warning: Cargo.toml: `lints.rust.keyword-idents` is deprecated in favor of `lints.rust.keyword_idents` and will not work in a future edition
[INFO] [stderr] warning: Cargo.toml: `lints.rust.let-underscore` is deprecated in favor of `lints.rust.let_underscore` and will not work in a future edition
[INFO] [stderr] warning: Cargo.toml: `lints.rust.nonstandard-style` is deprecated in favor of `lints.rust.nonstandard_style` and will not work in a future edition
[INFO] [stderr] warning: Cargo.toml: `lints.rust.refining-impl-trait` is deprecated in favor of `lints.rust.refining_impl_trait` and will not work in a future edition
[INFO] [stderr] warning: Cargo.toml: `lints.rust.rust-2018-compatibility` is deprecated in favor of `lints.rust.rust_2018_compatibility` and will not work in a future edition
[INFO] [stderr] warning: Cargo.toml: `lints.rust.rust-2018-idioms` is deprecated in favor of `lints.rust.rust_2018_idioms` and will not work in a future edition
[INFO] [stderr] warning: Cargo.toml: `lints.rust.rust-2021-compatibility` is deprecated in favor of `lints.rust.rust_2021_compatibility` and will not work in a future edition
[INFO] [stderr] warning: Cargo.toml: `lints.rust.rust-2024-compatibility` is deprecated in favor of `lints.rust.rust_2024_compatibility` and will not work in a future edition
[INFO] [stderr] warning: `exint-macro` (manifest) generated 10 warnings
[INFO] [stderr]    Compiling exint-macro v0.1.4 (/opt/rustwide/workdir)
[INFO] [stderr]     Finished `release` profile [optimized] target(s) in 0.52s
[INFO] running `Command { std: "docker" "inspect" "111fdb2393dd7110dd07574ac2b8646c2f0125d09eee6730339b351500377017", kill_on_drop: false }`
[INFO] running `Command { std: "docker" "exec" "-e" "SOURCE_DIR=/opt/rustwide/workdir" "-e" "CARGO_HOME=/opt/rustwide/cargo-home" "-e" "RUSTUP_HOME=/opt/rustwide/rustup-home" "-e" "CARGO_TARGET_DIR=/opt/rustwide/target" "-e" "CARGO_INCREMENTAL=0" "-e" "RUST_BACKTRACE=full" "-e" "RUSTFLAGS=--cap-lints=warn" "-e" "RUSTDOCFLAGS=--cap-lints=warn" "-w" "/opt/rustwide/workdir" "--user" "0:0" "111fdb2393dd7110dd07574ac2b8646c2f0125d09eee6730339b351500377017" "/opt/rustwide/cargo-home/bin/cargo" "+1.99.0-beta.8" "test" "--frozen" "--release", kill_on_drop: false }`
[INFO] [stderr] warning: Cargo.toml: `lints.rust.deprecated-safe` is deprecated in favor of `lints.rust.deprecated_safe` and will not work in a future edition
[INFO] [stderr] warning: Cargo.toml: `lints.rust.future-incompatible` is deprecated in favor of `lints.rust.future_incompatible` and will not work in a future edition
[INFO] [stderr] warning: Cargo.toml: `lints.rust.keyword-idents` is deprecated in favor of `lints.rust.keyword_idents` and will not work in a future edition
[INFO] [stderr] warning: Cargo.toml: `lints.rust.let-underscore` is deprecated in favor of `lints.rust.let_underscore` and will not work in a future edition
[INFO] [stderr] warning: Cargo.toml: `lints.rust.nonstandard-style` is deprecated in favor of `lints.rust.nonstandard_style` and will not work in a future edition
[INFO] [stderr] warning: Cargo.toml: `lints.rust.refining-impl-trait` is deprecated in favor of `lints.rust.refining_impl_trait` and will not work in a future edition
[INFO] [stderr] warning: Cargo.toml: `lints.rust.rust-2018-compatibility` is deprecated in favor of `lints.rust.rust_2018_compatibility` and will not work in a future edition
[INFO] [stderr] warning: Cargo.toml: `lints.rust.rust-2018-idioms` is deprecated in favor of `lints.rust.rust_2018_idioms` and will not work in a future edition
[INFO] [stderr] warning: Cargo.toml: `lints.rust.rust-2021-compatibility` is deprecated in favor of `lints.rust.rust_2021_compatibility` and will not work in a future edition
[INFO] [stderr] warning: Cargo.toml: `lints.rust.rust-2024-compatibility` is deprecated in favor of `lints.rust.rust_2024_compatibility` and will not work in a future edition
[INFO] [stderr] warning: `exint-macro` (manifest) generated 10 warnings
[INFO] [stderr]     Finished `release` profile [optimized] target(s) in 0.02s
[INFO] [stderr]      Running unittests src/lib.rs (/opt/rustwide/target/release/deps/exint_macro-8684515b8ffec594)
[INFO] [stdout] 
[INFO] [stderr]    Doc-tests exint_macro
[INFO] [stdout] running 0 tests
[INFO] [stdout] 
[INFO] [stdout] test result: ok. 0 passed; 0 failed; 0 ignored; 0 measured; 0 filtered out; finished in 0.00s
[INFO] [stdout] 
[INFO] [stdout] 
[INFO] [stdout] running 3 tests
[INFO] [stdout] test src/lib.rs - uint (line 49) ... FAILED
[INFO] [stdout] test src/lib.rs - uint (line 29) ... FAILED
[INFO] [stdout] test src/lib.rs - uint (line 39) ... FAILED
[INFO] [stdout] 
[INFO] [stdout] failures:
[INFO] [stdout] 
[INFO] [stdout] ---- src/lib.rs - uint (line 49) stdout ----
[INFO] [stdout] error[E0433]: cannot find module or crate `exint` in this scope
[INFO] [stdout]   --> src/lib.rs:52:1
[INFO] [stdout]    |
[INFO] [stdout] 52 | exint::uint! {
[INFO] [stdout]    | ^^^^^ use of unresolved module or unlinked crate `exint`
[INFO] [stdout] 
[INFO] [stdout] error[E0433]: cannot find module or crate `exint` in this scope
[INFO] [stdout]   --> src/lib.rs:50:9
[INFO] [stdout]    |
[INFO] [stdout] 50 | let a = exint::uint!(12345_u24);
[INFO] [stdout]    |         ^^^^^ use of unresolved module or unlinked crate `exint`
[INFO] [stdout] 
[INFO] [stdout] error: aborting due to 2 previous errors
[INFO] [stdout] 
[INFO] [stdout] For more information about this error, try `rustc --explain E0433`.
[INFO] [stdout] Couldn't compile the test.
[INFO] [stdout] ---- src/lib.rs - uint (line 29) stdout ----
[INFO] [stdout] error[E0433]: cannot find module or crate `exint` in this scope
[INFO] [stdout]   --> src/lib.rs:30:1
[INFO] [stdout]    |
[INFO] [stdout] 30 | exint::uint! {
[INFO] [stdout]    | ^^^^^ use of unresolved module or unlinked crate `exint`
[INFO] [stdout] 
[INFO] [stdout] error: aborting due to 1 previous error
[INFO] [stdout] 
[INFO] [stdout] For more information about this error, try `rustc --explain E0433`.
[INFO] [stdout] Couldn't compile the test.
[INFO] [stdout] ---- src/lib.rs - uint (line 39) stdout ----
[INFO] [stdout] error[E0433]: cannot find module or crate `exint` in this scope
[INFO] [stdout]   --> src/lib.rs:40:1
[INFO] [stdout]    |
[INFO] [stdout] 40 | exint::uint! {
[INFO] [stdout]    | ^^^^^ use of unresolved module or unlinked crate `exint`
[INFO] [stdout] 
[INFO] [stdout] error: aborting due to 1 previous error
[INFO] [stdout] 
[INFO] [stdout] For more information about this error, try `rustc --explain E0433`.
[INFO] [stdout] Couldn't compile the test.
[INFO] [stdout] 
[INFO] [stdout] failures:
[INFO] [stdout]     src/lib.rs - uint (line 29)
[INFO] [stdout]     src/lib.rs - uint (line 39)
[INFO] [stdout]     src/lib.rs - uint (line 49)
[INFO] [stdout] 
[INFO] [stdout] test result: FAILED. 0 passed; 3 failed; 0 ignored; 0 measured; 0 filtered out; finished in 0.09s
[INFO] [stdout] 
[INFO] [stdout] all doctests ran in 0.14s; merged doctests compilation took 0.05s
[INFO] [stderr] error: doctest failed, to rerun pass `--doc`
[INFO] running `Command { std: "docker" "inspect" "111fdb2393dd7110dd07574ac2b8646c2f0125d09eee6730339b351500377017", kill_on_drop: false }`
[INFO] running `Command { std: "docker" "rm" "-f" "111fdb2393dd7110dd07574ac2b8646c2f0125d09eee6730339b351500377017", kill_on_drop: false }`
[INFO] [stdout] 111fdb2393dd7110dd07574ac2b8646c2f0125d09eee6730339b351500377017
