[INFO] fetching crate execsurface-observe 1.0.0...
[INFO] testing execsurface-observe-1.0.0 against 1.99.0-beta.8+cargoflags=--release for beta-release-1.100-2
[INFO] extracting crate execsurface-observe 1.0.0 into /workspace/builds/worker-7-tc1/source
[INFO] started tweaking crates.io crate execsurface-observe 1.0.0
[INFO] removed 0 missing tests
[INFO] finished tweaking crates.io crate execsurface-observe 1.0.0
[INFO] tweaked toml for crates.io crate execsurface-observe 1.0.0 written to /workspace/builds/worker-7-tc1/source/Cargo.toml
[INFO] validating manifest of crates.io crate execsurface-observe 1.0.0 on toolchain 1.99.0-beta.8
[INFO] running `Command { std: CARGO_HOME="/workspace/cargo-home" RUSTUP_HOME="/workspace/rustup-home" "/workspace/cargo-home/bin/cargo" "+1.99.0-beta.8" "metadata" "--manifest-path" "Cargo.toml" "--no-deps", kill_on_drop: false }`
[INFO] crate crates.io crate execsurface-observe 1.0.0 already has a lockfile, it will not be regenerated
[INFO] running `Command { std: CARGO_HOME="/workspace/cargo-home" RUSTUP_HOME="/workspace/rustup-home" "/workspace/cargo-home/bin/cargo" "+1.99.0-beta.8" "fetch" "--manifest-path" "Cargo.toml", kill_on_drop: false }`
[INFO] [stderr]     Updating crates.io index
[INFO] [stderr]  Downloading crates ...
[INFO] [stderr]   Downloaded execsurface-model v1.0.0
[INFO] running `Command { std: "docker" "create" "-v" "/var/lib/crater-agent-workspace/builds/worker-7-tc1/source:/opt/rustwide/workdir:ro,Z" "-v" "/var/lib/crater-agent-workspace/builds/worker-7-tc1/target:/opt/rustwide/target:rw,Z" "-v" "/var/lib/crater-agent-workspace/cargo-home:/opt/rustwide/cargo-home:ro,Z" "-v" "/var/lib/crater-agent-workspace/rustup-home:/opt/rustwide/rustup-home:ro,Z" "-m" "1610612736" "--network" "none" "ghcr.io/rust-lang/crates-build-env/linux@sha256:77db811e55d90add9212f6832c23229e3de5f1c1f9905e8cb07319ea15df73ac" "sleep" "infinity", kill_on_drop: false }`
[INFO] [stdout] 2104c798bac7a7e2a8df8e0db6762677299865d20f6f38ca2dd9490fddfac644
[INFO] running `Command { std: "docker" "start" "2104c798bac7a7e2a8df8e0db6762677299865d20f6f38ca2dd9490fddfac644", kill_on_drop: false }`
[INFO] running `Command { std: "docker" "inspect" "2104c798bac7a7e2a8df8e0db6762677299865d20f6f38ca2dd9490fddfac644", kill_on_drop: false }`
[INFO] running `Command { std: "docker" "exec" "-e" "SOURCE_DIR=/opt/rustwide/workdir" "-e" "CARGO_HOME=/opt/rustwide/cargo-home" "-e" "RUSTUP_HOME=/opt/rustwide/rustup-home" "-e" "CARGO_TARGET_DIR=/opt/rustwide/target" "-w" "/opt/rustwide/workdir" "--user" "0:0" "2104c798bac7a7e2a8df8e0db6762677299865d20f6f38ca2dd9490fddfac644" "/opt/rustwide/cargo-home/bin/cargo" "+1.99.0-beta.8" "metadata" "--no-deps" "--format-version=1", kill_on_drop: false }`
[INFO] running `Command { std: "docker" "inspect" "2104c798bac7a7e2a8df8e0db6762677299865d20f6f38ca2dd9490fddfac644", kill_on_drop: false }`
[INFO] running `Command { std: "docker" "exec" "-e" "SOURCE_DIR=/opt/rustwide/workdir" "-e" "CARGO_HOME=/opt/rustwide/cargo-home" "-e" "RUSTUP_HOME=/opt/rustwide/rustup-home" "-e" "CARGO_TARGET_DIR=/opt/rustwide/target" "-e" "CARGO_INCREMENTAL=0" "-e" "RUST_BACKTRACE=full" "-e" "RUSTFLAGS=--cap-lints=warn" "-e" "RUSTDOCFLAGS=--cap-lints=warn" "-w" "/opt/rustwide/workdir" "--user" "0:0" "2104c798bac7a7e2a8df8e0db6762677299865d20f6f38ca2dd9490fddfac644" "/opt/rustwide/cargo-home/bin/cargo" "+1.99.0-beta.8" "build" "--frozen" "--message-format=json" "--release", kill_on_drop: false }`
[INFO] [stderr]    Compiling proc-macro2 v1.0.107
[INFO] [stderr]    Compiling quote v1.0.47
[INFO] [stderr]    Compiling syn v3.0.6
[INFO] [stderr]    Compiling serde_derive v1.0.229
[INFO] [stderr]    Compiling serde v1.0.229
[INFO] [stderr]    Compiling execsurface-model v1.0.0
[INFO] [stderr]    Compiling execsurface-observe v1.0.0 (/opt/rustwide/workdir)
[INFO] [stderr]     Finished `release` profile [optimized] target(s) in 11.23s
[INFO] running `Command { std: "docker" "inspect" "2104c798bac7a7e2a8df8e0db6762677299865d20f6f38ca2dd9490fddfac644", kill_on_drop: false }`
[INFO] running `Command { std: "docker" "exec" "-e" "SOURCE_DIR=/opt/rustwide/workdir" "-e" "CARGO_HOME=/opt/rustwide/cargo-home" "-e" "RUSTUP_HOME=/opt/rustwide/rustup-home" "-e" "CARGO_TARGET_DIR=/opt/rustwide/target" "-e" "CARGO_INCREMENTAL=0" "-e" "RUST_BACKTRACE=full" "-e" "RUSTFLAGS=--cap-lints=warn" "-e" "RUSTDOCFLAGS=--cap-lints=warn" "-w" "/opt/rustwide/workdir" "--user" "0:0" "2104c798bac7a7e2a8df8e0db6762677299865d20f6f38ca2dd9490fddfac644" "/opt/rustwide/cargo-home/bin/cargo" "+1.99.0-beta.8" "test" "--frozen" "--no-run" "--message-format=json" "--release", kill_on_drop: false }`
[INFO] [stderr]    Compiling execsurface-observe v1.0.0 (/opt/rustwide/workdir)
[INFO] [stderr]     Finished `release` profile [optimized] target(s) in 4.06s
[INFO] running `Command { std: "docker" "inspect" "2104c798bac7a7e2a8df8e0db6762677299865d20f6f38ca2dd9490fddfac644", kill_on_drop: false }`
[INFO] running `Command { std: "docker" "exec" "-e" "SOURCE_DIR=/opt/rustwide/workdir" "-e" "CARGO_HOME=/opt/rustwide/cargo-home" "-e" "RUSTUP_HOME=/opt/rustwide/rustup-home" "-e" "CARGO_TARGET_DIR=/opt/rustwide/target" "-e" "CARGO_INCREMENTAL=0" "-e" "RUST_BACKTRACE=full" "-e" "RUSTFLAGS=--cap-lints=warn" "-e" "RUSTDOCFLAGS=--cap-lints=warn" "-w" "/opt/rustwide/workdir" "--user" "0:0" "2104c798bac7a7e2a8df8e0db6762677299865d20f6f38ca2dd9490fddfac644" "/opt/rustwide/cargo-home/bin/cargo" "+1.99.0-beta.8" "test" "--frozen" "--release", kill_on_drop: false }`
[INFO] [stderr]     Finished `release` profile [optimized] target(s) in 0.04s
[INFO] [stderr]      Running unittests src/lib.rs (/opt/rustwide/target/release/deps/execsurface_observe-48f2370de947ae8c)
[INFO] [stdout] 
[INFO] [stdout] running 37 tests
[INFO] [stdout] test linux_ptrace::tests::c1_b_private_clone_is_classified_exactly_once ... ok
[INFO] [stdout] test linux_ptrace::tests::c1_cde_shared_and_thread_bits_remain_independent ... ok
[INFO] [stdout] test linux_ptrace::tests::c1_a_clone_free_certificate_is_trivially_exact ... ok
[INFO] [stdout] test api_tests::incomplete_observation_is_never_pass_eligible ... ok
[INFO] [stdout] test api_tests::ptrace_descriptor_partitions_every_capability ... ok
[INFO] [stdout] test api_tests::invalid_command_metadata_returns_explicit_error ... ok
[INFO] [stdout] test api_tests::shared_fd_ambiguity_is_never_pass_eligible ... ok
[INFO] [stdout] test linux_ptrace::tests::c1_g_clone3_unreadable_warning_invalidates_certification ... ok
[INFO] [stdout] test api_tests::c6r_certified_research_mode_skips_only_synthetic_clone_guard ... ok
[INFO] [stdout] test api_tests::c6r_default_policy_remains_legacy_even_with_positive_certificate ... ok
[INFO] [stdout] test api_tests::c6r_uncertified_research_mode_remains_fail_closed ... ok
[INFO] [stdout] test linux_ptrace::tests::c1_i_exec_cloexec_unshares_from_other_shared_table_users ... ok
[INFO] [stdout] test linux_ptrace::tests::c1_f_missing_clone_flags_fail_certification ... ok
[INFO] [stdout] test api_tests::c6r_certificate_never_clears_independent_incompleteness ... ok
[INFO] [stdout] test api_tests::experimental_libbpf_descriptor_is_explicitly_partial ... ok
[INFO] [stdout] test api_tests::default_event_budget_is_fail_closed_and_finite ... ok
[INFO] [stdout] test linux_ptrace::tests::c1_real_ptrace_clone_modes_are_certified ... ignored, C1 real ptrace concurrency harness; run in the dedicated Linux gate
[INFO] [stdout] test linux_ptrace::tests::c3_clone_sigchld_fork_event_keeps_clone_fd_authority ... ignored, C3 live clone-origin event-routing harness; run in the dedicated Linux gate
[INFO] [stdout] test linux_ptrace::tests::c3_clone_vfork_event_keeps_clone_fd_authority ... ignored, C3 live clone-origin VFORK routing harness; run in the dedicated Linux gate
[INFO] [stdout] test p8_a3_typed_report::tests::p8_a3_kernel_pseudo_fd_write_is_not_promoted_to_file_effect ... ok
[INFO] [stdout] test p8_a3_typed_report::tests::p8_a3_r0_r1_report_is_deterministic_and_bounded ... ok
[INFO] [stdout] test linux_ptrace::tests::r2_unknown_dup_source_retires_stale_destination_identity ... ok
[INFO] [stdout] test linux_ptrace::tests::lexical_join_preserves_parent_traversal_for_later_canonical_review ... ok
[INFO] [stdout] test p8_a3_typed_report::tests::p8_a3_r2_profile_mismatch_is_rejected ... ok
[INFO] [stdout] test linux_ptrace::tests::r2_known_dup_source_replaces_destination_and_preserves_cloexec_semantics ... ok
[INFO] [stdout] test linux_ptrace::tests::c1_jk_shared_mutation_and_fd_reuse_never_leave_stale_identity ... ok
[INFO] [stdout] test p8_a3_typed_report::tests::p8_a3_r2_repeated_effects_remain_distinct ... ok
[INFO] [stdout] test linux_ptrace::tests::normalizes_only_the_tracees_own_proc_identity ... ok
[INFO] [stdout] test linux_ptrace::tests::parses_ipv4_sockaddr_without_payload_data ... ok
[INFO] [stdout] test p8_a3_typed_report::tests::p8_a3_r2_missing_capability_rejects_conflicting_fd_effect ... ok
[INFO] [stdout] test p8_a3_typed_report::tests::p8_a3_r2_process_binding_mismatch_is_rejected ... ok
[INFO] [stdout] test p8_a3_typed_report::tests::p8_a3_r1_incomplete_ambiguity_is_typed_and_not_pass_eligible ... ok
[INFO] [stdout] test p8_a3_typed_report::tests::p8_a3_r2_backend_name_cannot_upgrade_authority ... ok
[INFO] [stdout] test linux_ptrace::tests::parses_ipv6_sockaddr_without_payload_data ... ok
[INFO] [stdout] test p8_a3_typed_report::tests::p8_a3_r1_unsupported_fd_effect_capability_is_explicit ... ok
[INFO] [stdout] test p8_a3_typed_report::tests::p8_a3_r2_warning_or_incomplete_state_cannot_be_laundered ... ok
[INFO] [stdout] test p8_a3_typed_report::tests::p8_a3_r3_live_native_boundary_preserves_typed_health_and_write_effect ... ok
[INFO] [stderr]      Running unittests src/bin/execsurface-fixture.rs (/opt/rustwide/target/release/deps/execsurface_fixture-bb9ea6d95c356036)
[INFO] [stdout] 
[INFO] [stdout] test result: ok. 34 passed; 0 failed; 3 ignored; 0 measured; 0 filtered out; finished in 0.25s
[INFO] [stdout] 
[INFO] [stdout] 
[INFO] [stdout] running 0 tests
[INFO] [stderr]      Running tests/m11_shared_fd_ambiguity.rs (/opt/rustwide/target/release/deps/m11_shared_fd_ambiguity-8506f05d7dd27a7c)
[INFO] [stdout] 
[INFO] [stdout] test result: ok. 0 passed; 0 failed; 0 ignored; 0 measured; 0 filtered out; finished in 0.00s
[INFO] [stdout] 
[INFO] [stdout] 
[INFO] [stdout] running 6 tests
[INFO] [stdout] test exec_from_shared_fd_table_preserves_inherited_fd_identity_but_stays_fail_closed ... ok
[INFO] [stdout] test no_clone_control_does_not_invent_shared_fd_ambiguity ... ok
[INFO] [stdout] test resource_truncation_remains_fail_closed_under_clone_concurrency ... ok
[INFO] [stdout] test shared_fd_reuse_tracks_replacement_path_but_stays_fail_closed ... ok
[INFO] [stdout] test known_clone_without_clone_files_is_live_but_v2_still_fails_closed ... ok
[INFO] [stderr]      Running tests/m12_adversarial.rs (/opt/rustwide/target/release/deps/m12_adversarial-eacbad8320f53416)
[INFO] [stdout] test clone_based_threading_fails_closed_for_fd_lifecycle_completeness ... ok
[INFO] [stdout] 
[INFO] [stdout] test result: ok. 6 passed; 0 failed; 0 ignored; 0 measured; 0 filtered out; finished in 0.23s
[INFO] [stdout] 
[INFO] [stdout] 
[INFO] [stdout] running 6 tests
[INFO] [stdout] test path_toctou_counterexample_is_replayed_and_non_pass_eligible ... ok
[INFO] [stdout] test unsupported_experimental_capabilities_cannot_be_confused_with_default ... ok
[INFO] [stdout] test shared_fd_counterexample_is_bounded_and_always_fail_closed ... ok
[INFO] [stdout] test failed_open_attempt_is_not_promoted_to_fd_success_effect ... FAILED
[INFO] [stdout] test observation_sessions_do_not_leak_prior_file_identity ... ok
[INFO] [stderr] error: test failed, to rerun pass `--test m12_adversarial`
[INFO] [stdout] test event_budget_loss_remains_fail_closed ... ok
[INFO] [stdout] 
[INFO] [stdout] failures:
[INFO] [stdout] 
[INFO] [stdout] ---- failed_open_attempt_is_not_promoted_to_fd_success_effect stdout ----
[INFO] [stdout] 
[INFO] [stdout] thread 'failed_open_attempt_is_not_promoted_to_fd_success_effect' (691) panicked at tests/m12_adversarial.rs:308:5:
[INFO] [stdout] failed open attempt was not observed
[INFO] [stdout] stack backtrace:
[INFO] [stdout]    0:     0x5ce17ccae901 - <<std[70759c8f55707aa4]::sys::backtrace::BacktraceLock>::print::DisplayBacktrace as core[df12db4294e9bfd3]::fmt::Display>::fmt
[INFO] [stdout]    1:     0x5ce17ccc30aa - core[df12db4294e9bfd3]::fmt::write
[INFO] [stdout]    2:     0x5ce17ccb308c - <alloc[2182bb758b4b3781]::vec::Vec<u8> as core[df12db4294e9bfd3]::io::write::Write>::write_fmt
[INFO] [stdout]    3:     0x5ce17cc890d6 - std[70759c8f55707aa4]::panicking::default_hook::{closure#0}
[INFO] [stdout]    4:     0x5ce17cca5ec9 - std[70759c8f55707aa4]::panicking::default_hook
[INFO] [stdout]    5:     0x5ce17cc266e0 - test[9d35eded1c95d3be]::test_main_inner::<test[9d35eded1c95d3be]::test_main_static::{closure#0}>::{closure#0}
[INFO] [stdout]    6:     0x5ce17cca6082 - std[70759c8f55707aa4]::panicking::panic_with_hook
[INFO] [stdout]    7:     0x5ce17cc891b4 - std[70759c8f55707aa4]::panicking::panic_handler::{closure#0}
[INFO] [stdout]    8:     0x5ce17cc81bc9 - std[70759c8f55707aa4]::sys::backtrace::__rust_end_short_backtrace::<std[70759c8f55707aa4]::panicking::panic_handler::{closure#0}, !>
[INFO] [stdout]    9:     0x5ce17cc89d7d - __rustc[8fa7c3cbc660c2b3]::rust_begin_unwind
[INFO] [stdout]   10:     0x5ce17ccc37dc - core[df12db4294e9bfd3]::panicking::panic_fmt
[INFO] [stdout]   11:     0x5ce17cc13720 - <m12_adversarial[ead41110df1c9e35]::failed_open_attempt_is_not_promoted_to_fd_success_effect::{closure#0} as core[df12db4294e9bfd3]::ops::function::FnOnce<()>>::call_once
[INFO] [stdout]   12:     0x5ce17cc199cb - test[9d35eded1c95d3be]::__rust_begin_short_backtrace::<core[df12db4294e9bfd3]::result::Result<(), alloc[2182bb758b4b3781]::string::String>, fn() -> core[df12db4294e9bfd3]::result::Result<(), alloc[2182bb758b4b3781]::string::String>>
[INFO] [stdout]   13:     0x5ce17cc27035 - test[9d35eded1c95d3be]::run_test::{closure#0}
[INFO] [stdout]   14:     0x5ce17cc208f4 - std[70759c8f55707aa4]::sys::backtrace::__rust_begin_short_backtrace::<test[9d35eded1c95d3be]::run_test::{closure#1}, ()>
[INFO] [stdout]   15:     0x5ce17cc2a192 - <std[70759c8f55707aa4]::thread::lifecycle::spawn_unchecked<test[9d35eded1c95d3be]::run_test::{closure#1}, ()>::{closure#1} as core[df12db4294e9bfd3]::ops::function::FnOnce<()>>::call_once::{shim:vtable#0}
[INFO] [stdout]   16:     0x5ce17ccad959 - <std[70759c8f55707aa4]::sys::thread::unix::Thread>::new::thread_start
[INFO] [stdout]   17:     0x7640cd519dfa - <unknown>
[INFO] [stdout]   18:     0x7640cd5ad3d4 - clone
[INFO] [stdout]   19:                0x0 - <unknown>
[INFO] [stdout] 
[INFO] [stdout] 
[INFO] [stdout] failures:
[INFO] [stdout]     failed_open_attempt_is_not_promoted_to_fd_success_effect
[INFO] [stdout] 
[INFO] [stdout] test result: FAILED. 5 passed; 1 failed; 0 ignored; 0 measured; 0 filtered out; finished in 0.11s
[INFO] [stdout] 
[INFO] running `Command { std: "docker" "inspect" "2104c798bac7a7e2a8df8e0db6762677299865d20f6f38ca2dd9490fddfac644", kill_on_drop: false }`
[INFO] running `Command { std: "docker" "rm" "-f" "2104c798bac7a7e2a8df8e0db6762677299865d20f6f38ca2dd9490fddfac644", kill_on_drop: false }`
[INFO] [stdout] 2104c798bac7a7e2a8df8e0db6762677299865d20f6f38ca2dd9490fddfac644
