[INFO] fetching crate execsurface-normalize 1.0.0...
[INFO] testing execsurface-normalize-1.0.0 against 1.99.0-beta.8+cargoflags=--release for beta-release-1.100-2
[INFO] extracting crate execsurface-normalize 1.0.0 into /workspace/builds/worker-7-tc1/source
[INFO] started tweaking crates.io crate execsurface-normalize 1.0.0
[INFO] removed 0 missing tests
[INFO] finished tweaking crates.io crate execsurface-normalize 1.0.0
[INFO] tweaked toml for crates.io crate execsurface-normalize 1.0.0 written to /workspace/builds/worker-7-tc1/source/Cargo.toml
[INFO] validating manifest of crates.io crate execsurface-normalize 1.0.0 on toolchain 1.99.0-beta.8
[INFO] running `Command { std: CARGO_HOME="/workspace/cargo-home" RUSTUP_HOME="/workspace/rustup-home" "/workspace/cargo-home/bin/cargo" "+1.99.0-beta.8" "metadata" "--manifest-path" "Cargo.toml" "--no-deps", kill_on_drop: false }`
[INFO] crate crates.io crate execsurface-normalize 1.0.0 already has a lockfile, it will not be regenerated
[INFO] running `Command { std: CARGO_HOME="/workspace/cargo-home" RUSTUP_HOME="/workspace/rustup-home" "/workspace/cargo-home/bin/cargo" "+1.99.0-beta.8" "fetch" "--manifest-path" "Cargo.toml", kill_on_drop: false }`
[INFO] [stderr]     Updating crates.io index
[INFO] [stderr]  Downloading crates ...
[INFO] [stderr]   Downloaded execsurface-observe v1.0.0
[INFO] [stderr]   Downloaded execsurface-model v1.0.0
[INFO] running `Command { std: "docker" "create" "-v" "/var/lib/crater-agent-workspace/builds/worker-7-tc1/source:/opt/rustwide/workdir:ro,Z" "-v" "/var/lib/crater-agent-workspace/builds/worker-7-tc1/target:/opt/rustwide/target:rw,Z" "-v" "/var/lib/crater-agent-workspace/cargo-home:/opt/rustwide/cargo-home:ro,Z" "-v" "/var/lib/crater-agent-workspace/rustup-home:/opt/rustwide/rustup-home:ro,Z" "-m" "1610612736" "--network" "none" "ghcr.io/rust-lang/crates-build-env/linux@sha256:77db811e55d90add9212f6832c23229e3de5f1c1f9905e8cb07319ea15df73ac" "sleep" "infinity", kill_on_drop: false }`
[INFO] [stdout] af844bc5ff4fe4a0a6e3fdb287444eb5b53f77da5199aa15e87b24e804c57684
[INFO] running `Command { std: "docker" "start" "af844bc5ff4fe4a0a6e3fdb287444eb5b53f77da5199aa15e87b24e804c57684", kill_on_drop: false }`
[INFO] running `Command { std: "docker" "inspect" "af844bc5ff4fe4a0a6e3fdb287444eb5b53f77da5199aa15e87b24e804c57684", kill_on_drop: false }`
[INFO] running `Command { std: "docker" "exec" "-e" "SOURCE_DIR=/opt/rustwide/workdir" "-e" "CARGO_HOME=/opt/rustwide/cargo-home" "-e" "RUSTUP_HOME=/opt/rustwide/rustup-home" "-e" "CARGO_TARGET_DIR=/opt/rustwide/target" "-w" "/opt/rustwide/workdir" "--user" "0:0" "af844bc5ff4fe4a0a6e3fdb287444eb5b53f77da5199aa15e87b24e804c57684" "/opt/rustwide/cargo-home/bin/cargo" "+1.99.0-beta.8" "metadata" "--no-deps" "--format-version=1", kill_on_drop: false }`
[INFO] running `Command { std: "docker" "inspect" "af844bc5ff4fe4a0a6e3fdb287444eb5b53f77da5199aa15e87b24e804c57684", kill_on_drop: false }`
[INFO] running `Command { std: "docker" "exec" "-e" "SOURCE_DIR=/opt/rustwide/workdir" "-e" "CARGO_HOME=/opt/rustwide/cargo-home" "-e" "RUSTUP_HOME=/opt/rustwide/rustup-home" "-e" "CARGO_TARGET_DIR=/opt/rustwide/target" "-e" "CARGO_INCREMENTAL=0" "-e" "RUST_BACKTRACE=full" "-e" "RUSTFLAGS=--cap-lints=warn" "-e" "RUSTDOCFLAGS=--cap-lints=warn" "-w" "/opt/rustwide/workdir" "--user" "0:0" "af844bc5ff4fe4a0a6e3fdb287444eb5b53f77da5199aa15e87b24e804c57684" "/opt/rustwide/cargo-home/bin/cargo" "+1.99.0-beta.8" "build" "--frozen" "--message-format=json" "--release", kill_on_drop: false }`
[INFO] [stderr]    Compiling proc-macro2 v1.0.107
[INFO] [stderr]    Compiling libc v0.2.190
[INFO] [stderr]    Compiling quote v1.0.47
[INFO] [stderr]    Compiling syn v3.0.6
[INFO] [stderr]    Compiling serde_derive v1.0.229
[INFO] [stderr]    Compiling serde v1.0.229
[INFO] [stderr]    Compiling execsurface-model v1.0.0
[INFO] [stderr]    Compiling execsurface-normalize v1.0.0 (/opt/rustwide/workdir)
[INFO] [stderr]     Finished `release` profile [optimized] target(s) in 11.62s
[INFO] running `Command { std: "docker" "inspect" "af844bc5ff4fe4a0a6e3fdb287444eb5b53f77da5199aa15e87b24e804c57684", kill_on_drop: false }`
[INFO] running `Command { std: "docker" "exec" "-e" "SOURCE_DIR=/opt/rustwide/workdir" "-e" "CARGO_HOME=/opt/rustwide/cargo-home" "-e" "RUSTUP_HOME=/opt/rustwide/rustup-home" "-e" "CARGO_TARGET_DIR=/opt/rustwide/target" "-e" "CARGO_INCREMENTAL=0" "-e" "RUST_BACKTRACE=full" "-e" "RUSTFLAGS=--cap-lints=warn" "-e" "RUSTDOCFLAGS=--cap-lints=warn" "-w" "/opt/rustwide/workdir" "--user" "0:0" "af844bc5ff4fe4a0a6e3fdb287444eb5b53f77da5199aa15e87b24e804c57684" "/opt/rustwide/cargo-home/bin/cargo" "+1.99.0-beta.8" "test" "--frozen" "--no-run" "--message-format=json" "--release", kill_on_drop: false }`
[INFO] [stderr]    Compiling execsurface-observe v1.0.0
[INFO] [stderr]    Compiling execsurface-normalize v1.0.0 (/opt/rustwide/workdir)
[INFO] [stderr]     Finished `release` profile [optimized] target(s) in 6.02s
[INFO] running `Command { std: "docker" "inspect" "af844bc5ff4fe4a0a6e3fdb287444eb5b53f77da5199aa15e87b24e804c57684", kill_on_drop: false }`
[INFO] running `Command { std: "docker" "exec" "-e" "SOURCE_DIR=/opt/rustwide/workdir" "-e" "CARGO_HOME=/opt/rustwide/cargo-home" "-e" "RUSTUP_HOME=/opt/rustwide/rustup-home" "-e" "CARGO_TARGET_DIR=/opt/rustwide/target" "-e" "CARGO_INCREMENTAL=0" "-e" "RUST_BACKTRACE=full" "-e" "RUSTFLAGS=--cap-lints=warn" "-e" "RUSTDOCFLAGS=--cap-lints=warn" "-w" "/opt/rustwide/workdir" "--user" "0:0" "af844bc5ff4fe4a0a6e3fdb287444eb5b53f77da5199aa15e87b24e804c57684" "/opt/rustwide/cargo-home/bin/cargo" "+1.99.0-beta.8" "test" "--frozen" "--release", kill_on_drop: false }`
[INFO] [stderr]     Finished `release` profile [optimized] target(s) in 0.05s
[INFO] [stderr]      Running unittests src/lib.rs (/opt/rustwide/target/release/deps/execsurface_normalize-5f6d79fe7613d9cc)
[INFO] [stdout] 
[INFO] [stdout] running 18 tests
[INFO] [stdout] test tests::credential_path_remains_specific_and_sensitive ... ok
[INFO] [stdout] test tests::incomplete_observation_is_rejected ... ok
[INFO] [stdout] test tests::root_matching_respects_path_component_boundaries ... ok
[INFO] [stdout] test tests::same_physical_root_cannot_have_conflicting_semantics ... ok
[INFO] [stdout] test tests::linux_open_access_mode_is_not_collapsed ... ok
[INFO] [stdout] test tests::semantic_root_cannot_shadow_credential_namespace ... ok
[INFO] [stdout] test tests::go_build_normalization_is_digit_only_and_plain_tmp_only ... ok
[INFO] [stdout] test tests::duplicate_sequence_is_rejected ... ok
[INFO] [stdout] test tests::same_logical_behavior_survives_pid_sequence_root_and_interleaving_variance ... ok
[INFO] [stdout] test tests::kernel_pseudo_fd_identities_do_not_become_filesystem_effects ... ok
[INFO] [stdout] test tests::explicit_run_root_normalization_preserves_security_relevant_suffix ... ok
[INFO] [stdout] test tests::openat2_resolve_flags_remain_semantically_visible ... ok
[INFO] [stdout] test tests::randomized_go_build_roots_collapse_but_suffix_remains_specific ... ok
[INFO] [stdout] test tests::relative_and_parent_traversal_paths_are_not_guessed ... ok
[INFO] [stdout] test tests::execution_chain_limit_fails_closed ... ok
[INFO] [stdout] test tests::duplicate_raw_effects_collapse_deterministically ... ok
[INFO] [stdout] test tests::remote_destination_port_remains_significant ... ok
[INFO] [stdout] test tests::fd_attributed_read_is_kernel_resolved_and_keeps_execution_chain ... ok
[INFO] [stdout] 
[INFO] [stdout] test result: ok. 18 passed; 0 failed; 0 ignored; 0 measured; 0 filtered out; finished in 0.01s
[INFO] [stdout] 
[INFO] [stderr]      Running tests/observer_integration.rs (/opt/rustwide/target/release/deps/observer_integration-c5717d8470655376)
[INFO] [stdout] 
[INFO] [stdout] running 3 tests
[INFO] [stdout] test observer_truncation_is_rejected_end_to_end ... ok
[INFO] [stdout] test real_shell_to_cat_chain_reaches_fd_read_effect ... FAILED
[INFO] [stdout] test repeated_real_observation_produces_identical_canonical_surface ... ok
[INFO] [stdout] 
[INFO] [stdout] failures:
[INFO] [stdout] 
[INFO] [stdout] ---- real_shell_to_cat_chain_reaches_fd_read_effect stdout ----
[INFO] [stdout] 
[INFO] [stdout] thread 'real_shell_to_cat_chain_reaches_fd_read_effect' (402) panicked at tests/observer_integration.rs:82:10:
[INFO] [stdout] real fd read
[INFO] [stdout] stack backtrace:
[INFO] [stdout]    0:     0x608a0adfa441 - <<std[70759c8f55707aa4]::sys::backtrace::BacktraceLock>::print::DisplayBacktrace as core[df12db4294e9bfd3]::fmt::Display>::fmt
[INFO] [stdout]    1:     0x608a0ae0ee1a - core[df12db4294e9bfd3]::fmt::write
[INFO] [stdout]    2:     0x608a0adfe8fc - <alloc[2182bb758b4b3781]::vec::Vec<u8> as core[df12db4294e9bfd3]::io::write::Write>::write_fmt
[INFO] [stdout]    3:     0x608a0add5f86 - std[70759c8f55707aa4]::panicking::default_hook::{closure#0}
[INFO] [stdout]    4:     0x608a0adf2419 - std[70759c8f55707aa4]::panicking::default_hook
[INFO] [stdout]    5:     0x608a0ad60310 - test[9d35eded1c95d3be]::test_main_inner::<test[9d35eded1c95d3be]::test_main_static::{closure#0}>::{closure#0}
[INFO] [stdout]    6:     0x608a0adf25d2 - std[70759c8f55707aa4]::panicking::panic_with_hook
[INFO] [stdout]    7:     0x608a0add6032 - std[70759c8f55707aa4]::panicking::panic_handler::{closure#0}
[INFO] [stdout]    8:     0x608a0adceb79 - std[70759c8f55707aa4]::sys::backtrace::__rust_end_short_backtrace::<std[70759c8f55707aa4]::panicking::panic_handler::{closure#0}, !>
[INFO] [stdout]    9:     0x608a0add6c2d - __rustc[8fa7c3cbc660c2b3]::rust_begin_unwind
[INFO] [stdout]   10:     0x608a0ae0f54c - core[df12db4294e9bfd3]::panicking::panic_fmt
[INFO] [stdout]   11:     0x608a0ae0f2a4 - core[df12db4294e9bfd3]::option::expect_failed
[INFO] [stdout]   12:     0x608a0ad4e3d7 - <observer_integration[6ebabf3d5b60cce1]::real_shell_to_cat_chain_reaches_fd_read_effect::{closure#0} as core[df12db4294e9bfd3]::ops::function::FnOnce<()>>::call_once
[INFO] [stdout]   13:     0x608a0ad535fb - test[9d35eded1c95d3be]::__rust_begin_short_backtrace::<core[df12db4294e9bfd3]::result::Result<(), alloc[2182bb758b4b3781]::string::String>, fn() -> core[df12db4294e9bfd3]::result::Result<(), alloc[2182bb758b4b3781]::string::String>>
[INFO] [stdout]   14:     0x608a0ad60c65 - test[9d35eded1c95d3be]::run_test::{closure#0}
[INFO] [stdout]   15:     0x608a0ad5a524 - std[70759c8f55707aa4]::sys::backtrace::__rust_begin_short_backtrace::<test[9d35eded1c95d3be]::run_test::{closure#1}, ()>
[INFO] [stdout]   16:     0x608a0ad63dc2 - <std[70759c8f55707aa4]::thread::lifecycle::spawn_unchecked<test[9d35eded1c95d3be]::run_test::{closure#1}, ()>::{closure#1} as core[df12db4294e9bfd3]::ops::function::FnOnce<()>>::call_once::{shim:vtable#0}
[INFO] [stdout]   17:     0x608a0adf97b9 - <std[70759c8f55707aa4]::sys::thread::unix::Thread>::new::thread_start
[INFO] [stdout]   18:     0x75c6372a4dfa - <unknown>
[INFO] [stdout]   19:     0x75c6373383d4 - clone
[INFO] [stdout]   20:                0x0 - <unknown>
[INFO] [stdout] 
[INFO] [stdout] 
[INFO] [stdout] failures:
[INFO] [stdout]     real_shell_to_cat_chain_reaches_fd_read_effect
[INFO] [stdout] 
[INFO] [stdout] test result: FAILED. 2 passed; 1 failed; 0 ignored; 0 measured; 0 filtered out; finished in 0.09s
[INFO] [stdout] 
[INFO] [stderr] error: test failed, to rerun pass `--test observer_integration`
[INFO] running `Command { std: "docker" "inspect" "af844bc5ff4fe4a0a6e3fdb287444eb5b53f77da5199aa15e87b24e804c57684", kill_on_drop: false }`
[INFO] running `Command { std: "docker" "rm" "-f" "af844bc5ff4fe4a0a6e3fdb287444eb5b53f77da5199aa15e87b24e804c57684", kill_on_drop: false }`
[INFO] [stdout] af844bc5ff4fe4a0a6e3fdb287444eb5b53f77da5199aa15e87b24e804c57684
