[INFO] fetching crate excel-api-macros 0.1.0...
[INFO] testing excel-api-macros-0.1.0 against 1.100.0-beta.1+cargoflags=--release for beta-release-1.100-2
[INFO] extracting crate excel-api-macros 0.1.0 into /workspace/builds/worker-3-tc2/source
[INFO] started tweaking crates.io crate excel-api-macros 0.1.0
[INFO] removed 0 missing tests
[INFO] finished tweaking crates.io crate excel-api-macros 0.1.0
[INFO] tweaked toml for crates.io crate excel-api-macros 0.1.0 written to /workspace/builds/worker-3-tc2/source/Cargo.toml
[INFO] validating manifest of crates.io crate excel-api-macros 0.1.0 on toolchain 1.100.0-beta.1
[INFO] running `Command { std: CARGO_HOME="/workspace/cargo-home" RUSTUP_HOME="/workspace/rustup-home" "/workspace/cargo-home/bin/cargo" "+1.100.0-beta.1" "metadata" "--manifest-path" "Cargo.toml" "--no-deps", kill_on_drop: false }`
[INFO] crate crates.io crate excel-api-macros 0.1.0 already has a lockfile, it will not be regenerated
[INFO] running `Command { std: CARGO_HOME="/workspace/cargo-home" RUSTUP_HOME="/workspace/rustup-home" "/workspace/cargo-home/bin/cargo" "+1.100.0-beta.1" "fetch" "--manifest-path" "Cargo.toml", kill_on_drop: false }`
[INFO] running `Command { std: "docker" "create" "-v" "/var/lib/crater-agent-workspace/builds/worker-3-tc2/source:/opt/rustwide/workdir:ro,Z" "-v" "/var/lib/crater-agent-workspace/builds/worker-3-tc2/target:/opt/rustwide/target:rw,Z" "-v" "/var/lib/crater-agent-workspace/cargo-home:/opt/rustwide/cargo-home:ro,Z" "-v" "/var/lib/crater-agent-workspace/rustup-home:/opt/rustwide/rustup-home:ro,Z" "-m" "1610612736" "--network" "none" "ghcr.io/rust-lang/crates-build-env/linux@sha256:77db811e55d90add9212f6832c23229e3de5f1c1f9905e8cb07319ea15df73ac" "sleep" "infinity", kill_on_drop: false }`
[INFO] [stdout] e8286647c8213bf8fddd285bd53b6e53e92d6b07150884fa3555504a4543b74b
[INFO] running `Command { std: "docker" "start" "e8286647c8213bf8fddd285bd53b6e53e92d6b07150884fa3555504a4543b74b", kill_on_drop: false }`
[INFO] running `Command { std: "docker" "inspect" "e8286647c8213bf8fddd285bd53b6e53e92d6b07150884fa3555504a4543b74b", kill_on_drop: false }`
[INFO] running `Command { std: "docker" "exec" "-e" "SOURCE_DIR=/opt/rustwide/workdir" "-e" "CARGO_HOME=/opt/rustwide/cargo-home" "-e" "RUSTUP_HOME=/opt/rustwide/rustup-home" "-e" "CARGO_TARGET_DIR=/opt/rustwide/target" "-w" "/opt/rustwide/workdir" "--user" "0:0" "e8286647c8213bf8fddd285bd53b6e53e92d6b07150884fa3555504a4543b74b" "/opt/rustwide/cargo-home/bin/cargo" "+1.100.0-beta.1" "metadata" "--no-deps" "--format-version=1", kill_on_drop: false }`
[INFO] running `Command { std: "docker" "inspect" "e8286647c8213bf8fddd285bd53b6e53e92d6b07150884fa3555504a4543b74b", kill_on_drop: false }`
[INFO] running `Command { std: "docker" "exec" "-e" "SOURCE_DIR=/opt/rustwide/workdir" "-e" "CARGO_HOME=/opt/rustwide/cargo-home" "-e" "RUSTUP_HOME=/opt/rustwide/rustup-home" "-e" "CARGO_TARGET_DIR=/opt/rustwide/target" "-e" "CARGO_INCREMENTAL=0" "-e" "RUST_BACKTRACE=full" "-e" "RUSTFLAGS=--cap-lints=warn" "-e" "RUSTDOCFLAGS=--cap-lints=warn" "-w" "/opt/rustwide/workdir" "--user" "0:0" "e8286647c8213bf8fddd285bd53b6e53e92d6b07150884fa3555504a4543b74b" "/opt/rustwide/cargo-home/bin/cargo" "+1.100.0-beta.1" "build" "--frozen" "--message-format=json" "--release", kill_on_drop: false }`
[INFO] [stderr]    Compiling excel-api-macros v0.1.0 (/opt/rustwide/workdir)
[INFO] [stderr]     Finished `release` profile [optimized] target(s) in 6.55s
[INFO] running `Command { std: "docker" "inspect" "e8286647c8213bf8fddd285bd53b6e53e92d6b07150884fa3555504a4543b74b", kill_on_drop: false }`
[INFO] running `Command { std: "docker" "exec" "-e" "SOURCE_DIR=/opt/rustwide/workdir" "-e" "CARGO_HOME=/opt/rustwide/cargo-home" "-e" "RUSTUP_HOME=/opt/rustwide/rustup-home" "-e" "CARGO_TARGET_DIR=/opt/rustwide/target" "-e" "CARGO_INCREMENTAL=0" "-e" "RUST_BACKTRACE=full" "-e" "RUSTFLAGS=--cap-lints=warn" "-e" "RUSTDOCFLAGS=--cap-lints=warn" "-w" "/opt/rustwide/workdir" "--user" "0:0" "e8286647c8213bf8fddd285bd53b6e53e92d6b07150884fa3555504a4543b74b" "/opt/rustwide/cargo-home/bin/cargo" "+1.100.0-beta.1" "test" "--frozen" "--no-run" "--message-format=json" "--release", kill_on_drop: false }`
[INFO] [stderr]    Compiling serde v1.0.228
[INFO] [stderr]    Compiling target-triple v1.0.0
[INFO] [stderr]    Compiling winnow v1.0.4
[INFO] [stderr]    Compiling toml_datetime v1.1.1+spec-1.1.0
[INFO] [stderr]    Compiling serde_spanned v1.1.1
[INFO] [stderr]    Compiling toml_writer v1.1.2+spec-1.1.0
[INFO] [stderr]    Compiling serde_json v1.0.150
[INFO] [stderr]    Compiling quote v1.0.46
[INFO] [stderr]    Compiling excel-api-macros v0.1.0 (/opt/rustwide/workdir)
[INFO] [stderr]    Compiling toml_parser v1.1.2+spec-1.1.0
[INFO] [stderr]    Compiling toml v1.1.3+spec-1.1.0
[INFO] [stderr]    Compiling glob v0.3.3
[INFO] [stderr]    Compiling syn v2.0.118
[INFO] [stderr]    Compiling trybuild v1.0.118
[INFO] [stderr]     Finished `release` profile [optimized] target(s) in 1m 11s
[INFO] running `Command { std: "docker" "inspect" "e8286647c8213bf8fddd285bd53b6e53e92d6b07150884fa3555504a4543b74b", kill_on_drop: false }`
[INFO] running `Command { std: "docker" "exec" "-e" "SOURCE_DIR=/opt/rustwide/workdir" "-e" "CARGO_HOME=/opt/rustwide/cargo-home" "-e" "RUSTUP_HOME=/opt/rustwide/rustup-home" "-e" "CARGO_TARGET_DIR=/opt/rustwide/target" "-e" "CARGO_INCREMENTAL=0" "-e" "RUST_BACKTRACE=full" "-e" "RUSTFLAGS=--cap-lints=warn" "-e" "RUSTDOCFLAGS=--cap-lints=warn" "-w" "/opt/rustwide/workdir" "--user" "0:0" "e8286647c8213bf8fddd285bd53b6e53e92d6b07150884fa3555504a4543b74b" "/opt/rustwide/cargo-home/bin/cargo" "+1.100.0-beta.1" "test" "--frozen" "--release", kill_on_drop: false }`
[INFO] [stderr]     Finished `release` profile [optimized] target(s) in 0.09s
[INFO] [stderr]      Running unittests src/lib.rs (/opt/rustwide/target/release/build/excel-api-macros/7427c8b5777b8abf/out/excel_api_macros-7427c8b5777b8abf)
[INFO] [stdout] 
[INFO] [stdout] running 7 tests
[INFO] [stdout] test tests::rejects_invalid_exports_and_incompatible_scalar_overrides ... ok
[INFO] [stdout] test tests::rejects_destructuring_and_unlisted_result_errors ... ok
[INFO] [stdout] test tests::rejects_unsupported_function_shapes ... ok
[INFO] [stdout] test tests::rejects_unsupported_and_ambiguous_types ... ok
[INFO] [stdout] test tests::scalar_and_pointer_abi_signatures_come_from_the_registration_model ... ok
[INFO] [stdout] test tests::asynchronous_thunk_is_void_owned_and_handle_terminated ... ok
[INFO] [stdout] test tests::deterministic_metadata_and_exact_xloper12_thunk_are_generated ... ok
[INFO] [stdout] 
[INFO] [stdout] test result: ok. 7 passed; 0 failed; 0 ignored; 0 measured; 0 filtered out; finished in 0.02s
[INFO] [stdout] 
[INFO] [stderr]      Running tests/trybuild.rs (/opt/rustwide/target/release/build/excel-api-macros/9203f0017af418b8/out/trybuild-9203f0017af418b8)
[INFO] [stdout] 
[INFO] [stdout] running 1 test
[INFO] [stderr]    Compiling proc-macro2 v1.0.106
[INFO] [stderr]    Compiling quote v1.0.46
[INFO] [stderr]    Compiling unicode-ident v1.0.24
[INFO] [stderr]    Compiling syn v2.0.118
[INFO] [stderr]    Compiling excel-api-macros v0.1.0 (/opt/rustwide/workdir)
[INFO] [stderr]    Compiling excel-api-macros-tests v0.0.0 (/opt/rustwide/target/tests/trybuild/excel-api-macros)
[INFO] [stderr]     Finished `dev` profile [unoptimized + debuginfo] target(s) in 14.49s
[INFO] [stderr] 
[INFO] [stderr] 
[INFO] [stderr] test tests/ui/pass/supported.rs [should pass] ... error
[INFO] [stderr] ┈┈┈┈┈┈┈┈┈┈┈┈┈┈┈┈┈┈┈┈┈┈┈┈┈┈┈┈┈┈┈┈┈┈┈┈┈┈┈┈┈┈┈┈┈┈┈┈┈┈┈┈┈┈┈┈┈┈┈┈
[INFO] [stderr] error[E0432]: unresolved import `excel_api`
[INFO] [stderr]  --> tests/ui/pass/supported.rs:1:5
[INFO] [stderr]   |
[INFO] [stderr] 1 | use excel_api::{
[INFO] [stderr]   |     ^^^^^^^^^ use of unresolved module or unlinked crate `excel_api`
[INFO] [stderr]   |
[INFO] [stderr]   = help: if you wanted to use a crate named `excel_api`, use `cargo add excel_api` to add it to your `Cargo.toml`
[INFO] [stderr] 
[INFO] [stderr] error[E0433]: cannot find `excel_api` in the list of imported crates
[INFO] [stderr]  --> tests/ui/pass/supported.rs:8:1
[INFO] [stderr]   |
[INFO] [stderr] 8 | #[excel_function(name = "PASS.SCALARS", thunk = "pass_scalars", arguments(a = "a", b = "b", c = "c"))]
[INFO] [stderr]   | ^^^^^^^^^^^^^^^^^^^^^^^^^^^^^^^^^^^^^^^^^^^^^^^^^^^^^^^^^^^^^^^^^^^^^^^^^^^^^^^^^^^^^^^^^^^^^^^^^^^^^^ could not find `excel_api` in the list of imported crates
[INFO] [stderr]   |
[INFO] [stderr]   = note: this error originates in the attribute macro `excel_function` (in Nightly builds, run with -Z macro-backtrace for more info)
[INFO] [stderr] 
[INFO] [stderr] error[E0433]: cannot find `excel_api` in the list of imported crates
[INFO] [stderr]   --> tests/ui/pass/supported.rs:11:1
[INFO] [stderr]    |
[INFO] [stderr] 11 | #[excel_function(name = "PASS.VALUES", thunk = "pass_values", arguments(value = "value", reference = "reference", counted = "counted", nul = "nul"))]
[INFO] [stderr]    | ^^^^^^^^^^^^^^^^^^^^^^^^^^^^^^^^^^^^^^^^^^^^^^^^^^^^^^^^^^^^^^^^^^^^^^^^^^^^^^^^^^^^^^^^^^^^^^^^^^^^^^^^^^^^^^^^^^^^^^^^^^^^^^^^^^^^^^^^^^^^^^^^^^^^^ could not find `excel_api` in the list of imported crates
[INFO] [stderr]    |
[INFO] [stderr]    = note: this error originates in the attribute macro `excel_function` (in Nightly builds, run with -Z macro-backtrace for more info)
[INFO] [stderr] 
[INFO] [stderr] error[E0433]: cannot find `excel_api` in the list of imported crates
[INFO] [stderr]   --> tests/ui/pass/supported.rs:16:1
[INFO] [stderr]    |
[INFO] [stderr] 16 | #[excel_function(name = "PASS.OPTIONAL", thunk = "pass_optional", arguments(value = "value"))]
[INFO] [stderr]    | ^^^^^^^^^^^^^^^^^^^^^^^^^^^^^^^^^^^^^^^^^^^^^^^^^^^^^^^^^^^^^^^^^^^^^^^^^^^^^^^^^^^^^^^^^^^^^^ could not find `excel_api` in the list of imported crates
[INFO] [stderr]    |
[INFO] [stderr]    = note: this error originates in the attribute macro `excel_function` (in Nightly builds, run with -Z macro-backtrace for more info)
[INFO] [stderr] 
[INFO] [stderr] error[E0433]: cannot find `excel_api` in the list of imported crates
[INFO] [stderr]   --> tests/ui/pass/supported.rs:19:1
[INFO] [stderr]    |
[INFO] [stderr] 19 | #[excel_function(name = "PASS.WORKSHEET", thunk = "pass_worksheet")]
[INFO] [stderr]    | ^^^^^^^^^^^^^^^^^^^^^^^^^^^^^^^^^^^^^^^^^^^^^^^^^^^^^^^^^^^^^^^^^^^^ could not find `excel_api` in the list of imported crates
[INFO] [stderr]    |
[INFO] [stderr]    = note: this error originates in the attribute macro `excel_function` (in Nightly builds, run with -Z macro-backtrace for more info)
[INFO] [stderr] 
[INFO] [stderr] error[E0433]: cannot find `excel_api` in the list of imported crates
[INFO] [stderr]   --> tests/ui/pass/supported.rs:22:1
[INFO] [stderr]    |
[INFO] [stderr] 22 | #[excel_function(name = "PASS.THREAD", thunk = "pass_thread", thread_safe)]
[INFO] [stderr]    | ^^^^^^^^^^^^^^^^^^^^^^^^^^^^^^^^^^^^^^^^^^^^^^^^^^^^^^^^^^^^^^^^^^^^^^^^^^^ could not find `excel_api` in the list of imported crates
[INFO] [stderr]    |
[INFO] [stderr]    = note: this error originates in the attribute macro `excel_function` (in Nightly builds, run with -Z macro-backtrace for more info)
[INFO] [stderr] 
[INFO] [stderr] error[E0433]: cannot find `excel_api` in the list of imported crates
[INFO] [stderr]   --> tests/ui/pass/supported.rs:25:1
[INFO] [stderr]    |
[INFO] [stderr] 25 | #[excel_function(name = "PASS.MACRO", thunk = "pass_macro", macro_type)]
[INFO] [stderr]    | ^^^^^^^^^^^^^^^^^^^^^^^^^^^^^^^^^^^^^^^^^^^^^^^^^^^^^^^^^^^^^^^^^^^^^^^^ could not find `excel_api` in the list of imported crates
[INFO] [stderr]    |
[INFO] [stderr]    = note: this error originates in the attribute macro `excel_function` (in Nightly builds, run with -Z macro-backtrace for more info)
[INFO] [stderr] ┈┈┈┈┈┈┈┈┈┈┈┈┈┈┈┈┈┈┈┈┈┈┈┈┈┈┈┈┈┈┈┈┈┈┈┈┈┈┈┈┈┈┈┈┈┈┈┈┈┈┈┈┈┈┈┈┈┈┈┈
[INFO] [stderr] 
[INFO] [stderr] test tests/ui/fail/attributes.rs [should fail to compile] ... mismatch
[INFO] [stderr] 
[INFO] [stderr] EXPECTED:
[INFO] [stderr] ┈┈┈┈┈┈┈┈┈┈┈┈┈┈┈┈┈┈┈┈┈┈┈┈┈┈┈┈┈┈┈┈┈┈┈┈┈┈┈┈┈┈┈┈┈┈┈┈┈┈┈┈┈┈┈┈┈┈┈┈
[INFO] [stderr] error: a scalar return_type override must match the Rust result; use `xloper12` for a general Excel return
[INFO] [stderr]  --> tests/ui/fail/attributes.rs:4:79
[INFO] [stderr]   |
[INFO] [stderr] 4 | #[excel_function(name = "BAD.OVERRIDE", thunk = "bad_override", return_type = "boolean")]
[INFO] [stderr]   |                                                                               ^^^^^^^^^
[INFO] [stderr] 
[INFO] [stderr] error: `cluster_safe` functions cannot accept `ExcelReferenceArg` (U); use a value-only `ExcelValueArg` (Q) or remove `cluster_safe`
[INFO] [stderr]  --> tests/ui/fail/attributes.rs:8:4
[INFO] [stderr]   |
[INFO] [stderr] 8 | fn unjustified_cluster(reference: ExcelReferenceArg<'_>) -> f64 { let _ = reference; 0.0 }
[INFO] [stderr]   |    ^^^^^^^^^^^^^^^^^^^
[INFO] [stderr] 
[INFO] [stderr] error: `ThreadSafeContext` requires the `thread_safe` flag
[INFO] [stderr]   --> tests/ui/fail/attributes.rs:11:4
[INFO] [stderr]    |
[INFO] [stderr] 11 | fn missing_thread_flag(_context: &ThreadSafeContext<'_>) -> f64 { 0.0 }
[INFO] [stderr]    |    ^^^^^^^^^^^^^^^^^^^
[INFO] [stderr] 
[INFO] [stderr] error: thread-safe functions must inject `ThreadSafeContext`, not `WorksheetContext`
[INFO] [stderr]   --> tests/ui/fail/attributes.rs:14:4
[INFO] [stderr]    |
[INFO] [stderr] 14 | fn broad_context(_context: &WorksheetContext<'_>) -> f64 { 0.0 }
[INFO] [stderr]    |    ^^^^^^^^^^^^^
[INFO] [stderr] 
[INFO] [stderr] error: `MacroContext` requires the `macro_type` flag
[INFO] [stderr]   --> tests/ui/fail/attributes.rs:17:4
[INFO] [stderr]    |
[INFO] [stderr] 17 | fn missing_macro_flag(_context: &MacroContext<'_>) -> f64 { 0.0 }
[INFO] [stderr]    |    ^^^^^^^^^^^^^^^^^^
[INFO] [stderr] 
[INFO] [stderr] error: macro-sheet functions cannot be thread-safe or cluster-safe
[INFO] [stderr]   --> tests/ui/fail/attributes.rs:20:4
[INFO] [stderr]    |
[INFO] [stderr] 20 | fn incompatible_flags() -> f64 { 0.0 }
[INFO] [stderr]    |    ^^^^^^^^^^^^^^^^^^
[INFO] [stderr] 
[INFO] [stderr] error: unsupported Result error; use ExcelError, ConversionError, ReturnError, ReturnMaterializationError, or ThunkError
[INFO] [stderr]   --> tests/ui/fail/attributes.rs:23:39
[INFO] [stderr]    |
[INFO] [stderr] 23 | fn unsupported_error() -> Result<f64, String> { Err(String::new()) }
[INFO] [stderr]    |                                       ^^^^^^
[INFO] [stderr] 
[INFO] [stderr] error: unsupported `excel_function` attribute option
[INFO] [stderr]   --> tests/ui/fail/attributes.rs:25:67
[INFO] [stderr]    |
[INFO] [stderr] 25 | #[excel_function(name = "BAD.ATTRIBUTE", thunk = "bad_attribute", unknown)]
[INFO] [stderr]    |                                                                   ^^^^^^^
[INFO] [stderr] 
[INFO] [stderr] error: missing `arguments(value = "help")` entry
[INFO] [stderr]   --> tests/ui/fail/attributes.rs:29:22
[INFO] [stderr]    |
[INFO] [stderr] 29 | fn metadata_mismatch(value: f64) -> f64 { value }
[INFO] [stderr]    |                      ^^^^^
[INFO] [stderr] 
[INFO] [stderr] error: thunk must be a non-empty ASCII x64 export identifier
[INFO] [stderr]   --> tests/ui/fail/attributes.rs:31:47
[INFO] [stderr]    |
[INFO] [stderr] 31 | #[excel_function(name = "BAD.EXPORT", thunk = "not-an-export")]
[INFO] [stderr]    |                                               ^^^^^^^^^^^^^^^
[INFO] [stderr] 
[INFO] [stderr] error: duplicate attribute option
[INFO] [stderr]   --> tests/ui/fail/attributes.rs:34:42
[INFO] [stderr]    |
[INFO] [stderr] 34 | #[excel_function(name = "BAD.DUPLICATE", name = "BAD.DUPLICATE2", thunk = "bad_duplicate")]
[INFO] [stderr]    |                                          ^^^^^^^^^^^^^^^^^^^^^^^
[INFO] [stderr] 
[INFO] [stderr] warning: unused imports: `ExcelError`, `ExcelReferenceArg`, `MacroContext`, `ThreadSafeContext`, and `WorksheetContext`
[INFO] [stderr]  --> tests/ui/fail/attributes.rs:1:17
[INFO] [stderr]   |
[INFO] [stderr] 1 | use excel_api::{ExcelError, ExcelReferenceArg, MacroContext, ThreadSafeContext, WorksheetContext};
[INFO] [stderr]   |                 ^^^^^^^^^^  ^^^^^^^^^^^^^^^^^  ^^^^^^^^^^^^  ^^^^^^^^^^^^^^^^^  ^^^^^^^^^^^^^^^^
[INFO] [stderr]   |
[INFO] [stderr]   = note: `#[warn(unused_imports)]` (part of `#[warn(unused)]`) on by default
[INFO] [stderr] ┈┈┈┈┈┈┈┈┈┈┈┈┈┈┈┈┈┈┈┈┈┈┈┈┈┈┈┈┈┈┈┈┈┈┈┈┈┈┈┈┈┈┈┈┈┈┈┈┈┈┈┈┈┈┈┈┈┈┈┈
[INFO] [stderr] 
[INFO] [stderr] ACTUAL OUTPUT:
[INFO] [stderr] ┈┈┈┈┈┈┈┈┈┈┈┈┈┈┈┈┈┈┈┈┈┈┈┈┈┈┈┈┈┈┈┈┈┈┈┈┈┈┈┈┈┈┈┈┈┈┈┈┈┈┈┈┈┈┈┈┈┈┈┈
[INFO] [stderr] error: a scalar return_type override must match the Rust result; use `xloper12` for a general Excel return
[INFO] [stderr]  --> tests/ui/fail/attributes.rs:4:79
[INFO] [stderr]   |
[INFO] [stderr] 4 | #[excel_function(name = "BAD.OVERRIDE", thunk = "bad_override", return_type = "boolean")]
[INFO] [stderr]   |                                                                               ^^^^^^^^^
[INFO] [stderr] 
[INFO] [stderr] error: `cluster_safe` functions cannot accept `ExcelReferenceArg` (U); use a value-only `ExcelValueArg` (Q) or remove `cluster_safe`
[INFO] [stderr]  --> tests/ui/fail/attributes.rs:8:4
[INFO] [stderr]   |
[INFO] [stderr] 8 | fn unjustified_cluster(reference: ExcelReferenceArg<'_>) -> f64 { let _ = reference; 0.0 }
[INFO] [stderr]   |    ^^^^^^^^^^^^^^^^^^^
[INFO] [stderr] 
[INFO] [stderr] error: `ThreadSafeContext` requires the `thread_safe` flag
[INFO] [stderr]   --> tests/ui/fail/attributes.rs:11:4
[INFO] [stderr]    |
[INFO] [stderr] 11 | fn missing_thread_flag(_context: &ThreadSafeContext<'_>) -> f64 { 0.0 }
[INFO] [stderr]    |    ^^^^^^^^^^^^^^^^^^^
[INFO] [stderr] 
[INFO] [stderr] error: thread-safe functions must inject `ThreadSafeContext`, not `WorksheetContext`
[INFO] [stderr]   --> tests/ui/fail/attributes.rs:14:4
[INFO] [stderr]    |
[INFO] [stderr] 14 | fn broad_context(_context: &WorksheetContext<'_>) -> f64 { 0.0 }
[INFO] [stderr]    |    ^^^^^^^^^^^^^
[INFO] [stderr] 
[INFO] [stderr] error: `MacroContext` requires the `macro_type` flag
[INFO] [stderr]   --> tests/ui/fail/attributes.rs:17:4
[INFO] [stderr]    |
[INFO] [stderr] 17 | fn missing_macro_flag(_context: &MacroContext<'_>) -> f64 { 0.0 }
[INFO] [stderr]    |    ^^^^^^^^^^^^^^^^^^
[INFO] [stderr] 
[INFO] [stderr] error: macro-sheet functions cannot be thread-safe or cluster-safe
[INFO] [stderr]   --> tests/ui/fail/attributes.rs:20:4
[INFO] [stderr]    |
[INFO] [stderr] 20 | fn incompatible_flags() -> f64 { 0.0 }
[INFO] [stderr]    |    ^^^^^^^^^^^^^^^^^^
[INFO] [stderr] 
[INFO] [stderr] error: unsupported Result error; use ExcelError, ConversionError, ReturnError, ReturnMaterializationError, or ThunkError
[INFO] [stderr]   --> tests/ui/fail/attributes.rs:23:39
[INFO] [stderr]    |
[INFO] [stderr] 23 | fn unsupported_error() -> Result<f64, String> { Err(String::new()) }
[INFO] [stderr]    |                                       ^^^^^^
[INFO] [stderr] 
[INFO] [stderr] error: unsupported `excel_function` attribute option
[INFO] [stderr]   --> tests/ui/fail/attributes.rs:25:67
[INFO] [stderr]    |
[INFO] [stderr] 25 | #[excel_function(name = "BAD.ATTRIBUTE", thunk = "bad_attribute", unknown)]
[INFO] [stderr]    |                                                                   ^^^^^^^
[INFO] [stderr] 
[INFO] [stderr] error: missing `arguments(value = "help")` entry
[INFO] [stderr]   --> tests/ui/fail/attributes.rs:29:22
[INFO] [stderr]    |
[INFO] [stderr] 29 | fn metadata_mismatch(value: f64) -> f64 { value }
[INFO] [stderr]    |                      ^^^^^
[INFO] [stderr] 
[INFO] [stderr] error: thunk must be a non-empty ASCII x64 export identifier
[INFO] [stderr]   --> tests/ui/fail/attributes.rs:31:47
[INFO] [stderr]    |
[INFO] [stderr] 31 | #[excel_function(name = "BAD.EXPORT", thunk = "not-an-export")]
[INFO] [stderr]    |                                               ^^^^^^^^^^^^^^^
[INFO] [stderr] 
[INFO] [stderr] error: duplicate attribute option
[INFO] [stderr]   --> tests/ui/fail/attributes.rs:34:42
[INFO] [stderr]    |
[INFO] [stderr] 34 | #[excel_function(name = "BAD.DUPLICATE", name = "BAD.DUPLICATE2", thunk = "bad_duplicate")]
[INFO] [stderr]    |                                          ^^^^^^^^^^^^^^^^^^^^^^^
[INFO] [stderr] 
[INFO] [stderr] error[E0432]: unresolved import `excel_api`
[INFO] [stderr]  --> tests/ui/fail/attributes.rs:1:5
[INFO] [stderr]   |
[INFO] [stderr] 1 | use excel_api::{ExcelError, ExcelReferenceArg, MacroContext, ThreadSafeContext, WorksheetContext};
[INFO] [stderr]   |     ^^^^^^^^^ use of unresolved module or unlinked crate `excel_api`
[INFO] [stderr]   |
[INFO] [stderr]   = help: if you wanted to use a crate named `excel_api`, use `cargo add excel_api` to add it to your `Cargo.toml`
[INFO] [stderr] ┈┈┈┈┈┈┈┈┈┈┈┈┈┈┈┈┈┈┈┈┈┈┈┈┈┈┈┈┈┈┈┈┈┈┈┈┈┈┈┈┈┈┈┈┈┈┈┈┈┈┈┈┈┈┈┈┈┈┈┈
[INFO] [stderr] note: If the actual output is the correct output you can bless it by rerunning
[INFO] [stderr]       your test with the environment variable TRYBUILD=overwrite
[INFO] [stderr] 
[INFO] [stderr] test tests/ui/fail/generated_symbol_collision.rs [should fail to compile] ... mismatch
[INFO] [stderr] 
[INFO] [stderr] EXPECTED:
[INFO] [stderr] ┈┈┈┈┈┈┈┈┈┈┈┈┈┈┈┈┈┈┈┈┈┈┈┈┈┈┈┈┈┈┈┈┈┈┈┈┈┈┈┈┈┈┈┈┈┈┈┈┈┈┈┈┈┈┈┈┈┈┈┈
[INFO] [stderr] error[E0428]: the name `__excel_function_thunk_foo` is defined multiple times
[INFO] [stderr]  --> tests/ui/fail/generated_symbol_collision.rs:6:1
[INFO] [stderr]   |
[INFO] [stderr] 3 | #[excel_function(name = "BAD.FOO", thunk = "bad_foo")]
[INFO] [stderr]   | ------------------------------------------------------ previous definition of the value `__excel_function_thunk_foo` here
[INFO] [stderr] ...
[INFO] [stderr] 6 | #[excel_function(name = "BAD.FOO.UPPER", thunk = "bad_foo_upper")]
[INFO] [stderr]   | ^^^^^^^^^^^^^^^^^^^^^^^^^^^^^^^^^^^^^^^^^^^^^^^^^^^^^^^^^^^^^^^^^^ `__excel_function_thunk_foo` redefined here
[INFO] [stderr]   |
[INFO] [stderr]   = note: `__excel_function_thunk_foo` must be defined only once in the value namespace of this module
[INFO] [stderr]   = note: this error originates in the attribute macro `excel_function` (in Nightly builds, run with -Z macro-backtrace for more info)
[INFO] [stderr] 
[INFO] [stderr] error[E0428]: the name `__EXCEL_FUNCTION_METADATA_FOO` is defined multiple times
[INFO] [stderr]  --> tests/ui/fail/generated_symbol_collision.rs:6:1
[INFO] [stderr]   |
[INFO] [stderr] 3 | #[excel_function(name = "BAD.FOO", thunk = "bad_foo")]
[INFO] [stderr]   | ------------------------------------------------------ previous definition of the value `__EXCEL_FUNCTION_METADATA_FOO` here
[INFO] [stderr] ...
[INFO] [stderr] 6 | #[excel_function(name = "BAD.FOO.UPPER", thunk = "bad_foo_upper")]
[INFO] [stderr]   | ^^^^^^^^^^^^^^^^^^^^^^^^^^^^^^^^^^^^^^^^^^^^^^^^^^^^^^^^^^^^^^^^^^ `__EXCEL_FUNCTION_METADATA_FOO` redefined here
[INFO] [stderr]   |
[INFO] [stderr]   = note: `__EXCEL_FUNCTION_METADATA_FOO` must be defined only once in the value namespace of this module
[INFO] [stderr]   = note: this error originates in the attribute macro `excel_function` (in Nightly builds, run with -Z macro-backtrace for more info)
[INFO] [stderr] ┈┈┈┈┈┈┈┈┈┈┈┈┈┈┈┈┈┈┈┈┈┈┈┈┈┈┈┈┈┈┈┈┈┈┈┈┈┈┈┈┈┈┈┈┈┈┈┈┈┈┈┈┈┈┈┈┈┈┈┈
[INFO] [stderr] 
[INFO] [stderr] ACTUAL OUTPUT:
[INFO] [stderr] ┈┈┈┈┈┈┈┈┈┈┈┈┈┈┈┈┈┈┈┈┈┈┈┈┈┈┈┈┈┈┈┈┈┈┈┈┈┈┈┈┈┈┈┈┈┈┈┈┈┈┈┈┈┈┈┈┈┈┈┈
[INFO] [stderr] error[E0428]: the name `__excel_function_thunk_foo` is defined multiple times
[INFO] [stderr]  --> tests/ui/fail/generated_symbol_collision.rs:6:1
[INFO] [stderr]   |
[INFO] [stderr] 3 | #[excel_function(name = "BAD.FOO", thunk = "bad_foo")]
[INFO] [stderr]   | ------------------------------------------------------ previous definition of the value `__excel_function_thunk_foo` here
[INFO] [stderr] ...
[INFO] [stderr] 6 | #[excel_function(name = "BAD.FOO.UPPER", thunk = "bad_foo_upper")]
[INFO] [stderr]   | ^^^^^^^^^^^^^^^^^^^^^^^^^^^^^^^^^^^^^^^^^^^^^^^^^^^^^^^^^^^^^^^^^^ `__excel_function_thunk_foo` redefined here
[INFO] [stderr]   |
[INFO] [stderr]   = note: `__excel_function_thunk_foo` must be defined only once in the value namespace of this module
[INFO] [stderr]   = note: this error originates in the attribute macro `excel_function` (in Nightly builds, run with -Z macro-backtrace for more info)
[INFO] [stderr] 
[INFO] [stderr] error[E0428]: the name `__EXCEL_FUNCTION_METADATA_FOO` is defined multiple times
[INFO] [stderr]  --> tests/ui/fail/generated_symbol_collision.rs:6:1
[INFO] [stderr]   |
[INFO] [stderr] 3 | #[excel_function(name = "BAD.FOO", thunk = "bad_foo")]
[INFO] [stderr]   | ------------------------------------------------------ previous definition of the value `__EXCEL_FUNCTION_METADATA_FOO` here
[INFO] [stderr] ...
[INFO] [stderr] 6 | #[excel_function(name = "BAD.FOO.UPPER", thunk = "bad_foo_upper")]
[INFO] [stderr]   | ^^^^^^^^^^^^^^^^^^^^^^^^^^^^^^^^^^^^^^^^^^^^^^^^^^^^^^^^^^^^^^^^^^ `__EXCEL_FUNCTION_METADATA_FOO` redefined here
[INFO] [stderr]   |
[INFO] [stderr]   = note: `__EXCEL_FUNCTION_METADATA_FOO` must be defined only once in the value namespace of this module
[INFO] [stderr]   = note: this error originates in the attribute macro `excel_function` (in Nightly builds, run with -Z macro-backtrace for more info)
[INFO] [stderr] 
[INFO] [stderr] error[E0433]: cannot find `excel_api` in the list of imported crates
[INFO] [stderr]  --> tests/ui/fail/generated_symbol_collision.rs:3:1
[INFO] [stderr]   |
[INFO] [stderr] 3 | #[excel_function(name = "BAD.FOO", thunk = "bad_foo")]
[INFO] [stderr]   | ^^^^^^^^^^^^^^^^^^^^^^^^^^^^^^^^^^^^^^^^^^^^^^^^^^^^^^ could not find `excel_api` in the list of imported crates
[INFO] [stderr]   |
[INFO] [stderr]   = note: this error originates in the attribute macro `excel_function` (in Nightly builds, run with -Z macro-backtrace for more info)
[INFO] [stderr] 
[INFO] [stderr] error[E0433]: cannot find `excel_api` in the list of imported crates
[INFO] [stderr]  --> tests/ui/fail/generated_symbol_collision.rs:6:1
[INFO] [stderr]   |
[INFO] [stderr] 6 | #[excel_function(name = "BAD.FOO.UPPER", thunk = "bad_foo_upper")]
[INFO] [stderr]   | ^^^^^^^^^^^^^^^^^^^^^^^^^^^^^^^^^^^^^^^^^^^^^^^^^^^^^^^^^^^^^^^^^^ could not find `excel_api` in the list of imported crates
[INFO] [stderr]   |
[INFO] [stderr]   = note: this error originates in the attribute macro `excel_function` (in Nightly builds, run with -Z macro-backtrace for more info)
[INFO] [stderr] ┈┈┈┈┈┈┈┈┈┈┈┈┈┈┈┈┈┈┈┈┈┈┈┈┈┈┈┈┈┈┈┈┈┈┈┈┈┈┈┈┈┈┈┈┈┈┈┈┈┈┈┈┈┈┈┈┈┈┈┈
[INFO] [stderr] note: If the actual output is the correct output you can bless it by rerunning
[INFO] [stderr]       your test with the environment variable TRYBUILD=overwrite
[INFO] [stderr] 
[INFO] [stderr] test tests/ui/fail/signatures.rs [should fail to compile] ... mismatch
[INFO] [stderr] 
[INFO] [stderr] EXPECTED:
[INFO] [stderr] ┈┈┈┈┈┈┈┈┈┈┈┈┈┈┈┈┈┈┈┈┈┈┈┈┈┈┈┈┈┈┈┈┈┈┈┈┈┈┈┈┈┈┈┈┈┈┈┈┈┈┈┈┈┈┈┈┈┈┈┈
[INFO] [stderr] error: type is not supported by the closed Excel metadata mapping
[INFO] [stderr]  --> tests/ui/fail/signatures.rs:5:29
[INFO] [stderr]   |
[INFO] [stderr] 5 | fn unsupported_input(value: Vec<u8>) -> f64 { let _ = value; 0.0 }
[INFO] [stderr]   |                             ^^^^^^^
[INFO] [stderr] 
[INFO] [stderr] error: borrowed returns are not supported
[INFO] [stderr]  --> tests/ui/fail/signatures.rs:8:25
[INFO] [stderr]   |
[INFO] [stderr] 8 | fn borrowed_return() -> &'static str { "no" }
[INFO] [stderr]   |                         ^^^^^^^^^^^^
[INFO] [stderr] 
[INFO] [stderr] error: generic functions are not supported
[INFO] [stderr]   --> tests/ui/fail/signatures.rs:11:1
[INFO] [stderr]    |
[INFO] [stderr] 11 | fn generic<T>() -> f64 { 0.0 }
[INFO] [stderr]    | ^^^^^^^^^^^^^^^^^^^^^^
[INFO] [stderr] 
[INFO] [stderr] error: methods are not supported
[INFO] [stderr]   --> tests/ui/fail/signatures.rs:16:5
[INFO] [stderr]    |
[INFO] [stderr] 16 |     fn method(&self) -> f64 { 0.0 }
[INFO] [stderr]    |     ^^^^^^^^^^^^^^^^^^^^^^^
[INFO] [stderr] 
[INFO] [stderr] error: async functions are not supported
[INFO] [stderr]   --> tests/ui/fail/signatures.rs:20:1
[INFO] [stderr]    |
[INFO] [stderr] 20 | async fn asynchronous() -> f64 { 0.0 }
[INFO] [stderr]    | ^^^^^^^^^^^^^^^^^^^^^^^^^^^^^^
[INFO] [stderr] 
[INFO] [stderr] error: variadic functions are not supported
[INFO] [stderr]   --> tests/ui/fail/signatures.rs:23:1
[INFO] [stderr]    |
[INFO] [stderr] 23 | unsafe extern "C" fn variadic(_: i32, _: ...) -> f64 { 0.0 }
[INFO] [stderr]    | ^^^^^^^^^^^^^^^^^^^^^^^^^^^^^^^^^^^^^^^^^^^^^^^^^^^^
[INFO] [stderr] 
[INFO] [stderr] error: ambiguous `ExcelValueRef` input; use `ExcelValueArg` (Q) or `ExcelReferenceArg` (U)
[INFO] [stderr]   --> tests/ui/fail/signatures.rs:26:21
[INFO] [stderr]    |
[INFO] [stderr] 26 | fn ambiguous(value: ExcelValueRef<'_>) -> f64 { let _ = value; 0.0 }
[INFO] [stderr]    |                     ^^^^^^^^^^^^^^^^^
[INFO] [stderr] 
[INFO] [stderr] error: direct UTF-16 arguments cannot be optional
[INFO] [stderr]   --> tests/ui/fail/signatures.rs:29:34
[INFO] [stderr]    |
[INFO] [stderr] 29 | fn optional_direct_string(value: Option<CountedUtf16Arg<'_>>) -> f64 { let _ = value; 0.0 }
[INFO] [stderr]    |                                  ^^^^^^^^^^^^^^^^^^^^^^^^^^^
[INFO] [stderr] 
[INFO] [stderr] error: direct dynamic-string returns are not supported
[INFO] [stderr]   --> tests/ui/fail/signatures.rs:32:23
[INFO] [stderr]    |
[INFO] [stderr] 32 | fn direct_return() -> ExcelStr<'static> { unreachable!() }
[INFO] [stderr]    |                       ^^^^^^^^^^^^^^^^^
[INFO] [stderr] 
[INFO] [stderr] warning: unused imports: `CountedUtf16Arg`, `ExcelStr`, and `ExcelValueRef`
[INFO] [stderr]  --> tests/ui/fail/signatures.rs:1:17
[INFO] [stderr]   |
[INFO] [stderr] 1 | use excel_api::{CountedUtf16Arg, ExcelStr, ExcelValueRef};
[INFO] [stderr]   |                 ^^^^^^^^^^^^^^^  ^^^^^^^^  ^^^^^^^^^^^^^
[INFO] [stderr]   |
[INFO] [stderr]   = note: `#[warn(unused_imports)]` (part of `#[warn(unused)]`) on by default
[INFO] [stderr] ┈┈┈┈┈┈┈┈┈┈┈┈┈┈┈┈┈┈┈┈┈┈┈┈┈┈┈┈┈┈┈┈┈┈┈┈┈┈┈┈┈┈┈┈┈┈┈┈┈┈┈┈┈┈┈┈┈┈┈┈
[INFO] [stderr] 
[INFO] [stderr] ACTUAL OUTPUT:
[INFO] [stderr] ┈┈┈┈┈┈┈┈┈┈┈┈┈┈┈┈┈┈┈┈┈┈┈┈┈┈┈┈┈┈┈┈┈┈┈┈┈┈┈┈┈┈┈┈┈┈┈┈┈┈┈┈┈┈┈┈┈┈┈┈
[INFO] [stderr] error: type is not supported by the closed Excel metadata mapping
[INFO] [stdout] test excel_function_signatures_are_conformant ... FAILED
[INFO] [stderr]  --> tests/ui/fail/signatures.rs:5:29
[INFO] [stdout] 
[INFO] [stderr]   |
[INFO] [stdout] failures:
[INFO] [stderr] 5 | fn unsupported_input(value: Vec<u8>) -> f64 { let _ = value; 0.0 }
[INFO] [stdout] 
[INFO] [stderr]   |                             ^^^^^^^
[INFO] [stdout] ---- excel_function_signatures_are_conformant stdout ----
[INFO] [stderr] 
[INFO] [stdout] 
[INFO] [stderr] error: borrowed returns are not supported
[INFO] [stdout] thread 'excel_function_signatures_are_conformant' (571) panicked at /opt/rustwide/cargo-home/registry/src/index.crates.io-1949cf8c6b5b557f/trybuild-1.0.118/src/run.rs:102:13:
[INFO] [stderr]  --> tests/ui/fail/signatures.rs:8:25
[INFO] [stdout] 4 of 4 tests failed
[INFO] [stderr]   |
[INFO] [stdout] stack backtrace:
[INFO] [stderr] 8 | fn borrowed_return() -> &'static str { "no" }
[INFO] [stdout]    0:     0x62c652047571 - <<std[617be2ca0a6fd877]::sys::backtrace::BacktraceLock>::print::DisplayBacktrace as core[a373ad73a504971]::fmt::Display>::fmt
[INFO] [stderr]   |                         ^^^^^^^^^^^^
[INFO] [stdout]    1:     0x62c65205d85a - core[a373ad73a504971]::fmt::write
[INFO] [stderr] 
[INFO] [stdout]    2:     0x62c65204bdbc - <alloc[2e1b2a31b91974c5]::vec::Vec<u8> as core[a373ad73a504971]::io::write::Write>::write_fmt
[INFO] [stderr] error: generic functions are not supported
[INFO] [stdout]    3:     0x62c6520209d6 - std[617be2ca0a6fd877]::panicking::default_hook::{closure#0}
[INFO] [stderr]   --> tests/ui/fail/signatures.rs:11:1
[INFO] [stdout]    4:     0x62c65203eb19 - std[617be2ca0a6fd877]::panicking::default_hook
[INFO] [stderr]    |
[INFO] [stdout]    5:     0x62c651fd8120 - test[aada8e7e76ba119b]::test_main_inner::{closure#0}
[INFO] [stderr] 11 | fn generic<T>() -> f64 { 0.0 }
[INFO] [stdout]    6:     0x62c65203ecd2 - std[617be2ca0a6fd877]::panicking::panic_with_hook
[INFO] [stderr]    | ^^^^^^^^^^^^^^^^^^^^^^
[INFO] [stdout]    7:     0x62c652020a82 - std[617be2ca0a6fd877]::panicking::panic_handler::{closure#0}
[INFO] [stderr] 
[INFO] [stdout]    8:     0x62c6520192d9 - std[617be2ca0a6fd877]::sys::backtrace::__rust_end_short_backtrace::<std[617be2ca0a6fd877]::panicking::panic_handler::{closure#0}, !>
[INFO] [stderr] error: methods are not supported
[INFO] [stdout]    9:     0x62c65202168d - __rustc[ea4f61d10b84890b]::rust_begin_unwind
[INFO] [stderr]   --> tests/ui/fail/signatures.rs:16:5
[INFO] [stdout]   10:     0x62c65205dfcc - core[a373ad73a504971]::panicking::panic_fmt
[INFO] [stderr]    |
[INFO] [stdout]   11:     0x62c651f2cc93 - <trybuild[713f658ad66cc8da]::Runner>::run
[INFO] [stderr] 16 |     fn method(&self) -> f64 { 0.0 }
[INFO] [stdout]   12:     0x62c651f2fec0 - <trybuild[713f658ad66cc8da]::TestCases as core[a373ad73a504971]::ops::drop::Drop>::drop
[INFO] [stderr]    |     ^^^^^^^^^^^^^^^^^^^^^^^
[INFO] [stdout]   13:     0x62c651f25e26 - trybuild[ea92fd103dd2f14e]::excel_function_signatures_are_conformant
[INFO] [stderr] 
[INFO] [stdout]   14:     0x62c651f26059 - <trybuild[ea92fd103dd2f14e]::excel_function_signatures_are_conformant::{closure#0} as core[a373ad73a504971]::ops::function::FnOnce<()>>::call_once
[INFO] [stderr] error: async functions are not supported
[INFO] [stdout]   15:     0x62c651fcb56b - test[aada8e7e76ba119b]::__rust_begin_short_backtrace::<core[a373ad73a504971]::result::Result<(), alloc[2e1b2a31b91974c5]::string::String>, fn() -> core[a373ad73a504971]::result::Result<(), alloc[2e1b2a31b91974c5]::string::String>>
[INFO] [stderr]   --> tests/ui/fail/signatures.rs:20:1
[INFO] [stdout]   16:     0x62c651fd8745 - test[aada8e7e76ba119b]::run_test::{closure#0}
[INFO] [stderr]    |
[INFO] [stdout]   17:     0x62c651fd2034 - std[617be2ca0a6fd877]::sys::backtrace::__rust_begin_short_backtrace::<test[aada8e7e76ba119b]::run_test::{closure#1}, ()>
[INFO] [stderr] 20 | async fn asynchronous() -> f64 { 0.0 }
[INFO] [stdout]   18:     0x62c651fdb7d2 - <std[617be2ca0a6fd877]::thread::lifecycle::spawn_unchecked<test[aada8e7e76ba119b]::run_test::{closure#1}, ()>::{closure#1} as core[a373ad73a504971]::ops::function::FnOnce<()>>::call_once::{shim:vtable#0}
[INFO] [stderr]    | ^^^^^^^^^^^^^^^^^^^^^^^^^^^^^^
[INFO] [stdout]   19:     0x62c6520467cf - <std[617be2ca0a6fd877]::sys::thread::unix::Thread>::new::thread_start
[INFO] [stderr] 
[INFO] [stdout]   20:     0x73f0ce32cdfa - <unknown>
[INFO] [stderr] error: variadic functions are not supported
[INFO] [stdout]   21:     0x73f0ce3c03d4 - clone
[INFO] [stderr]   --> tests/ui/fail/signatures.rs:23:1
[INFO] [stdout]   22:                0x0 - <unknown>
[INFO] [stderr]    |
[INFO] [stdout] 
[INFO] [stderr] 23 | unsafe extern "C" fn variadic(_: i32, _: ...) -> f64 { 0.0 }
[INFO] [stdout] 
[INFO] [stderr]    | ^^^^^^^^^^^^^^^^^^^^^^^^^^^^^^^^^^^^^^^^^^^^^^^^^^^^
[INFO] [stdout] failures:
[INFO] [stderr] 
[INFO] [stdout]     excel_function_signatures_are_conformant
[INFO] [stderr] error: ambiguous `ExcelValueRef` input; use `ExcelValueArg` (Q) or `ExcelReferenceArg` (U)
[INFO] [stdout] 
[INFO] [stderr]   --> tests/ui/fail/signatures.rs:26:21
[INFO] [stdout] test result: FAILED. 0 passed; 1 failed; 0 ignored; 0 measured; 0 filtered out; finished in 23.03s
[INFO] [stderr]    |
[INFO] [stdout] 
[INFO] [stderr] 26 | fn ambiguous(value: ExcelValueRef<'_>) -> f64 { let _ = value; 0.0 }
[INFO] [stderr]    |                     ^^^^^^^^^^^^^^^^^
[INFO] [stderr] 
[INFO] [stderr] error: direct UTF-16 arguments cannot be optional
[INFO] [stderr]   --> tests/ui/fail/signatures.rs:29:34
[INFO] [stderr]    |
[INFO] [stderr] 29 | fn optional_direct_string(value: Option<CountedUtf16Arg<'_>>) -> f64 { let _ = value; 0.0 }
[INFO] [stderr]    |                                  ^^^^^^^^^^^^^^^^^^^^^^^^^^^
[INFO] [stderr] 
[INFO] [stderr] error: direct dynamic-string returns are not supported
[INFO] [stderr]   --> tests/ui/fail/signatures.rs:32:23
[INFO] [stderr]    |
[INFO] [stderr] 32 | fn direct_return() -> ExcelStr<'static> { unreachable!() }
[INFO] [stderr]    |                       ^^^^^^^^^^^^^^^^^
[INFO] [stderr] 
[INFO] [stderr] error[E0432]: unresolved import `excel_api`
[INFO] [stderr]  --> tests/ui/fail/signatures.rs:1:5
[INFO] [stderr]   |
[INFO] [stderr] 1 | use excel_api::{CountedUtf16Arg, ExcelStr, ExcelValueRef};
[INFO] [stderr]   |     ^^^^^^^^^ use of unresolved module or unlinked crate `excel_api`
[INFO] [stderr]   |
[INFO] [stderr]   = help: if you wanted to use a crate named `excel_api`, use `cargo add excel_api` to add it to your `Cargo.toml`
[INFO] [stderr] ┈┈┈┈┈┈┈┈┈┈┈┈┈┈┈┈┈┈┈┈┈┈┈┈┈┈┈┈┈┈┈┈┈┈┈┈┈┈┈┈┈┈┈┈┈┈┈┈┈┈┈┈┈┈┈┈┈┈┈┈
[INFO] [stderr] note: If the actual output is the correct output you can bless it by rerunning
[INFO] [stderr]       your test with the environment variable TRYBUILD=overwrite
[INFO] [stderr] 
[INFO] [stderr] 
[INFO] [stderr] 
[INFO] [stderr] error: test failed, to rerun pass `--test trybuild`
[INFO] running `Command { std: "docker" "inspect" "e8286647c8213bf8fddd285bd53b6e53e92d6b07150884fa3555504a4543b74b", kill_on_drop: false }`
[INFO] running `Command { std: "docker" "rm" "-f" "e8286647c8213bf8fddd285bd53b6e53e92d6b07150884fa3555504a4543b74b", kill_on_drop: false }`
[INFO] [stdout] e8286647c8213bf8fddd285bd53b6e53e92d6b07150884fa3555504a4543b74b
