[INFO] fetching crate exarch-core 0.6.1...
[INFO] testing exarch-core-0.6.1 against 1.99.0-beta.8+cargoflags=--release for beta-release-1.100-2
[INFO] extracting crate exarch-core 0.6.1 into /workspace/builds/worker-7-tc1/source
[INFO] started tweaking crates.io crate exarch-core 0.6.1
[INFO] removed 0 missing examples
[INFO] removed 0 missing tests
[INFO] finished tweaking crates.io crate exarch-core 0.6.1
[INFO] tweaked toml for crates.io crate exarch-core 0.6.1 written to /workspace/builds/worker-7-tc1/source/Cargo.toml
[INFO] validating manifest of crates.io crate exarch-core 0.6.1 on toolchain 1.99.0-beta.8
[INFO] running `Command { std: CARGO_HOME="/workspace/cargo-home" RUSTUP_HOME="/workspace/rustup-home" "/workspace/cargo-home/bin/cargo" "+1.99.0-beta.8" "metadata" "--manifest-path" "Cargo.toml" "--no-deps", kill_on_drop: false }`
[INFO] crate crates.io crate exarch-core 0.6.1 already has a lockfile, it will not be regenerated
[INFO] running `Command { std: CARGO_HOME="/workspace/cargo-home" RUSTUP_HOME="/workspace/rustup-home" "/workspace/cargo-home/bin/cargo" "+1.99.0-beta.8" "fetch" "--manifest-path" "Cargo.toml", kill_on_drop: false }`
[INFO] [stderr]     Updating crates.io index
[INFO] [stderr]  Downloading crates ...
[INFO] [stderr]   Downloaded zip v9.0.0-pre3
[INFO] [stderr]   Downloaded block-padding v0.4.2
[INFO] [stderr]   Downloaded ppmd-rust v1.4.1
[INFO] [stderr]   Downloaded cbc v0.2.1
[INFO] [stderr]   Downloaded lzma-rust2 v0.20.1
[INFO] [stderr]   Downloaded sevenz-rust2 v0.22.2
[INFO] running `Command { std: "docker" "create" "-v" "/var/lib/crater-agent-workspace/builds/worker-7-tc1/source:/opt/rustwide/workdir:ro,Z" "-v" "/var/lib/crater-agent-workspace/builds/worker-7-tc1/target:/opt/rustwide/target:rw,Z" "-v" "/var/lib/crater-agent-workspace/cargo-home:/opt/rustwide/cargo-home:ro,Z" "-v" "/var/lib/crater-agent-workspace/rustup-home:/opt/rustwide/rustup-home:ro,Z" "-m" "1610612736" "--network" "none" "ghcr.io/rust-lang/crates-build-env/linux@sha256:77db811e55d90add9212f6832c23229e3de5f1c1f9905e8cb07319ea15df73ac" "sleep" "infinity", kill_on_drop: false }`
[INFO] [stdout] c7323dbddbe37d6ba865f2b63a1a246d74f5ec85780aaf812a9dc0fbf969874a
[INFO] running `Command { std: "docker" "start" "c7323dbddbe37d6ba865f2b63a1a246d74f5ec85780aaf812a9dc0fbf969874a", kill_on_drop: false }`
[INFO] running `Command { std: "docker" "inspect" "c7323dbddbe37d6ba865f2b63a1a246d74f5ec85780aaf812a9dc0fbf969874a", kill_on_drop: false }`
[INFO] running `Command { std: "docker" "exec" "-e" "SOURCE_DIR=/opt/rustwide/workdir" "-e" "CARGO_HOME=/opt/rustwide/cargo-home" "-e" "RUSTUP_HOME=/opt/rustwide/rustup-home" "-e" "CARGO_TARGET_DIR=/opt/rustwide/target" "-w" "/opt/rustwide/workdir" "--user" "0:0" "c7323dbddbe37d6ba865f2b63a1a246d74f5ec85780aaf812a9dc0fbf969874a" "/opt/rustwide/cargo-home/bin/cargo" "+1.99.0-beta.8" "metadata" "--no-deps" "--format-version=1", kill_on_drop: false }`
[INFO] running `Command { std: "docker" "inspect" "c7323dbddbe37d6ba865f2b63a1a246d74f5ec85780aaf812a9dc0fbf969874a", kill_on_drop: false }`
[INFO] running `Command { std: "docker" "exec" "-e" "SOURCE_DIR=/opt/rustwide/workdir" "-e" "CARGO_HOME=/opt/rustwide/cargo-home" "-e" "RUSTUP_HOME=/opt/rustwide/rustup-home" "-e" "CARGO_TARGET_DIR=/opt/rustwide/target" "-e" "CARGO_INCREMENTAL=0" "-e" "RUST_BACKTRACE=full" "-e" "RUSTFLAGS=--cap-lints=warn" "-e" "RUSTDOCFLAGS=--cap-lints=warn" "-w" "/opt/rustwide/workdir" "--user" "0:0" "c7323dbddbe37d6ba865f2b63a1a246d74f5ec85780aaf812a9dc0fbf969874a" "/opt/rustwide/cargo-home/bin/cargo" "+1.99.0-beta.8" "build" "--frozen" "--message-format=json" "--release", kill_on_drop: false }`
[INFO] [stderr]    Compiling libc v0.2.189
[INFO] [stderr]    Compiling find-msvc-tools v0.1.11
[INFO] [stderr]    Compiling typenum v1.20.1
[INFO] [stderr]    Compiling crc32fast v1.5.1
[INFO] [stderr]    Compiling libbz2-rs-sys v0.2.5
[INFO] [stderr]    Compiling cpufeatures v0.3.1
[INFO] [stderr]    Compiling zlib-rs v0.6.7
[INFO] [stderr]    Compiling cpubits v0.1.1
[INFO] [stderr]    Compiling time v0.3.55
[INFO] [stderr]    Compiling indexmap v2.14.1
[INFO] [stderr]    Compiling xattr v1.6.1
[INFO] [stderr]    Compiling zopfli v0.8.3
[INFO] [stderr]    Compiling bzip2 v0.6.1
[INFO] [stderr]    Compiling hybrid-array v0.4.14
[INFO] [stderr]    Compiling filetime v0.2.29
[INFO] [stderr]    Compiling ppmd-rust v1.4.1
[INFO] [stderr]    Compiling typed-path v0.12.3
[INFO] [stderr]    Compiling deflate64 v0.1.12
[INFO] [stderr]    Compiling jobserver v0.1.35
[INFO] [stderr]    Compiling cc v1.4.4
[INFO] [stderr]    Compiling crypto-common v0.2.2
[INFO] [stderr]    Compiling block-padding v0.4.2
[INFO] [stderr]    Compiling inout v0.2.2
[INFO] [stderr]    Compiling block-buffer v0.12.1
[INFO] [stderr]    Compiling lzma-rust2 v0.20.1
[INFO] [stderr]    Compiling tempfile v3.27.0
[INFO] [stderr]    Compiling tar v0.4.46
[INFO] [stderr]    Compiling smallvec v1.16.0
[INFO] [stderr]    Compiling cipher v0.5.2
[INFO] [stderr]    Compiling digest v0.11.3
[INFO] [stderr]    Compiling sha2 v0.11.0
[INFO] [stderr]    Compiling cbc v0.2.1
[INFO] [stderr]    Compiling zstd-sys v2.0.16+zstd.1.5.7
[INFO] [stderr]    Compiling lzma-sys v0.1.20
[INFO] [stderr]    Compiling aes v0.9.3
[INFO] [stderr]    Compiling flate2 v1.1.10
[INFO] [stderr]    Compiling rustc-hash v2.1.3
[INFO] [stderr]    Compiling sevenz-rust2 v0.22.2
[INFO] [stderr]    Compiling xz2 v0.1.7
[INFO] [stderr]    Compiling zstd-safe v7.2.4
[INFO] [stderr]    Compiling zstd v0.13.3
[INFO] [stderr]    Compiling zip v9.0.0-pre3
[INFO] [stderr]    Compiling exarch-core v0.6.1 (/opt/rustwide/workdir)
[INFO] [stderr]     Finished `release` profile [optimized] target(s) in 2m 18s
[INFO] running `Command { std: "docker" "inspect" "c7323dbddbe37d6ba865f2b63a1a246d74f5ec85780aaf812a9dc0fbf969874a", kill_on_drop: false }`
[INFO] running `Command { std: "docker" "exec" "-e" "SOURCE_DIR=/opt/rustwide/workdir" "-e" "CARGO_HOME=/opt/rustwide/cargo-home" "-e" "RUSTUP_HOME=/opt/rustwide/rustup-home" "-e" "CARGO_TARGET_DIR=/opt/rustwide/target" "-e" "CARGO_INCREMENTAL=0" "-e" "RUST_BACKTRACE=full" "-e" "RUSTFLAGS=--cap-lints=warn" "-e" "RUSTDOCFLAGS=--cap-lints=warn" "-w" "/opt/rustwide/workdir" "--user" "0:0" "c7323dbddbe37d6ba865f2b63a1a246d74f5ec85780aaf812a9dc0fbf969874a" "/opt/rustwide/cargo-home/bin/cargo" "+1.99.0-beta.8" "test" "--frozen" "--no-run" "--message-format=json" "--release", kill_on_drop: false }`
[INFO] [stderr]    Compiling num-traits v0.2.19
[INFO] [stderr]    Compiling serde_json v1.0.151
[INFO] [stderr]    Compiling object v0.37.3
[INFO] [stderr]    Compiling alloca v0.4.0
[INFO] [stderr]    Compiling gimli v0.32.3
[INFO] [stderr]    Compiling target-triple v1.0.1
[INFO] [stderr]    Compiling winnow v1.0.4
[INFO] [stderr]    Compiling clap_builder v4.6.6
[INFO] [stderr]    Compiling parking_lot_core v0.9.12
[INFO] [stderr]    Compiling itertools v0.13.0
[INFO] [stderr]    Compiling toml_parser v1.1.3+spec-1.1.0
[INFO] [stderr]    Compiling miniz_oxide v0.8.9
[INFO] [stderr]    Compiling serde_spanned v1.1.1
[INFO] [stderr]    Compiling toml_datetime v1.1.1+spec-1.1.0
[INFO] [stderr]    Compiling toml_writer v1.1.2+spec-1.1.0
[INFO] [stderr]    Compiling rustc-demangle v0.1.28
[INFO] [stderr]    Compiling rusty-fork v0.3.1
[INFO] [stderr]    Compiling criterion-plot v0.8.2
[INFO] [stderr]    Compiling toml v1.1.4+spec-1.1.0
[INFO] [stderr]    Compiling tinytemplate v1.2.1
[INFO] [stderr]    Compiling plotters v0.3.7
[INFO] [stderr]    Compiling addr2line v0.25.1
[INFO] [stderr]    Compiling clap v4.6.6
[INFO] [stderr]    Compiling parking_lot v0.12.5
[INFO] [stderr]    Compiling page_size v0.6.0
[INFO] [stderr]    Compiling thousands v0.2.0
[INFO] [stderr]    Compiling mintex v0.1.4
[INFO] [stderr]    Compiling termcolor v1.4.1
[INFO] [stderr]    Compiling glob v0.3.4
[INFO] [stderr]    Compiling criterion v0.8.2
[INFO] [stderr]    Compiling proptest v1.11.0
[INFO] [stderr]    Compiling trybuild v1.0.120
[INFO] [stderr]    Compiling backtrace v0.3.76
[INFO] [stderr]    Compiling dhat v0.3.3
[INFO] [stderr]    Compiling exarch-core v0.6.1 (/opt/rustwide/workdir)
[INFO] [stderr]     Finished `release` profile [optimized] target(s) in 3m 23s
[INFO] running `Command { std: "docker" "inspect" "c7323dbddbe37d6ba865f2b63a1a246d74f5ec85780aaf812a9dc0fbf969874a", kill_on_drop: false }`
[INFO] running `Command { std: "docker" "exec" "-e" "SOURCE_DIR=/opt/rustwide/workdir" "-e" "CARGO_HOME=/opt/rustwide/cargo-home" "-e" "RUSTUP_HOME=/opt/rustwide/rustup-home" "-e" "CARGO_TARGET_DIR=/opt/rustwide/target" "-e" "CARGO_INCREMENTAL=0" "-e" "RUST_BACKTRACE=full" "-e" "RUSTFLAGS=--cap-lints=warn" "-e" "RUSTDOCFLAGS=--cap-lints=warn" "-w" "/opt/rustwide/workdir" "--user" "0:0" "c7323dbddbe37d6ba865f2b63a1a246d74f5ec85780aaf812a9dc0fbf969874a" "/opt/rustwide/cargo-home/bin/cargo" "+1.99.0-beta.8" "test" "--frozen" "--release", kill_on_drop: false }`
[INFO] [stderr]     Finished `release` profile [optimized] target(s) in 0.25s
[INFO] [stderr]      Running unittests src/lib.rs (/opt/rustwide/target/release/deps/exarch_core-a4404942ed1a5ba2)
[INFO] [stdout] 
[INFO] [stdout] running 801 tests
[INFO] [stdout] test api::tests::test_create_archive_zip_family_not_supported ... ok
[INFO] [stdout] test api::tests::test_determine_creation_format_tar ... ok
[INFO] [stdout] test api::tests::test_determine_creation_format_tar_bz2 ... ok
[INFO] [stdout] test api::tests::test_create_archive_7z_not_supported ... ok
[INFO] [stdout] test api::tests::test_create_archive_zip_family_override_bypasses_guard ... ok
[INFO] [stdout] test api::tests::test_determine_creation_format_ignores_stale_magic_bytes ... ok
[INFO] [stdout] test api::tests::test_create_archive_invalid_compression_level_rejected_before_io ... ok
[INFO] [stdout] test api::tests::test_determine_creation_format_explicit ... ok
[INFO] [stdout] test api::tests::test_determine_creation_format_tar_gz ... ok
[INFO] [stdout] test api::tests::test_extract_archive_7z_not_implemented ... ok
[INFO] [stdout] test api::tests::test_determine_creation_format_tar_xz ... ok
[INFO] [stdout] test api::tests::test_determine_creation_format_unknown ... ok
[INFO] [stdout] test api::tests::test_extract_archive_with_options_and_progress_non_atomic_delegates_to_normal ... ok
[INFO] [stdout] test api::tests::test_extract_archive_nonexistent_file ... ok
[INFO] [stdout] test api::tests::test_determine_creation_format_tar_zst ... ok
[INFO] [stdout] test api::tests::test_determine_creation_format_zip ... ok
[INFO] [stdout] test api::tests::test_extract_archive_with_options_delegates ... ok
[INFO] [stdout] test api::tests::test_extract_atomic_failure_cleans_up ... ok
[INFO] [stdout] test api::tests::test_on_bytes_written_called_for_tar ... ok
[INFO] [stdout] test api::tests::test_extract_atomic_success ... ok
[INFO] [stdout] test api::tests::test_on_bytes_written_called_for_sevenz ... FAILED
[INFO] [stdout] test api::tests::test_on_bytes_written_called_for_zip ... ok
[INFO] [stdout] test api::tests::test_extract_atomic_output_already_exists_fails ... ok
[INFO] [stdout] test api::tests::test_progress_callback_invoked_during_sevenz_extraction ... FAILED
[INFO] [stdout] test archive::tests::test_archive_builder_missing_output ... ok
[INFO] [stdout] test api::tests::test_zip_on_entry_complete_called_on_path_traversal_error ... ok
[INFO] [stdout] test api::tests::test_tar_on_entry_complete_called_on_path_traversal_error ... ok
[INFO] [stdout] test api::tests::test_progress_callback_invoked_during_extraction ... ok
[INFO] [stdout] test archive::tests::test_archive_builder_missing_path ... ok
[INFO] [stdout] test config::tests::test_config_banned_components_not_empty ... ok
[INFO] [stdout] test config::tests::test_config_quota_limits ... ok
[INFO] [stdout] test config::tests::test_config_permissive_tar_metadata_bytes ... ok
[INFO] [stdout] test config::tests::test_config_solid_archives_default ... ok
[INFO] [stdout] test config::tests::test_config_tar_metadata_bytes_default ... ok
[INFO] [stdout] test config::tests::test_default_config ... ok
[INFO] [stdout] test config::tests::test_config_default_security_flags ... ok
[INFO] [stdout] test config::tests::test_config_permissive_security_flags ... ok
[INFO] [stdout] test config::tests::test_config_permissive_solid_archives ... ok
[INFO] [stdout] test api::tests::test_tar_hardlink_calls_on_bytes_written ... ok
[INFO] [stdout] test config::tests::test_path_component_allowed ... ok
[INFO] [stdout] test config::tests::test_permissive_config ... ok
[INFO] [stdout] test config::tests::test_validate_rejects_empty_allowed_extension_entry ... ok
[INFO] [stdout] test config::tests::test_extension_allowed_empty_list ... ok
[INFO] [stdout] test config::tests::test_extension_allowed_with_list ... ok
[INFO] [stdout] test config::tests::test_validate_rejects_nan_compression_ratio ... ok
[INFO] [stdout] test config::tests::test_validate_rejects_negative_compression_ratio ... ok
[INFO] [stdout] test config::tests::test_validate_rejects_null_byte_in_allowed_extension ... ok
[INFO] [stdout] test config::tests::test_validate_rejects_overlong_banned_path_component ... ok
[INFO] [stdout] test config::tests::test_validate_accepts_empty_allowed_extensions_vec ... ok
[INFO] [stdout] test config::tests::test_validate_default_is_ok ... ok
[INFO] [stdout] test config::tests::test_validate_permissive_is_ok ... ok
[INFO] [stdout] test config::tests::test_validate_rejects_empty_banned_path_component_entry ... ok
[INFO] [stdout] test config::tests::test_validate_rejects_infinite_compression_ratio ... ok
[INFO] [stdout] test config::tests::test_validate_rejects_zero_max_path_depth ... ok
[INFO] [stdout] test config::tests::test_validate_rejects_zero_max_file_count ... ok
[INFO] [stdout] test config::tests::test_validate_rejects_zero_max_file_size ... ok
[INFO] [stdout] test config::tests::test_validated_config_fields_remain_readable ... ok
[INFO] [stdout] test archive::tests::test_archive_builder ... ok
[INFO] [stdout] test config::tests::test_with_max_tar_metadata_bytes_builder ... ok
[INFO] [stdout] test api::tests::test_progress_callback_invoked_during_zip_extraction ... ok
[INFO] [stdout] test copy::tests::test_copy_buffer_default ... ok
[INFO] [stdout] test copy::tests::test_copy_buffer_new ... ok
[INFO] [stdout] test copy::tests::test_copy_byte_for_byte_correctness ... ok
[INFO] [stdout] test config::tests::test_validate_rejects_zero_max_solid_block_memory ... ok
[INFO] [stdout] test copy::tests::test_copy_empty_source ... ok
[INFO] [stdout] test config::tests::test_validate_rejects_zero_max_tar_metadata_bytes ... ok
[INFO] [stdout] test copy::tests::test_copy_exact_buffer_size ... ok
[INFO] [stdout] test copy::tests::test_copy_exact_expected_size_succeeds ... ok
[INFO] [stdout] test copy::tests::test_copy_forged_expected_size_aborts_streaming ... ok
[INFO] [stdout] test config::tests::test_validate_rejects_zero_compression_ratio ... ok
[INFO] [stdout] test copy::tests::test_copy_one_byte_over_expected_size_aborts ... ok
[INFO] [stdout] test config::tests::test_validate_rejects_zero_max_total_size ... ok
[INFO] [stdout] test copy::tests::test_copy_small_data ... ok
[INFO] [stdout] test copy::tests::test_copy_multiple_chunks ... ok
[INFO] [stdout] test copy::tests::test_copy_undersized_stream_rejected_after_eof ... ok
[INFO] [stdout] test copy::tests::test_copy_with_interrupted_reads ... ok
[INFO] [stdout] test creation::compression::tests::test_compression_level_to_bzip2 ... ok
[INFO] [stdout] test creation::compression::tests::test_compression_level_to_flate2 ... ok
[INFO] [stdout] test creation::compression::tests::test_compression_level_to_xz ... ok
[INFO] [stdout] test creation::compression::tests::test_compression_level_to_xz_out_of_range_does_not_panic ... ok
[INFO] [stdout] test creation::compression::tests::test_compression_level_to_zstd ... ok
[INFO] [stdout] test creation::config::tests::test_creation_config_builder ... ok
[INFO] [stdout] test creation::config::tests::test_creation_config_builder_invalid_compression ... ok
[INFO] [stdout] test creation::config::tests::test_creation_config_default ... ok
[INFO] [stdout] test copy::tests::test_copy_large_data ... ok
[INFO] [stdout] test creation::config::tests::test_creation_config_new ... ok
[INFO] [stdout] test creation::config::tests::test_creation_config_secure_defaults ... ok
[INFO] [stdout] test creation::config::tests::test_creation_config_validate_invalid ... ok
[INFO] [stdout] test copy::tests::test_copy_reusable_buffer ... ok
[INFO] [stdout] test copy::tests::test_copy_with_write_failure ... ok
[INFO] [stdout] test creation::creator::tests::test_builder_basic ... ok
[INFO] [stdout] test creation::config::tests::test_creation_config_validate_valid ... ok
[INFO] [stdout] test creation::config::tests::test_validate_rejects_forged_out_of_range_compression_level ... ok
[INFO] [stdout] test creation::compression::tests::test_compression_level_to_flate2_out_of_range_does_not_panic ... ok
[INFO] [stdout] test creation::creator::tests::test_builder_compression_level_mid ... ok
[INFO] [stdout] test creation::creator::tests::test_builder_config_methods ... ok
[INFO] [stdout] test creation::creator::tests::test_builder_default ... ok
[INFO] [stdout] test creation::creator::tests::test_builder_exclude_patterns ... ok
[INFO] [stdout] test creation::creator::tests::test_builder_compression_level ... ok
[INFO] [stdout] test creation::creator::tests::test_builder_compression_level_invalid ... ok
[INFO] [stdout] test creation::creator::tests::test_builder_no_output_error ... ok
[INFO] [stdout] test creation::creator::tests::test_builder_full_config ... ok
[INFO] [stdout] test creation::creator::tests::test_builder_multiple_sources ... ok
[INFO] [stdout] test creation::creator::tests::test_builder_new ... ok
[INFO] [stdout] test creation::creator::tests::test_builder_no_sources_error ... ok
[INFO] [stdout] test creation::filters::tests::test_compute_archive_path_strip_prefix ... ok
[INFO] [stdout] test creation::creator::tests::test_builder_sources_array ... ok
[INFO] [stdout] test creation::filters::tests::test_compute_archive_path_strip_prefix_no_match ... ok
[INFO] [stdout] test creation::filters::tests::test_compute_archive_path_basic ... ok
[INFO] [stdout] test creation::filters::tests::test_compute_archive_path_not_under_root ... ok
[INFO] [stdout] test creation::filters::tests::test_compute_archive_path_same_as_root ... ok
[INFO] [stdout] test creation::filters::tests::test_is_hidden_regular_files ... ok
[INFO] [stdout] test creation::filters::tests::test_matches_pattern_component_match ... ok
[INFO] [stdout] test creation::filters::tests::test_matches_pattern_exact ... ok
[INFO] [stdout] test creation::filters::tests::test_matches_pattern_extension ... ok
[INFO] [stdout] test creation::filters::tests::test_is_hidden_dotfiles ... ok
[INFO] [stdout] test creation::filters::tests::test_is_hidden_empty_path ... ok
[INFO] [stdout] test creation::filters::tests::test_pattern_matches_suffix_wildcard ... ok
[INFO] [stdout] test creation::filters::tests::test_pattern_matches_prefix_wildcard ... ok
[INFO] [stdout] test creation::filters::tests::test_should_skip_combines_rules ... ok
[INFO] [stdout] test creation::filters::tests::test_should_skip_excluded_patterns ... ok
[INFO] [stdout] test creation::filters::tests::test_pattern_matches_exact ... ok
[INFO] [stdout] test creation::filters::tests::test_should_skip_include_hidden ... ok
[INFO] [stdout] test creation::filters::tests::test_should_skip_hidden_files ... ok
[INFO] [stdout] test creation::filters::tests::test_should_skip_normal_files ... ok
[INFO] [stdout] test creation::progress::tests::test_progress_reader_batching ... ok
[INFO] [stdout] test creation::progress::tests::test_progress_reader_handles_eof ... ok
[INFO] [stdout] test creation::progress::tests::test_progress_reader_manual_flush ... ok
[INFO] [stdout] test creation::progress::tests::test_progress_reader_reports_bytes ... ok
[INFO] [stdout] test creation::progress::tests::test_progress_tracker_entry_counting ... ok
[INFO] [stdout] test creation::report::tests::test_creation_report_compression_percentage ... ok
[INFO] [stdout] test creation::report::tests::test_creation_report_compression_ratio ... ok
[INFO] [stdout] test creation::report::tests::test_creation_report_new ... ok
[INFO] [stdout] test creation::report::tests::test_creation_report_real_scenario ... ok
[INFO] [stdout] test creation::report::tests::test_creation_report_warnings ... ok
[INFO] [stdout] test creation::tar::tests::test_compression_level_to_flate2 ... ok
[INFO] [stdout] test creation::tar::tests::test_compression_level_to_zstd ... ok
[INFO] [stdout] test creation::report::tests::test_creation_report_default ... ok
[INFO] [stdout] test creation::report::tests::test_creation_report_total_items ... ok
[INFO] [stdout] test creation::tar::tests::test_create_tar_bz2_compression ... ok
[INFO] [stdout] test creation::tar::tests::test_create_tar_gz_compression ... ok
[INFO] [stdout] test creation::tar::tests::test_create_tar_directory ... ok
[INFO] [stdout] test creation::tar::tests::test_create_tar_directory_mode_without_preserve_permissions ... ok
[INFO] [stdout] test creation::tar::tests::test_create_tar_roundtrip ... ok
[INFO] [stdout] test creation::tar::tests::test_create_tar_single_file ... ok
[INFO] [stdout] test creation::tar::tests::test_create_tar_preserves_permissions ... ok
[INFO] [stdout] test creation::tar::tests::test_create_tar_report_statistics ... ok
[INFO] [stdout] test creation::tar::tests::test_create_tar_with_progress_callback ... ok
[INFO] [stdout] test creation::filters::tests::test_matches_pattern_prefix ... ok
[INFO] [stdout] test creation::tar::tests::test_create_tar_source_not_found ... ok
[INFO] [stdout] test creation::tar::tests::test_create_tar_zst_compression ... ok
[INFO] [stdout] test creation::tar::tests::test_zstd_encoder_finish_error_propagated ... ok
[INFO] [stdout] test creation::tar::tests::test_create_tar_zst_with_progress_calls_finish ... ok
[INFO] [stdout] test creation::walker::tests::test_collect_entries_dangling_symlink_source_not_rejected ... ok
[INFO] [stdout] test creation::walker::tests::test_collect_entries_empty_sources ... ok
[INFO] [stdout] test creation::walker::tests::test_collect_entries_dir_symlink_source_classified_as_symlink ... ok
[INFO] [stdout] test creation::walker::tests::test_collect_entries_mixed_files_and_directories ... ok
[INFO] [stdout] test creation::walker::tests::test_collect_entries_nonexistent_source ... ok
[INFO] [stdout] test creation::walker::tests::test_collect_entries_respects_filters ... ok
[INFO] [stdout] test creation::walker::tests::test_collect_entries_single_file_symlink_not_dereferenced ... ok
[INFO] [stdout] test creation::walker::tests::test_collect_entries_single_file ... ok
[INFO] [stdout] test creation::walker::tests::test_filtered_entry_directory ... ok
[INFO] [stdout] test creation::walker::tests::test_filtered_entry_file ... ok
[INFO] [stdout] test creation::walker::tests::test_filtered_entry_symlink ... ok
[INFO] [stdout] test creation::walker::tests::test_entry_type_equality ... ok
[INFO] [stdout] test creation::walker::tests::test_walker_computes_archive_paths ... ok
[INFO] [stdout] test creation::walker::tests::test_collect_entries_large_directory_count ... ok
[INFO] [stdout] test creation::walker::tests::test_walker_basic_directory ... ok
[INFO] [stdout] test creation::walker::tests::test_walker_handles_symlinks ... ok
[INFO] [stdout] test creation::walker::tests::test_walker_detects_symlink_cycles ... ok
[INFO] [stdout] test creation::walker::tests::test_walker_respects_max_file_size ... ok
[INFO] [stdout] test creation::walker::tests::test_walker_skips_excluded_patterns ... ok
[INFO] [stdout] test creation::walker::tests::test_walker_skips_hidden_files ... ok
[INFO] [stdout] test creation::walker::tests::test_walker_strip_prefix ... ok
[INFO] [stdout] test creation::zip::tests::test_create_zip_compression ... ok
[INFO] [stdout] test creation::zip::tests::test_create_zip_compression_levels ... ok
[INFO] [stdout] test creation::zip::tests::test_create_zip_directory ... ok
[INFO] [stdout] test creation::zip::tests::test_create_zip_follow_symlinks_embeds_target_content ... ok
[INFO] [stdout] test creation::zip::tests::test_create_zip_explicit_directories ... ok
[INFO] [stdout] test creation::zip::tests::test_create_zip_forward_slashes ... ok
[INFO] [stdout] test creation::zip::tests::test_create_zip_preserves_permissions ... ok
[INFO] [stdout] test creation::zip::tests::test_create_zip_report_statistics ... ok
[INFO] [stdout] test creation::walker::tests::test_walker_includes_hidden_when_configured ... ok
[INFO] [stdout] test creation::zip::tests::test_create_zip_single_file ... ok
[INFO] [stdout] test creation::zip::tests::test_create_zip_skips_symlinks ... ok
[INFO] [stdout] test creation::tar::tests::test_create_tar_xz_compression ... ok
[INFO] [stdout] test creation::zip::tests::test_create_zip_roundtrip ... ok
[INFO] [stdout] test creation::zip::tests::test_create_zip_source_not_found ... ok
[INFO] [stdout] test creation::zip::tests::test_create_zip_max_file_size ... ok
[INFO] [stdout] test error::io_context::tests::display_includes_context_and_detail ... ok
[INFO] [stdout] test creation::zip::tests::test_normalize_zip_path ... ok
[INFO] [stdout] test error::io_context::tests::roundtrips_through_io_error_other ... ok
[INFO] [stdout] test error::messages::tests::test_error_codes_match ... ok
[INFO] [stdout] test error::messages::tests::test_host_path_redacted_in_release ... ok
[INFO] [stdout] test error::messages::tests::test_io_error_redacted_in_release ... ok
[INFO] [stdout] test creation::zip::tests::test_create_zip_with_progress_callback ... ok
[INFO] [stdout] test error::redaction::tests::test_format_entry_path_for_error_never_redacts ... ok
[INFO] [stdout] test error::redaction::tests::test_host_path_variants_follow_profile_policy ... ok
[INFO] [stdout] test error::redaction::tests::test_never_redacted_variants_keep_full_path ... ok
[INFO] [stdout] test error::redaction::tests::test_sanitize_io_error_for_error_redacts_message_in_release ... ok
[INFO] [stdout] test error::redaction::tests::test_sanitize_io_error_for_error_surfaces_io_context_in_release ... ok
[INFO] [stdout] test error::redaction::tests::test_partial_extraction_delegates_to_source ... ok
[INFO] [stdout] test error::redaction::tests::test_sanitize_path_for_error_strips_directory_in_release ... ok
[INFO] [stdout] test error::messages::tests::test_all_error_variants_have_codes ... ok
[INFO] [stdout] test error::messages::tests::test_attacker_path_never_redacted ... ok
[INFO] [stdout] test error::types::tests::test_error_display ... ok
[INFO] [stdout] test error::types::tests::test_hardlink_escape_error ... ok
[INFO] [stdout] test error::redaction::tests::test_variants_without_path_return_none ... ok
[INFO] [stdout] test error::types::tests::test_context ... ok
[INFO] [stdout] test error::types::tests::test_invalid_configuration_error ... ok
[INFO] [stdout] test error::types::tests::test_io_error_conversion ... ok
[INFO] [stdout] test error::types::tests::test_io_error_no_source_chain ... ok
[INFO] [stdout] test error::types::tests::test_is_recoverable ... ok
[INFO] [stdout] test error::types::tests::test_is_security_violation ... ok
[INFO] [stdout] test error::types::tests::test_invalid_compression_level_error ... ok
[INFO] [stdout] test error::types::tests::test_invalid_permissions_error ... ok
[INFO] [stdout] test error::types::tests::test_error_source_chain ... ok
[INFO] [stdout] test error::types::tests::test_partial_extraction_delegates_is_recoverable ... ok
[INFO] [stdout] test error::types::tests::test_partial_extraction_delegates_error_code ... ok
[INFO] [stdout] test error::types::tests::test_partial_extraction_delegates_is_security_violation ... ok
[INFO] [stdout] test error::types::tests::test_output_exists_error ... ok
[INFO] [stdout] test error::types::tests::test_partial_extraction_display_shows_source ... ok
[INFO] [stdout] test error::types::tests::test_partial_or_passes_through_when_report_empty ... ok
[INFO] [stdout] test error::types::tests::test_partial_or_wraps_when_report_has_items ... ok
[INFO] [stdout] test error::types::tests::test_quota_exceeded_error ... ok
[INFO] [stdout] test error::types::tests::test_partial_or_wraps_when_report_has_only_files_skipped ... ok
[INFO] [stdout] test error::types::tests::test_source_not_accessible_error ... ok
[INFO] [stdout] test error::types::tests::test_partial_or_wraps_when_report_has_only_warnings ... ok
[INFO] [stdout] test error::types::tests::test_symlink_escape_error ... ok
[INFO] [stdout] test error::types::tests::test_unknown_format_error ... ok
[INFO] [stdout] test error::types::tests::test_zip_bomb_edge_cases ... ok
[INFO] [stdout] test error::types::tests::test_zip_bomb_error ... ok
[INFO] [stdout] test formats::common::tests::test_check_extension_allowed_allowed_extension ... ok
[INFO] [stdout] test formats::common::tests::test_check_extension_allowed_increments_counter_not_warnings ... ok
[INFO] [stdout] test formats::common::tests::test_create_file_with_mode_0o600 ... ok
[INFO] [stdout] test formats::common::tests::test_create_file_with_mode_0o644 ... ok
[INFO] [stdout] test formats::common::tests::test_create_file_with_mode_0o755 ... ok
[INFO] [stdout] test formats::common::tests::test_create_file_with_mode_bypasses_strict_umask ... ok
[INFO] [stdout] test error::types::tests::test_path_traversal_error ... ok
[INFO] [stdout] test formats::common::tests::test_create_file_with_mode_none ... ok
[INFO] [stdout] test formats::common::tests::test_create_file_with_mode_none_unix ... ok
[INFO] [stdout] test formats::common::tests::test_dir_cache_contains ... ok
[INFO] [stdout] test error::types::tests::test_source_not_found_error ... ok
[INFO] [stdout] test formats::common::tests::test_dir_cache_basic ... ok
[INFO] [stdout] test formats::common::tests::test_dir_cache_empty_parent ... ok
[INFO] [stdout] test formats::common::tests::test_dir_cache_deep_nesting ... ok
[INFO] [stdout] test formats::common::tests::test_dir_cache_multiple_files_same_dir ... ok
[INFO] [stdout] test formats::common::tests::test_dir_cache_nested_paths ... ok
[INFO] [stdout] test formats::common::tests::test_dir_cache_ensure_dir ... ok
[INFO] [stdout] test formats::common::tests::test_dir_cache_single_component ... ok
[INFO] [stdout] test formats::common::tests::test_duplicate_symlink_overwrites_when_skip_disabled ... ok
[INFO] [stdout] test formats::common::tests::test_dir_cache_preexisting_directory ... ok
[INFO] [stdout] test formats::common::tests::test_extract_file_permissions_bypass_umask ... ok
[INFO] [stdout] test formats::common::tests::test_extract_file_with_permit_files_skipped_overflow_check ... ok
[INFO] [stdout] test formats::common::tests::test_extract_file_with_permit_integer_overflow_check ... ok
[INFO] [stdout] test formats::common::tests::test_extract_file_with_permit_undersized_stream_cleans_up ... ok
[INFO] [stdout] test formats::common::tests::test_push_disallowed_extension_warning_text ... ok
[INFO] [stdout] test formats::common::tests::test_push_duplicate_skip_warning_text ... ok
[INFO] [stdout] test formats::compression::tests::test_codec_equality ... ok
[INFO] [stdout] test formats::compression::tests::test_codec_extension ... ok
[INFO] [stdout] test formats::compression::tests::test_codec_hash ... ok
[INFO] [stdout] test formats::compression::tests::test_codec_name ... ok
[INFO] [stdout] test formats::detect::tests::test_archive_type_sevenz_debug ... ok
[INFO] [stdout] test formats::detect::tests::test_archive_type_sevenz_equality ... ok
[INFO] [stdout] test formats::detect::tests::test_detect_7z ... ok
[INFO] [stdout] test formats::detect::tests::test_detect_7z_case_insensitive ... ok
[INFO] [stdout] test formats::common::tests::test_dir_cache_with_capacity ... ok
[INFO] [stdout] test formats::detect::tests::test_detect_bare_gz_error_carries_path ... ok
[INFO] [stdout] test formats::detect::tests::test_detect_bare_gz_returns_unknown_format ... ok
[INFO] [stdout] test formats::detect::tests::test_detect_tar ... ok
[INFO] [stdout] test formats::detect::tests::test_detect_tar_bz2 ... ok
[INFO] [stdout] test formats::common::tests::test_extract_file_with_permit_force_overwrite_forged_size_does_not_delete_destination ... ok
[INFO] [stdout] test formats::detect::tests::test_detect_tar_gz_still_works ... ok
[INFO] [stdout] test formats::detect::tests::test_detect_tar_xz ... ok
[INFO] [stdout] test formats::detect::tests::test_detect_tar_zst ... ok
[INFO] [stdout] test formats::detect::tests::test_detect_unknown_format ... ok
[INFO] [stdout] test formats::common::tests::test_extract_file_with_permit_forged_size_aborts_and_cleans_up ... ok
[INFO] [stdout] test formats::detect::tests::test_detect_unknown_format_error_carries_path ... ok
[INFO] [stdout] test formats::detect::tests::test_magic_bz2_no_extension ... ok
[INFO] [stdout] test formats::detect::tests::test_extension_wins_when_no_magic_mismatch ... ok
[INFO] [stdout] test formats::detect::tests::test_magic_empty_zip_eocd_no_extension ... ok
[INFO] [stdout] test formats::detect::tests::test_magic_gzip_no_extension ... ok
[INFO] [stdout] test formats::detect::tests::test_detect_zip ... ok
[INFO] [stdout] test formats::detect::tests::test_detect_zip_family_extensions ... ok
[INFO] [stdout] test formats::detect::tests::test_magic_sevenz_no_extension ... ok
[INFO] [stdout] test formats::detect::tests::test_magic_tar_ustar_no_extension ... ok
[INFO] [stdout] test formats::detect::tests::test_magic_wins_over_wrong_extension ... ok
[INFO] [stdout] test formats::detect::tests::test_magic_tar_ustar_minimal_263_byte_file ... ok
[INFO] [stdout] test formats::detect::tests::test_magic_xz_no_extension ... ok
[INFO] [stdout] test formats::detect::tests::test_magic_zip_no_extension ... ok
[INFO] [stdout] test formats::detect::tests::test_nonexistent_file_with_known_extension_uses_extension ... ok
[INFO] [stdout] test formats::detect::tests::test_magic_split_zip_no_extension ... ok
[INFO] [stdout] test formats::detect::tests::test_nonexistent_file_without_extension_returns_unknown ... ok
[INFO] [stdout] test formats::sevenz::tests::test_7z_absolute_path_rejected_by_default ... ok
[INFO] [stdout] test formats::detect::tests::test_magic_zstd_no_extension ... ok
[INFO] [stdout] test formats::sevenz::tests::test_7z_absolute_path_with_flag_writes_to_dest ... ok
[INFO] [stdout] test formats::detect::tests::test_magic_tar_ustar_exact_boundary_file ... ok
[INFO] [stdout] test formats::sevenz::tests::test_allowed_extensions_filters_out_disallowed ... FAILED
[INFO] [stdout] test formats::sevenz::tests::test_directory_junction_reparse_point_rejected ... ok
[INFO] [stdout] test formats::sevenz::tests::test_7z_backslash_entry_rejected ... ok
[INFO] [stdout] test formats::sevenz::tests::test_disallowed_extension_aggregates_single_warning ... ok
[INFO] [stdout] test formats::sevenz::tests::test_7z_absolute_path_traversal_still_rejected_with_flag ... ok
[INFO] [stdout] test formats::sevenz::tests::test_duplicate_and_disallowed_extension_skips_aggregate_independently ... ok
[INFO] [stdout] test formats::sevenz::tests::test_empty_allowed_extensions_allows_all ... FAILED
[INFO] [stdout] test formats::sevenz::tests::test_dir_swapped_for_symlink_between_entries_is_rejected ... ok
[INFO] [stdout] test formats::sevenz::tests::test_empty_archive ... FAILED
[INFO] [stdout] test formats::sevenz::tests::test_duplicate_rejects_dangling_symlink_when_not_skipping ... ok
[INFO] [stdout] test formats::sevenz::tests::test_encrypted_archive_rejected ... FAILED
[INFO] [stdout] test formats::sevenz::tests::test_empty_archive_extract ... FAILED
[INFO] [stdout] test formats::sevenz::tests::test_extension_less_files_blocked_when_allowlist_nonempty ... FAILED
[INFO] [stdout] test copy::tests::prop_copy_buffer_reusable ... ok
[INFO] [stdout] test formats::sevenz::tests::test_invalid_magic_rejected ... ok
[INFO] [stdout] test formats::sevenz::tests::test_extract_can_be_called_twice_on_same_instance ... ok
[INFO] [stdout] test formats::sevenz::tests::test_list_returns_manifest_with_entries ... FAILED
[INFO] [stdout] test formats::sevenz::tests::test_is_solid_flag_detected_correctly ... FAILED
[INFO] [stdout] test formats::sevenz::tests::test_extract_simple_file ... FAILED
[INFO] [stdout] test formats::sevenz::tests::test_load_fixture_helper ... FAILED
[INFO] [stdout] test formats::sevenz::tests::test_format_name ... ok
[INFO] [stdout] test formats::sevenz::tests::test_multiple_files_quota_not_double_counted ... FAILED
[INFO] [stdout] test formats::sevenz::tests::test_path_traversal_integration ... FAILED
[INFO] [stdout] test formats::sevenz::tests::test_process_entry_inner_duplicate_skips_saturates_at_max ... ok
[INFO] [stdout] test formats::sevenz::tests::test_no_windows_attributes ... ok
[INFO] [stdout] test formats::sevenz::tests::test_non_solid_archive_unaffected_by_solid_config ... FAILED
[INFO] [stdout] test formats::sevenz::tests::test_process_entry_inner_rejects_traversal_independently ... ok
[INFO] [stdout] test formats::sevenz::tests::test_quota_exceeded ... FAILED
[INFO] [stdout] test formats::sevenz::tests::test_sevenz_io_error_maps_to_io_context ... ok
[INFO] [stdout] test formats::sevenz::tests::test_extract_nested_directories ... FAILED
[INFO] [stdout] test formats::sevenz::tests::test_skip_duplicates_detects_dangling_symlink_at_destination ... ok
[INFO] [stdout] test formats::sevenz::tests::test_overwrite_directory_returns_error_without_deleting_it ... ok
[INFO] [stdout] test formats::sevenz::tests::test_solid_archive_allowed_with_config ... FAILED
[INFO] [stdout] test formats::sevenz::tests::test_solid_archive_memory_limit_exact_boundary ... FAILED
[INFO] [stdout] test formats::sevenz::tests::test_solid_archive_memory_limit_one_under_boundary ... FAILED
[INFO] [stdout] test formats::sevenz::tests::test_solid_archive_rejected ... FAILED
[INFO] [stdout] test formats::sevenz::tests::test_solid_archive_memory_limit_exceeded ... FAILED
[INFO] [stdout] test formats::sevenz::tests::test_solid_archive_rejected_by_default ... FAILED
[INFO] [stdout] test formats::sevenz::tests::test_solid_archive_rejected_error_message ... FAILED
[INFO] [stdout] test formats::sevenz::tests::test_verify_clean_sevenz_is_safe ... FAILED
[INFO] [stdout] test formats::sevenz::tests::test_windows_reparse_point_detected ... ok
[INFO] [stdout] test formats::sevenz::tests::test_windows_reparse_point_error_message ... ok
[INFO] [stdout] test formats::sevenz::tests::test_windows_reparse_point_not_set ... ok
[INFO] [stdout] test formats::sevenz::tests::test_windows_reparse_point_with_other_attributes ... ok
[INFO] [stdout] test formats::sevenz::tests::test_write_file_with_permit_gives_up_after_max_attempts ... ok
[INFO] [stdout] test formats::sevenz::tests::test_write_file_direct_forged_size_aborts_and_cleans_up ... ok
[INFO] [stdout] test formats::sevenz::tests::test_write_file_with_permit_forged_size_aborts_and_leaves_original_untouched ... ok
[INFO] [stdout] test formats::tar::tests::test_absolute_path_rejected ... ok
[INFO] [stdout] test formats::tar::tests::test_allowed_extensions_filters_out_disallowed ... ok
[INFO] [stdout] test formats::tar::tests::test_bytes_written_tracking ... ok
[INFO] [stdout] test formats::tar::tests::test_disallowed_extension_aggregates_single_warning ... ok
[INFO] [stdout] test formats::tar::tests::test_duplicate_and_disallowed_extension_skips_aggregate_independently ... ok
[INFO] [stdout] test formats::tar::tests::test_duplicate_entry_skip_default ... ok
[INFO] [stdout] test formats::tar::tests::test_empty_allowed_extensions_allows_all ... ok
[INFO] [stdout] test formats::tar::tests::test_empty_tar_archive ... ok
[INFO] [stdout] test formats::tar::tests::test_duplicate_entry_overwrites_when_skip_disabled ... ok
[INFO] [stdout] test formats::tar::tests::test_extension_less_files_blocked_when_allowlist_nonempty ... ok
[INFO] [stdout] test formats::tar::tests::test_extract_bzip2_compressed ... ok
[INFO] [stdout] test formats::sevenz::tests::test_write_file_with_permit_skips_planted_symlinks ... ok
[INFO] [stdout] test formats::tar::tests::test_extract_directory_only ... ok
[INFO] [stdout] test formats::sevenz::tests::test_skip_duplicates_aggregates_single_warning ... ok
[INFO] [stdout] test formats::tar::tests::test_extract_gnu_long_name_skipped ... ok
[INFO] [stdout] test formats::tar::tests::test_extract_gnu_sparse_as_file ... ok
[INFO] [stdout] test formats::tar::tests::test_extract_empty_file ... ok
[INFO] [stdout] test formats::tar::tests::test_extract_continuous_entry_as_file ... ok
[INFO] [stdout] test formats::tar::tests::test_extract_gzip_compressed ... ok
[INFO] [stdout] test formats::tar::tests::test_extract_gnu_long_link_skipped ... ok
[INFO] [stdout] test formats::tar::tests::test_extract_nested_structure ... ok
[INFO] [stdout] test formats::tar::tests::test_extract_pax_headers_skipped ... ok
[INFO] [stdout] test formats::tar::tests::test_extract_hardlink_two_pass ... ok
[INFO] [stdout] test formats::tar::tests::test_extract_simple_file ... ok
[INFO] [stdout] test formats::tar::tests::test_extract_zstd_compressed ... ok
[INFO] [stdout] test formats::tar::tests::test_extract_xz_compressed ... ok
[INFO] [stdout] test formats::tar::tests::test_extract_symlink ... ok
[INFO] [stdout] test formats::tar::tests::test_file_permissions_preserved ... ok
[INFO] [stdout] test formats::tar::tests::test_extraction_duration_recorded ... ok
[INFO] [stdout] test formats::tar::tests::test_extract_multiple_files ... ok
[INFO] [stdout] test formats::tar::tests::test_hardlink_dangling_symlink_at_destination_errors_when_skip_disabled ... ok
[INFO] [stdout] test formats::tar::tests::test_hardlink_dangling_symlink_at_destination_skipped ... ok
[INFO] [stdout] test formats::tar::tests::test_hardlink_disabled_by_default ... ok
[INFO] [stdout] test formats::tar::tests::test_hardlink_quota_failure_leaves_no_stray_link_file ... ok
[INFO] [stdout] test formats::tar::tests::test_hardlink_target_is_legitimate_symlink_created_earlier_in_extraction ... ok
[INFO] [stdout] test formats::tar::tests::test_hardlink_target_missing_error ... ok
[INFO] [stdout] test formats::tar::tests::test_hardlink_target_swapped_for_escaping_symlink_between_passes ... ok
[INFO] [stdout] test formats::tar::tests::test_list_empty_archive_returns_empty_manifest ... ok
[INFO] [stdout] test formats::tar::tests::test_list_returns_manifest_with_entries ... ok
[INFO] [stdout] test formats::tar::tests::test_path_traversal_via_dotdot_rejected ... ok
[INFO] [stdout] test formats::tar::tests::test_pax_size_override_bypasses_max_file_size_quota ... ok
[INFO] [stdout] test formats::tar::tests::test_pax_size_override_bypasses_max_total_size_quota ... ok
[INFO] [stdout] test formats::tar::tests::test_permissions_sanitized_setuid_removed ... ok
[INFO] [stdout] test formats::tar::tests::test_quota_file_count_exceeded ... ok
[INFO] [stdout] test formats::tar::tests::test_quota_file_size_exceeded ... ok
[INFO] [stdout] test formats::tar::tests::test_quota_total_size_exceeded ... ok
[INFO] [stdout] test formats::tar::tests::test_skip_duplicate_hardlinks_aggregates_single_warning ... ok
[INFO] [stdout] test formats::tar::tests::test_hardlink_collection_stack_allocation ... ok
[INFO] [stdout] test formats::tar::tests::test_hardlink_collection_boundary ... ok
[INFO] [stdout] test formats::tar::tests::test_symlink_escape_rejected ... ok
[INFO] [stdout] test formats::tar::tests::test_symlink_disabled_by_default ... ok
[INFO] [stdout] test formats::tar::tests::test_tar_absolute_path_traversal_still_rejected_with_flag ... ok
[INFO] [stdout] test formats::tar::tests::test_tar_absolute_path_with_flag_writes_to_dest ... ok
[INFO] [stdout] test formats::tar::tests::test_tar_archive_new ... ok
[INFO] [stdout] test formats::tar::tests::test_skip_duplicates_aggregates_single_warning ... ok
[INFO] [stdout] test formats::tar::tests::test_tar_absolute_path_rejected_by_default ... ok
[INFO] [stdout] test formats::tar::tests::test_hardlink_collection_heap_spillover ... ok
[INFO] [stdout] test formats::tar::tests::test_unsupported_entry_type_block_device ... ok
[INFO] [stdout] test formats::tar::tests::test_unsupported_entry_type_char_device ... ok
[INFO] [stdout] test formats::sevenz::tests::test_symlink_to_directory_rejected_via_symlink_check_not_directory_check ... ok
[INFO] [stdout] test formats::tar::tests::test_unsupported_entry_type_fifo ... ok
[INFO] [stdout] test formats::tar_metadata_limit::tests::abandon_suppresses_the_drain ... ok
[INFO] [stdout] test formats::tar_metadata_limit::tests::armed_reader_allows_exactly_the_limit ... ok
[INFO] [stdout] test formats::tar::tests::test_unsupported_entry_type_unknown_byte ... ok
[INFO] [stdout] test formats::tar::tests::test_verify_clean_archive_is_safe ... ok
[INFO] [stdout] test formats::tar_metadata_limit::tests::armed_reader_trips_at_limit_plus_one_with_err_not_ok_zero ... ok
[INFO] [stdout] test formats::tar_metadata_limit::tests::drop_drain_stops_quickly_on_gnu_sparse_synthesized_padding ... ok
[INFO] [stdout] test formats::tar_metadata_limit::tests::budgeted_entries_yields_a_well_formed_archive_normally ... ok
[INFO] [stdout] test formats::tar_metadata_limit::tests::disarmed_reader_passes_bytes_through_unchanged ... ok
[INFO] [stdout] test formats::tar_metadata_limit::tests::new_reader_is_armed_from_construction ... ok
[INFO] [stdout] test formats::tar_metadata_limit::tests::oversized_metadata_record_trips_the_budget ... ok
[INFO] [stdout] test formats::tar_metadata_limit::tests::rearming_resets_consumed_bytes ... ok
[INFO] [stdout] test formats::traits::tests::test_trait_extract_returns_report ... ok
[INFO] [stdout] test formats::traits::tests::test_trait_implementation ... ok
[INFO] [stdout] test formats::traits::tests::test_trait_list_returns_empty_manifest ... ok
[INFO] [stdout] test formats::traits::tests::test_trait_list_via_dyn_dispatch ... ok
[INFO] [stdout] test formats::tar_metadata_limit::tests::drop_drains_unread_entry_so_the_next_header_is_found ... ok
[INFO] [stdout] test formats::traits::tests::test_trait_verify_returns_clean_report_for_empty_archive ... ok
[INFO] [stdout] test formats::traits::tests::test_trait_verify_via_dyn_dispatch ... ok
[INFO] [stdout] test formats::zip::tests::test_absolute_path_sanitized_by_zip_crate ... ok
[INFO] [stdout] test formats::zip::tests::test_allowed_extensions_filters_out_disallowed ... ok
[INFO] [stdout] test formats::zip::tests::test_bytes_written_tracking ... ok
[INFO] [stdout] test formats::zip::tests::test_by_index_failure_preserves_prior_skip_warnings ... ok
[INFO] [stdout] test formats::zip::tests::test_disallowed_extension_aggregates_single_warning ... ok
[INFO] [stdout] test formats::zip::tests::test_duplicate_and_disallowed_extension_skips_aggregate_independently ... ok
[INFO] [stdout] test formats::zip::tests::test_duplicate_entry_skip_default ... ok
[INFO] [stdout] test formats::zip::tests::test_duration_tracking ... ok
[INFO] [stdout] test formats::zip::tests::test_empty_allowed_extensions_allows_all ... ok
[INFO] [stdout] test formats::zip::tests::test_compression_method_detection ... ok
[INFO] [stdout] test formats::zip::tests::test_encrypted_entry_at_gap_index_is_detected_by_full_scan ... ok
[INFO] [stdout] test formats::zip::tests::test_encrypted_zip_rejected_with_security_violation ... ok
[INFO] [stdout] test formats::zip::tests::test_entry_type_detection_directory ... ok
[INFO] [stdout] test formats::zip::tests::test_entry_type_detection_file ... ok
[INFO] [stdout] test formats::zip::tests::test_extension_less_files_blocked_when_allowlist_nonempty ... ok
[INFO] [stdout] test formats::zip::tests::test_extract_directory_entry ... ok
[INFO] [stdout] test formats::zip::tests::test_extract_empty_archive ... ok
[INFO] [stdout] test formats::zip::tests::test_extract_empty_file ... ok
[INFO] [stdout] test formats::zip::tests::test_extract_multiple_files ... ok
[INFO] [stdout] test formats::zip::tests::test_encrypted_entry_not_at_boundary_is_detected ... ok
[INFO] [stdout] test formats::zip::tests::test_extract_simple_file ... ok
[INFO] [stdout] test formats::zip::tests::test_extract_nested_structure ... ok
[INFO] [stdout] test formats::zip::tests::test_extract_symlink_via_unix_attributes ... ok
[INFO] [stdout] test formats::tar_metadata_limit::tests::cumulative_synthetic_budget_trips_from_many_sub_cap_contributions ... ok
[INFO] [stdout] test formats::zip::tests::test_extract_with_bzip2_compression ... ok
[INFO] [stdout] test formats::zip::tests::test_extract_with_deflate_compression ... ok
[INFO] [stdout] test formats::zip::tests::test_extract_zip_traversal_after_root_rejected_by_default ... ok
[INFO] [stdout] test formats::zip::tests::test_extract_zip_absolute_path_with_flag_writes_to_dest ... ok
[INFO] [stdout] test formats::tar_metadata_limit::tests::cumulative_synthetic_budget_trips_on_many_maximally_saturating_entries ... ok
[INFO] [stdout] test formats::zip::tests::test_extract_with_zstd_compression ... ok
[INFO] [stdout] test formats::zip::tests::test_extract_zip_traversal_after_root_still_rejected_with_flag ... ok
[INFO] [stdout] test formats::zip::tests::test_file_permissions_preserved ... ok
[INFO] [stdout] test formats::zip::tests::test_invalid_zip_archive ... ok
[INFO] [stdout] test formats::zip::tests::test_is_symlink_from_mode ... ok
[INFO] [stdout] test formats::zip::tests::test_large_archive_no_encryption_passes_constructor ... ok
[INFO] [stdout] test formats::zip::tests::test_list_empty_zip_returns_empty_manifest ... ok
[INFO] [stdout] test formats::zip::tests::test_hardlink_rejected ... ok
[INFO] [stdout] test formats::zip::tests::test_nested_directories_created_automatically ... ok
[INFO] [stdout] test formats::zip::tests::test_list_returns_manifest_with_entries ... ok
[INFO] [stdout] test formats::zip::tests::test_password_protected_large_archive_first_entry ... ok
[INFO] [stdout] test formats::zip::tests::test_large_file_extraction ... ok
[INFO] [stdout] test formats::zip::tests::test_password_protected_large_archive_last_entry ... ok
[INFO] [stdout] test formats::zip::tests::test_permissions_sanitized_setgid_removed ... ok
[INFO] [stdout] test formats::zip::tests::test_permissions_sanitized_setuid_removed ... ok
[INFO] [stdout] test formats::zip::tests::test_permissions_sanitized_setuid_setgid_removed ... ok
[INFO] [stdout] test formats::zip::tests::test_password_protected_large_archive_middle_entry ... ok
[INFO] [stdout] test formats::zip::tests::test_quota_file_count_exceeded ... ok
[INFO] [stdout] test formats::zip::tests::test_quota_file_size_exceeded ... ok
[INFO] [stdout] test formats::zip::tests::test_quota_total_size_exceeded ... ok
[INFO] [stdout] test formats::zip::tests::test_path_traversal_rejected ... ok
[INFO] [stdout] test formats::zip::tests::test_resolve_entry_path_absolute_rejected_without_flag ... ok
[INFO] [stdout] test formats::zip::tests::test_resolve_entry_path_absolute_with_flag_strips_slash ... ok
[INFO] [stdout] test formats::zip::tests::test_resolve_entry_path_normal_relative_path ... ok
[INFO] [stdout] test copy::tests::prop_copy_handles_various_sizes ... ok
[INFO] [stdout] test formats::zip::tests::test_resolve_entry_path_traversal_rejected_without_flag ... ok
[INFO] [stdout] test formats::zip::tests::test_symlink_target_invalid_utf8 ... ok
[INFO] [stdout] test formats::zip::tests::test_special_characters_in_filename ... ok
[INFO] [stdout] test formats::zip::tests::test_symlink_disabled_by_default ... ok
[INFO] [stdout] test formats::zip::tests::test_verify_clean_zip_is_safe ... ok
[INFO] [stdout] test formats::zip::tests::test_unsupported_compression_method_rejected ... ok
[INFO] [stdout] test formats::zip::tests::test_zip_archive_new ... ok
[INFO] [stdout] test formats::zip::tests::test_symlink_target_too_large ... ok
[INFO] [stdout] test inspection::list::tests::test_contains_traversal_prefix_gated_by_flag ... ok
[INFO] [stdout] test formats::zip::tests::test_zip_bomb_detection ... ok
[INFO] [stdout] test inspection::list::tests::list_archive_rejects_invalid_security_config ... ok
[INFO] [stdout] test inspection::list::tests::test_list_archive_custom_max_total_size_honoured_tar ... ok
[INFO] [stdout] test inspection::list::tests::test_list_archive_custom_max_total_size_honoured_zip ... ok
[INFO] [stdout] test formats::zip::tests::test_skip_duplicates_aggregates_single_warning ... ok
[INFO] [stdout] test inspection::list::tests::test_list_archive_empty_tar ... ok
[INFO] [stdout] test inspection::list::tests::test_list_archive_quota_exceeded ... ok
[INFO] [stdout] test inspection::list::tests::test_list_archive_tar_xz ... ok
[INFO] [stdout] test formats::tar_metadata_limit::tests::drop_fully_drains_a_legitimate_large_entry_regardless_of_size ... ok
[INFO] [stdout] test inspection::list::tests::test_list_archive_tar_zst ... ok
[INFO] [stdout] test inspection::list::tests::test_list_archive_tar_gz ... ok
[INFO] [stdout] test formats::zip::tests::test_many_files_extraction ... ok
[INFO] [stdout] test inspection::list::tests::test_list_archive_tar_bz2 ... ok
[INFO] [stdout] test inspection::list::tests::test_list_archive_with_entries ... ok
[INFO] [stdout] test inspection::list::tests::test_list_archive_with_hardlink ... ok
[INFO] [stdout] test inspection::list::tests::test_list_sevenz_empty ... FAILED
[INFO] [stdout] test inspection::list::tests::test_list_archive_custom_max_total_size_honoured_sevenz ... ok
[INFO] [stdout] test inspection::list::tests::test_list_sevenz_corrupt ... ok
[INFO] [stdout] test inspection::list::tests::test_list_archive_with_symlink ... ok
[INFO] [stdout] test inspection::list::tests::test_list_archive_zip ... ok
[INFO] [stdout] test inspection::list::tests::test_list_sevenz_encrypted_rejected ... FAILED
[INFO] [stdout] test inspection::list::tests::test_list_sevenz_format_field ... FAILED
[INFO] [stdout] test inspection::list::tests::test_list_sevenz_hardlink_reported_as_file ... FAILED
[INFO] [stdout] test inspection::list::tests::test_list_sevenz_absolute_path_allowed_when_flag_set ... ok
[INFO] [stdout] test inspection::list::tests::test_list_sevenz_nested_dirs ... FAILED
[INFO] [stdout] test inspection::list::tests::test_list_sevenz_simple ... FAILED
[INFO] [stdout] test inspection::list::tests::test_list_sevenz_solid ... FAILED
[INFO] [stdout] test inspection::list::tests::test_list_sevenz_solid_compressed_size ... FAILED
[INFO] [stdout] test inspection::list::tests::test_list_sevenz_unix_symlink_reported_as_file ... FAILED
[INFO] [stdout] test inspection::list::tests::test_list_tar_absolute_path_allowed_when_flag_set ... ok
[INFO] [stdout] test inspection::list::tests::test_list_tar_gz_path_traversal ... ok
[INFO] [stdout] test inspection::list::tests::test_list_sevenz_quota_total_size ... ok
[INFO] [stdout] test inspection::list::tests::test_list_sevenz_quota_exceeded_file_size ... ok
[INFO] [stdout] test inspection::list::tests::test_list_tar_hardlink_missing_target_rejected ... ok
[INFO] [stdout] test inspection::list::tests::test_list_tar_hardlink_target_nul_byte_rejected ... ok
[INFO] [stdout] test inspection::list::tests::test_list_tar_path_traversal_dotdot ... ok
[INFO] [stdout] test inspection::list::tests::test_list_tar_path_traversal_mixed_entries_fail_fast ... ok
[INFO] [stdout] test inspection::list::tests::test_list_tar_path_traversal_nested ... ok
[INFO] [stdout] test inspection::list::tests::test_list_tar_quota_exceeded_file_size ... ok
[INFO] [stdout] test inspection::list::tests::test_list_tar_quota_exceeded_total_size ... ok
[INFO] [stdout] test inspection::list::tests::test_list_tar_hardlink_target_empty_rejected ... ok
[INFO] [stdout] test inspection::list::tests::test_list_tar_relaxed_preflight_allows_missing_link_target ... ok
[INFO] [stdout] test inspection::list::tests::test_list_tar_pax_path_nul_byte_rejected ... ok
[INFO] [stdout] test inspection::list::tests::test_list_sevenz_quota_file_count ... ok
[INFO] [stdout] test inspection::list::tests::test_list_tar_path_traversal_absolute ... ok
[INFO] [stdout] test inspection::list::tests::test_list_tar_relaxed_preflight_allows_nul_byte_link_target ... ok
[INFO] [stdout] test inspection::list::tests::test_list_tar_relaxed_preflight_allows_nul_byte_path ... ok
[INFO] [stdout] test inspection::list::tests::test_list_tar_special_file_rejected ... ok
[INFO] [stdout] test inspection::list::tests::test_list_zip_absolute_path_allowed_when_configured ... ok
[INFO] [stdout] test inspection::list::tests::test_list_zip_absolute_path_stripped_by_zip_crate ... ok
[INFO] [stdout] test inspection::list::tests::test_list_zip_absolute_path_with_traversal_still_rejected ... ok
[INFO] [stdout] test inspection::list::tests::test_list_tar_symlink_target_nul_byte_rejected ... ok
[INFO] [stdout] test inspection::list::tests::test_list_tar_symlink_target_empty_rejected ... ok
[INFO] [stdout] test inspection::list::tests::test_list_zip_nul_byte_rejected_as_path_traversal_by_default ... ok
[INFO] [stdout] test inspection::list::tests::test_list_zip_by_index_encrypted_error_path ... ok
[INFO] [stdout] test inspection::list::tests::test_list_tar_symlink_missing_target_rejected ... ok
[INFO] [stdout] test inspection::list::tests::test_list_zip_encrypted_returns_security_violation ... ok
[INFO] [stdout] test inspection::list::tests::test_list_zip_path_traversal ... ok
[INFO] [stdout] test inspection::list::tests::test_list_zip_nul_byte_rejected_with_allow_absolute_paths ... ok
[INFO] [stdout] test inspection::list::tests::test_list_zip_symlink_target_empty_rejected ... ok
[INFO] [stdout] test inspection::list::tests::test_list_zip_symlink_target_is_actual_target ... ok
[INFO] [stdout] test inspection::list::tests::test_list_zip_relaxed_preflight_allows_nul_byte_path ... ok
[INFO] [stdout] test inspection::list::tests::test_list_zip_quota_exceeded_file_size ... ok
[INFO] [stdout] test inspection::list::tests::test_list_zip_quota_exceeded_total_size ... ok
[INFO] [stdout] test inspection::list::tests::test_list_zip_quota_exceeded_file_count ... ok
[INFO] [stdout] test inspection::list::tests::test_list_zip_symlink_target_nul_byte_rejected ... ok
[INFO] [stdout] test inspection::list::tests::test_list_zip_total_size_overflow_rejected_not_wrapped ... ok
[INFO] [stdout] test inspection::list::tests::test_sevenz_manifest_entry_type_directory ... ok
[INFO] [stdout] test inspection::list::tests::test_sevenz_manifest_entry_type_regular_file ... ok
[INFO] [stdout] test inspection::list::tests::test_verify_sevenz_simple ... FAILED
[INFO] [stdout] test inspection::list::tests::test_list_zip_traversal_absolute_path_rejected_by_default ... ok
[INFO] [stdout] test inspection::list::tests::test_list_zip_traversal_absolute_path_still_rejected_when_allowed ... ok
[INFO] [stdout] test inspection::list::tests::test_sevenz_manifest_entry_type_reparse_point ... ok
[INFO] [stdout] test inspection::list::tests::test_tar_and_zip_mode_consistent ... ok
[INFO] [stdout] test inspection::list::tests::test_verify_sevenz_solid_no_false_positive ... FAILED
[INFO] [stdout] test inspection::list::tests::test_zip_mode_permission_bits_unchanged ... ok
[INFO] [stdout] test inspection::manifest::tests::test_compression_ratio ... ok
[INFO] [stdout] test inspection::manifest::tests::test_manifest_add_entry ... ok
[INFO] [stdout] test inspection::list::tests::test_zip_mode_strips_s_ifdir_bits ... ok
[INFO] [stdout] test inspection::manifest::tests::test_manifest_entry_type_display ... ok
[INFO] [stdout] test inspection::list::tests::test_zip_mode_strips_s_ifreg_bits ... ok
[INFO] [stdout] test inspection::report::tests::test_issue_category_display ... ok
[INFO] [stdout] test inspection::manifest::tests::test_manifest_new ... ok
[INFO] [stdout] test inspection::report::tests::test_check_status_display ... ok
[INFO] [stdout] test inspection::report::tests::test_issue_severity_display ... ok
[INFO] [stdout] test inspection::report::tests::test_verification_issue_from_invalid_archive ... ok
[INFO] [stdout] test inspection::report::tests::test_verification_issue_from_invalid_compression_level ... ok
[INFO] [stdout] test inspection::report::tests::test_verification_issue_from_invalid_configuration ... ok
[INFO] [stdout] test inspection::manifest::tests::test_compression_ratio_no_compressed ... ok
[INFO] [stdout] test inspection::report::tests::test_verification_issue_from_invalid_permissions ... ok
[INFO] [stdout] test inspection::report::tests::test_issue_severity_ordering ... ok
[INFO] [stdout] test inspection::report::tests::test_verification_issue_from_hardlink_escape ... ok
[INFO] [stdout] test inspection::report::tests::test_verification_issue_from_io_error ... ok
[INFO] [stdout] test inspection::report::tests::test_verification_issue_from_quota_exceeded ... ok
[INFO] [stdout] test inspection::report::tests::test_verification_issue_from_security_violation ... ok
[INFO] [stdout] test inspection::report::tests::test_verification_issue_from_source_not_found ... ok
[INFO] [stdout] test inspection::report::tests::test_verification_issue_from_symlink_escape ... ok
[INFO] [stdout] test inspection::report::tests::test_verification_issue_from_unknown_format ... ok
[INFO] [stdout] test inspection::report::tests::test_verification_issue_from_zip_bomb ... ok
[INFO] [stdout] test inspection::report::tests::test_verification_report_is_safe ... ok
[INFO] [stdout] test inspection::report::tests::test_verification_report_issues_by_severity ... ok
[INFO] [stdout] test inspection::report::tests::test_verification_report_not_safe ... ok
[INFO] [stdout] test inspection::report::tests::test_verification_status_display ... ok
[INFO] [stdout] test inspection::verify::tests::test_check_heuristics_executable ... ok
[INFO] [stdout] test inspection::verify::tests::test_check_heuristics_non_utf8_name ... ok
[INFO] [stdout] test inspection::verify::tests::test_check_heuristics_suspicious_extension ... ok
[INFO] [stdout] test inspection::verify::tests::test_check_heuristics_valid_utf8_name_no_warning ... ok
[INFO] [stdout] test inspection::verify::tests::test_determine_status_fail_critical ... ok
[INFO] [stdout] test inspection::verify::tests::test_determine_status_fail_high ... ok
[INFO] [stdout] test inspection::verify::tests::test_determine_status_pass ... ok
[INFO] [stdout] test inspection::report::tests::test_verification_issue_from_output_exists ... ok
[INFO] [stdout] test inspection::report::tests::test_verification_issue_from_path_traversal ... ok
[INFO] [stdout] test inspection::verify::tests::test_verify_archive_executable_file ... ok
[INFO] [stdout] test inspection::report::tests::test_verification_issue_from_source_not_accessible ... ok
[INFO] [stdout] test inspection::verify::tests::test_determine_status_warning ... ok
[INFO] [stdout] test inspection::verify::tests::test_is_suspicious_extension ... ok
[INFO] [stdout] test inspection::verify::tests::test_listing_config_for_verify_relaxes_max_file_size_and_preflight_checks ... ok
[INFO] [stdout] test inspection::verify::tests::test_verify_archive_hardlink_missing_target_reports_issue_not_error ... ok
[INFO] [stdout] test inspection::verify::tests::test_verify_archive_nul_byte_path_reports_issue_not_error ... ok
[INFO] [stdout] test inspection::verify::tests::test_verify_archive_oversized_entry_reports_issue_not_error ... ok
[INFO] [stdout] test inspection::verify::tests::test_verify_archive_safe ... ok
[INFO] [stdout] test report::tests::test_add_warning ... ok
[INFO] [stdout] test report::tests::test_new_report ... ok
[INFO] [stdout] test report::tests::test_total_items ... ok
[INFO] [stdout] test security::boundary::tests::test_validate_config_entry_accepts_max_length ... ok
[INFO] [stdout] test security::boundary::tests::test_validate_config_entry_accepts_normal ... ok
[INFO] [stdout] test security::boundary::tests::test_validate_config_entry_checks_length_before_null_byte ... ok
[INFO] [stdout] test security::boundary::tests::test_validate_config_entry_rejects_empty ... ok
[INFO] [stdout] test security::boundary::tests::test_validate_config_entry_rejects_multibyte_over_length ... ok
[INFO] [stdout] test security::boundary::tests::test_validate_config_entry_rejects_null_bytes ... ok
[INFO] [stdout] test security::boundary::tests::test_validate_config_entry_rejects_too_long ... ok
[INFO] [stdout] test security::boundary::tests::test_validate_raw_path_str_accepts_max_length ... ok
[INFO] [stdout] test security::boundary::tests::test_validate_raw_path_str_accepts_normal ... ok
[INFO] [stdout] test security::boundary::tests::test_validate_raw_path_str_checks_length_before_null_byte ... ok
[INFO] [stdout] test security::boundary::tests::test_validate_raw_path_str_rejects_null_bytes ... ok
[INFO] [stdout] test security::boundary::tests::test_validate_raw_path_str_rejects_too_long ... ok
[INFO] [stdout] test security::context::tests::test_context_no_dir_cache_never_trusted ... ok
[INFO] [stdout] test security::context::tests::test_context_symlink_seen_enables_canonicalize ... ok
[INFO] [stdout] test security::context::tests::test_context_trusted_parent_with_dir_cache ... ok
[INFO] [stdout] test security::context::tests::test_context_with_symlinks_allowed ... ok
[INFO] [stdout] test inspection::verify::tests::test_verify_archive_non_utf8_name_reports_warning_not_pass ... ok
[INFO] [stdout] test security::context::tests::test_default_context_no_optimizations ... ok
[INFO] [stdout] test security::hardlink::tests::test_hardlink_different_targets ... ok
[INFO] [stdout] test inspection::verify::tests::test_verify_archive_setuid_binary ... ok
[INFO] [stdout] test security::hardlink::tests::test_duplicate_hardlink_to_same_target ... ok
[INFO] [stdout] test security::hardlink::tests::test_hardlink_tracker_has_target ... ok
[INFO] [stdout] test inspection::verify::tests::test_verify_archive_symlink_escape ... ok
[INFO] [stdout] test inspection::verify::tests::verify_archive_rejects_invalid_security_config ... ok
[INFO] [stdout] test security::hardlink::tests::test_hardlink_tracker_multiple ... ok
[INFO] [stdout] test security::hardlink::tests::test_validate_hardlink_absolute_target ... ok
[INFO] [stdout] test security::hardlink::tests::test_validate_hardlink_allowed ... ok
[INFO] [stdout] test security::hardlink::tests::test_hardlink_tracker_new ... ok
[INFO] [stdout] test security::hardlink::tests::test_validate_hardlink_disabled ... ok
[INFO] [stdout] test security::path::tests::test_validate_path_absolute ... ok
[INFO] [stdout] test security::path::tests::test_validate_path_current_dir ... ok
[INFO] [stdout] test security::path::tests::test_validate_path_nested ... ok
[INFO] [stdout] test security::hardlink::tests::test_hardlink_two_hop_chain_rejected ... ok
[INFO] [stdout] test security::path::tests::test_validate_path_traversal ... ok
[INFO] [stdout] test security::permissions::tests::test_sanitize_permissions_executable ... ok
[INFO] [stdout] test security::hardlink::tests::test_hardlink_tracker_relative_safe ... ok
[INFO] [stdout] test security::permissions::tests::test_sanitize_permissions_edge_case_zero ... ok
[INFO] [stdout] test security::hardlink::tests::test_validate_hardlink_escape ... ok
[INFO] [stdout] test security::permissions::tests::test_sanitize_permissions_group_writable_ok ... ok
[INFO] [stdout] test security::permissions::tests::test_sanitize_permissions_normal ... ok
[INFO] [stdout] test security::permissions::tests::test_sanitize_permissions_strip_setgid ... ok
[INFO] [stdout] test security::permissions::tests::test_sanitize_permissions_strip_setuid ... ok
[INFO] [stdout] test security::permissions::tests::test_sanitize_permissions_strip_world_writable ... ok
[INFO] [stdout] test security::permissions::tests::test_sanitize_permissions_world_readable_ok ... ok
[INFO] [stdout] test security::permissions::tests::test_sanitize_permissions_owner_writable_ok ... ok
[INFO] [stdout] test security::permissions::tests::test_sanitize_permissions_strip_both ... ok
[INFO] [stdout] test security::permissions::tests::test_sticky_bit_preservation ... ok
[INFO] [stdout] test security::permissions::tests::test_sticky_bit_with_setuid_stripped ... ok
[INFO] [stdout] test security::permissions::tests::test_world_writable_allowed_with_config ... ok
[INFO] [stdout] test security::permissions::tests::test_world_writable_bit_only_stripped ... ok
[INFO] [stdout] test security::permissions::tests::test_world_writable_stripped_by_default ... ok
[INFO] [stdout] test security::quota::tests::test_quota_exactly_at_file_count_limit ... ok
[INFO] [stdout] test security::quota::tests::test_quota_exactly_at_file_size_limit ... ok
[INFO] [stdout] test security::quota::tests::test_quota_fast_path_unlimited ... ok
[INFO] [stdout] test security::quota::tests::test_quota_off_by_one_file_count ... ok
[INFO] [stdout] test security::quota::tests::test_quota_fast_path_overflow_detection ... ok
[INFO] [stdout] test security::quota::tests::test_quota_exactly_at_total_size_limit ... ok
[INFO] [stdout] test security::quota::tests::test_quota_tracker_new ... ok
[INFO] [stdout] test security::quota::tests::test_quota_tracker_reserve ... ok
[INFO] [stdout] test security::quota::tests::test_quota_tracker_exceed_total_size ... ok
[INFO] [stdout] test security::quota::tests::test_quota_tracker_exceed_file_count ... ok
[INFO] [stdout] test security::quota::tests::test_quota_tracker_exceed_file_size ... ok
[INFO] [stdout] test security::path::tests::test_validate_path_valid ... ok
[INFO] [stdout] test security::symlink::tests::test_validate_symlink_relative_safe ... ok
[INFO] [stdout] test security::validator::tests::test_empty_directory_validation ... ok
[INFO] [stdout] test security::symlink::tests::test_validate_symlink_disabled ... ok
[INFO] [stdout] test security::symlink::tests::test_validate_symlink_allowed ... ok
[INFO] [stdout] test security::validator::tests::test_hardlink_validation ... ok
[INFO] [stdout] test creation::tar::tests::test_create_tar_compression_levels ... ok
[INFO] [stdout] test security::symlink::tests::test_validate_symlink_escape ... ok
[INFO] [stdout] test security::validator::tests::test_entry_validator_new ... ok
[INFO] [stdout] test security::validator::tests::test_nested_empty_directories ... ok
[INFO] [stdout] test security::validator::tests::test_multiple_validators_share_config ... ok
[INFO] [stdout] test security::validator::tests::test_reserve_hardlink_exceeding_max_file_count ... ok
[INFO] [stdout] test security::validator::tests::test_quota_exceeded_file_size ... ok
[INFO] [stdout] test security::validator::tests::test_reserve_hardlink_exceeding_max_file_size_rejected ... ok
[INFO] [stdout] test security::validator::tests::test_quota_exceeded_file_count ... ok
[INFO] [stdout] test security::validator::tests::test_reserve_hardlink_shares_quota_tracker_with_files ... ok
[INFO] [stdout] test security::validator::tests::test_multiple_entries_with_report ... ok
[INFO] [stdout] test inspection::list::tests::test_list_sevenz_path_traversal_dotdot ... ok
[INFO] [stdout] test security::validator::tests::test_sanitize_permissions_setuid ... ok
[INFO] [stdout] test security::validator::tests::test_symlink_seen_flag_propagates ... ok
[INFO] [stdout] test security::validator::tests::test_symlink_validation ... ok
[INFO] [stdout] test security::validator::tests::test_validate_directory_entry ... ok
[INFO] [stdout] test security::validator::tests::test_validate_file_entry ... ok
[INFO] [stdout] test security::validator::tests::test_validation_report ... ok
[INFO] [stdout] test security::validator::tests::test_validator_uses_references ... ok
[INFO] [stdout] test security::zipbomb::tests::test_equal_sizes ... ok
[INFO] [stdout] test security::zipbomb::tests::test_negative_compression ... ok
[INFO] [stdout] test security::zipbomb::tests::test_compressed_size_zero_with_large_uncompressed ... ok
[INFO] [stdout] test security::zipbomb::tests::test_validate_compression_ratio_bomb ... ok
[INFO] [stdout] test security::zipbomb::tests::test_compressed_size_zero_with_uncompressed_zero ... ok
[INFO] [stdout] test security::zipbomb::tests::test_validate_compression_ratio_safe ... ok
[INFO] [stdout] test security::validator::tests::test_validate_path_traversal_rejected ... ok
[INFO] [stdout] test security::zipbomb::tests::test_validate_compression_ratio_zero_compressed ... ok
[INFO] [stdout] test test_utils::tests::test_tar_builder ... ok
[INFO] [stdout] test test_utils::tests::test_zip_builder ... ok
[INFO] [stdout] test types::dest_dir::tests::test_dest_dir_canonicalization ... ok
[INFO] [stdout] test types::dest_dir::tests::test_dest_dir_clone ... ok
[INFO] [stdout] test types::dest_dir::tests::test_dest_dir_equality ... ok
[INFO] [stdout] test types::dest_dir::tests::test_dest_dir_nested_path ... ok
[INFO] [stdout] test security::zipbomb::tests::test_very_small_compressed_large_uncompressed ... ok
[INFO] [stdout] test test_utils::tests::test_create_test_tar ... ok
[INFO] [stdout] test test_utils::tests::test_create_test_zip ... ok
[INFO] [stdout] test types::dest_dir::tests::test_dest_dir_new_or_create_existing ... ok
[INFO] [stdout] test types::dest_dir::tests::test_dest_dir_new_or_create_existing_symlink ... ok
[INFO] [stdout] test types::dest_dir::tests::test_dest_dir_new_or_create_not_a_directory ... ok
[INFO] [stdout] test types::dest_dir::tests::test_dest_dir_new_or_create_nested ... ok
[INFO] [stdout] test types::dest_dir::tests::test_dest_dir_new_or_create_nonexistent ... ok
[INFO] [stdout] test types::dest_dir::tests::test_dest_dir_permissions_check ... FAILED
[INFO] [stdout] test types::dest_dir::tests::test_dest_dir_new_or_create_unwritable_parent ... FAILED
[INFO] [stdout] test types::dest_dir::tests::test_dest_dir_nonexistent ... ok
[INFO] [stdout] test types::dest_dir::tests::test_dest_dir_not_a_directory ... ok
[INFO] [stdout] test types::dest_dir::tests::test_dest_dir_valid ... ok
[INFO] [stdout] test types::dest_dir::tests::test_dest_dir_into_path_buf ... ok
[INFO] [stdout] test security::validator::tests::test_validate_entry_with_dir_cache ... ok
[INFO] [stdout] test security::validator::tests::test_zip_bomb_detected ... ok
[INFO] [stdout] test types::entry_type::tests::test_entry_type_debug_format ... ok
[INFO] [stdout] test types::entry_type::tests::test_entry_type_directory ... ok
[INFO] [stdout] test types::dest_dir::tests::test_dest_dir_with_symlink ... ok
[INFO] [stdout] test types::entry_type::tests::test_entry_type_clone ... ok
[INFO] [stdout] test types::entry_type::tests::test_entry_type_equality ... ok
[INFO] [stdout] test types::entry_type::tests::test_entry_type_file ... ok
[INFO] [stdout] test types::entry_type::tests::test_entry_type_hardlink_empty_target ... ok
[INFO] [stdout] test types::entry_type::tests::test_entry_type_inequality ... ok
[INFO] [stdout] test types::entry_type::tests::test_entry_type_hash ... ok
[INFO] [stdout] test types::safe_path::tests::test_archive_root_dot_dot_slash_still_rejected ... ok
[INFO] [stdout] test types::entry_type::tests::test_entry_type_hardlink_absolute_target ... ok
[INFO] [stdout] test types::entry_type::tests::test_entry_type_symlink_with_special_chars ... ok
[INFO] [stdout] test types::entry_type::tests::test_entry_type_hardlink ... ok
[INFO] [stdout] test types::entry_type::tests::test_entry_type_symlink_empty_target ... ok
[INFO] [stdout] test types::entry_type::tests::test_entry_type_symlink ... ok
[INFO] [stdout] test types::safe_path::tests::test_archive_root_dot_dot_still_rejected ... ok
[INFO] [stdout] test types::safe_path::tests::test_archive_root_dot_is_accepted ... ok
[INFO] [stdout] test types::safe_path::tests::test_archive_root_dot_slash_is_accepted ... ok
[INFO] [stdout] test types::safe_path::tests::test_legitimate_file_in_real_directory ... ok
[INFO] [stdout] test types::safe_path::tests::test_empty_path ... ok
[INFO] [stdout] test types::safe_path::tests::test_safe_path_allow_absolute_when_configured ... ok
[INFO] [stdout] test types::safe_path::tests::test_safe_path_at_max_depth ... ok
[INFO] [stdout] test types::safe_path::tests::test_has_null_bytes ... ok
[INFO] [stdout] test types::safe_path::tests::test_normalize_path ... ok
[INFO] [stdout] test types::safe_path::tests::test_safe_path_clone ... ok
[INFO] [stdout] test types::safe_path::tests::test_safe_path_equality ... ok
[INFO] [stdout] test types::safe_path::tests::test_safe_path_empty ... ok
[INFO] [stdout] test types::safe_path::tests::test_safe_path_reject_absolute_unix ... ok
[INFO] [stdout] test types::safe_path::tests::test_safe_path_reject_banned_components ... ok
[INFO] [stdout] test types::safe_path::tests::test_preexisting_symlink_in_dest_with_trusted_parent ... ok
[INFO] [stdout] test types::safe_path::tests::test_safe_path_single_component ... ok
[INFO] [stdout] test types::safe_path::tests::test_safe_path_reject_excessive_depth ... ok
[INFO] [stdout] test types::safe_path::tests::test_safe_path_reject_parent_traversal ... ok
[INFO] [stdout] test types::safe_path::tests::test_safe_path_bare_slash_rejected_when_absolute_allowed ... ok
[INFO] [stdout] test types::safe_path::tests::test_safe_path_normalize_dot_components ... ok
[INFO] [stdout] test types::safe_path::tests::test_safe_path_valid_relative ... ok
[INFO] [stdout] test types::safe_path::tests::test_safe_path_null_bytes ... ok
[INFO] [stdout] test types::safe_path::tests::test_symlink_as_direct_child_of_trusted_parent ... ok
[INFO] [stdout] test types::safe_path::tests::test_symlink_free_fast_path_still_rejects_traversal ... ok
[INFO] [stdout] test types::safe_path::tests::test_symlink_in_middle_of_path ... ok
[INFO] [stdout] test types::safe_path::tests::test_symlink_in_parent_chain ... ok
[INFO] [stdout] test types::safe_path::tests::test_validate_with_context_still_catches_symlink_attack ... ok
[INFO] [stdout] test types::safe_path::tests::test_validate_with_context_dir_cache_created_vs_preexisting ... ok
[INFO] [stdout] test types::safe_path::tests::test_validate_with_context_no_parent ... ok
[INFO] [stdout] test types::safe_path::tests::test_validate_backward_compat_error_paths ... ok
[INFO] [stdout] test types::safe_path::tests::test_validate_with_context_symlink_free_fast_path ... ok
[INFO] [stdout] test types::safe_path::tests::test_validate_with_context_symlink_seen_disables_fast_path ... ok
[INFO] [stdout] test types::dest_dir::tests::test_dest_dir_symlink_root_preserves_containment ... ok
[INFO] [stdout] test types::safe_path::tests::test_validate_backward_compat_same_result ... ok
[INFO] [stdout] test types::safe_symlink::tests::test_safe_symlink_complex_relative_path ... ok
[INFO] [stdout] test types::safe_path::tests::test_validate_with_context_symlinks_allowed_and_dir_cache ... ok
[INFO] [stdout] test types::safe_path::tests::test_validate_with_context_trusted_parent_skips_canonicalize ... ok
[INFO] [stdout] test types::safe_symlink::tests::test_safe_symlink_deep_nesting_stress ... ok
[INFO] [stdout] test types::safe_path::tests::test_validate_with_context_untrusted_parent_still_validates ... ok
[INFO] [stdout] test types::safe_symlink::tests::test_safe_symlink_equality ... ok
[INFO] [stdout] test types::safe_symlink::tests::test_circular_symlink_chains ... ok
[INFO] [stdout] test types::safe_symlink::tests::test_safe_symlink_clone ... ok
[INFO] [stdout] test types::safe_symlink::tests::test_safe_symlink_getters ... ok
[INFO] [stdout] test types::safe_symlink::tests::test_safe_symlink_reject_absolute_target_unix ... ok
[INFO] [stdout] test types::safe_symlink::tests::test_safe_symlink_reject_when_disabled ... ok
[INFO] [stdout] test types::safe_symlink::tests::test_safe_symlink_excessive_parent_refs ... ok
[INFO] [stdout] test types::safe_symlink::tests::test_safe_symlink_self_reference ... ok
[INFO] [stdout] test types::safe_symlink::tests::test_safe_symlink_target_banned_component ... ok
[INFO] [stdout] test types::safe_symlink::tests::test_safe_symlink_target_with_null_byte ... ok
[INFO] [stdout] test types::safe_symlink::tests::test_safe_symlink_parent_dir_target ... ok
[INFO] [stdout] test types::safe_symlink::tests::test_safe_symlink_reject_external_target ... ok
[INFO] [stdout] test types::safe_symlink::tests::test_safe_symlink_to_nonexistent_internal_target ... ok
[INFO] [stdout] test types::safe_symlink::tests::test_safe_symlink_relative_resolution ... ok
[INFO] [stdout] test types::safe_symlink::tests::test_safe_symlink_two_hop_chain_rejected ... ok
[INFO] [stdout] test types::safe_path::tests::test_safe_path_unicode ... ok
[INFO] [stdout] test types::safe_symlink::tests::test_safe_symlink_valid_internal ... ok
[INFO] [stdout] test types::safe_symlink::tests::test_safe_symlink_empty_target ... ok
[INFO] [stdout] test types::safe_symlink::tests::test_safe_symlink_current_dir_target ... ok
[INFO] [stdout] test copy::tests::prop_copy_preserves_data ... ok
[INFO] [stdout] 
[INFO] [stdout] failures:
[INFO] [stdout] 
[INFO] [stdout] ---- api::tests::test_on_bytes_written_called_for_sevenz stdout ----
[INFO] [stdout] 
[INFO] [stdout] thread 'api::tests::test_on_bytes_written_called_for_sevenz' (2116) panicked at src/api.rs:1270:10:
[INFO] [stdout] called `Result::unwrap()` on an `Err` value: Io(Os { code: 2, kind: NotFound, message: "No such file or directory" })
[INFO] [stdout] stack backtrace:
[INFO] [stdout]    0:     0x5c81565d4661 - <<std[70759c8f55707aa4]::sys::backtrace::BacktraceLock>::print::DisplayBacktrace as core[df12db4294e9bfd3]::fmt::Display>::fmt
[INFO] [stdout]    1:     0x5c81565ebfba - core[df12db4294e9bfd3]::fmt::write
[INFO] [stdout]    2:     0x5c81565d95bc - <alloc[2182bb758b4b3781]::vec::Vec<u8> as core[df12db4294e9bfd3]::io::write::Write>::write_fmt
[INFO] [stdout]    3:     0x5c81565acbe6 - std[70759c8f55707aa4]::panicking::default_hook::{closure#0}
[INFO] [stdout]    4:     0x5c81565cadc9 - std[70759c8f55707aa4]::panicking::default_hook
[INFO] [stdout]    5:     0x5c81563f69c0 - test[9d35eded1c95d3be]::test_main_inner::<test[9d35eded1c95d3be]::test_main_static::{closure#0}>::{closure#0}
[INFO] [stdout]    6:     0x5c81565caf82 - std[70759c8f55707aa4]::panicking::panic_with_hook
[INFO] [stdout]    7:     0x5c81565acc92 - std[70759c8f55707aa4]::panicking::panic_handler::{closure#0}
[INFO] [stdout]    8:     0x5c81565a5469 - std[70759c8f55707aa4]::sys::backtrace::__rust_end_short_backtrace::<std[70759c8f55707aa4]::panicking::panic_handler::{closure#0}, !>
[INFO] [stdout]    9:     0x5c81565adb2d - __rustc[8fa7c3cbc660c2b3]::rust_begin_unwind
[INFO] [stdout]   10:     0x5c81565ec71c - core[df12db4294e9bfd3]::panicking::panic_fmt
[INFO] [stdout]   11:     0x5c81565ec4f2 - core[df12db4294e9bfd3]::result::unwrap_failed
[INFO] [stdout]   12:     0x5c81563c3887 - exarch_core[680b2bd39e654427]::api::tests::test_on_bytes_written_called_for_sevenz
[INFO] [stdout]   13:     0x5c81561c6679 - <exarch_core[680b2bd39e654427]::api::tests::test_on_bytes_written_called_for_sevenz::{closure#0} as core[df12db4294e9bfd3]::ops::function::FnOnce<()>>::call_once
[INFO] [stdout]   14:     0x5c81563e9cab - test[9d35eded1c95d3be]::__rust_begin_short_backtrace::<core[df12db4294e9bfd3]::result::Result<(), alloc[2182bb758b4b3781]::string::String>, fn() -> core[df12db4294e9bfd3]::result::Result<(), alloc[2182bb758b4b3781]::string::String>>
[INFO] [stdout]   15:     0x5c81563f7315 - test[9d35eded1c95d3be]::run_test::{closure#0}
[INFO] [stdout]   16:     0x5c81563f0bd4 - std[70759c8f55707aa4]::sys::backtrace::__rust_begin_short_backtrace::<test[9d35eded1c95d3be]::run_test::{closure#1}, ()>
[INFO] [stdout]   17:     0x5c81563fa472 - <std[70759c8f55707aa4]::thread::lifecycle::spawn_unchecked<test[9d35eded1c95d3be]::run_test::{closure#1}, ()>::{closure#1} as core[df12db4294e9bfd3]::ops::function::FnOnce<()>>::call_once::{shim:vtable#0}
[INFO] [stdout]   18:     0x5c81565d35f9 - <std[70759c8f55707aa4]::sys::thread::unix::Thread>::new::thread_start
[INFO] [stdout]   19:     0x75368de45dfa - <unknown>
[INFO] [stdout]   20:     0x75368ded93d4 - clone
[INFO] [stdout]   21:                0x0 - <unknown>
[INFO] [stdout] 
[INFO] [stdout] ---- api::tests::test_progress_callback_invoked_during_sevenz_extraction stdout ----
[INFO] [stdout] 
[INFO] [stdout] thread 'api::tests::test_progress_callback_invoked_during_sevenz_extraction' (2120) panicked at src/api.rs:1119:10:
[INFO] [stdout] called `Result::unwrap()` on an `Err` value: Io(Os { code: 2, kind: NotFound, message: "No such file or directory" })
[INFO] [stdout] stack backtrace:
[INFO] [stdout]    0:     0x5c81565d4661 - <<std[70759c8f55707aa4]::sys::backtrace::BacktraceLock>::print::DisplayBacktrace as core[df12db4294e9bfd3]::fmt::Display>::fmt
[INFO] [stdout]    1:     0x5c81565ebfba - core[df12db4294e9bfd3]::fmt::write
[INFO] [stdout]    2:     0x5c81565d95bc - <alloc[2182bb758b4b3781]::vec::Vec<u8> as core[df12db4294e9bfd3]::io::write::Write>::write_fmt
[INFO] [stdout]    3:     0x5c81565acbe6 - std[70759c8f55707aa4]::panicking::default_hook::{closure#0}
[INFO] [stdout]    4:     0x5c81565cadc9 - std[70759c8f55707aa4]::panicking::default_hook
[INFO] [stdout]    5:     0x5c81563f69c0 - test[9d35eded1c95d3be]::test_main_inner::<test[9d35eded1c95d3be]::test_main_static::{closure#0}>::{closure#0}
[INFO] [stdout]    6:     0x5c81565caf82 - std[70759c8f55707aa4]::panicking::panic_with_hook
[INFO] [stdout]    7:     0x5c81565acc92 - std[70759c8f55707aa4]::panicking::panic_handler::{closure#0}
[INFO] [stdout]    8:     0x5c81565a5469 - std[70759c8f55707aa4]::sys::backtrace::__rust_end_short_backtrace::<std[70759c8f55707aa4]::panicking::panic_handler::{closure#0}, !>
[INFO] [stdout]    9:     0x5c81565adb2d - __rustc[8fa7c3cbc660c2b3]::rust_begin_unwind
[INFO] [stdout]   10:     0x5c81565ec71c - core[df12db4294e9bfd3]::panicking::panic_fmt
[INFO] [stdout]   11:     0x5c81565ec4f2 - core[df12db4294e9bfd3]::result::unwrap_failed
[INFO] [stdout]   12:     0x5c81563c70ca - exarch_core[680b2bd39e654427]::api::tests::test_progress_callback_invoked_during_sevenz_extraction
[INFO] [stdout]   13:     0x5c81561c6779 - <exarch_core[680b2bd39e654427]::api::tests::test_progress_callback_invoked_during_sevenz_extraction::{closure#0} as core[df12db4294e9bfd3]::ops::function::FnOnce<()>>::call_once
[INFO] [stdout]   14:     0x5c81563e9cab - test[9d35eded1c95d3be]::__rust_begin_short_backtrace::<core[df12db4294e9bfd3]::result::Result<(), alloc[2182bb758b4b3781]::string::String>, fn() -> core[df12db4294e9bfd3]::result::Result<(), alloc[2182bb758b4b3781]::string::String>>
[INFO] [stdout]   15:     0x5c81563f7315 - test[9d35eded1c95d3be]::run_test::{closure#0}
[INFO] [stdout]   16:     0x5c81563f0bd4 - std[70759c8f55707aa4]::sys::backtrace::__rust_begin_short_backtrace::<test[9d35eded1c95d3be]::run_test::{closure#1}, ()>
[INFO] [stdout]   17:     0x5c81563fa472 - <std[70759c8f55707aa4]::thread::lifecycle::spawn_unchecked<test[9d35eded1c95d3be]::run_test::{closure#1}, ()>::{closure#1} as core[df12db4294e9bfd3]::ops::function::FnOnce<()>>::call_once::{shim:vtable#0}
[INFO] [stdout]   18:     0x5c81565d35f9 - <std[70759c8f55707aa4]::sys::thread::unix::Thread>::new::thread_start
[INFO] [stdout]   19:     0x75368de45dfa - <unknown>
[INFO] [stdout]   20:     0x75368ded93d4 - clone
[INFO] [stdout]   21:                0x0 - <unknown>
[INFO] [stdout] 
[INFO] [stdout] ---- formats::sevenz::tests::test_allowed_extensions_filters_out_disallowed stdout ----
[INFO] [stdout] 
[INFO] [stdout] thread 'formats::sevenz::tests::test_allowed_extensions_filters_out_disallowed' (2399) panicked at src/formats/sevenz.rs:1253:13:
[INFO] [stdout] Failed to load fixture mixed-extensions.7z. Run tests/fixtures/generate_7z_fixtures.sh first. Error: No such file or directory (os error 2)
[INFO] [stdout] stack backtrace:
[INFO] [stdout]    0:     0x5c81565d4661 - <<std[70759c8f55707aa4]::sys::backtrace::BacktraceLock>::print::DisplayBacktrace as core[df12db4294e9bfd3]::fmt::Display>::fmt
[INFO] [stdout]    1:     0x5c81565ebfba - core[df12db4294e9bfd3]::fmt::write
[INFO] [stdout]    2:     0x5c81565d95bc - <alloc[2182bb758b4b3781]::vec::Vec<u8> as core[df12db4294e9bfd3]::io::write::Write>::write_fmt
[INFO] [stdout]    3:     0x5c81565acbe6 - std[70759c8f55707aa4]::panicking::default_hook::{closure#0}
[INFO] [stdout]    4:     0x5c81565cadc9 - std[70759c8f55707aa4]::panicking::default_hook
[INFO] [stdout]    5:     0x5c81563f69c0 - test[9d35eded1c95d3be]::test_main_inner::<test[9d35eded1c95d3be]::test_main_static::{closure#0}>::{closure#0}
[INFO] [stdout]    6:     0x5c81565caf82 - std[70759c8f55707aa4]::panicking::panic_with_hook
[INFO] [stdout]    7:     0x5c81565acc92 - std[70759c8f55707aa4]::panicking::panic_handler::{closure#0}
[INFO] [stdout]    8:     0x5c81565a5469 - std[70759c8f55707aa4]::sys::backtrace::__rust_end_short_backtrace::<std[70759c8f55707aa4]::panicking::panic_handler::{closure#0}, !>
[INFO] [stdout]    9:     0x5c81565adb2d - __rustc[8fa7c3cbc660c2b3]::rust_begin_unwind
[INFO] [stdout]   10:     0x5c81565ec71c - core[df12db4294e9bfd3]::panicking::panic_fmt
[INFO] [stdout]   11:     0x5c81563577aa - exarch_core[680b2bd39e654427]::formats::sevenz::tests::load_fixture::{closure#0}
[INFO] [stdout]   12:     0x5c81563671af - exarch_core[680b2bd39e654427]::formats::sevenz::tests::load_fixture
[INFO] [stdout]   13:     0x5c815636e95a - exarch_core[680b2bd39e654427]::formats::sevenz::tests::test_allowed_extensions_filters_out_disallowed
[INFO] [stdout]   14:     0x5c81561d3049 - <exarch_core[680b2bd39e654427]::formats::sevenz::tests::test_allowed_extensions_filters_out_disallowed::{closure#0} as core[df12db4294e9bfd3]::ops::function::FnOnce<()>>::call_once
[INFO] [stdout]   15:     0x5c81563e9cab - test[9d35eded1c95d3be]::__rust_begin_short_backtrace::<core[df12db4294e9bfd3]::result::Result<(), alloc[2182bb758b4b3781]::string::String>, fn() -> core[df12db4294e9bfd3]::result::Result<(), alloc[2182bb758b4b3781]::string::String>>
[INFO] [stdout]   16:     0x5c81563f7315 - test[9d35eded1c95d3be]::run_test::{closure#0}
[INFO] [stdout]   17:     0x5c81563f0bd4 - std[70759c8f55707aa4]::sys::backtrace::__rust_begin_short_backtrace::<test[9d35eded1c95d3be]::run_test::{closure#1}, ()>
[INFO] [stdout]   18:     0x5c81563fa472 - <std[70759c8f55707aa4]::thread::lifecycle::spawn_unchecked<test[9d35eded1c95d3be]::run_test::{closure#1}, ()>::{closure#1} as core[df12db4294e9bfd3]::ops::function::FnOnce<()>>::call_once::{shim:vtable#0}
[INFO] [stdout]   19:     0x5c81565d35f9 - <std[70759c8f55707aa4]::sys::thread::unix::Thread>::new::thread_start
[INFO] [stdout]   20:     0x75368de45dfa - <unknown>
[INFO] [stdout]   21:     0x75368ded93d4 - clone
[INFO] [stdout]   22:                0x0 - <unknown>
[INFO] [stdout] 
[INFO] [stdout] ---- formats::sevenz::tests::test_empty_allowed_extensions_allows_all stdout ----
[INFO] [stdout] 
[INFO] [stdout] thread 'formats::sevenz::tests::test_empty_allowed_extensions_allows_all' (2405) panicked at src/formats/sevenz.rs:1253:13:
[INFO] [stdout] Failed to load fixture simple.7z. Run tests/fixtures/generate_7z_fixtures.sh first. Error: No such file or directory (os error 2)
[INFO] [stdout] stack backtrace:
[INFO] [stdout]    0:     0x5c81565d4661 - <<std[70759c8f55707aa4]::sys::backtrace::BacktraceLock>::print::DisplayBacktrace as core[df12db4294e9bfd3]::fmt::Display>::fmt
[INFO] [stdout]    1:     0x5c81565ebfba - core[df12db4294e9bfd3]::fmt::write
[INFO] [stdout]    2:     0x5c81565d95bc - <alloc[2182bb758b4b3781]::vec::Vec<u8> as core[df12db4294e9bfd3]::io::write::Write>::write_fmt
[INFO] [stdout]    3:     0x5c81565acbe6 - std[70759c8f55707aa4]::panicking::default_hook::{closure#0}
[INFO] [stdout]    4:     0x5c81565cadc9 - std[70759c8f55707aa4]::panicking::default_hook
[INFO] [stdout]    5:     0x5c81563f69c0 - test[9d35eded1c95d3be]::test_main_inner::<test[9d35eded1c95d3be]::test_main_static::{closure#0}>::{closure#0}
[INFO] [stdout]    6:     0x5c81565caf82 - std[70759c8f55707aa4]::panicking::panic_with_hook
[INFO] [stdout]    7:     0x5c81565acc92 - std[70759c8f55707aa4]::panicking::panic_handler::{closure#0}
[INFO] [stdout]    8:     0x5c81565a5469 - std[70759c8f55707aa4]::sys::backtrace::__rust_end_short_backtrace::<std[70759c8f55707aa4]::panicking::panic_handler::{closure#0}, !>
[INFO] [stdout]    9:     0x5c81565adb2d - __rustc[8fa7c3cbc660c2b3]::rust_begin_unwind
[INFO] [stdout]   10:     0x5c81565ec71c - core[df12db4294e9bfd3]::panicking::panic_fmt
[INFO] [stdout]   11:     0x5c81563577aa - exarch_core[680b2bd39e654427]::formats::sevenz::tests::load_fixture::{closure#0}
[INFO] [stdout]   12:     0x5c81563671af - exarch_core[680b2bd39e654427]::formats::sevenz::tests::load_fixture
[INFO] [stdout]   13:     0x5c815636c345 - exarch_core[680b2bd39e654427]::formats::sevenz::tests::test_empty_allowed_extensions_allows_all
[INFO] [stdout]   14:     0x5c81561d2f69 - <exarch_core[680b2bd39e654427]::formats::sevenz::tests::test_empty_allowed_extensions_allows_all::{closure#0} as core[df12db4294e9bfd3]::ops::function::FnOnce<()>>::call_once
[INFO] [stdout]   15:     0x5c81563e9cab - test[9d35eded1c95d3be]::__rust_begin_short_backtrace::<core[df12db4294e9bfd3]::result::Result<(), alloc[2182bb758b4b3781]::string::String>, fn() -> core[df12db4294e9bfd3]::result::Result<(), alloc[2182bb758b4b3781]::string::String>>
[INFO] [stdout]   16:     0x5c81563f7315 - test[9d35eded1c95d3be]::run_test::{closure#0}
[INFO] [stdout]   17:     0x5c81563f0bd4 - std[70759c8f55707aa4]::sys::backtrace::__rust_begin_short_backtrace::<test[9d35eded1c95d3be]::run_test::{closure#1}, ()>
[INFO] [stdout]   18:     0x5c81563fa472 - <std[70759c8f55707aa4]::thread::lifecycle::spawn_unchecked<test[9d35eded1c95d3be]::run_test::{closure#1}, ()>::{closure#1} as core[df12db4294e9bfd3]::ops::function::FnOnce<()>>::call_once::{shim:vtable#0}
[INFO] [stdout]   19:     0x5c81565d35f9 - <std[70759c8f55707aa4]::sys::thread::unix::Thread>::new::thread_start
[INFO] [stdout]   20:     0x75368de45dfa - <unknown>
[INFO] [stdout]   21:     0x75368ded93d4 - clone
[INFO] [stdout]   22:                0x0 - <unknown>
[INFO] [stdout] 
[INFO] [stdout] ---- formats::sevenz::tests::test_empty_archive stdout ----
[INFO] [stdout] 
[INFO] [stdout] thread 'formats::sevenz::tests::test_empty_archive' (2406) panicked at src/formats/sevenz.rs:1253:13:
[INFO] [stdout] Failed to load fixture empty.7z. Run tests/fixtures/generate_7z_fixtures.sh first. Error: No such file or directory (os error 2)
[INFO] [stdout] stack backtrace:
[INFO] [stdout]    0:     0x5c81565d4661 - <<std[70759c8f55707aa4]::sys::backtrace::BacktraceLock>::print::DisplayBacktrace as core[df12db4294e9bfd3]::fmt::Display>::fmt
[INFO] [stdout]    1:     0x5c81565ebfba - core[df12db4294e9bfd3]::fmt::write
[INFO] [stdout]    2:     0x5c81565d95bc - <alloc[2182bb758b4b3781]::vec::Vec<u8> as core[df12db4294e9bfd3]::io::write::Write>::write_fmt
[INFO] [stdout]    3:     0x5c81565acbe6 - std[70759c8f55707aa4]::panicking::default_hook::{closure#0}
[INFO] [stdout]    4:     0x5c81565cadc9 - std[70759c8f55707aa4]::panicking::default_hook
[INFO] [stdout]    5:     0x5c81563f69c0 - test[9d35eded1c95d3be]::test_main_inner::<test[9d35eded1c95d3be]::test_main_static::{closure#0}>::{closure#0}
[INFO] [stdout]    6:     0x5c81565caf82 - std[70759c8f55707aa4]::panicking::panic_with_hook
[INFO] [stdout]    7:     0x5c81565acc92 - std[70759c8f55707aa4]::panicking::panic_handler::{closure#0}
[INFO] [stdout]    8:     0x5c81565a5469 - std[70759c8f55707aa4]::sys::backtrace::__rust_end_short_backtrace::<std[70759c8f55707aa4]::panicking::panic_handler::{closure#0}, !>
[INFO] [stdout]    9:     0x5c81565adb2d - __rustc[8fa7c3cbc660c2b3]::rust_begin_unwind
[INFO] [stdout]   10:     0x5c81565ec71c - core[df12db4294e9bfd3]::panicking::panic_fmt
[INFO] [stdout]   11:     0x5c81563577aa - exarch_core[680b2bd39e654427]::formats::sevenz::tests::load_fixture::{closure#0}
[INFO] [stdout]   12:     0x5c81563671af - exarch_core[680b2bd39e654427]::formats::sevenz::tests::load_fixture
[INFO] [stdout]   13:     0x5c815636764a - exarch_core[680b2bd39e654427]::formats::sevenz::tests::test_empty_archive
[INFO] [stdout]   14:     0x5c81561d2be9 - <exarch_core[680b2bd39e654427]::formats::sevenz::tests::test_empty_archive::{closure#0} as core[df12db4294e9bfd3]::ops::function::FnOnce<()>>::call_once
[INFO] [stdout]   15:     0x5c81563e9cab - test[9d35eded1c95d3be]::__rust_begin_short_backtrace::<core[df12db4294e9bfd3]::result::Result<(), alloc[2182bb758b4b3781]::string::String>, fn() -> core[df12db4294e9bfd3]::result::Result<(), alloc[2182bb758b4b3781]::string::String>>
[INFO] [stdout]   16:     0x5c81563f7315 - test[9d35eded1c95d3be]::run_test::{closure#0}
[INFO] [stdout]   17:     0x5c81563f0bd4 - std[70759c8f55707aa4]::sys::backtrace::__rust_begin_short_backtrace::<test[9d35eded1c95d3be]::run_test::{closure#1}, ()>
[INFO] [stdout]   18:     0x5c81563fa472 - <std[70759c8f55707aa4]::thread::lifecycle::spawn_unchecked<test[9d35eded1c95d3be]::run_test::{closure#1}, ()>::{closure#1} as core[df12db4294e9bfd3]::ops::function::FnOnce<()>>::call_once::{shim:vtable#0}
[INFO] [stdout]   19:     0x5c81565d35f9 - <std[70759c8f55707aa4]::sys::thread::unix::Thread>::new::thread_start
[INFO] [stdout]   20:     0x75368de45dfa - <unknown>
[INFO] [stdout]   21:     0x75368ded93d4 - clone
[INFO] [stdout]   22:                0x0 - <unknown>
[INFO] [stdout] 
[INFO] [stdout] ---- formats::sevenz::tests::test_encrypted_archive_rejected stdout ----
[INFO] [stdout] 
[INFO] [stdout] thread 'formats::sevenz::tests::test_encrypted_archive_rejected' (2408) panicked at src/formats/sevenz.rs:1253:13:
[INFO] [stdout] Failed to load fixture encrypted.7z. Run tests/fixtures/generate_7z_fixtures.sh first. Error: No such file or directory (os error 2)
[INFO] [stdout] stack backtrace:
[INFO] [stdout]    0:     0x5c81565d4661 - <<std[70759c8f55707aa4]::sys::backtrace::BacktraceLock>::print::DisplayBacktrace as core[df12db4294e9bfd3]::fmt::Display>::fmt
[INFO] [stdout]    1:     0x5c81565ebfba - core[df12db4294e9bfd3]::fmt::write
[INFO] [stdout]    2:     0x5c81565d95bc - <alloc[2182bb758b4b3781]::vec::Vec<u8> as core[df12db4294e9bfd3]::io::write::Write>::write_fmt
[INFO] [stdout]    3:     0x5c81565acbe6 - std[70759c8f55707aa4]::panicking::default_hook::{closure#0}
[INFO] [stdout]    4:     0x5c81565cadc9 - std[70759c8f55707aa4]::panicking::default_hook
[INFO] [stdout]    5:     0x5c81563f69c0 - test[9d35eded1c95d3be]::test_main_inner::<test[9d35eded1c95d3be]::test_main_static::{closure#0}>::{closure#0}
[INFO] [stdout]    6:     0x5c81565caf82 - std[70759c8f55707aa4]::panicking::panic_with_hook
[INFO] [stdout]    7:     0x5c81565acc92 - std[70759c8f55707aa4]::panicking::panic_handler::{closure#0}
[INFO] [stdout]    8:     0x5c81565a5469 - std[70759c8f55707aa4]::sys::backtrace::__rust_end_short_backtrace::<std[70759c8f55707aa4]::panicking::panic_handler::{closure#0}, !>
[INFO] [stdout]    9:     0x5c81565adb2d - __rustc[8fa7c3cbc660c2b3]::rust_begin_unwind
[INFO] [stdout]   10:     0x5c81565ec71c - core[df12db4294e9bfd3]::panicking::panic_fmt
[INFO] [stdout]   11:     0x5c81563577aa - exarch_core[680b2bd39e654427]::formats::sevenz::tests::load_fixture::{closure#0}
[INFO] [stdout]   12:     0x5c81563671af - exarch_core[680b2bd39e654427]::formats::sevenz::tests::load_fixture
[INFO] [stdout]   13:     0x5c8156369863 - exarch_core[680b2bd39e654427]::formats::sevenz::tests::test_encrypted_archive_rejected
[INFO] [stdout]   14:     0x5c81561d2d69 - <exarch_core[680b2bd39e654427]::formats::sevenz::tests::test_encrypted_archive_rejected::{closure#0} as core[df12db4294e9bfd3]::ops::function::FnOnce<()>>::call_once
[INFO] [stdout]   15:     0x5c81563e9cab - test[9d35eded1c95d3be]::__rust_begin_short_backtrace::<core[df12db4294e9bfd3]::result::Result<(), alloc[2182bb758b4b3781]::string::String>, fn() -> core[df12db4294e9bfd3]::result::Result<(), alloc[2182bb758b4b3781]::string::String>>
[INFO] [stdout]   16:     0x5c81563f7315 - test[9d35eded1c95d3be]::run_test::{closure#0}
[INFO] [stdout]   17:     0x5c81563f0bd4 - std[70759c8f55707aa4]::sys::backtrace::__rust_begin_short_backtrace::<test[9d35eded1c95d3be]::run_test::{closure#1}, ()>
[INFO] [stdout]   18:     0x5c81563fa472 - <std[70759c8f55707aa4]::thread::lifecycle::spawn_unchecked<test[9d35eded1c95d3be]::run_test::{closure#1}, ()>::{closure#1} as core[df12db4294e9bfd3]::ops::function::FnOnce<()>>::call_once::{shim:vtable#0}
[INFO] [stdout]   19:     0x5c81565d35f9 - <std[70759c8f55707aa4]::sys::thread::unix::Thread>::new::thread_start
[INFO] [stdout]   20:     0x75368de45dfa - <unknown>
[INFO] [stdout]   21:     0x75368ded93d4 - clone
[INFO] [stdout]   22:                0x0 - <unknown>
[INFO] [stdout] 
[INFO] [stdout] ---- formats::sevenz::tests::test_empty_archive_extract stdout ----
[INFO] [stdout] 
[INFO] [stdout] thread 'formats::sevenz::tests::test_empty_archive_extract' (2407) panicked at src/formats/sevenz.rs:1615:46:
[INFO] [stdout] called `Result::unwrap()` on an `Err` value: Os { code: 2, kind: NotFound, message: "No such file or directory" }
[INFO] [stdout] stack backtrace:
[INFO] [stdout]    0:     0x5c81565d4661 - <<std[70759c8f55707aa4]::sys::backtrace::BacktraceLock>::print::DisplayBacktrace as core[df12db4294e9bfd3]::fmt::Display>::fmt
[INFO] [stdout]    1:     0x5c81565ebfba - core[df12db4294e9bfd3]::fmt::write
[INFO] [stdout]    2:     0x5c81565d95bc - <alloc[2182bb758b4b3781]::vec::Vec<u8> as core[df12db4294e9bfd3]::io::write::Write>::write_fmt
[INFO] [stdout]    3:     0x5c81565acbe6 - std[70759c8f55707aa4]::panicking::default_hook::{closure#0}
[INFO] [stdout]    4:     0x5c81565cadc9 - std[70759c8f55707aa4]::panicking::default_hook
[INFO] [stdout]    5:     0x5c81563f69c0 - test[9d35eded1c95d3be]::test_main_inner::<test[9d35eded1c95d3be]::test_main_static::{closure#0}>::{closure#0}
[INFO] [stdout]    6:     0x5c81565caf82 - std[70759c8f55707aa4]::panicking::panic_with_hook
[INFO] [stdout]    7:     0x5c81565acc92 - std[70759c8f55707aa4]::panicking::panic_handler::{closure#0}
[INFO] [stdout]    8:     0x5c81565a5469 - std[70759c8f55707aa4]::sys::backtrace::__rust_end_short_backtrace::<std[70759c8f55707aa4]::panicking::panic_handler::{closure#0}, !>
[INFO] [stdout]    9:     0x5c81565adb2d - __rustc[8fa7c3cbc660c2b3]::rust_begin_unwind
[INFO] [stdout]   10:     0x5c81565ec71c - core[df12db4294e9bfd3]::panicking::panic_fmt
[INFO] [stdout]   11:     0x5c81565ec4f2 - core[df12db4294e9bfd3]::result::unwrap_failed
[INFO] [stdout]   12:     0x5c8156368f36 - exarch_core[680b2bd39e654427]::formats::sevenz::tests::test_empty_archive_extract
[INFO] [stdout]   13:     0x5c81561d2c69 - <exarch_core[680b2bd39e654427]::formats::sevenz::tests::test_empty_archive_extract::{closure#0} as core[df12db4294e9bfd3]::ops::function::FnOnce<()>>::call_once
[INFO] [stdout]   14:     0x5c81563e9cab - test[9d35eded1c95d3be]::__rust_begin_short_backtrace::<core[df12db4294e9bfd3]::result::Result<(), alloc[2182bb758b4b3781]::string::String>, fn() -> core[df12db4294e9bfd3]::result::Result<(), alloc[2182bb758b4b3781]::string::String>>
[INFO] [stdout]   15:     0x5c81563f7315 - test[9d35eded1c95d3be]::run_test::{closure#0}
[INFO] [stdout]   16:     0x5c81563f0bd4 - std[70759c8f55707aa4]::sys::backtrace::__rust_begin_short_backtrace::<test[9d35eded1c95d3be]::run_test::{closure#1}, ()>
[INFO] [stdout]   17:     0x5c81563fa472 - <std[70759c8f55707aa4]::thread::lifecycle::spawn_unchecked<test[9d35eded1c95d3be]::run_test::{closure#1}, ()>::{closure#1} as core[df12db4294e9bfd3]::ops::function::FnOnce<()>>::call_once::{shim:vtable#0}
[INFO] [stdout]   18:     0x5c81565d35f9 - <std[70759c8f55707aa4]::sys::thread::unix::Thread>::new::thread_start
[INFO] [stdout]   19:     0x75368de45dfa - <unknown>
[INFO] [stdout]   20:     0x75368ded93d4 - clone
[INFO] [stdout]   21:                0x0 - <unknown>
[INFO] [stdout] 
[INFO] [stdout] ---- formats::sevenz::tests::test_extension_less_files_blocked_when_allowlist_nonempty stdout ----
[INFO] [stdout] 
[INFO] [stdout] thread 'formats::sevenz::tests::test_extension_less_files_blocked_when_allowlist_nonempty' (2409) panicked at src/formats/sevenz.rs:1253:13:
[INFO] [stdout] Failed to load fixture no-extension.7z. Run tests/fixtures/generate_7z_fixtures.sh first. Error: No such file or directory (os error 2)
[INFO] [stdout] stack backtrace:
[INFO] [stdout]    0:     0x5c81565d4661 - <<std[70759c8f55707aa4]::sys::backtrace::BacktraceLock>::print::DisplayBacktrace as core[df12db4294e9bfd3]::fmt::Display>::fmt
[INFO] [stdout]    1:     0x5c81565ebfba - core[df12db4294e9bfd3]::fmt::write
[INFO] [stdout]    2:     0x5c81565d95bc - <alloc[2182bb758b4b3781]::vec::Vec<u8> as core[df12db4294e9bfd3]::io::write::Write>::write_fmt
[INFO] [stdout]    3:     0x5c81565acbe6 - std[70759c8f55707aa4]::panicking::default_hook::{closure#0}
[INFO] [stdout]    4:     0x5c81565cadc9 - std[70759c8f55707aa4]::panicking::default_hook
[INFO] [stdout]    5:     0x5c81563f69c0 - test[9d35eded1c95d3be]::test_main_inner::<test[9d35eded1c95d3be]::test_main_static::{closure#0}>::{closure#0}
[INFO] [stdout]    6:     0x5c81565caf82 - std[70759c8f55707aa4]::panicking::panic_with_hook
[INFO] [stdout]    7:     0x5c81565acc92 - std[70759c8f55707aa4]::panicking::panic_handler::{closure#0}
[INFO] [stdout]    8:     0x5c81565a5469 - std[70759c8f55707aa4]::sys::backtrace::__rust_end_short_backtrace::<std[70759c8f55707aa4]::panicking::panic_handler::{closure#0}, !>
[INFO] [stdout]    9:     0x5c81565adb2d - __rustc[8fa7c3cbc660c2b3]::rust_begin_unwind
[INFO] [stdout]   10:     0x5c81565ec71c - core[df12db4294e9bfd3]::panicking::panic_fmt
[INFO] [stdout]   11:     0x5c81563577aa - exarch_core[680b2bd39e654427]::formats::sevenz::tests::load_fixture::{closure#0}
[INFO] [stdout]   12:     0x5c81563671af - exarch_core[680b2bd39e654427]::formats::sevenz::tests::load_fixture
[INFO] [stdout]   13:     0x5c815637695a - exarch_core[680b2bd39e654427]::formats::sevenz::tests::test_extension_less_files_blocked_when_allowlist_nonempty
[INFO] [stdout]   14:     0x5c81561d3249 - <exarch_core[680b2bd39e654427]::formats::sevenz::tests::test_extension_less_files_blocked_when_allowlist_nonempty::{closure#0} as core[df12db4294e9bfd3]::ops::function::FnOnce<()>>::call_once
[INFO] [stdout]   15:     0x5c81563e9cab - test[9d35eded1c95d3be]::__rust_begin_short_backtrace::<core[df12db4294e9bfd3]::result::Result<(), alloc[2182bb758b4b3781]::string::String>, fn() -> core[df12db4294e9bfd3]::result::Result<(), alloc[2182bb758b4b3781]::string::String>>
[INFO] [stdout]   16:     0x5c81563f7315 - test[9d35eded1c95d3be]::run_test::{closure#0}
[INFO] [stdout]   17:     0x5c81563f0bd4 - std[70759c8f55707aa4]::sys::backtrace::__rust_begin_short_backtrace::<test[9d35eded1c95d3be]::run_test::{closure#1}, ()>
[INFO] [stdout]   18:     0x5c81563fa472 - <std[70759c8f55707aa4]::thread::lifecycle::spawn_unchecked<test[9d35eded1c95d3be]::run_test::{closure#1}, ()>::{closure#1} as core[df12db4294e9bfd3]::ops::function::FnOnce<()>>::call_once::{shim:vtable#0}
[INFO] [stdout]   19:     0x5c81565d35f9 - <std[70759c8f55707aa4]::sys::thread::unix::Thread>::new::thread_start
[INFO] [stdout]   20:     0x75368de45dfa - <unknown>
[INFO] [stdout]   21:     0x75368ded93d4 - clone
[INFO] [stdout]   22:                0x0 - <unknown>
[INFO] [stdout] 
[INFO] [stdout] ---- formats::sevenz::tests::test_list_returns_manifest_with_entries stdout ----
[INFO] [stdout] 
[INFO] [stdout] thread 'formats::sevenz::tests::test_list_returns_manifest_with_entries' (2416) panicked at src/formats/sevenz.rs:1253:13:
[INFO] [stdout] Failed to load fixture simple.7z. Run tests/fixtures/generate_7z_fixtures.sh first. Error: No such file or directory (os error 2)
[INFO] [stdout] stack backtrace:
[INFO] [stdout]    0:     0x5c81565d4661 - <<std[70759c8f55707aa4]::sys::backtrace::BacktraceLock>::print::DisplayBacktrace as core[df12db4294e9bfd3]::fmt::Display>::fmt
[INFO] [stdout]    1:     0x5c81565ebfba - core[df12db4294e9bfd3]::fmt::write
[INFO] [stdout]    2:     0x5c81565d95bc - <alloc[2182bb758b4b3781]::vec::Vec<u8> as core[df12db4294e9bfd3]::io::write::Write>::write_fmt
[INFO] [stdout]    3:     0x5c81565acbe6 - std[70759c8f55707aa4]::panicking::default_hook::{closure#0}
[INFO] [stdout]    4:     0x5c81565cadc9 - std[70759c8f55707aa4]::panicking::default_hook
[INFO] [stdout]    5:     0x5c81563f69c0 - test[9d35eded1c95d3be]::test_main_inner::<test[9d35eded1c95d3be]::test_main_static::{closure#0}>::{closure#0}
[INFO] [stdout]    6:     0x5c81565caf82 - std[70759c8f55707aa4]::panicking::panic_with_hook
[INFO] [stdout]    7:     0x5c81565acc92 - std[70759c8f55707aa4]::panicking::panic_handler::{closure#0}
[INFO] [stdout]    8:     0x5c81565a5469 - std[70759c8f55707aa4]::sys::backtrace::__rust_end_short_backtrace::<std[70759c8f55707aa4]::panicking::panic_handler::{closure#0}, !>
[INFO] [stdout]    9:     0x5c81565adb2d - __rustc[8fa7c3cbc660c2b3]::rust_begin_unwind
[INFO] [stdout]   10:     0x5c81565ec71c - core[df12db4294e9bfd3]::panicking::panic_fmt
[INFO] [stdout]   11:     0x5c81563577aa - exarch_core[680b2bd39e654427]::formats::sevenz::tests::load_fixture::{closure#0}
[INFO] [stdout]   12:     0x5c81563671af - exarch_core[680b2bd39e654427]::formats::sevenz::tests::load_fixture
[INFO] [stdout]   13:     0x5c815636bbca - exarch_core[680b2bd39e654427]::formats::sevenz::tests::test_list_returns_manifest_with_entries
[INFO] [stdout]   14:     0x5c81561d2f29 - <exarch_core[680b2bd39e654427]::formats::sevenz::tests::test_list_returns_manifest_with_entries::{closure#0} as core[df12db4294e9bfd3]::ops::function::FnOnce<()>>::call_once
[INFO] [stdout]   15:     0x5c81563e9cab - test[9d35eded1c95d3be]::__rust_begin_short_backtrace::<core[df12db4294e9bfd3]::result::Result<(), alloc[2182bb758b4b3781]::string::String>, fn() -> core[df12db4294e9bfd3]::result::Result<(), alloc[2182bb758b4b3781]::string::String>>
[INFO] [stdout]   16:     0x5c81563f7315 - test[9d35eded1c95d3be]::run_test::{closure#0}
[INFO] [stdout]   17:     0x5c81563f0bd4 - std[70759c8f55707aa4]::sys::backtrace::__rust_begin_short_backtrace::<test[9d35eded1c95d3be]::run_test::{closure#1}, ()>
[INFO] [stdout]   18:     0x5c81563fa472 - <std[70759c8f55707aa4]::thread::lifecycle::spawn_unchecked<test[9d35eded1c95d3be]::run_test::{closure#1}, ()>::{closure#1} as core[df12db4294e9bfd3]::ops::function::FnOnce<()>>::call_once::{shim:vtable#0}
[INFO] [stdout]   19:     0x5c81565d35f9 - <std[70759c8f55707aa4]::sys::thread::unix::Thread>::new::thread_start
[INFO] [stdout]   20:     0x75368de45dfa - <unknown>
[INFO] [stdout]   21:     0x75368ded93d4 - clone
[INFO] [stdout]   22:                0x0 - <unknown>
[INFO] [stdout] 
[INFO] [stdout] ---- formats::sevenz::tests::test_is_solid_flag_detected_correctly stdout ----
[INFO] [stdout] 
[INFO] [stdout] thread 'formats::sevenz::tests::test_is_solid_flag_detected_correctly' (2415) panicked at src/formats/sevenz.rs:1253:13:
[INFO] [stdout] Failed to load fixture solid.7z. Run tests/fixtures/generate_7z_fixtures.sh first. Error: No such file or directory (os error 2)
[INFO] [stdout] stack backtrace:
[INFO] [stdout]    0:     0x5c81565d4661 - <<std[70759c8f55707aa4]::sys::backtrace::BacktraceLock>::print::DisplayBacktrace as core[df12db4294e9bfd3]::fmt::Display>::fmt
[INFO] [stdout]    1:     0x5c81565ebfba - core[df12db4294e9bfd3]::fmt::write
[INFO] [stdout]    2:     0x5c81565d95bc - <alloc[2182bb758b4b3781]::vec::Vec<u8> as core[df12db4294e9bfd3]::io::write::Write>::write_fmt
[INFO] [stdout]    3:     0x5c81565acbe6 - std[70759c8f55707aa4]::panicking::default_hook::{closure#0}
[INFO] [stdout]    4:     0x5c81565cadc9 - std[70759c8f55707aa4]::panicking::default_hook
[INFO] [stdout]    5:     0x5c81563f69c0 - test[9d35eded1c95d3be]::test_main_inner::<test[9d35eded1c95d3be]::test_main_static::{closure#0}>::{closure#0}
[INFO] [stdout]    6:     0x5c81565caf82 - std[70759c8f55707aa4]::panicking::panic_with_hook
[INFO] [stdout]    7:     0x5c81565acc92 - std[70759c8f55707aa4]::panicking::panic_handler::{closure#0}
[INFO] [stdout]    8:     0x5c81565a5469 - std[70759c8f55707aa4]::sys::backtrace::__rust_end_short_backtrace::<std[70759c8f55707aa4]::panicking::panic_handler::{closure#0}, !>
[INFO] [stdout]    9:     0x5c81565adb2d - __rustc[8fa7c3cbc660c2b3]::rust_begin_unwind
[INFO] [stdout]   10:     0x5c81565ec71c - core[df12db4294e9bfd3]::panicking::panic_fmt
[INFO] [stdout]   11:     0x5c81563577aa - exarch_core[680b2bd39e654427]::formats::sevenz::tests::load_fixture::{closure#0}
[INFO] [stdout]   12:     0x5c81563671af - exarch_core[680b2bd39e654427]::formats::sevenz::tests::load_fixture
[INFO] [stdout]   13:     0x5c815636ad2a - exarch_core[680b2bd39e654427]::formats::sevenz::tests::test_is_solid_flag_detected_correctly
[INFO] [stdout]   14:     0x5c81561d2ec9 - <exarch_core[680b2bd39e654427]::formats::sevenz::tests::test_is_solid_flag_detected_correctly::{closure#0} as core[df12db4294e9bfd3]::ops::function::FnOnce<()>>::call_once
[INFO] [stdout]   15:     0x5c81563e9cab - test[9d35eded1c95d3be]::__rust_begin_short_backtrace::<core[df12db4294e9bfd3]::result::Result<(), alloc[2182bb758b4b3781]::string::String>, fn() -> core[df12db4294e9bfd3]::result::Result<(), alloc[2182bb758b4b3781]::string::String>>
[INFO] [stdout]   16:     0x5c81563f7315 - test[9d35eded1c95d3be]::run_test::{closure#0}
[INFO] [stdout]   17:     0x5c81563f0bd4 - std[70759c8f55707aa4]::sys::backtrace::__rust_begin_short_backtrace::<test[9d35eded1c95d3be]::run_test::{closure#1}, ()>
[INFO] [stdout]   18:     0x5c81563fa472 - <std[70759c8f55707aa4]::thread::lifecycle::spawn_unchecked<test[9d35eded1c95d3be]::run_test::{closure#1}, ()>::{closure#1} as core[df12db4294e9bfd3]::ops::function::FnOnce<()>>::call_once::{shim:vtable#0}
[INFO] [stdout]   19:     0x5c81565d35f9 - <std[70759c8f55707aa4]::sys::thread::unix::Thread>::new::thread_start
[INFO] [stdout]   20:     0x75368de45dfa - <unknown>
[INFO] [stdout]   21:     0x75368ded93d4 - clone
[INFO] [stdout]   22:                0x0 - <unknown>
[INFO] [stdout] 
[INFO] [stdout] ---- formats::sevenz::tests::test_extract_simple_file stdout ----
[INFO] [stdout] 
[INFO] [stdout] thread 'formats::sevenz::tests::test_extract_simple_file' (2412) panicked at src/formats/sevenz.rs:1253:13:
[INFO] [stdout] Failed to load fixture simple.7z. Run tests/fixtures/generate_7z_fixtures.sh first. Error: No such file or directory (os error 2)
[INFO] [stdout] stack backtrace:
[INFO] [stdout]    0:     0x5c81565d4661 - <<std[70759c8f55707aa4]::sys::backtrace::BacktraceLock>::print::DisplayBacktrace as core[df12db4294e9bfd3]::fmt::Display>::fmt
[INFO] [stdout]    1:     0x5c81565ebfba - core[df12db4294e9bfd3]::fmt::write
[INFO] [stdout]    2:     0x5c81565d95bc - <alloc[2182bb758b4b3781]::vec::Vec<u8> as core[df12db4294e9bfd3]::io::write::Write>::write_fmt
[INFO] [stdout]    3:     0x5c81565acbe6 - std[70759c8f55707aa4]::panicking::default_hook::{closure#0}
[INFO] [stdout]    4:     0x5c81565cadc9 - std[70759c8f55707aa4]::panicking::default_hook
[INFO] [stdout]    5:     0x5c81563f69c0 - test[9d35eded1c95d3be]::test_main_inner::<test[9d35eded1c95d3be]::test_main_static::{closure#0}>::{closure#0}
[INFO] [stdout]    6:     0x5c81565caf82 - std[70759c8f55707aa4]::panicking::panic_with_hook
[INFO] [stdout]    7:     0x5c81565acc92 - std[70759c8f55707aa4]::panicking::panic_handler::{closure#0}
[INFO] [stdout]    8:     0x5c81565a5469 - std[70759c8f55707aa4]::sys::backtrace::__rust_end_short_backtrace::<std[70759c8f55707aa4]::panicking::panic_handler::{closure#0}, !>
[INFO] [stdout]    9:     0x5c81565adb2d - __rustc[8fa7c3cbc660c2b3]::rust_begin_unwind
[INFO] [stdout]   10:     0x5c81565ec71c - core[df12db4294e9bfd3]::panicking::panic_fmt
[INFO] [stdout]   11:     0x5c81563577aa - exarch_core[680b2bd39e654427]::formats::sevenz::tests::load_fixture::{closure#0}
[INFO] [stdout]   12:     0x5c81563671af - exarch_core[680b2bd39e654427]::formats::sevenz::tests::load_fixture
[INFO] [stdout]   13:     0x5c81563681ca - exarch_core[680b2bd39e654427]::formats::sevenz::tests::test_extract_simple_file
[INFO] [stdout]   14:     0x5c81561d2c29 - <exarch_core[680b2bd39e654427]::formats::sevenz::tests::test_extract_simple_file::{closure#0} as core[df12db4294e9bfd3]::ops::function::FnOnce<()>>::call_once
[INFO] [stdout]   15:     0x5c81563e9cab - test[9d35eded1c95d3be]::__rust_begin_short_backtrace::<core[df12db4294e9bfd3]::result::Result<(), alloc[2182bb758b4b3781]::string::String>, fn() -> core[df12db4294e9bfd3]::result::Result<(), alloc[2182bb758b4b3781]::string::String>>
[INFO] [stdout]   16:     0x5c81563f7315 - test[9d35eded1c95d3be]::run_test::{closure#0}
[INFO] [stdout]   17:     0x5c81563f0bd4 - std[70759c8f55707aa4]::sys::backtrace::__rust_begin_short_backtrace::<test[9d35eded1c95d3be]::run_test::{closure#1}, ()>
[INFO] [stdout]   18:     0x5c81563fa472 - <std[70759c8f55707aa4]::thread::lifecycle::spawn_unchecked<test[9d35eded1c95d3be]::run_test::{closure#1}, ()>::{closure#1} as core[df12db4294e9bfd3]::ops::function::FnOnce<()>>::call_once::{shim:vtable#0}
[INFO] [stdout]   19:     0x5c81565d35f9 - <std[70759c8f55707aa4]::sys::thread::unix::Thread>::new::thread_start
[INFO] [stdout]   20:     0x75368de45dfa - <unknown>
[INFO] [stdout]   21:     0x75368ded93d4 - clone
[INFO] [stdout]   22:                0x0 - <unknown>
[INFO] [stdout] 
[INFO] [stdout] ---- formats::sevenz::tests::test_load_fixture_helper stdout ----
[INFO] [stdout] 
[INFO] [stdout] thread 'formats::sevenz::tests::test_load_fixture_helper' (2417) panicked at src/formats/sevenz.rs:1253:13:
[INFO] [stdout] Failed to load fixture simple.7z. Run tests/fixtures/generate_7z_fixtures.sh first. Error: No such file or directory (os error 2)
[INFO] [stdout] stack backtrace:
[INFO] [stdout]    0:     0x5c81565d4661 - <<std[70759c8f55707aa4]::sys::backtrace::BacktraceLock>::print::DisplayBacktrace as core[df12db4294e9bfd3]::fmt::Display>::fmt
[INFO] [stdout]    1:     0x5c81565ebfba - core[df12db4294e9bfd3]::fmt::write
[INFO] [stdout]    2:     0x5c81565d95bc - <alloc[2182bb758b4b3781]::vec::Vec<u8> as core[df12db4294e9bfd3]::io::write::Write>::write_fmt
[INFO] [stdout]    3:     0x5c81565acbe6 - std[70759c8f55707aa4]::panicking::default_hook::{closure#0}
[INFO] [stdout]    4:     0x5c81565cadc9 - std[70759c8f55707aa4]::panicking::default_hook
[INFO] [stdout]    5:     0x5c81563f69c0 - test[9d35eded1c95d3be]::test_main_inner::<test[9d35eded1c95d3be]::test_main_static::{closure#0}>::{closure#0}
[INFO] [stdout]    6:     0x5c81565caf82 - std[70759c8f55707aa4]::panicking::panic_with_hook
[INFO] [stdout]    7:     0x5c81565acc92 - std[70759c8f55707aa4]::panicking::panic_handler::{closure#0}
[INFO] [stdout]    8:     0x5c81565a5469 - std[70759c8f55707aa4]::sys::backtrace::__rust_end_short_backtrace::<std[70759c8f55707aa4]::panicking::panic_handler::{closure#0}, !>
[INFO] [stdout]    9:     0x5c81565adb2d - __rustc[8fa7c3cbc660c2b3]::rust_begin_unwind
[INFO] [stdout]   10:     0x5c81565ec71c - core[df12db4294e9bfd3]::panicking::panic_fmt
[INFO] [stdout]   11:     0x5c81563577aa - exarch_core[680b2bd39e654427]::formats::sevenz::tests::load_fixture::{closure#0}
[INFO] [stdout]   12:     0x5c81563671af - exarch_core[680b2bd39e654427]::formats::sevenz::tests::load_fixture
[INFO] [stdout]   13:     0x5c8156368aeb - exarch_core[680b2bd39e654427]::formats::sevenz::tests::test_load_fixture_helper
[INFO] [stdout]   14:     0x5c81561d2c49 - <exarch_core[680b2bd39e654427]::formats::sevenz::tests::test_load_fixture_helper::{closure#0} as core[df12db4294e9bfd3]::ops::function::FnOnce<()>>::call_once
[INFO] [stdout]   15:     0x5c81563e9cab - test[9d35eded1c95d3be]::__rust_begin_short_backtrace::<core[df12db4294e9bfd3]::result::Result<(), alloc[2182bb758b4b3781]::string::String>, fn() -> core[df12db4294e9bfd3]::result::Result<(), alloc[2182bb758b4b3781]::string::String>>
[INFO] [stdout]   16:     0x5c81563f7315 - test[9d35eded1c95d3be]::run_test::{closure#0}
[INFO] [stdout]   17:     0x5c81563f0bd4 - std[70759c8f55707aa4]::sys::backtrace::__rust_begin_short_backtrace::<test[9d35eded1c95d3be]::run_test::{closure#1}, ()>
[INFO] [stdout]   18:     0x5c81563fa472 - <std[70759c8f55707aa4]::thread::lifecycle::spawn_unchecked<test[9d35eded1c95d3be]::run_test::{closure#1}, ()>::{closure#1} as core[df12db4294e9bfd3]::ops::function::FnOnce<()>>::call_once::{shim:vtable#0}
[INFO] [stdout]   19:     0x5c81565d35f9 - <std[70759c8f55707aa4]::sys::thread::unix::Thread>::new::thread_start
[INFO] [stdout]   20:     0x75368de45dfa - <unknown>
[INFO] [stdout]   21:     0x75368ded93d4 - clone
[INFO] [stdout]   22:                0x0 - <unknown>
[INFO] [stdout] 
[INFO] [stdout] ---- formats::sevenz::tests::test_multiple_files_quota_not_double_counted stdout ----
[INFO] [stdout] 
[INFO] [stdout] thread 'formats::sevenz::tests::test_multiple_files_quota_not_double_counted' (2418) panicked at src/formats/sevenz.rs:1253:13:
[INFO] [stdout] Failed to load fixture simple.7z. Run tests/fixtures/generate_7z_fixtures.sh first. Error: No such file or directory (os error 2)
[INFO] [stdout] stack backtrace:
[INFO] [stdout]    0:     0x5c81565d4661 - <<std[70759c8f55707aa4]::sys::backtrace::BacktraceLock>::print::DisplayBacktrace as core[df12db4294e9bfd3]::fmt::Display>::fmt
[INFO] [stdout]    1:     0x5c81565ebfba - core[df12db4294e9bfd3]::fmt::write
[INFO] [stdout]    2:     0x5c81565d95bc - <alloc[2182bb758b4b3781]::vec::Vec<u8> as core[df12db4294e9bfd3]::io::write::Write>::write_fmt
[INFO] [stdout]    3:     0x5c81565acbe6 - std[70759c8f55707aa4]::panicking::default_hook::{closure#0}
[INFO] [stdout]    4:     0x5c81565cadc9 - std[70759c8f55707aa4]::panicking::default_hook
[INFO] [stdout]    5:     0x5c81563f69c0 - test[9d35eded1c95d3be]::test_main_inner::<test[9d35eded1c95d3be]::test_main_static::{closure#0}>::{closure#0}
[INFO] [stdout]    6:     0x5c81565caf82 - std[70759c8f55707aa4]::panicking::panic_with_hook
[INFO] [stdout]    7:     0x5c81565acc92 - std[70759c8f55707aa4]::panicking::panic_handler::{closure#0}
[INFO] [stdout]    8:     0x5c81565a5469 - std[70759c8f55707aa4]::sys::backtrace::__rust_end_short_backtrace::<std[70759c8f55707aa4]::panicking::panic_handler::{closure#0}, !>
[INFO] [stdout]    9:     0x5c81565adb2d - __rustc[8fa7c3cbc660c2b3]::rust_begin_unwind
[INFO] [stdout]   10:     0x5c81565ec71c - core[df12db4294e9bfd3]::panicking::panic_fmt
[INFO] [stdout]   11:     0x5c81563577aa - exarch_core[680b2bd39e654427]::formats::sevenz::tests::load_fixture::{closure#0}
[INFO] [stdout]   12:     0x5c81563671af - exarch_core[680b2bd39e654427]::formats::sevenz::tests::load_fixture
[INFO] [stdout]   13:     0x5c815636dbaa - exarch_core[680b2bd39e654427]::formats::sevenz::tests::test_multiple_files_quota_not_double_counted
[INFO] [stdout]   14:     0x5c81561d3009 - <exarch_core[680b2bd39e654427]::formats::sevenz::tests::test_multiple_files_quota_not_double_counted::{closure#0} as core[df12db4294e9bfd3]::ops::function::FnOnce<()>>::call_once
[INFO] [stdout]   15:     0x5c81563e9cab - test[9d35eded1c95d3be]::__rust_begin_short_backtrace::<core[df12db4294e9bfd3]::result::Result<(), alloc[2182bb758b4b3781]::string::String>, fn() -> core[df12db4294e9bfd3]::result::Result<(), alloc[2182bb758b4b3781]::string::String>>
[INFO] [stdout]   16:     0x5c81563f7315 - test[9d35eded1c95d3be]::run_test::{closure#0}
[INFO] [stdout]   17:     0x5c81563f0bd4 - std[70759c8f55707aa4]::sys::backtrace::__rust_begin_short_backtrace::<test[9d35eded1c95d3be]::run_test::{closure#1}, ()>
[INFO] [stdout]   18:     0x5c81563fa472 - <std[70759c8f55707aa4]::thread::lifecycle::spawn_unchecked<test[9d35eded1c95d3be]::run_test::{closure#1}, ()>::{closure#1} as core[df12db4294e9bfd3]::ops::function::FnOnce<()>>::call_once::{shim:vtable#0}
[INFO] [stdout]   19:     0x5c81565d35f9 - <std[70759c8f55707aa4]::sys::thread::unix::Thread>::new::thread_start
[INFO] [stdout]   20:     0x75368de45dfa - <unknown>
[INFO] [stdout]   21:     0x75368ded93d4 - clone
[INFO] [stdout]   22:                0x0 - <unknown>
[INFO] [stdout] 
[INFO] [stdout] ---- formats::sevenz::tests::test_path_traversal_integration stdout ----
[INFO] [stdout] 
[INFO] [stdout] thread 'formats::sevenz::tests::test_path_traversal_integration' (2422) panicked at src/formats/sevenz.rs:1253:13:
[INFO] [stdout] Failed to load fixture simple.7z. Run tests/fixtures/generate_7z_fixtures.sh first. Error: No such file or directory (os error 2)
[INFO] [stdout] stack backtrace:
[INFO] [stdout]    0:     0x5c81565d4661 - <<std[70759c8f55707aa4]::sys::backtrace::BacktraceLock>::print::DisplayBacktrace as core[df12db4294e9bfd3]::fmt::Display>::fmt
[INFO] [stdout]    1:     0x5c81565ebfba - core[df12db4294e9bfd3]::fmt::write
[INFO] [stdout]    2:     0x5c81565d95bc - <alloc[2182bb758b4b3781]::vec::Vec<u8> as core[df12db4294e9bfd3]::io::write::Write>::write_fmt
[INFO] [stdout]    3:     0x5c81565acbe6 - std[70759c8f55707aa4]::panicking::default_hook::{closure#0}
[INFO] [stdout]    4:     0x5c81565cadc9 - std[70759c8f55707aa4]::panicking::default_hook
[INFO] [stdout]    5:     0x5c81563f69c0 - test[9d35eded1c95d3be]::test_main_inner::<test[9d35eded1c95d3be]::test_main_static::{closure#0}>::{closure#0}
[INFO] [stdout]    6:     0x5c81565caf82 - std[70759c8f55707aa4]::panicking::panic_with_hook
[INFO] [stdout]    7:     0x5c81565acc92 - std[70759c8f55707aa4]::panicking::panic_handler::{closure#0}
[INFO] [stdout]    8:     0x5c81565a5469 - std[70759c8f55707aa4]::sys::backtrace::__rust_end_short_backtrace::<std[70759c8f55707aa4]::panicking::panic_handler::{closure#0}, !>
[INFO] [stdout]    9:     0x5c81565adb2d - __rustc[8fa7c3cbc660c2b3]::rust_begin_unwind
[INFO] [stdout]   10:     0x5c81565ec71c - core[df12db4294e9bfd3]::panicking::panic_fmt
[INFO] [stdout]   11:     0x5c81563577aa - exarch_core[680b2bd39e654427]::formats::sevenz::tests::load_fixture::{closure#0}
[INFO] [stdout]   12:     0x5c81563671af - exarch_core[680b2bd39e654427]::formats::sevenz::tests::load_fixture
[INFO] [stdout]   13:     0x5c815636a127 - exarch_core[680b2bd39e654427]::formats::sevenz::tests::test_path_traversal_integration
[INFO] [stdout]   14:     0x5c81561d2da9 - <exarch_core[680b2bd39e654427]::formats::sevenz::tests::test_path_traversal_integration::{closure#0} as core[df12db4294e9bfd3]::ops::function::FnOnce<()>>::call_once
[INFO] [stdout]   15:     0x5c81563e9cab - test[9d35eded1c95d3be]::__rust_begin_short_backtrace::<core[df12db4294e9bfd3]::result::Result<(), alloc[2182bb758b4b3781]::string::String>, fn() -> core[df12db4294e9bfd3]::result::Result<(), alloc[2182bb758b4b3781]::string::String>>
[INFO] [stdout]   16:     0x5c81563f7315 - test[9d35eded1c95d3be]::run_test::{closure#0}
[INFO] [stdout]   17:     0x5c81563f0bd4 - std[70759c8f55707aa4]::sys::backtrace::__rust_begin_short_backtrace::<test[9d35eded1c95d3be]::run_test::{closure#1}, ()>
[INFO] [stdout]   18:     0x5c81563fa472 - <std[70759c8f55707aa4]::thread::lifecycle::spawn_unchecked<test[9d35eded1c95d3be]::run_test::{closure#1}, ()>::{closure#1} as core[df12db4294e9bfd3]::ops::function::FnOnce<()>>::call_once::{shim:vtable#0}
[INFO] [stdout]   19:     0x5c81565d35f9 - <std[70759c8f55707aa4]::sys::thread::unix::Thread>::new::thread_start
[INFO] [stdout]   20:     0x75368de45dfa - <unknown>
[INFO] [stdout]   21:     0x75368ded93d4 - clone
[INFO] [stdout]   22:                0x0 - <unknown>
[INFO] [stdout] 
[INFO] [stdout] ---- formats::sevenz::tests::test_non_solid_archive_unaffected_by_solid_config stdout ----
[INFO] [stdout] 
[INFO] [stdout] thread 'formats::sevenz::tests::test_non_solid_archive_unaffected_by_solid_config' (2420) panicked at src/formats/sevenz.rs:1253:13:
[INFO] [stdout] Failed to load fixture simple.7z. Run tests/fixtures/generate_7z_fixtures.sh first. Error: No such file or directory (os error 2)
[INFO] [stdout] stack backtrace:
[INFO] [stdout]    0:     0x5c81565d4661 - <<std[70759c8f55707aa4]::sys::backtrace::BacktraceLock>::print::DisplayBacktrace as core[df12db4294e9bfd3]::fmt::Display>::fmt
[INFO] [stdout]    1:     0x5c81565ebfba - core[df12db4294e9bfd3]::fmt::write
[INFO] [stdout]    2:     0x5c81565d95bc - <alloc[2182bb758b4b3781]::vec::Vec<u8> as core[df12db4294e9bfd3]::io::write::Write>::write_fmt
[INFO] [stdout]    3:     0x5c81565acbe6 - std[70759c8f55707aa4]::panicking::default_hook::{closure#0}
[INFO] [stdout]    4:     0x5c81565cadc9 - std[70759c8f55707aa4]::panicking::default_hook
[INFO] [stdout]    5:     0x5c81563f69c0 - test[9d35eded1c95d3be]::test_main_inner::<test[9d35eded1c95d3be]::test_main_static::{closure#0}>::{closure#0}
[INFO] [stdout]    6:     0x5c81565caf82 - std[70759c8f55707aa4]::panicking::panic_with_hook
[INFO] [stdout]    7:     0x5c81565acc92 - std[70759c8f55707aa4]::panicking::panic_handler::{closure#0}
[INFO] [stdout]    8:     0x5c81565a5469 - std[70759c8f55707aa4]::sys::backtrace::__rust_end_short_backtrace::<std[70759c8f55707aa4]::panicking::panic_handler::{closure#0}, !>
[INFO] [stdout]    9:     0x5c81565adb2d - __rustc[8fa7c3cbc660c2b3]::rust_begin_unwind
[INFO] [stdout]   10:     0x5c81565ec71c - core[df12db4294e9bfd3]::panicking::panic_fmt
[INFO] [stdout]   11:     0x5c81563577aa - exarch_core[680b2bd39e654427]::formats::sevenz::tests::load_fixture::{closure#0}
[INFO] [stdout]   12:     0x5c81563671af - exarch_core[680b2bd39e654427]::formats::sevenz::tests::load_fixture
[INFO] [stdout]   13:     0x5c81563715da - exarch_core[680b2bd39e654427]::formats::sevenz::tests::test_non_solid_archive_unaffected_by_solid_config
[INFO] [stdout]   14:     0x5c81561d3109 - <exarch_core[680b2bd39e654427]::formats::sevenz::tests::test_non_solid_archive_unaffected_by_solid_config::{closure#0} as core[df12db4294e9bfd3]::ops::function::FnOnce<()>>::call_once
[INFO] [stdout]   15:     0x5c81563e9cab - test[9d35eded1c95d3be]::__rust_begin_short_backtrace::<core[df12db4294e9bfd3]::result::Result<(), alloc[2182bb758b4b3781]::string::String>, fn() -> core[df12db4294e9bfd3]::result::Result<(), alloc[2182bb758b4b3781]::string::String>>
[INFO] [stdout]   16:     0x5c81563f7315 - test[9d35eded1c95d3be]::run_test::{closure#0}
[INFO] [stdout]   17:     0x5c81563f0bd4 - std[70759c8f55707aa4]::sys::backtrace::__rust_begin_short_backtrace::<test[9d35eded1c95d3be]::run_test::{closure#1}, ()>
[INFO] [stdout]   18:     0x5c81563fa472 - <std[70759c8f55707aa4]::thread::lifecycle::spawn_unchecked<test[9d35eded1c95d3be]::run_test::{closure#1}, ()>::{closure#1} as core[df12db4294e9bfd3]::ops::function::FnOnce<()>>::call_once::{shim:vtable#0}
[INFO] [stdout]   19:     0x5c81565d35f9 - <std[70759c8f55707aa4]::sys::thread::unix::Thread>::new::thread_start
[INFO] [stdout]   20:     0x75368de45dfa - <unknown>
[INFO] [stdout]   21:     0x75368ded93d4 - clone
[INFO] [stdout]   22:                0x0 - <unknown>
[INFO] [stdout] 
[INFO] [stdout] ---- formats::sevenz::tests::test_quota_exceeded stdout ----
[INFO] [stdout] 
[INFO] [stdout] thread 'formats::sevenz::tests::test_quota_exceeded' (2425) panicked at src/formats/sevenz.rs:1253:13:
[INFO] [stdout] Failed to load fixture large-file.7z. Run tests/fixtures/generate_7z_fixtures.sh first. Error: No such file or directory (os error 2)
[INFO] [stdout] stack backtrace:
[INFO] [stdout]    0:     0x5c81565d4661 - <<std[70759c8f55707aa4]::sys::backtrace::BacktraceLock>::print::DisplayBacktrace as core[df12db4294e9bfd3]::fmt::Display>::fmt
[INFO] [stdout]    1:     0x5c81565ebfba - core[df12db4294e9bfd3]::fmt::write
[INFO] [stdout]    2:     0x5c81565d95bc - <alloc[2182bb758b4b3781]::vec::Vec<u8> as core[df12db4294e9bfd3]::io::write::Write>::write_fmt
[INFO] [stdout]    3:     0x5c81565acbe6 - std[70759c8f55707aa4]::panicking::default_hook::{closure#0}
[INFO] [stdout]    4:     0x5c81565cadc9 - std[70759c8f55707aa4]::panicking::default_hook
[INFO] [stdout]    5:     0x5c81563f69c0 - test[9d35eded1c95d3be]::test_main_inner::<test[9d35eded1c95d3be]::test_main_static::{closure#0}>::{closure#0}
[INFO] [stdout]    6:     0x5c81565caf82 - std[70759c8f55707aa4]::panicking::panic_with_hook
[INFO] [stdout]    7:     0x5c81565acc92 - std[70759c8f55707aa4]::panicking::panic_handler::{closure#0}
[INFO] [stdout]    8:     0x5c81565a5469 - std[70759c8f55707aa4]::sys::backtrace::__rust_end_short_backtrace::<std[70759c8f55707aa4]::panicking::panic_handler::{closure#0}, !>
[INFO] [stdout]    9:     0x5c81565adb2d - __rustc[8fa7c3cbc660c2b3]::rust_begin_unwind
[INFO] [stdout]   10:     0x5c81565ec71c - core[df12db4294e9bfd3]::panicking::panic_fmt
[INFO] [stdout]   11:     0x5c81563577aa - exarch_core[680b2bd39e654427]::formats::sevenz::tests::load_fixture::{closure#0}
[INFO] [stdout]   12:     0x5c81563671af - exarch_core[680b2bd39e654427]::formats::sevenz::tests::load_fixture
[INFO] [stdout]   13:     0x5c8156367c2a - exarch_core[680b2bd39e654427]::formats::sevenz::tests::test_quota_exceeded
[INFO] [stdout]   14:     0x5c81561d2c09 - <exarch_core[680b2bd39e654427]::formats::sevenz::tests::test_quota_exceeded::{closure#0} as core[df12db4294e9bfd3]::ops::function::FnOnce<()>>::call_once
[INFO] [stdout]   15:     0x5c81563e9cab - test[9d35eded1c95d3be]::__rust_begin_short_backtrace::<core[df12db4294e9bfd3]::result::Result<(), alloc[2182bb758b4b3781]::string::String>, fn() -> core[df12db4294e9bfd3]::result::Result<(), alloc[2182bb758b4b3781]::string::String>>
[INFO] [stdout]   16:     0x5c81563f7315 - test[9d35eded1c95d3be]::run_test::{closure#0}
[INFO] [stdout]   17:     0x5c81563f0bd4 - std[70759c8f55707aa4]::sys::backtrace::__rust_begin_short_backtrace::<test[9d35eded1c95d3be]::run_test::{closure#1}, ()>
[INFO] [stdout]   18:     0x5c81563fa472 - <std[70759c8f55707aa4]::thread::lifecycle::spawn_unchecked<test[9d35eded1c95d3be]::run_test::{closure#1}, ()>::{closure#1} as core[df12db4294e9bfd3]::ops::function::FnOnce<()>>::call_once::{shim:vtable#0}
[INFO] [stdout]   19:     0x5c81565d35f9 - <std[70759c8f55707aa4]::sys::thread::unix::Thread>::new::thread_start
[INFO] [stdout]   20:     0x75368de45dfa - <unknown>
[INFO] [stdout]   21:     0x75368ded93d4 - clone
[INFO] [stdout]   22:                0x0 - <unknown>
[INFO] [stdout] 
[INFO] [stdout] ---- formats::sevenz::tests::test_extract_nested_directories stdout ----
[INFO] [stdout] 
[INFO] [stdout] thread 'formats::sevenz::tests::test_extract_nested_directories' (2411) panicked at src/formats/sevenz.rs:1253:13:
[INFO] [stdout] Failed to load fixture nested-dirs.7z. Run tests/fixtures/generate_7z_fixtures.sh first. Error: No such file or directory (os error 2)
[INFO] [stdout] stack backtrace:
[INFO] [stdout]    0:     0x5c81565d4661 - <<std[70759c8f55707aa4]::sys::backtrace::BacktraceLock>::print::DisplayBacktrace as core[df12db4294e9bfd3]::fmt::Display>::fmt
[INFO] [stdout]    1:     0x5c81565ebfba - core[df12db4294e9bfd3]::fmt::write
[INFO] [stdout]    2:     0x5c81565d95bc - <alloc[2182bb758b4b3781]::vec::Vec<u8> as core[df12db4294e9bfd3]::io::write::Write>::write_fmt
[INFO] [stdout]    3:     0x5c81565acbe6 - std[70759c8f55707aa4]::panicking::default_hook::{closure#0}
[INFO] [stdout]    4:     0x5c81565cadc9 - std[70759c8f55707aa4]::panicking::default_hook
[INFO] [stdout]    5:     0x5c81563f69c0 - test[9d35eded1c95d3be]::test_main_inner::<test[9d35eded1c95d3be]::test_main_static::{closure#0}>::{closure#0}
[INFO] [stdout]    6:     0x5c81565caf82 - std[70759c8f55707aa4]::panicking::panic_with_hook
[INFO] [stdout]    7:     0x5c81565acc92 - std[70759c8f55707aa4]::panicking::panic_handler::{closure#0}
[INFO] [stdout]    8:     0x5c81565a5469 - std[70759c8f55707aa4]::sys::backtrace::__rust_end_short_backtrace::<std[70759c8f55707aa4]::panicking::panic_handler::{closure#0}, !>
[INFO] [stdout]    9:     0x5c81565adb2d - __rustc[8fa7c3cbc660c2b3]::rust_begin_unwind
[INFO] [stdout]   10:     0x5c81565ec71c - core[df12db4294e9bfd3]::panicking::panic_fmt
[INFO] [stdout]   11:     0x5c81563577aa - exarch_core[680b2bd39e654427]::formats::sevenz::tests::load_fixture::{closure#0}
[INFO] [stdout]   12:     0x5c81563671af - exarch_core[680b2bd39e654427]::formats::sevenz::tests::load_fixture
[INFO] [stdout]   13:     0x5c815636998a - exarch_core[680b2bd39e654427]::formats::sevenz::tests::test_extract_nested_directories
[INFO] [stdout]   14:     0x5c81561d2d89 - <exarch_core[680b2bd39e654427]::formats::sevenz::tests::test_extract_nested_directories::{closure#0} as core[df12db4294e9bfd3]::ops::function::FnOnce<()>>::call_once
[INFO] [stdout]   15:     0x5c81563e9cab - test[9d35eded1c95d3be]::__rust_begin_short_backtrace::<core[df12db4294e9bfd3]::result::Result<(), alloc[2182bb758b4b3781]::string::String>, fn() -> core[df12db4294e9bfd3]::result::Result<(), alloc[2182bb758b4b3781]::string::String>>
[INFO] [stdout]   16:     0x5c81563f7315 - test[9d35eded1c95d3be]::run_test::{closure#0}
[INFO] [stdout]   17:     0x5c81563f0bd4 - std[70759c8f55707aa4]::sys::backtrace::__rust_begin_short_backtrace::<test[9d35eded1c95d3be]::run_test::{closure#1}, ()>
[INFO] [stdout]   18:     0x5c81563fa472 - <std[70759c8f55707aa4]::thread::lifecycle::spawn_unchecked<test[9d35eded1c95d3be]::run_test::{closure#1}, ()>::{closure#1} as core[df12db4294e9bfd3]::ops::function::FnOnce<()>>::call_once::{shim:vtable#0}
[INFO] [stdout]   19:     0x5c81565d35f9 - <std[70759c8f55707aa4]::sys::thread::unix::Thread>::new::thread_start
[INFO] [stdout]   20:     0x75368de45dfa - <unknown>
[INFO] [stdout]   21:     0x75368ded93d4 - clone
[INFO] [stdout]   22:                0x0 - <unknown>
[INFO] [stdout] 
[INFO] [stdout] ---- formats::sevenz::tests::test_solid_archive_allowed_with_config stdout ----
[INFO] [stdout] 
[INFO] [stdout] thread 'formats::sevenz::tests::test_solid_archive_allowed_with_config' (2429) panicked at src/formats/sevenz.rs:1253:13:
[INFO] [stdout] Failed to load fixture solid.7z. Run tests/fixtures/generate_7z_fixtures.sh first. Error: No such file or directory (os error 2)
[INFO] [stdout] stack backtrace:
[INFO] [stdout]    0:     0x5c81565d4661 - <<std[70759c8f55707aa4]::sys::backtrace::BacktraceLock>::print::DisplayBacktrace as core[df12db4294e9bfd3]::fmt::Display>::fmt
[INFO] [stdout]    1:     0x5c81565ebfba - core[df12db4294e9bfd3]::fmt::write
[INFO] [stdout]    2:     0x5c81565d95bc - <alloc[2182bb758b4b3781]::vec::Vec<u8> as core[df12db4294e9bfd3]::io::write::Write>::write_fmt
[INFO] [stdout]    3:     0x5c81565acbe6 - std[70759c8f55707aa4]::panicking::default_hook::{closure#0}
[INFO] [stdout]    4:     0x5c81565cadc9 - std[70759c8f55707aa4]::panicking::default_hook
[INFO] [stdout]    5:     0x5c81563f69c0 - test[9d35eded1c95d3be]::test_main_inner::<test[9d35eded1c95d3be]::test_main_static::{closure#0}>::{closure#0}
[INFO] [stdout]    6:     0x5c81565caf82 - std[70759c8f55707aa4]::panicking::panic_with_hook
[INFO] [stdout]    7:     0x5c81565acc92 - std[70759c8f55707aa4]::panicking::panic_handler::{closure#0}
[INFO] [stdout]    8:     0x5c81565a5469 - std[70759c8f55707aa4]::sys::backtrace::__rust_end_short_backtrace::<std[70759c8f55707aa4]::panicking::panic_handler::{closure#0}, !>
[INFO] [stdout]    9:     0x5c81565adb2d - __rustc[8fa7c3cbc660c2b3]::rust_begin_unwind
[INFO] [stdout]   10:     0x5c81565ec71c - core[df12db4294e9bfd3]::panicking::panic_fmt
[INFO] [stdout]   11:     0x5c81563577aa - exarch_core[680b2bd39e654427]::formats::sevenz::tests::load_fixture::{closure#0}
[INFO] [stdout]   12:     0x5c81563671af - exarch_core[680b2bd39e654427]::formats::sevenz::tests::load_fixture
[INFO] [stdout]   13:     0x5c815636b0dc - exarch_core[680b2bd39e654427]::formats::sevenz::tests::test_solid_archive_allowed_with_config
[INFO] [stdout]   14:     0x5c81561d2ee9 - <exarch_core[680b2bd39e654427]::formats::sevenz::tests::test_solid_archive_allowed_with_config::{closure#0} as core[df12db4294e9bfd3]::ops::function::FnOnce<()>>::call_once
[INFO] [stdout]   15:     0x5c81563e9cab - test[9d35eded1c95d3be]::__rust_begin_short_backtrace::<core[df12db4294e9bfd3]::result::Result<(), alloc[2182bb758b4b3781]::string::String>, fn() -> core[df12db4294e9bfd3]::result::Result<(), alloc[2182bb758b4b3781]::string::String>>
[INFO] [stdout]   16:     0x5c81563f7315 - test[9d35eded1c95d3be]::run_test::{closure#0}
[INFO] [stdout]   17:     0x5c81563f0bd4 - std[70759c8f55707aa4]::sys::backtrace::__rust_begin_short_backtrace::<test[9d35eded1c95d3be]::run_test::{closure#1}, ()>
[INFO] [stdout]   18:     0x5c81563fa472 - <std[70759c8f55707aa4]::thread::lifecycle::spawn_unchecked<test[9d35eded1c95d3be]::run_test::{closure#1}, ()>::{closure#1} as core[df12db4294e9bfd3]::ops::function::FnOnce<()>>::call_once::{shim:vtable#0}
[INFO] [stdout]   19:     0x5c81565d35f9 - <std[70759c8f55707aa4]::sys::thread::unix::Thread>::new::thread_start
[INFO] [stdout]   20:     0x75368de45dfa - <unknown>
[INFO] [stdout]   21:     0x75368ded93d4 - clone
[INFO] [stdout]   22:                0x0 - <unknown>
[INFO] [stdout] 
[INFO] [stdout] ---- formats::sevenz::tests::test_solid_archive_memory_limit_exact_boundary stdout ----
[INFO] [stdout] 
[INFO] [stdout] thread 'formats::sevenz::tests::test_solid_archive_memory_limit_exact_boundary' (2430) panicked at src/formats/sevenz.rs:1253:13:
[INFO] [stdout] Failed to load fixture solid.7z. Run tests/fixtures/generate_7z_fixtures.sh first. Error: No such file or directory (os error 2)
[INFO] [stdout] stack backtrace:
[INFO] [stdout]    0:     0x5c81565d4661 - <<std[70759c8f55707aa4]::sys::backtrace::BacktraceLock>::print::DisplayBacktrace as core[df12db4294e9bfd3]::fmt::Display>::fmt
[INFO] [stdout]    1:     0x5c81565ebfba - core[df12db4294e9bfd3]::fmt::write
[INFO] [stdout]    2:     0x5c81565d95bc - <alloc[2182bb758b4b3781]::vec::Vec<u8> as core[df12db4294e9bfd3]::io::write::Write>::write_fmt
[INFO] [stdout]    3:     0x5c81565acbe6 - std[70759c8f55707aa4]::panicking::default_hook::{closure#0}
[INFO] [stdout]    4:     0x5c81565cadc9 - std[70759c8f55707aa4]::panicking::default_hook
[INFO] [stdout]    5:     0x5c81563f69c0 - test[9d35eded1c95d3be]::test_main_inner::<test[9d35eded1c95d3be]::test_main_static::{closure#0}>::{closure#0}
[INFO] [stdout]    6:     0x5c81565caf82 - std[70759c8f55707aa4]::panicking::panic_with_hook
[INFO] [stdout]    7:     0x5c81565acc92 - std[70759c8f55707aa4]::panicking::panic_handler::{closure#0}
[INFO] [stdout]    8:     0x5c81565a5469 - std[70759c8f55707aa4]::sys::backtrace::__rust_end_short_backtrace::<std[70759c8f55707aa4]::panicking::panic_handler::{closure#0}, !>
[INFO] [stdout]    9:     0x5c81565adb2d - __rustc[8fa7c3cbc660c2b3]::rust_begin_unwind
[INFO] [stdout]   10:     0x5c81565ec71c - core[df12db4294e9bfd3]::panicking::panic_fmt
[INFO] [stdout]   11:     0x5c81563577aa - exarch_core[680b2bd39e654427]::formats::sevenz::tests::load_fixture::{closure#0}
[INFO] [stdout]   12:     0x5c81563671af - exarch_core[680b2bd39e654427]::formats::sevenz::tests::load_fixture
[INFO] [stdout]   13:     0x5c815637022a - exarch_core[680b2bd39e654427]::formats::sevenz::tests::test_solid_archive_memory_limit_exact_boundary
[INFO] [stdout]   14:     0x5c81561d30a9 - <exarch_core[680b2bd39e654427]::formats::sevenz::tests::test_solid_archive_memory_limit_exact_boundary::{closure#0} as core[df12db4294e9bfd3]::ops::function::FnOnce<()>>::call_once
[INFO] [stdout]   15:     0x5c81563e9cab - test[9d35eded1c95d3be]::__rust_begin_short_backtrace::<core[df12db4294e9bfd3]::result::Result<(), alloc[2182bb758b4b3781]::string::String>, fn() -> core[df12db4294e9bfd3]::result::Result<(), alloc[2182bb758b4b3781]::string::String>>
[INFO] [stdout]   16:     0x5c81563f7315 - test[9d35eded1c95d3be]::run_test::{closure#0}
[INFO] [stdout]   17:     0x5c81563f0bd4 - std[70759c8f55707aa4]::sys::backtrace::__rust_begin_short_backtrace::<test[9d35eded1c95d3be]::run_test::{closure#1}, ()>
[INFO] [stdout]   18:     0x5c81563fa472 - <std[70759c8f55707aa4]::thread::lifecycle::spawn_unchecked<test[9d35eded1c95d3be]::run_test::{closure#1}, ()>::{closure#1} as core[df12db4294e9bfd3]::ops::function::FnOnce<()>>::call_once::{shim:vtable#0}
[INFO] [stdout]   19:     0x5c81565d35f9 - <std[70759c8f55707aa4]::sys::thread::unix::Thread>::new::thread_start
[INFO] [stdout]   20:     0x75368de45dfa - <unknown>
[INFO] [stdout]   21:     0x75368ded93d4 - clone
[INFO] [stdout]   22:                0x0 - <unknown>
[INFO] [stdout] 
[INFO] [stdout] ---- formats::sevenz::tests::test_solid_archive_memory_limit_one_under_boundary stdout ----
[INFO] [stdout] 
[INFO] [stdout] thread 'formats::sevenz::tests::test_solid_archive_memory_limit_one_under_boundary' (2432) panicked at src/formats/sevenz.rs:1253:13:
[INFO] [stdout] Failed to load fixture solid.7z. Run tests/fixtures/generate_7z_fixtures.sh first. Error: No such file or directory (os error 2)
[INFO] [stdout] stack backtrace:
[INFO] [stdout]    0:     0x5c81565d4661 - <<std[70759c8f55707aa4]::sys::backtrace::BacktraceLock>::print::DisplayBacktrace as core[df12db4294e9bfd3]::fmt::Display>::fmt
[INFO] [stdout]    1:     0x5c81565ebfba - core[df12db4294e9bfd3]::fmt::write
[INFO] [stdout]    2:     0x5c81565d95bc - <alloc[2182bb758b4b3781]::vec::Vec<u8> as core[df12db4294e9bfd3]::io::write::Write>::write_fmt
[INFO] [stdout]    3:     0x5c81565acbe6 - std[70759c8f55707aa4]::panicking::default_hook::{closure#0}
[INFO] [stdout]    4:     0x5c81565cadc9 - std[70759c8f55707aa4]::panicking::default_hook
[INFO] [stdout]    5:     0x5c81563f69c0 - test[9d35eded1c95d3be]::test_main_inner::<test[9d35eded1c95d3be]::test_main_static::{closure#0}>::{closure#0}
[INFO] [stdout]    6:     0x5c81565caf82 - std[70759c8f55707aa4]::panicking::panic_with_hook
[INFO] [stdout]    7:     0x5c81565acc92 - std[70759c8f55707aa4]::panicking::panic_handler::{closure#0}
[INFO] [stdout]    8:     0x5c81565a5469 - std[70759c8f55707aa4]::sys::backtrace::__rust_end_short_backtrace::<std[70759c8f55707aa4]::panicking::panic_handler::{closure#0}, !>
[INFO] [stdout]    9:     0x5c81565adb2d - __rustc[8fa7c3cbc660c2b3]::rust_begin_unwind
[INFO] [stdout]   10:     0x5c81565ec71c - core[df12db4294e9bfd3]::panicking::panic_fmt
[INFO] [stdout]   11:     0x5c81563577aa - exarch_core[680b2bd39e654427]::formats::sevenz::tests::load_fixture::{closure#0}
[INFO] [stdout]   12:     0x5c81563671af - exarch_core[680b2bd39e654427]::formats::sevenz::tests::load_fixture
[INFO] [stdout]   13:     0x5c8156371aca - exarch_core[680b2bd39e654427]::formats::sevenz::tests::test_solid_archive_memory_limit_one_under_boundary
[INFO] [stdout]   14:     0x5c81561d3129 - <exarch_core[680b2bd39e654427]::formats::sevenz::tests::test_solid_archive_memory_limit_one_under_boundary::{closure#0} as core[df12db4294e9bfd3]::ops::function::FnOnce<()>>::call_once
[INFO] [stdout]   15:     0x5c81563e9cab - test[9d35eded1c95d3be]::__rust_begin_short_backtrace::<core[df12db4294e9bfd3]::result::Result<(), alloc[2182bb758b4b3781]::string::String>, fn() -> core[df12db4294e9bfd3]::result::Result<(), alloc[2182bb758b4b3781]::string::String>>
[INFO] [stdout]   16:     0x5c81563f7315 - test[9d35eded1c95d3be]::run_test::{closure#0}
[INFO] [stdout]   17:     0x5c81563f0bd4 - std[70759c8f55707aa4]::sys::backtrace::__rust_begin_short_backtrace::<test[9d35eded1c95d3be]::run_test::{closure#1}, ()>
[INFO] [stdout]   18:     0x5c81563fa472 - <std[70759c8f55707aa4]::thread::lifecycle::spawn_unchecked<test[9d35eded1c95d3be]::run_test::{closure#1}, ()>::{closure#1} as core[df12db4294e9bfd3]::ops::function::FnOnce<()>>::call_once::{shim:vtable#0}
[INFO] [stdout]   19:     0x5c81565d35f9 - <std[70759c8f55707aa4]::sys::thread::unix::Thread>::new::thread_start
[INFO] [stdout]   20:     0x75368de45dfa - <unknown>
[INFO] [stdout]   21:     0x75368ded93d4 - clone
[INFO] [stdout]   22:                0x0 - <unknown>
[INFO] [stdout] 
[INFO] [stdout] ---- formats::sevenz::tests::test_solid_archive_rejected stdout ----
[INFO] [stdout] 
[INFO] [stdout] thread 'formats::sevenz::tests::test_solid_archive_rejected' (2433) panicked at src/formats/sevenz.rs:1253:13:
[INFO] [stdout] Failed to load fixture solid.7z. Run tests/fixtures/generate_7z_fixtures.sh first. Error: No such file or directory (os error 2)
[INFO] [stdout] stack backtrace:
[INFO] [stdout]    0:     0x5c81565d4661 - <<std[70759c8f55707aa4]::sys::backtrace::BacktraceLock>::print::DisplayBacktrace as core[df12db4294e9bfd3]::fmt::Display>::fmt
[INFO] [stdout]    1:     0x5c81565ebfba - core[df12db4294e9bfd3]::fmt::write
[INFO] [stdout]    2:     0x5c81565d95bc - <alloc[2182bb758b4b3781]::vec::Vec<u8> as core[df12db4294e9bfd3]::io::write::Write>::write_fmt
[INFO] [stdout]    3:     0x5c81565acbe6 - std[70759c8f55707aa4]::panicking::default_hook::{closure#0}
[INFO] [stdout]    4:     0x5c81565cadc9 - std[70759c8f55707aa4]::panicking::default_hook
[INFO] [stdout]    5:     0x5c81563f69c0 - test[9d35eded1c95d3be]::test_main_inner::<test[9d35eded1c95d3be]::test_main_static::{closure#0}>::{closure#0}
[INFO] [stdout]    6:     0x5c81565caf82 - std[70759c8f55707aa4]::panicking::panic_with_hook
[INFO] [stdout]    7:     0x5c81565acc92 - std[70759c8f55707aa4]::panicking::panic_handler::{closure#0}
[INFO] [stdout]    8:     0x5c81565a5469 - std[70759c8f55707aa4]::sys::backtrace::__rust_end_short_backtrace::<std[70759c8f55707aa4]::panicking::panic_handler::{closure#0}, !>
[INFO] [stdout]    9:     0x5c81565adb2d - __rustc[8fa7c3cbc660c2b3]::rust_begin_unwind
[INFO] [stdout]   10:     0x5c81565ec71c - core[df12db4294e9bfd3]::panicking::panic_fmt
[INFO] [stdout]   11:     0x5c81563577aa - exarch_core[680b2bd39e654427]::formats::sevenz::tests::load_fixture::{closure#0}
[INFO] [stdout]   12:     0x5c81563671af - exarch_core[680b2bd39e654427]::formats::sevenz::tests::load_fixture
[INFO] [stdout]   13:     0x5c815636934a - exarch_core[680b2bd39e654427]::formats::sevenz::tests::test_solid_archive_rejected
[INFO] [stdout]   14:     0x5c81561d2d49 - <exarch_core[680b2bd39e654427]::formats::sevenz::tests::test_solid_archive_rejected::{closure#0} as core[df12db4294e9bfd3]::ops::function::FnOnce<()>>::call_once
[INFO] [stdout]   15:     0x5c81563e9cab - test[9d35eded1c95d3be]::__rust_begin_short_backtrace::<core[df12db4294e9bfd3]::result::Result<(), alloc[2182bb758b4b3781]::string::String>, fn() -> core[df12db4294e9bfd3]::result::Result<(), alloc[2182bb758b4b3781]::string::String>>
[INFO] [stdout]   16:     0x5c81563f7315 - test[9d35eded1c95d3be]::run_test::{closure#0}
[INFO] [stdout]   17:     0x5c81563f0bd4 - std[70759c8f55707aa4]::sys::backtrace::__rust_begin_short_backtrace::<test[9d35eded1c95d3be]::run_test::{closure#1}, ()>
[INFO] [stdout]   18:     0x5c81563fa472 - <std[70759c8f55707aa4]::thread::lifecycle::spawn_unchecked<test[9d35eded1c95d3be]::run_test::{closure#1}, ()>::{closure#1} as core[df12db4294e9bfd3]::ops::function::FnOnce<()>>::call_once::{shim:vtable#0}
[INFO] [stdout]   19:     0x5c81565d35f9 - <std[70759c8f55707aa4]::sys::thread::unix::Thread>::new::thread_start
[INFO] [stdout]   20:     0x75368de45dfa - <unknown>
[INFO] [stdout]   21:     0x75368ded93d4 - clone
[INFO] [stdout]   22:                0x0 - <unknown>
[INFO] [stdout] 
[INFO] [stdout] ---- formats::sevenz::tests::test_solid_archive_memory_limit_exceeded stdout ----
[INFO] [stdout] 
[INFO] [stdout] thread 'formats::sevenz::tests::test_solid_archive_memory_limit_exceeded' (2431) panicked at src/formats/sevenz.rs:1253:13:
[INFO] [stdout] Failed to load fixture solid.7z. Run tests/fixtures/generate_7z_fixtures.sh first. Error: No such file or directory (os error 2)
[INFO] [stdout] stack backtrace:
[INFO] [stdout]    0:     0x5c81565d4661 - <<std[70759c8f55707aa4]::sys::backtrace::BacktraceLock>::print::DisplayBacktrace as core[df12db4294e9bfd3]::fmt::Display>::fmt
[INFO] [stdout]    1:     0x5c81565ebfba - core[df12db4294e9bfd3]::fmt::write
[INFO] [stdout]    2:     0x5c81565d95bc - <alloc[2182bb758b4b3781]::vec::Vec<u8> as core[df12db4294e9bfd3]::io::write::Write>::write_fmt
[INFO] [stdout]    3:     0x5c81565acbe6 - std[70759c8f55707aa4]::panicking::default_hook::{closure#0}
[INFO] [stdout]    4:     0x5c81565cadc9 - std[70759c8f55707aa4]::panicking::default_hook
[INFO] [stdout]    5:     0x5c81563f69c0 - test[9d35eded1c95d3be]::test_main_inner::<test[9d35eded1c95d3be]::test_main_static::{closure#0}>::{closure#0}
[INFO] [stdout]    6:     0x5c81565caf82 - std[70759c8f55707aa4]::panicking::panic_with_hook
[INFO] [stdout]    7:     0x5c81565acc92 - std[70759c8f55707aa4]::panicking::panic_handler::{closure#0}
[INFO] [stdout]    8:     0x5c81565a5469 - std[70759c8f55707aa4]::sys::backtrace::__rust_end_short_backtrace::<std[70759c8f55707aa4]::panicking::panic_handler::{closure#0}, !>
[INFO] [stdout]    9:     0x5c81565adb2d - __rustc[8fa7c3cbc660c2b3]::rust_begin_unwind
[INFO] [stdout]   10:     0x5c81565ec71c - core[df12db4294e9bfd3]::panicking::panic_fmt
[INFO] [stdout]   11:     0x5c81563577aa - exarch_core[680b2bd39e654427]::formats::sevenz::tests::load_fixture::{closure#0}
[INFO] [stdout]   12:     0x5c81563671af - exarch_core[680b2bd39e654427]::formats::sevenz::tests::load_fixture
[INFO] [stdout]   13:     0x5c815636c9ba - exarch_core[680b2bd39e654427]::formats::sevenz::tests::test_solid_archive_memory_limit_exceeded
[INFO] [stdout]   14:     0x5c81561d2f89 - <exarch_core[680b2bd39e654427]::formats::sevenz::tests::test_solid_archive_memory_limit_exceeded::{closure#0} as core[df12db4294e9bfd3]::ops::function::FnOnce<()>>::call_once
[INFO] [stdout]   15:     0x5c81563e9cab - test[9d35eded1c95d3be]::__rust_begin_short_backtrace::<core[df12db4294e9bfd3]::result::Result<(), alloc[2182bb758b4b3781]::string::String>, fn() -> core[df12db4294e9bfd3]::result::Result<(), alloc[2182bb758b4b3781]::string::String>>
[INFO] [stdout]   16:     0x5c81563f7315 - test[9d35eded1c95d3be]::run_test::{closure#0}
[INFO] [stdout]   17:     0x5c81563f0bd4 - std[70759c8f55707aa4]::sys::backtrace::__rust_begin_short_backtrace::<test[9d35eded1c95d3be]::run_test::{closure#1}, ()>
[INFO] [stdout]   18:     0x5c81563fa472 - <std[70759c8f55707aa4]::thread::lifecycle::spawn_unchecked<test[9d35eded1c95d3be]::run_test::{closure#1}, ()>::{closure#1} as core[df12db4294e9bfd3]::ops::function::FnOnce<()>>::call_once::{shim:vtable#0}
[INFO] [stdout]   19:     0x5c81565d35f9 - <std[70759c8f55707aa4]::sys::thread::unix::Thread>::new::thread_start
[INFO] [stdout]   20:     0x75368de45dfa - <unknown>
[INFO] [stdout]   21:     0x75368ded93d4 - clone
[INFO] [stdout]   22:                0x0 - <unknown>
[INFO] [stdout] 
[INFO] [stdout] ---- formats::sevenz::tests::test_solid_archive_rejected_by_default stdout ----
[INFO] [stdout] 
[INFO] [stdout] thread 'formats::sevenz::tests::test_solid_archive_rejected_by_default' (2434) panicked at src/formats/sevenz.rs:1253:13:
[INFO] [stdout] Failed to load fixture solid.7z. Run tests/fixtures/generate_7z_fixtures.sh first. Error: No such file or directory (os error 2)
[INFO] [stdout] stack backtrace:
[INFO] [stdout]    0:     0x5c81565d4661 - <<std[70759c8f55707aa4]::sys::backtrace::BacktraceLock>::print::DisplayBacktrace as core[df12db4294e9bfd3]::fmt::Display>::fmt
[INFO] [stdout]    1:     0x5c81565ebfba - core[df12db4294e9bfd3]::fmt::write
[INFO] [stdout]    2:     0x5c81565d95bc - <alloc[2182bb758b4b3781]::vec::Vec<u8> as core[df12db4294e9bfd3]::io::write::Write>::write_fmt
[INFO] [stdout]    3:     0x5c81565acbe6 - std[70759c8f55707aa4]::panicking::default_hook::{closure#0}
[INFO] [stdout]    4:     0x5c81565cadc9 - std[70759c8f55707aa4]::panicking::default_hook
[INFO] [stdout]    5:     0x5c81563f69c0 - test[9d35eded1c95d3be]::test_main_inner::<test[9d35eded1c95d3be]::test_main_static::{closure#0}>::{closure#0}
[INFO] [stdout]    6:     0x5c81565caf82 - std[70759c8f55707aa4]::panicking::panic_with_hook
[INFO] [stdout]    7:     0x5c81565acc92 - std[70759c8f55707aa4]::panicking::panic_handler::{closure#0}
[INFO] [stdout]    8:     0x5c81565a5469 - std[70759c8f55707aa4]::sys::backtrace::__rust_end_short_backtrace::<std[70759c8f55707aa4]::panicking::panic_handler::{closure#0}, !>
[INFO] [stdout]    9:     0x5c81565adb2d - __rustc[8fa7c3cbc660c2b3]::rust_begin_unwind
[INFO] [stdout]   10:     0x5c81565ec71c - core[df12db4294e9bfd3]::panicking::panic_fmt
[INFO] [stdout]   11:     0x5c81563577aa - exarch_core[680b2bd39e654427]::formats::sevenz::tests::load_fixture::{closure#0}
[INFO] [stdout]   12:     0x5c81563671af - exarch_core[680b2bd39e654427]::formats::sevenz::tests::load_fixture
[INFO] [stdout]   13:     0x5c815636b6ba - exarch_core[680b2bd39e654427]::formats::sevenz::tests::test_solid_archive_rejected_by_default
[INFO] [stdout]   14:     0x5c81561d2f09 - <exarch_core[680b2bd39e654427]::formats::sevenz::tests::test_solid_archive_rejected_by_default::{closure#0} as core[df12db4294e9bfd3]::ops::function::FnOnce<()>>::call_once
[INFO] [stdout]   15:     0x5c81563e9cab - test[9d35eded1c95d3be]::__rust_begin_short_backtrace::<core[df12db4294e9bfd3]::result::Result<(), alloc[2182bb758b4b3781]::string::String>, fn() -> core[df12db4294e9bfd3]::result::Result<(), alloc[2182bb758b4b3781]::string::String>>
[INFO] [stdout]   16:     0x5c81563f7315 - test[9d35eded1c95d3be]::run_test::{closure#0}
[INFO] [stdout]   17:     0x5c81563f0bd4 - std[70759c8f55707aa4]::sys::backtrace::__rust_begin_short_backtrace::<test[9d35eded1c95d3be]::run_test::{closure#1}, ()>
[INFO] [stdout]   18:     0x5c81563fa472 - <std[70759c8f55707aa4]::thread::lifecycle::spawn_unchecked<test[9d35eded1c95d3be]::run_test::{closure#1}, ()>::{closure#1} as core[df12db4294e9bfd3]::ops::function::FnOnce<()>>::call_once::{shim:vtable#0}
[INFO] [stdout]   19:     0x5c81565d35f9 - <std[70759c8f55707aa4]::sys::thread::unix::Thread>::new::thread_start
[INFO] [stdout]   20:     0x75368de45dfa - <unknown>
[INFO] [stdout]   21:     0x75368ded93d4 - clone
[INFO] [stdout]   22:                0x0 - <unknown>
[INFO] [stdout] 
[INFO] [stdout] ---- formats::sevenz::tests::test_solid_archive_rejected_error_message stdout ----
[INFO] [stdout] 
[INFO] [stdout] thread 'formats::sevenz::tests::test_solid_archive_rejected_error_message' (2435) panicked at src/formats/sevenz.rs:1253:13:
[INFO] [stdout] Failed to load fixture solid.7z. Run tests/fixtures/generate_7z_fixtures.sh first. Error: No such file or directory (os error 2)
[INFO] [stdout] stack backtrace:
[INFO] [stdout]    0:     0x5c81565d4661 - <<std[70759c8f55707aa4]::sys::backtrace::BacktraceLock>::print::DisplayBacktrace as core[df12db4294e9bfd3]::fmt::Display>::fmt
[INFO] [stdout]    1:     0x5c81565ebfba - core[df12db4294e9bfd3]::fmt::write
[INFO] [stdout]    2:     0x5c81565d95bc - <alloc[2182bb758b4b3781]::vec::Vec<u8> as core[df12db4294e9bfd3]::io::write::Write>::write_fmt
[INFO] [stdout]    3:     0x5c81565acbe6 - std[70759c8f55707aa4]::panicking::default_hook::{closure#0}
[INFO] [stdout]    4:     0x5c81565cadc9 - std[70759c8f55707aa4]::panicking::default_hook
[INFO] [stdout]    5:     0x5c81563f69c0 - test[9d35eded1c95d3be]::test_main_inner::<test[9d35eded1c95d3be]::test_main_static::{closure#0}>::{closure#0}
[INFO] [stdout]    6:     0x5c81565caf82 - std[70759c8f55707aa4]::panicking::panic_with_hook
[INFO] [stdout]    7:     0x5c81565acc92 - std[70759c8f55707aa4]::panicking::panic_handler::{closure#0}
[INFO] [stdout]    8:     0x5c81565a5469 - std[70759c8f55707aa4]::sys::backtrace::__rust_end_short_backtrace::<std[70759c8f55707aa4]::panicking::panic_handler::{closure#0}, !>
[INFO] [stdout]    9:     0x5c81565adb2d - __rustc[8fa7c3cbc660c2b3]::rust_begin_unwind
[INFO] [stdout]   10:     0x5c81565ec71c - core[df12db4294e9bfd3]::panicking::panic_fmt
[INFO] [stdout]   11:     0x5c81563577aa - exarch_core[680b2bd39e654427]::formats::sevenz::tests::load_fixture::{closure#0}
[INFO] [stdout]   12:     0x5c81563671af - exarch_core[680b2bd39e654427]::formats::sevenz::tests::load_fixture
[INFO] [stdout]   13:     0x5c815636d5aa - exarch_core[680b2bd39e654427]::formats::sevenz::tests::test_solid_archive_rejected_error_message
[INFO] [stdout]   14:     0x5c81561d2fe9 - <exarch_core[680b2bd39e654427]::formats::sevenz::tests::test_solid_archive_rejected_error_message::{closure#0} as core[df12db4294e9bfd3]::ops::function::FnOnce<()>>::call_once
[INFO] [stdout]   15:     0x5c81563e9cab - test[9d35eded1c95d3be]::__rust_begin_short_backtrace::<core[df12db4294e9bfd3]::result::Result<(), alloc[2182bb758b4b3781]::string::String>, fn() -> core[df12db4294e9bfd3]::result::Result<(), alloc[2182bb758b4b3781]::string::String>>
[INFO] [stdout]   16:     0x5c81563f7315 - test[9d35eded1c95d3be]::run_test::{closure#0}
[INFO] [stdout]   17:     0x5c81563f0bd4 - std[70759c8f55707aa4]::sys::backtrace::__rust_begin_short_backtrace::<test[9d35eded1c95d3be]::run_test::{closure#1}, ()>
[INFO] [stdout]   18:     0x5c81563fa472 - <std[70759c8f55707aa4]::thread::lifecycle::spawn_unchecked<test[9d35eded1c95d3be]::run_test::{closure#1}, ()>::{closure#1} as core[df12db4294e9bfd3]::ops::function::FnOnce<()>>::call_once::{shim:vtable#0}
[INFO] [stdout]   19:     0x5c81565d35f9 - <std[70759c8f55707aa4]::sys::thread::unix::Thread>::new::thread_start
[INFO] [stdout]   20:     0x75368de45dfa - <unknown>
[INFO] [stdout]   21:     0x75368ded93d4 - clone
[INFO] [stdout]   22:                0x0 - <unknown>
[INFO] [stdout] 
[INFO] [stdout] ---- formats::sevenz::tests::test_verify_clean_sevenz_is_safe stdout ----
[INFO] [stdout] 
[INFO] [stdout] thread 'formats::sevenz::tests::test_verify_clean_sevenz_is_safe' (2437) panicked at src/formats/sevenz.rs:1253:13:
[INFO] [stdout] Failed to load fixture simple.7z. Run tests/fixtures/generate_7z_fixtures.sh first. Error: No such file or directory (os error 2)
[INFO] [stdout] stack backtrace:
[INFO] [stdout]    0:     0x5c81565d4661 - <<std[70759c8f55707aa4]::sys::backtrace::BacktraceLock>::print::DisplayBacktrace as core[df12db4294e9bfd3]::fmt::Display>::fmt
[INFO] [stdout]    1:     0x5c81565ebfba - core[df12db4294e9bfd3]::fmt::write
[INFO] [stdout]    2:     0x5c81565d95bc - <alloc[2182bb758b4b3781]::vec::Vec<u8> as core[df12db4294e9bfd3]::io::write::Write>::write_fmt
[INFO] [stdout]    3:     0x5c81565acbe6 - std[70759c8f55707aa4]::panicking::default_hook::{closure#0}
[INFO] [stdout]    4:     0x5c81565cadc9 - std[70759c8f55707aa4]::panicking::default_hook
[INFO] [stdout]    5:     0x5c81563f69c0 - test[9d35eded1c95d3be]::test_main_inner::<test[9d35eded1c95d3be]::test_main_static::{closure#0}>::{closure#0}
[INFO] [stdout]    6:     0x5c81565caf82 - std[70759c8f55707aa4]::panicking::panic_with_hook
[INFO] [stdout]    7:     0x5c81565acc92 - std[70759c8f55707aa4]::panicking::panic_handler::{closure#0}
[INFO] [stdout]    8:     0x5c81565a5469 - std[70759c8f55707aa4]::sys::backtrace::__rust_end_short_backtrace::<std[70759c8f55707aa4]::panicking::panic_handler::{closure#0}, !>
[INFO] [stdout]    9:     0x5c81565adb2d - __rustc[8fa7c3cbc660c2b3]::rust_begin_unwind
[INFO] [stdout]   10:     0x5c81565ec71c - core[df12db4294e9bfd3]::panicking::panic_fmt
[INFO] [stdout]   11:     0x5c81563577aa - exarch_core[680b2bd39e654427]::formats::sevenz::tests::load_fixture::{closure#0}
[INFO] [stdout]   12:     0x5c81563671af - exarch_core[680b2bd39e654427]::formats::sevenz::tests::load_fixture
[INFO] [stdout]   13:     0x5c815636a77a - exarch_core[680b2bd39e654427]::formats::sevenz::tests::test_verify_clean_sevenz_is_safe
[INFO] [stdout]   14:     0x5c81561d2de9 - <exarch_core[680b2bd39e654427]::formats::sevenz::tests::test_verify_clean_sevenz_is_safe::{closure#0} as core[df12db4294e9bfd3]::ops::function::FnOnce<()>>::call_once
[INFO] [stdout]   15:     0x5c81563e9cab - test[9d35eded1c95d3be]::__rust_begin_short_backtrace::<core[df12db4294e9bfd3]::result::Result<(), alloc[2182bb758b4b3781]::string::String>, fn() -> core[df12db4294e9bfd3]::result::Result<(), alloc[2182bb758b4b3781]::string::String>>
[INFO] [stdout]   16:     0x5c81563f7315 - test[9d35eded1c95d3be]::run_test::{closure#0}
[INFO] [stdout]   17:     0x5c81563f0bd4 - std[70759c8f55707aa4]::sys::backtrace::__rust_begin_short_backtrace::<test[9d35eded1c95d3be]::run_test::{closure#1}, ()>
[INFO] [stdout]   18:     0x5c81563fa472 - <std[70759c8f55707aa4]::thread::lifecycle::spawn_unchecked<test[9d35eded1c95d3be]::run_test::{closure#1}, ()>::{closure#1} as core[df12db4294e9bfd3]::ops::function::FnOnce<()>>::call_once::{shim:vtable#0}
[INFO] [stdout]   19:     0x5c81565d35f9 - <std[70759c8f55707aa4]::sys::thread::unix::Thread>::new::thread_start
[INFO] [stdout]   20:     0x75368de45dfa - <unknown>
[INFO] [stdout]   21:     0x75368ded93d4 - clone
[INFO] [stdout]   22:                0x0 - <unknown>
[INFO] [stdout] 
[INFO] [stdout] ---- inspection::list::tests::test_list_sevenz_empty stdout ----
[INFO] [stdout] 
[INFO] [stdout] thread 'inspection::list::tests::test_list_sevenz_empty' (2604) panicked at src/inspection/list.rs:1606:52:
[INFO] [stdout] called `Result::unwrap()` on an `Err` value: Io(Os { code: 2, kind: NotFound, message: "No such file or directory" })
[INFO] [stdout] stack backtrace:
[INFO] [stdout]    0:     0x5c81565d4661 - <<std[70759c8f55707aa4]::sys::backtrace::BacktraceLock>::print::DisplayBacktrace as core[df12db4294e9bfd3]::fmt::Display>::fmt
[INFO] [stdout]    1:     0x5c81565ebfba - core[df12db4294e9bfd3]::fmt::write
[INFO] [stdout]    2:     0x5c81565d95bc - <alloc[2182bb758b4b3781]::vec::Vec<u8> as core[df12db4294e9bfd3]::io::write::Write>::write_fmt
[INFO] [stdout]    3:     0x5c81565acbe6 - std[70759c8f55707aa4]::panicking::default_hook::{closure#0}
[INFO] [stdout]    4:     0x5c81565cadc9 - std[70759c8f55707aa4]::panicking::default_hook
[INFO] [stdout]    5:     0x5c81563f69c0 - test[9d35eded1c95d3be]::test_main_inner::<test[9d35eded1c95d3be]::test_main_static::{closure#0}>::{closure#0}
[INFO] [stdout]    6:     0x5c81565caf82 - std[70759c8f55707aa4]::panicking::panic_with_hook
[INFO] [stdout]    7:     0x5c81565acc92 - std[70759c8f55707aa4]::panicking::panic_handler::{closure#0}
[INFO] [stdout]    8:     0x5c81565a5469 - std[70759c8f55707aa4]::sys::backtrace::__rust_end_short_backtrace::<std[70759c8f55707aa4]::panicking::panic_handler::{closure#0}, !>
[INFO] [stdout]    9:     0x5c81565adb2d - __rustc[8fa7c3cbc660c2b3]::rust_begin_unwind
[INFO] [stdout]   10:     0x5c81565ec71c - core[df12db4294e9bfd3]::panicking::panic_fmt
[INFO] [stdout]   11:     0x5c81565ec4f2 - core[df12db4294e9bfd3]::result::unwrap_failed
[INFO] [stdout]   12:     0x5c8156243f43 - exarch_core[680b2bd39e654427]::inspection::list::tests::test_list_sevenz_empty
[INFO] [stdout]   13:     0x5c81561c9159 - <exarch_core[680b2bd39e654427]::inspection::list::tests::test_list_sevenz_empty::{closure#0} as core[df12db4294e9bfd3]::ops::function::FnOnce<()>>::call_once
[INFO] [stdout]   14:     0x5c81563e9cab - test[9d35eded1c95d3be]::__rust_begin_short_backtrace::<core[df12db4294e9bfd3]::result::Result<(), alloc[2182bb758b4b3781]::string::String>, fn() -> core[df12db4294e9bfd3]::result::Result<(), alloc[2182bb758b4b3781]::string::String>>
[INFO] [stdout]   15:     0x5c81563f7315 - test[9d35eded1c95d3be]::run_test::{closure#0}
[INFO] [stdout]   16:     0x5c81563f0bd4 - std[70759c8f55707aa4]::sys::backtrace::__rust_begin_short_backtrace::<test[9d35eded1c95d3be]::run_test::{closure#1}, ()>
[INFO] [stdout]   17:     0x5c81563fa472 - <std[70759c8f55707aa4]::thread::lifecycle::spawn_unchecked<test[9d35eded1c95d3be]::run_test::{closure#1}, ()>::{closure#1} as core[df12db4294e9bfd3]::ops::function::FnOnce<()>>::call_once::{shim:vtable#0}
[INFO] [stdout]   18:     0x5c81565d35f9 - <std[70759c8f55707aa4]::sys::thread::unix::Thread>::new::thread_start
[INFO] [stdout]   19:     0x75368de45dfa - <unknown>
[INFO] [stdout]   20:     0x75368ded93d4 - clone
[INFO] [stdout]   21:                0x0 - <unknown>
[INFO] [stdout] 
[INFO] [stdout] ---- inspection::list::tests::test_list_sevenz_encrypted_rejected stdout ----
[INFO] [stdout] 
[INFO] [stdout] thread 'inspection::list::tests::test_list_sevenz_encrypted_rejected' (2605) panicked at src/inspection/list.rs:1634:9:
[INFO] [stdout] error should mention encryption, got: i/o error: no such file or directory (os error 2)
[INFO] [stdout] stack backtrace:
[INFO] [stdout]    0:     0x5c81565d4661 - <<std[70759c8f55707aa4]::sys::backtrace::BacktraceLock>::print::DisplayBacktrace as core[df12db4294e9bfd3]::fmt::Display>::fmt
[INFO] [stdout]    1:     0x5c81565ebfba - core[df12db4294e9bfd3]::fmt::write
[INFO] [stdout]    2:     0x5c81565d95bc - <alloc[2182bb758b4b3781]::vec::Vec<u8> as core[df12db4294e9bfd3]::io::write::Write>::write_fmt
[INFO] [stdout]    3:     0x5c81565acbe6 - std[70759c8f55707aa4]::panicking::default_hook::{closure#0}
[INFO] [stdout]    4:     0x5c81565cadc9 - std[70759c8f55707aa4]::panicking::default_hook
[INFO] [stdout]    5:     0x5c81563f69c0 - test[9d35eded1c95d3be]::test_main_inner::<test[9d35eded1c95d3be]::test_main_static::{closure#0}>::{closure#0}
[INFO] [stdout]    6:     0x5c81565caf82 - std[70759c8f55707aa4]::panicking::panic_with_hook
[INFO] [stdout]    7:     0x5c81565acc92 - std[70759c8f55707aa4]::panicking::panic_handler::{closure#0}
[INFO] [stdout]    8:     0x5c81565a5469 - std[70759c8f55707aa4]::sys::backtrace::__rust_end_short_backtrace::<std[70759c8f55707aa4]::panicking::panic_handler::{closure#0}, !>
[INFO] [stdout]    9:     0x5c81565adb2d - __rustc[8fa7c3cbc660c2b3]::rust_begin_unwind
[INFO] [stdout]   10:     0x5c81565ec71c - core[df12db4294e9bfd3]::panicking::panic_fmt
[INFO] [stdout]   11:     0x5c815624be52 - exarch_core[680b2bd39e654427]::inspection::list::tests::test_list_sevenz_encrypted_rejected
[INFO] [stdout]   12:     0x5c81561c9439 - <exarch_core[680b2bd39e654427]::inspection::list::tests::test_list_sevenz_encrypted_rejected::{closure#0} as core[df12db4294e9bfd3]::ops::function::FnOnce<()>>::call_once
[INFO] [stdout]   13:     0x5c81563e9cab - test[9d35eded1c95d3be]::__rust_begin_short_backtrace::<core[df12db4294e9bfd3]::result::Result<(), alloc[2182bb758b4b3781]::string::String>, fn() -> core[df12db4294e9bfd3]::result::Result<(), alloc[2182bb758b4b3781]::string::String>>
[INFO] [stdout]   14:     0x5c81563f7315 - test[9d35eded1c95d3be]::run_test::{closure#0}
[INFO] [stdout]   15:     0x5c81563f0bd4 - std[70759c8f55707aa4]::sys::backtrace::__rust_begin_short_backtrace::<test[9d35eded1c95d3be]::run_test::{closure#1}, ()>
[INFO] [stdout]   16:     0x5c81563fa472 - <std[70759c8f55707aa4]::thread::lifecycle::spawn_unchecked<test[9d35eded1c95d3be]::run_test::{closure#1}, ()>::{closure#1} as core[df12db4294e9bfd3]::ops::function::FnOnce<()>>::call_once::{shim:vtable#0}
[INFO] [stdout]   17:     0x5c81565d35f9 - <std[70759c8f55707aa4]::sys::thread::unix::Thread>::new::thread_start
[INFO] [stdout]   18:     0x75368de45dfa - <unknown>
[INFO] [stdout]   19:     0x75368ded93d4 - clone
[INFO] [stdout]   20:                0x0 - <unknown>
[INFO] [stdout] 
[INFO] [stdout] ---- inspection::list::tests::test_list_sevenz_format_field stdout ----
[INFO] [stdout] 
[INFO] [stdout] thread 'inspection::list::tests::test_list_sevenz_format_field' (2606) panicked at src/inspection/list.rs:1666:52:
[INFO] [stdout] called `Result::unwrap()` on an `Err` value: Io(Os { code: 2, kind: NotFound, message: "No such file or directory" })
[INFO] [stdout] stack backtrace:
[INFO] [stdout]    0:     0x5c81565d4661 - <<std[70759c8f55707aa4]::sys::backtrace::BacktraceLock>::print::DisplayBacktrace as core[df12db4294e9bfd3]::fmt::Display>::fmt
[INFO] [stdout]    1:     0x5c81565ebfba - core[df12db4294e9bfd3]::fmt::write
[INFO] [stdout]    2:     0x5c81565d95bc - <alloc[2182bb758b4b3781]::vec::Vec<u8> as core[df12db4294e9bfd3]::io::write::Write>::write_fmt
[INFO] [stdout]    3:     0x5c81565acbe6 - std[70759c8f55707aa4]::panicking::default_hook::{closure#0}
[INFO] [stdout]    4:     0x5c81565cadc9 - std[70759c8f55707aa4]::panicking::default_hook
[INFO] [stdout]    5:     0x5c81563f69c0 - test[9d35eded1c95d3be]::test_main_inner::<test[9d35eded1c95d3be]::test_main_static::{closure#0}>::{closure#0}
[INFO] [stdout]    6:     0x5c81565caf82 - std[70759c8f55707aa4]::panicking::panic_with_hook
[INFO] [stdout]    7:     0x5c81565acc92 - std[70759c8f55707aa4]::panicking::panic_handler::{closure#0}
[INFO] [stdout]    8:     0x5c81565a5469 - std[70759c8f55707aa4]::sys::backtrace::__rust_end_short_backtrace::<std[70759c8f55707aa4]::panicking::panic_handler::{closure#0}, !>
[INFO] [stdout]    9:     0x5c81565adb2d - __rustc[8fa7c3cbc660c2b3]::rust_begin_unwind
[INFO] [stdout]   10:     0x5c81565ec71c - core[df12db4294e9bfd3]::panicking::panic_fmt
[INFO] [stdout]   11:     0x5c81565ec4f2 - core[df12db4294e9bfd3]::result::unwrap_failed
[INFO] [stdout]   12:     0x5c8156247b56 - exarch_core[680b2bd39e654427]::inspection::list::tests::test_list_sevenz_format_field
[INFO] [stdout]   13:     0x5c81561c92d9 - <exarch_core[680b2bd39e654427]::inspection::list::tests::test_list_sevenz_format_field::{closure#0} as core[df12db4294e9bfd3]::ops::function::FnOnce<()>>::call_once
[INFO] [stdout]   14:     0x5c81563e9cab - test[9d35eded1c95d3be]::__rust_begin_short_backtrace::<core[df12db4294e9bfd3]::result::Result<(), alloc[2182bb758b4b3781]::string::String>, fn() -> core[df12db4294e9bfd3]::result::Result<(), alloc[2182bb758b4b3781]::string::String>>
[INFO] [stdout]   15:     0x5c81563f7315 - test[9d35eded1c95d3be]::run_test::{closure#0}
[INFO] [stdout]   16:     0x5c81563f0bd4 - std[70759c8f55707aa4]::sys::backtrace::__rust_begin_short_backtrace::<test[9d35eded1c95d3be]::run_test::{closure#1}, ()>
[INFO] [stdout]   17:     0x5c81563fa472 - <std[70759c8f55707aa4]::thread::lifecycle::spawn_unchecked<test[9d35eded1c95d3be]::run_test::{closure#1}, ()>::{closure#1} as core[df12db4294e9bfd3]::ops::function::FnOnce<()>>::call_once::{shim:vtable#0}
[INFO] [stdout]   18:     0x5c81565d35f9 - <std[70759c8f55707aa4]::sys::thread::unix::Thread>::new::thread_start
[INFO] [stdout]   19:     0x75368de45dfa - <unknown>
[INFO] [stdout]   20:     0x75368ded93d4 - clone
[INFO] [stdout]   21:                0x0 - <unknown>
[INFO] [stdout] 
[INFO] [stdout] ---- inspection::list::tests::test_list_sevenz_hardlink_reported_as_file stdout ----
[INFO] [stdout] 
[INFO] [stdout] thread 'inspection::list::tests::test_list_sevenz_hardlink_reported_as_file' (2607) panicked at src/inspection/list.rs:1801:52:
[INFO] [stdout] called `Result::unwrap()` on an `Err` value: Io(Os { code: 2, kind: NotFound, message: "No such file or directory" })
[INFO] [stdout] stack backtrace:
[INFO] [stdout]    0:     0x5c81565d4661 - <<std[70759c8f55707aa4]::sys::backtrace::BacktraceLock>::print::DisplayBacktrace as core[df12db4294e9bfd3]::fmt::Display>::fmt
[INFO] [stdout]    1:     0x5c81565ebfba - core[df12db4294e9bfd3]::fmt::write
[INFO] [stdout]    2:     0x5c81565d95bc - <alloc[2182bb758b4b3781]::vec::Vec<u8> as core[df12db4294e9bfd3]::io::write::Write>::write_fmt
[INFO] [stdout]    3:     0x5c81565acbe6 - std[70759c8f55707aa4]::panicking::default_hook::{closure#0}
[INFO] [stdout]    4:     0x5c81565cadc9 - std[70759c8f55707aa4]::panicking::default_hook
[INFO] [stdout]    5:     0x5c81563f69c0 - test[9d35eded1c95d3be]::test_main_inner::<test[9d35eded1c95d3be]::test_main_static::{closure#0}>::{closure#0}
[INFO] [stdout]    6:     0x5c81565caf82 - std[70759c8f55707aa4]::panicking::panic_with_hook
[INFO] [stdout]    7:     0x5c81565acc92 - std[70759c8f55707aa4]::panicking::panic_handler::{closure#0}
[INFO] [stdout]    8:     0x5c81565a5469 - std[70759c8f55707aa4]::sys::backtrace::__rust_end_short_backtrace::<std[70759c8f55707aa4]::panicking::panic_handler::{closure#0}, !>
[INFO] [stdout]    9:     0x5c81565adb2d - __rustc[8fa7c3cbc660c2b3]::rust_begin_unwind
[INFO] [stdout]   10:     0x5c81565ec71c - core[df12db4294e9bfd3]::panicking::panic_fmt
[INFO] [stdout]   11:     0x5c81565ec4f2 - core[df12db4294e9bfd3]::result::unwrap_failed
[INFO] [stdout]   12:     0x5c815625038e - exarch_core[680b2bd39e654427]::inspection::list::tests::test_list_sevenz_hardlink_reported_as_file
[INFO] [stdout]   13:     0x5c81561c9669 - <exarch_core[680b2bd39e654427]::inspection::list::tests::test_list_sevenz_hardlink_reported_as_file::{closure#0} as core[df12db4294e9bfd3]::ops::function::FnOnce<()>>::call_once
[INFO] [stdout]   14:     0x5c81563e9cab - test[9d35eded1c95d3be]::__rust_begin_short_backtrace::<core[df12db4294e9bfd3]::result::Result<(), alloc[2182bb758b4b3781]::string::String>, fn() -> core[df12db4294e9bfd3]::result::Result<(), alloc[2182bb758b4b3781]::string::String>>
[INFO] [stdout]   15:     0x5c81563f7315 - test[9d35eded1c95d3be]::run_test::{closure#0}
[INFO] [stdout]   16:     0x5c81563f0bd4 - std[70759c8f55707aa4]::sys::backtrace::__rust_begin_short_backtrace::<test[9d35eded1c95d3be]::run_test::{closure#1}, ()>
[INFO] [stdout]   17:     0x5c81563fa472 - <std[70759c8f55707aa4]::thread::lifecycle::spawn_unchecked<test[9d35eded1c95d3be]::run_test::{closure#1}, ()>::{closure#1} as core[df12db4294e9bfd3]::ops::function::FnOnce<()>>::call_once::{shim:vtable#0}
[INFO] [stdout]   18:     0x5c81565d35f9 - <std[70759c8f55707aa4]::sys::thread::unix::Thread>::new::thread_start
[INFO] [stdout]   19:     0x75368de45dfa - <unknown>
[INFO] [stdout]   20:     0x75368ded93d4 - clone
[INFO] [stdout]   21:                0x0 - <unknown>
[INFO] [stdout] 
[INFO] [stdout] ---- inspection::list::tests::test_list_sevenz_nested_dirs stdout ----
[INFO] [stdout] 
[INFO] [stdout] thread 'inspection::list::tests::test_list_sevenz_nested_dirs' (2608) panicked at src/inspection/list.rs:1618:52:
[INFO] [stdout] called `Result::unwrap()` on an `Err` value: Io(Os { code: 2, kind: NotFound, message: "No such file or directory" })
[INFO] [stdout] stack backtrace:
[INFO] [stdout]    0:     0x5c81565d4661 - <<std[70759c8f55707aa4]::sys::backtrace::BacktraceLock>::print::DisplayBacktrace as core[df12db4294e9bfd3]::fmt::Display>::fmt
[INFO] [stdout]    1:     0x5c81565ebfba - core[df12db4294e9bfd3]::fmt::write
[INFO] [stdout]    2:     0x5c81565d95bc - <alloc[2182bb758b4b3781]::vec::Vec<u8> as core[df12db4294e9bfd3]::io::write::Write>::write_fmt
[INFO] [stdout]    3:     0x5c81565acbe6 - std[70759c8f55707aa4]::panicking::default_hook::{closure#0}
[INFO] [stdout]    4:     0x5c81565cadc9 - std[70759c8f55707aa4]::panicking::default_hook
[INFO] [stdout]    5:     0x5c81563f69c0 - test[9d35eded1c95d3be]::test_main_inner::<test[9d35eded1c95d3be]::test_main_static::{closure#0}>::{closure#0}
[INFO] [stdout]    6:     0x5c81565caf82 - std[70759c8f55707aa4]::panicking::panic_with_hook
[INFO] [stdout]    7:     0x5c81565acc92 - std[70759c8f55707aa4]::panicking::panic_handler::{closure#0}
[INFO] [stdout]    8:     0x5c81565a5469 - std[70759c8f55707aa4]::sys::backtrace::__rust_end_short_backtrace::<std[70759c8f55707aa4]::panicking::panic_handler::{closure#0}, !>
[INFO] [stdout]    9:     0x5c81565adb2d - __rustc[8fa7c3cbc660c2b3]::rust_begin_unwind
[INFO] [stdout]   10:     0x5c81565ec71c - core[df12db4294e9bfd3]::panicking::panic_fmt
[INFO] [stdout]   11:     0x5c81565ec4f2 - core[df12db4294e9bfd3]::result::unwrap_failed
[INFO] [stdout]   12:     0x5c81562473d6 - exarch_core[680b2bd39e654427]::inspection::list::tests::test_list_sevenz_nested_dirs
[INFO] [stdout]   13:     0x5c81561c9299 - <exarch_core[680b2bd39e654427]::inspection::list::tests::test_list_sevenz_nested_dirs::{closure#0} as core[df12db4294e9bfd3]::ops::function::FnOnce<()>>::call_once
[INFO] [stdout]   14:     0x5c81563e9cab - test[9d35eded1c95d3be]::__rust_begin_short_backtrace::<core[df12db4294e9bfd3]::result::Result<(), alloc[2182bb758b4b3781]::string::String>, fn() -> core[df12db4294e9bfd3]::result::Result<(), alloc[2182bb758b4b3781]::string::String>>
[INFO] [stdout]   15:     0x5c81563f7315 - test[9d35eded1c95d3be]::run_test::{closure#0}
[INFO] [stdout]   16:     0x5c81563f0bd4 - std[70759c8f55707aa4]::sys::backtrace::__rust_begin_short_backtrace::<test[9d35eded1c95d3be]::run_test::{closure#1}, ()>
[INFO] [stdout]   17:     0x5c81563fa472 - <std[70759c8f55707aa4]::thread::lifecycle::spawn_unchecked<test[9d35eded1c95d3be]::run_test::{closure#1}, ()>::{closure#1} as core[df12db4294e9bfd3]::ops::function::FnOnce<()>>::call_once::{shim:vtable#0}
[INFO] [stdout]   18:     0x5c81565d35f9 - <std[70759c8f55707aa4]::sys::thread::unix::Thread>::new::thread_start
[INFO] [stdout]   19:     0x75368de45dfa - <unknown>
[INFO] [stdout]   20:     0x75368ded93d4 - clone
[INFO] [stdout]   21:                0x0 - <unknown>
[INFO] [stdout] 
[INFO] [stdout] ---- inspection::list::tests::test_list_sevenz_simple stdout ----
[INFO] [stdout] 
[INFO] [stdout] thread 'inspection::list::tests::test_list_sevenz_simple' (2613) panicked at src/inspection/list.rs:1595:52:
[INFO] [stdout] called `Result::unwrap()` on an `Err` value: Io(Os { code: 2, kind: NotFound, message: "No such file or directory" })
[INFO] [stdout] stack backtrace:
[INFO] [stdout]    0:     0x5c81565d4661 - <<std[70759c8f55707aa4]::sys::backtrace::BacktraceLock>::print::DisplayBacktrace as core[df12db4294e9bfd3]::fmt::Display>::fmt
[INFO] [stdout]    1:     0x5c81565ebfba - core[df12db4294e9bfd3]::fmt::write
[INFO] [stdout]    2:     0x5c81565d95bc - <alloc[2182bb758b4b3781]::vec::Vec<u8> as core[df12db4294e9bfd3]::io::write::Write>::write_fmt
[INFO] [stdout]    3:     0x5c81565acbe6 - std[70759c8f55707aa4]::panicking::default_hook::{closure#0}
[INFO] [stdout]    4:     0x5c81565cadc9 - std[70759c8f55707aa4]::panicking::default_hook
[INFO] [stdout]    5:     0x5c81563f69c0 - test[9d35eded1c95d3be]::test_main_inner::<test[9d35eded1c95d3be]::test_main_static::{closure#0}>::{closure#0}
[INFO] [stdout]    6:     0x5c81565caf82 - std[70759c8f55707aa4]::panicking::panic_with_hook
[INFO] [stdout]    7:     0x5c81565acc92 - std[70759c8f55707aa4]::panicking::panic_handler::{closure#0}
[INFO] [stdout]    8:     0x5c81565a5469 - std[70759c8f55707aa4]::sys::backtrace::__rust_end_short_backtrace::<std[70759c8f55707aa4]::panicking::panic_handler::{closure#0}, !>
[INFO] [stdout]    9:     0x5c81565adb2d - __rustc[8fa7c3cbc660c2b3]::rust_begin_unwind
[INFO] [stdout]   10:     0x5c81565ec71c - core[df12db4294e9bfd3]::panicking::panic_fmt
[INFO] [stdout]   11:     0x5c81565ec4f2 - core[df12db4294e9bfd3]::result::unwrap_failed
[INFO] [stdout]   12:     0x5c8156244493 - exarch_core[680b2bd39e654427]::inspection::list::tests::test_list_sevenz_simple
[INFO] [stdout]   13:     0x5c81561c9199 - <exarch_core[680b2bd39e654427]::inspection::list::tests::test_list_sevenz_simple::{closure#0} as core[df12db4294e9bfd3]::ops::function::FnOnce<()>>::call_once
[INFO] [stdout]   14:     0x5c81563e9cab - test[9d35eded1c95d3be]::__rust_begin_short_backtrace::<core[df12db4294e9bfd3]::result::Result<(), alloc[2182bb758b4b3781]::string::String>, fn() -> core[df12db4294e9bfd3]::result::Result<(), alloc[2182bb758b4b3781]::string::String>>
[INFO] [stdout]   15:     0x5c81563f7315 - test[9d35eded1c95d3be]::run_test::{closure#0}
[INFO] [stdout]   16:     0x5c81563f0bd4 - std[70759c8f55707aa4]::sys::backtrace::__rust_begin_short_backtrace::<test[9d35eded1c95d3be]::run_test::{closure#1}, ()>
[INFO] [stdout]   17:     0x5c81563fa472 - <std[70759c8f55707aa4]::thread::lifecycle::spawn_unchecked<test[9d35eded1c95d3be]::run_test::{closure#1}, ()>::{closure#1} as core[df12db4294e9bfd3]::ops::function::FnOnce<()>>::call_once::{shim:vtable#0}
[INFO] [stdout]   18:     0x5c81565d35f9 - <std[70759c8f55707aa4]::sys::thread::unix::Thread>::new::thread_start
[INFO] [stdout]   19:     0x75368de45dfa - <unknown>
[INFO] [stdout]   20:     0x75368ded93d4 - clone
[INFO] [stdout]   21:                0x0 - <unknown>
[INFO] [stdout] 
[INFO] [stdout] ---- inspection::list::tests::test_list_sevenz_solid stdout ----
[INFO] [stdout] 
[INFO] [stdout] thread 'inspection::list::tests::test_list_sevenz_solid' (2614) panicked at src/inspection/list.rs:1646:52:
[INFO] [stdout] called `Result::unwrap()` on an `Err` value: Io(Os { code: 2, kind: NotFound, message: "No such file or directory" })
[INFO] [stdout] stack backtrace:
[INFO] [stdout]    0:     0x5c81565d4661 - <<std[70759c8f55707aa4]::sys::backtrace::BacktraceLock>::print::DisplayBacktrace as core[df12db4294e9bfd3]::fmt::Display>::fmt
[INFO] [stdout]    1:     0x5c81565ebfba - core[df12db4294e9bfd3]::fmt::write
[INFO] [stdout]    2:     0x5c81565d95bc - <alloc[2182bb758b4b3781]::vec::Vec<u8> as core[df12db4294e9bfd3]::io::write::Write>::write_fmt
[INFO] [stdout]    3:     0x5c81565acbe6 - std[70759c8f55707aa4]::panicking::default_hook::{closure#0}
[INFO] [stdout]    4:     0x5c81565cadc9 - std[70759c8f55707aa4]::panicking::default_hook
[INFO] [stdout]    5:     0x5c81563f69c0 - test[9d35eded1c95d3be]::test_main_inner::<test[9d35eded1c95d3be]::test_main_static::{closure#0}>::{closure#0}
[INFO] [stdout]    6:     0x5c81565caf82 - std[70759c8f55707aa4]::panicking::panic_with_hook
[INFO] [stdout]    7:     0x5c81565acc92 - std[70759c8f55707aa4]::panicking::panic_handler::{closure#0}
[INFO] [stdout]    8:     0x5c81565a5469 - std[70759c8f55707aa4]::sys::backtrace::__rust_end_short_backtrace::<std[70759c8f55707aa4]::panicking::panic_handler::{closure#0}, !>
[INFO] [stdout]    9:     0x5c81565adb2d - __rustc[8fa7c3cbc660c2b3]::rust_begin_unwind
[INFO] [stdout]   10:     0x5c81565ec71c - core[df12db4294e9bfd3]::panicking::panic_fmt
[INFO] [stdout]   11:     0x5c81565ec4f2 - core[df12db4294e9bfd3]::result::unwrap_failed
[INFO] [stdout]   12:     0x5c8156244176 - exarch_core[680b2bd39e654427]::inspection::list::tests::test_list_sevenz_solid
[INFO] [stdout]   13:     0x5c81561c9179 - <exarch_core[680b2bd39e654427]::inspection::list::tests::test_list_sevenz_solid::{closure#0} as core[df12db4294e9bfd3]::ops::function::FnOnce<()>>::call_once
[INFO] [stdout]   14:     0x5c81563e9cab - test[9d35eded1c95d3be]::__rust_begin_short_backtrace::<core[df12db4294e9bfd3]::result::Result<(), alloc[2182bb758b4b3781]::string::String>, fn() -> core[df12db4294e9bfd3]::result::Result<(), alloc[2182bb758b4b3781]::string::String>>
[INFO] [stdout]   15:     0x5c81563f7315 - test[9d35eded1c95d3be]::run_test::{closure#0}
[INFO] [stdout]   16:     0x5c81563f0bd4 - std[70759c8f55707aa4]::sys::backtrace::__rust_begin_short_backtrace::<test[9d35eded1c95d3be]::run_test::{closure#1}, ()>
[INFO] [stdout]   17:     0x5c81563fa472 - <std[70759c8f55707aa4]::thread::lifecycle::spawn_unchecked<test[9d35eded1c95d3be]::run_test::{closure#1}, ()>::{closure#1} as core[df12db4294e9bfd3]::ops::function::FnOnce<()>>::call_once::{shim:vtable#0}
[INFO] [stdout]   18:     0x5c81565d35f9 - <std[70759c8f55707aa4]::sys::thread::unix::Thread>::new::thread_start
[INFO] [stdout]   19:     0x75368de45dfa - <unknown>
[INFO] [stdout]   20:     0x75368ded93d4 - clone
[INFO] [stdout]   21:                0x0 - <unknown>
[INFO] [stdout] 
[INFO] [stdout] ---- inspection::list::tests::test_list_sevenz_solid_compressed_size stdout ----
[INFO] [stdout] 
[INFO] [stdout] thread 'inspection::list::tests::test_list_sevenz_solid_compressed_size' (2615) panicked at src/inspection/list.rs:1822:52:
[INFO] [stdout] called `Result::unwrap()` on an `Err` value: Io(Os { code: 2, kind: NotFound, message: "No such file or directory" })
[INFO] [stdout] stack backtrace:
[INFO] [stdout]    0:     0x5c81565d4661 - <<std[70759c8f55707aa4]::sys::backtrace::BacktraceLock>::print::DisplayBacktrace as core[df12db4294e9bfd3]::fmt::Display>::fmt
[INFO] [stdout]    1:     0x5c81565ebfba - core[df12db4294e9bfd3]::fmt::write
[INFO] [stdout]    2:     0x5c81565d95bc - <alloc[2182bb758b4b3781]::vec::Vec<u8> as core[df12db4294e9bfd3]::io::write::Write>::write_fmt
[INFO] [stdout]    3:     0x5c81565acbe6 - std[70759c8f55707aa4]::panicking::default_hook::{closure#0}
[INFO] [stdout]    4:     0x5c81565cadc9 - std[70759c8f55707aa4]::panicking::default_hook
[INFO] [stdout]    5:     0x5c81563f69c0 - test[9d35eded1c95d3be]::test_main_inner::<test[9d35eded1c95d3be]::test_main_static::{closure#0}>::{closure#0}
[INFO] [stdout]    6:     0x5c81565caf82 - std[70759c8f55707aa4]::panicking::panic_with_hook
[INFO] [stdout]    7:     0x5c81565acc92 - std[70759c8f55707aa4]::panicking::panic_handler::{closure#0}
[INFO] [stdout]    8:     0x5c81565a5469 - std[70759c8f55707aa4]::sys::backtrace::__rust_end_short_backtrace::<std[70759c8f55707aa4]::panicking::panic_handler::{closure#0}, !>
[INFO] [stdout]    9:     0x5c81565adb2d - __rustc[8fa7c3cbc660c2b3]::rust_begin_unwind
[INFO] [stdout]   10:     0x5c81565ec71c - core[df12db4294e9bfd3]::panicking::panic_fmt
[INFO] [stdout]   11:     0x5c81565ec4f2 - core[df12db4294e9bfd3]::result::unwrap_failed
[INFO] [stdout]   12:     0x5c815624d284 - exarch_core[680b2bd39e654427]::inspection::list::tests::test_list_sevenz_solid_compressed_size
[INFO] [stdout]   13:     0x5c81561c94f9 - <exarch_core[680b2bd39e654427]::inspection::list::tests::test_list_sevenz_solid_compressed_size::{closure#0} as core[df12db4294e9bfd3]::ops::function::FnOnce<()>>::call_once
[INFO] [stdout]   14:     0x5c81563e9cab - test[9d35eded1c95d3be]::__rust_begin_short_backtrace::<core[df12db4294e9bfd3]::result::Result<(), alloc[2182bb758b4b3781]::string::String>, fn() -> core[df12db4294e9bfd3]::result::Result<(), alloc[2182bb758b4b3781]::string::String>>
[INFO] [stdout]   15:     0x5c81563f7315 - test[9d35eded1c95d3be]::run_test::{closure#0}
[INFO] [stdout]   16:     0x5c81563f0bd4 - std[70759c8f55707aa4]::sys::backtrace::__rust_begin_short_backtrace::<test[9d35eded1c95d3be]::run_test::{closure#1}, ()>
[INFO] [stdout]   17:     0x5c81563fa472 - <std[70759c8f55707aa4]::thread::lifecycle::spawn_unchecked<test[9d35eded1c95d3be]::run_test::{closure#1}, ()>::{closure#1} as core[df12db4294e9bfd3]::ops::function::FnOnce<()>>::call_once::{shim:vtable#0}
[INFO] [stdout]   18:     0x5c81565d35f9 - <std[70759c8f55707aa4]::sys::thread::unix::Thread>::new::thread_start
[INFO] [stdout]   19:     0x75368de45dfa - <unknown>
[INFO] [stdout]   20:     0x75368ded93d4 - clone
[INFO] [stdout]   21:                0x0 - <unknown>
[INFO] [stdout] 
[INFO] [stdout] ---- inspection::list::tests::test_list_sevenz_unix_symlink_reported_as_file stdout ----
[INFO] [stdout] 
[INFO] [stdout] thread 'inspection::list::tests::test_list_sevenz_unix_symlink_reported_as_file' (2616) panicked at src/inspection/list.rs:1929:52:
[INFO] [stdout] called `Result::unwrap()` on an `Err` value: Io(Os { code: 2, kind: NotFound, message: "No such file or directory" })
[INFO] [stdout] stack backtrace:
[INFO] [stdout]    0:     0x5c81565d4661 - <<std[70759c8f55707aa4]::sys::backtrace::BacktraceLock>::print::DisplayBacktrace as core[df12db4294e9bfd3]::fmt::Display>::fmt
[INFO] [stdout]    1:     0x5c81565ebfba - core[df12db4294e9bfd3]::fmt::write
[INFO] [stdout]    2:     0x5c81565d95bc - <alloc[2182bb758b4b3781]::vec::Vec<u8> as core[df12db4294e9bfd3]::io::write::Write>::write_fmt
[INFO] [stdout]    3:     0x5c81565acbe6 - std[70759c8f55707aa4]::panicking::default_hook::{closure#0}
[INFO] [stdout]    4:     0x5c81565cadc9 - std[70759c8f55707aa4]::panicking::default_hook
[INFO] [stdout]    5:     0x5c81563f69c0 - test[9d35eded1c95d3be]::test_main_inner::<test[9d35eded1c95d3be]::test_main_static::{closure#0}>::{closure#0}
[INFO] [stdout]    6:     0x5c81565caf82 - std[70759c8f55707aa4]::panicking::panic_with_hook
[INFO] [stdout]    7:     0x5c81565acc92 - std[70759c8f55707aa4]::panicking::panic_handler::{closure#0}
[INFO] [stdout]    8:     0x5c81565a5469 - std[70759c8f55707aa4]::sys::backtrace::__rust_end_short_backtrace::<std[70759c8f55707aa4]::panicking::panic_handler::{closure#0}, !>
[INFO] [stdout]    9:     0x5c81565adb2d - __rustc[8fa7c3cbc660c2b3]::rust_begin_unwind
[INFO] [stdout]   10:     0x5c81565ec71c - core[df12db4294e9bfd3]::panicking::panic_fmt
[INFO] [stdout]   11:     0x5c81565ec4f2 - core[df12db4294e9bfd3]::result::unwrap_failed
[INFO] [stdout]   12:     0x5c8156252f52 - exarch_core[680b2bd39e654427]::inspection::list::tests::test_list_sevenz_unix_symlink_reported_as_file
[INFO] [stdout]   13:     0x5c81561c9879 - <exarch_core[680b2bd39e654427]::inspection::list::tests::test_list_sevenz_unix_symlink_reported_as_file::{closure#0} as core[df12db4294e9bfd3]::ops::function::FnOnce<()>>::call_once
[INFO] [stdout]   14:     0x5c81563e9cab - test[9d35eded1c95d3be]::__rust_begin_short_backtrace::<core[df12db4294e9bfd3]::result::Result<(), alloc[2182bb758b4b3781]::string::String>, fn() -> core[df12db4294e9bfd3]::result::Result<(), alloc[2182bb758b4b3781]::string::String>>
[INFO] [stdout]   15:     0x5c81563f7315 - test[9d35eded1c95d3be]::run_test::{closure#0}
[INFO] [stdout]   16:     0x5c81563f0bd4 - std[70759c8f55707aa4]::sys::backtrace::__rust_begin_short_backtrace::<test[9d35eded1c95d3be]::run_test::{closure#1}, ()>
[INFO] [stdout]   17:     0x5c81563fa472 - <std[70759c8f55707aa4]::thread::lifecycle::spawn_unchecked<test[9d35eded1c95d3be]::run_test::{closure#1}, ()>::{closure#1} as core[df12db4294e9bfd3]::ops::function::FnOnce<()>>::call_once::{shim:vtable#0}
[INFO] [stdout]   18:     0x5c81565d35f9 - <std[70759c8f55707aa4]::sys::thread::unix::Thread>::new::thread_start
[INFO] [stdout]   19:     0x75368de45dfa - <unknown>
[INFO] [stdout]   20:     0x75368ded93d4 - clone
[INFO] [stdout]   21:                0x0 - <unknown>
[INFO] [stdout] 
[INFO] [stdout] ---- inspection::list::tests::test_verify_sevenz_simple stdout ----
[INFO] [stdout] 
[INFO] [stdout] thread 'inspection::list::tests::test_verify_sevenz_simple' (2658) panicked at src/inspection/list.rs:1654:59:
[INFO] [stdout] called `Result::unwrap()` on an `Err` value: Io(Os { code: 2, kind: NotFound, message: "No such file or directory" })
[INFO] [stdout] stack backtrace:
[INFO] [stdout]    0:     0x5c81565d4661 - <<std[70759c8f55707aa4]::sys::backtrace::BacktraceLock>::print::DisplayBacktrace as core[df12db4294e9bfd3]::fmt::Display>::fmt
[INFO] [stdout]    1:     0x5c81565ebfba - core[df12db4294e9bfd3]::fmt::write
[INFO] [stdout]    2:     0x5c81565d95bc - <alloc[2182bb758b4b3781]::vec::Vec<u8> as core[df12db4294e9bfd3]::io::write::Write>::write_fmt
[INFO] [stdout]    3:     0x5c81565acbe6 - std[70759c8f55707aa4]::panicking::default_hook::{closure#0}
[INFO] [stdout]    4:     0x5c81565cadc9 - std[70759c8f55707aa4]::panicking::default_hook
[INFO] [stdout]    5:     0x5c81563f69c0 - test[9d35eded1c95d3be]::test_main_inner::<test[9d35eded1c95d3be]::test_main_static::{closure#0}>::{closure#0}
[INFO] [stdout]    6:     0x5c81565caf82 - std[70759c8f55707aa4]::panicking::panic_with_hook
[INFO] [stdout]    7:     0x5c81565acc92 - std[70759c8f55707aa4]::panicking::panic_handler::{closure#0}
[INFO] [stdout]    8:     0x5c81565a5469 - std[70759c8f55707aa4]::sys::backtrace::__rust_end_short_backtrace::<std[70759c8f55707aa4]::panicking::panic_handler::{closure#0}, !>
[INFO] [stdout]    9:     0x5c81565adb2d - __rustc[8fa7c3cbc660c2b3]::rust_begin_unwind
[INFO] [stdout]   10:     0x5c81565ec71c - core[df12db4294e9bfd3]::panicking::panic_fmt
[INFO] [stdout]   11:     0x5c81565ec4f2 - core[df12db4294e9bfd3]::result::unwrap_failed
[INFO] [stdout]   12:     0x5c8156246d0a - exarch_core[680b2bd39e654427]::inspection::list::tests::test_verify_sevenz_simple
[INFO] [stdout]   13:     0x5c81561c9259 - <exarch_core[680b2bd39e654427]::inspection::list::tests::test_verify_sevenz_simple::{closure#0} as core[df12db4294e9bfd3]::ops::function::FnOnce<()>>::call_once
[INFO] [stdout]   14:     0x5c81563e9cab - test[9d35eded1c95d3be]::__rust_begin_short_backtrace::<core[df12db4294e9bfd3]::result::Result<(), alloc[2182bb758b4b3781]::string::String>, fn() -> core[df12db4294e9bfd3]::result::Result<(), alloc[2182bb758b4b3781]::string::String>>
[INFO] [stdout]   15:     0x5c81563f7315 - test[9d35eded1c95d3be]::run_test::{closure#0}
[INFO] [stdout]   16:     0x5c81563f0bd4 - std[70759c8f55707aa4]::sys::backtrace::__rust_begin_short_backtrace::<test[9d35eded1c95d3be]::run_test::{closure#1}, ()>
[INFO] [stdout]   17:     0x5c81563fa472 - <std[70759c8f55707aa4]::thread::lifecycle::spawn_unchecked<test[9d35eded1c95d3be]::run_test::{closure#1}, ()>::{closure#1} as core[df12db4294e9bfd3]::ops::function::FnOnce<()>>::call_once::{shim:vtable#0}
[INFO] [stdout]   18:     0x5c81565d35f9 - <std[70759c8f55707aa4]::sys::thread::unix::Thread>::new::thread_start
[INFO] [stdout]   19:     0x75368de45dfa - <unknown>
[INFO] [stdout]   20:     0x75368ded93d4 - clone
[INFO] [stdout]   21:                0x0 - <unknown>
[INFO] [stdout] 
[INFO] [stdout] ---- inspection::list::tests::test_verify_sevenz_solid_no_false_positive stdout ----
[INFO] [stdout] 
[INFO] [stdout] thread 'inspection::list::tests::test_verify_sevenz_solid_no_false_positive' (2659) panicked at src/inspection/list.rs:1952:59:
[INFO] [stdout] called `Result::unwrap()` on an `Err` value: Io(Os { code: 2, kind: NotFound, message: "No such file or directory" })
[INFO] [stdout] stack backtrace:
[INFO] [stdout]    0:     0x5c81565d4661 - <<std[70759c8f55707aa4]::sys::backtrace::BacktraceLock>::print::DisplayBacktrace as core[df12db4294e9bfd3]::fmt::Display>::fmt
[INFO] [stdout]    1:     0x5c81565ebfba - core[df12db4294e9bfd3]::fmt::write
[INFO] [stdout]    2:     0x5c81565d95bc - <alloc[2182bb758b4b3781]::vec::Vec<u8> as core[df12db4294e9bfd3]::io::write::Write>::write_fmt
[INFO] [stdout]    3:     0x5c81565acbe6 - std[70759c8f55707aa4]::panicking::default_hook::{closure#0}
[INFO] [stdout]    4:     0x5c81565cadc9 - std[70759c8f55707aa4]::panicking::default_hook
[INFO] [stdout]    5:     0x5c81563f69c0 - test[9d35eded1c95d3be]::test_main_inner::<test[9d35eded1c95d3be]::test_main_static::{closure#0}>::{closure#0}
[INFO] [stdout]    6:     0x5c81565caf82 - std[70759c8f55707aa4]::panicking::panic_with_hook
[INFO] [stdout]    7:     0x5c81565acc92 - std[70759c8f55707aa4]::panicking::panic_handler::{closure#0}
[INFO] [stdout]    8:     0x5c81565a5469 - std[70759c8f55707aa4]::sys::backtrace::__rust_end_short_backtrace::<std[70759c8f55707aa4]::panicking::panic_handler::{closure#0}, !>
[INFO] [stdout]    9:     0x5c81565adb2d - __rustc[8fa7c3cbc660c2b3]::rust_begin_unwind
[INFO] [stdout]   10:     0x5c81565ec71c - core[df12db4294e9bfd3]::panicking::panic_fmt
[INFO] [stdout]   11:     0x5c81565ec4f2 - core[df12db4294e9bfd3]::result::unwrap_failed
[INFO] [stdout]   12:     0x5c81562506ce - exarch_core[680b2bd39e654427]::inspection::list::tests::test_verify_sevenz_solid_no_false_positive
[INFO] [stdout]   13:     0x5c81561c9689 - <exarch_core[680b2bd39e654427]::inspection::list::tests::test_verify_sevenz_solid_no_false_positive::{closure#0} as core[df12db4294e9bfd3]::ops::function::FnOnce<()>>::call_once
[INFO] [stdout]   14:     0x5c81563e9cab - test[9d35eded1c95d3be]::__rust_begin_short_backtrace::<core[df12db4294e9bfd3]::result::Result<(), alloc[2182bb758b4b3781]::string::String>, fn() -> core[df12db4294e9bfd3]::result::Result<(), alloc[2182bb758b4b3781]::string::String>>
[INFO] [stdout]   15:     0x5c81563f7315 - test[9d35eded1c95d3be]::run_test::{closure#0}
[INFO] [stdout]   16:     0x5c81563f0bd4 - std[70759c8f55707aa4]::sys::backtrace::__rust_begin_short_backtrace::<test[9d35eded1c95d3be]::run_test::{closure#1}, ()>
[INFO] [stdout]   17:     0x5c81563fa472 - <std[70759c8f55707aa4]::thread::lifecycle::spawn_unchecked<test[9d35eded1c95d3be]::run_test::{closure#1}, ()>::{closure#1} as core[df12db4294e9bfd3]::ops::function::FnOnce<()>>::call_once::{shim:vtable#0}
[INFO] [stdout]   18:     0x5c81565d35f9 - <std[70759c8f55707aa4]::sys::thread::unix::Thread>::new::thread_start
[INFO] [stdout]   19:     0x75368de45dfa - <unknown>
[INFO] [stdout]   20:     0x75368ded93d4 - clone
[INFO] [stdout]   21:                0x0 - <unknown>
[INFO] [stdout] 
[INFO] [stdout] ---- types::dest_dir::tests::test_dest_dir_permissions_check stdout ----
[INFO] [stdout] 
[INFO] [stdout] thread 'types::dest_dir::tests::test_dest_dir_permissions_check' (2822) panicked at src/types/dest_dir.rs:339:9:
[INFO] [stdout] assertion failed: result.is_err()
[INFO] [stdout] stack backtrace:
[INFO] [stdout]    0:     0x5c81565d4661 - <<std[70759c8f55707aa4]::sys::backtrace::BacktraceLock>::print::DisplayBacktrace as core[df12db4294e9bfd3]::fmt::Display>::fmt
[INFO] [stdout]    1:     0x5c81565ebfba - core[df12db4294e9bfd3]::fmt::write
[INFO] [stdout]    2:     0x5c81565d95bc - <alloc[2182bb758b4b3781]::vec::Vec<u8> as core[df12db4294e9bfd3]::io::write::Write>::write_fmt
[INFO] [stdout]    3:     0x5c81565acbe6 - std[70759c8f55707aa4]::panicking::default_hook::{closure#0}
[INFO] [stdout]    4:     0x5c81565cadc9 - std[70759c8f55707aa4]::panicking::default_hook
[INFO] [stdout]    5:     0x5c81563f69c0 - test[9d35eded1c95d3be]::test_main_inner::<test[9d35eded1c95d3be]::test_main_static::{closure#0}>::{closure#0}
[INFO] [stdout]    6:     0x5c81565caf82 - std[70759c8f55707aa4]::panicking::panic_with_hook
[INFO] [stdout]    7:     0x5c81565accc4 - std[70759c8f55707aa4]::panicking::panic_handler::{closure#0}
[INFO] [stdout]    8:     0x5c81565a5469 - std[70759c8f55707aa4]::sys::backtrace::__rust_end_short_backtrace::<std[70759c8f55707aa4]::panicking::panic_handler::{closure#0}, !>
[INFO] [stdout]    9:     0x5c81565adb2d - __rustc[8fa7c3cbc660c2b3]::rust_begin_unwind
[INFO] [stdout]   10:     0x5c81565ec71c - core[df12db4294e9bfd3]::panicking::panic_fmt
[INFO] [stdout]   11:     0x5c81565ec6e2 - core[df12db4294e9bfd3]::panicking::panic
[INFO] [stdout]   12:     0x5c8156360bec - exarch_core[680b2bd39e654427]::types::dest_dir::tests::test_dest_dir_permissions_check
[INFO] [stdout]   13:     0x5c81561d0a99 - <exarch_core[680b2bd39e654427]::types::dest_dir::tests::test_dest_dir_permissions_check::{closure#0} as core[df12db4294e9bfd3]::ops::function::FnOnce<()>>::call_once
[INFO] [stdout]   14:     0x5c81563e9cab - test[9d35eded1c95d3be]::__rust_begin_short_backtrace::<core[df12db4294e9bfd3]::result::Result<(), alloc[2182bb758b4b3781]::string::String>, fn() -> core[df12db4294e9bfd3]::result::Result<(), alloc[2182bb758b4b3781]::string::String>>
[INFO] [stdout]   15:     0x5c81563f7315 - test[9d35eded1c95d3be]::run_test::{closure#0}
[INFO] [stdout]   16:     0x5c81563f0bd4 - std[70759c8f55707aa4]::sys::backtrace::__rust_begin_short_backtrace::<test[9d35eded1c95d3be]::run_test::{closure#1}, ()>
[INFO] [stdout]   17:     0x5c81563fa472 - <std[70759c8f55707aa4]::thread::lifecycle::spawn_unchecked<test[9d35eded1c95d3be]::run_test::{closure#1}, ()>::{closure#1} as core[df12db4294e9bfd3]::ops::function::FnOnce<()>>::call_once::{shim:vtable#0}
[INFO] [stdout]   18:     0x5c81565d35f9 - <std[70759c8f55707aa4]::sys::thread::unix::Thread>::new::thread_start
[INFO] [stdout]   19:     0x75368de45dfa - <unknown>
[INFO] [stdout]   20:     0x75368ded93d4 - clone
[INFO] [stdout]   21:                0x0 - <unknown>
[INFO] [stdout] 
[INFO] [stdout] ---- types::dest_dir::tests::test_dest_dir_new_or_create_unwritable_parent stdout ----
[INFO] [stdout] 
[INFO] [stdout] thread 'types::dest_dir::tests::test_dest_dir_new_or_create_unwritable_parent' (2819) panicked at src/types/dest_dir.rs:548:9:
[INFO] [stdout] assertion failed: result.is_err()
[INFO] [stdout] stack backtrace:
[INFO] [stdout]    0:     0x5c81565d4661 - <<std[70759c8f55707aa4]::sys::backtrace::BacktraceLock>::print::DisplayBacktrace as core[df12db4294e9bfd3]::fmt::Display>::fmt
[INFO] [stdout]    1:     0x5c81565ebfba - core[df12db4294e9bfd3]::fmt::write
[INFO] [stdout]    2:     0x5c81565d95bc - <alloc[2182bb758b4b3781]::vec::Vec<u8> as core[df12db4294e9bfd3]::io::write::Write>::write_fmt
[INFO] [stdout]    3:     0x5c81565acbe6 - std[70759c8f55707aa4]::panicking::default_hook::{closure#0}
[INFO] [stdout]    4:     0x5c81565cadc9 - std[70759c8f55707aa4]::panicking::default_hook
[INFO] [stdout]    5:     0x5c81563f69c0 - test[9d35eded1c95d3be]::test_main_inner::<test[9d35eded1c95d3be]::test_main_static::{closure#0}>::{closure#0}
[INFO] [stdout]    6:     0x5c81565caf82 - std[70759c8f55707aa4]::panicking::panic_with_hook
[INFO] [stdout]    7:     0x5c81565accc4 - std[70759c8f55707aa4]::panicking::panic_handler::{closure#0}
[INFO] [stdout]    8:     0x5c81565a5469 - std[70759c8f55707aa4]::sys::backtrace::__rust_end_short_backtrace::<std[70759c8f55707aa4]::panicking::panic_handler::{closure#0}, !>
[INFO] [stdout]    9:     0x5c81565adb2d - __rustc[8fa7c3cbc660c2b3]::rust_begin_unwind
[INFO] [stdout]   10:     0x5c81565ec71c - core[df12db4294e9bfd3]::panicking::panic_fmt
[INFO] [stdout]   11:     0x5c81565ec6e2 - core[df12db4294e9bfd3]::panicking::panic
[INFO] [stdout]   12:     0x5c8156361ff1 - exarch_core[680b2bd39e654427]::types::dest_dir::tests::test_dest_dir_new_or_create_unwritable_parent
[INFO] [stdout]   13:     0x5c81561d0b59 - <exarch_core[680b2bd39e654427]::types::dest_dir::tests::test_dest_dir_new_or_create_unwritable_parent::{closure#0} as core[df12db4294e9bfd3]::ops::function::FnOnce<()>>::call_once
[INFO] [stdout]   14:     0x5c81563e9cab - test[9d35eded1c95d3be]::__rust_begin_short_backtrace::<core[df12db4294e9bfd3]::result::Result<(), alloc[2182bb758b4b3781]::string::String>, fn() -> core[df12db4294e9bfd3]::result::Result<(), alloc[2182bb758b4b3781]::string::String>>
[INFO] [stdout]   15:     0x5c81563f7315 - test[9d35eded1c95d3be]::run_test::{closure#0}
[INFO] [stdout]   16:     0x5c81563f0bd4 - std[70759c8f55707aa4]::sys::backtrace::__rust_begin_short_backtrace::<test[9d35eded1c95d3be]::run_test::{closure#1}, ()>
[INFO] [stdout]   17:     0x5c81563fa472 - <std[70759c8f55707aa4]::thread::lifecycle::spawn_unchecked<test[9d35eded1c95d3be]::run_test::{closure#1}, ()>::{closure#1} as core[df12db4294e9bfd3]::ops::function::FnOnce<()>>::call_once::{shim:vtable#0}
[INFO] [stdout]   18:     0x5c81565d35f9 - <std[70759c8f55707aa4]::sys::thread::unix::Thread>::new::thread_start
[INFO] [stdout]   19:     0x75368de45dfa - <unknown>
[INFO] [stdout]   20:     0x75368ded93d4 - clone
[INFO] [stdout]   21:                0x0 - <unknown>
[INFO] [stdout] 
[INFO] [stdout] 
[INFO] [stdout] failures:
[INFO] [stdout]     api::tests::test_on_bytes_written_called_for_sevenz
[INFO] [stdout]     api::tests::test_progress_callback_invoked_during_sevenz_extraction
[INFO] [stdout]     formats::sevenz::tests::test_allowed_extensions_filters_out_disallowed
[INFO] [stdout]     formats::sevenz::tests::test_empty_allowed_extensions_allows_all
[INFO] [stdout]     formats::sevenz::tests::test_empty_archive
[INFO] [stdout]     formats::sevenz::tests::test_empty_archive_extract
[INFO] [stdout]     formats::sevenz::tests::test_encrypted_archive_rejected
[INFO] [stdout]     formats::sevenz::tests::test_extension_less_files_blocked_when_allowlist_nonempty
[INFO] [stdout]     formats::sevenz::tests::test_extract_nested_directories
[INFO] [stdout]     formats::sevenz::tests::test_extract_simple_file
[INFO] [stdout]     formats::sevenz::tests::test_is_solid_flag_detected_correctly
[INFO] [stdout]     formats::sevenz::tests::test_list_returns_manifest_with_entries
[INFO] [stdout]     formats::sevenz::tests::test_load_fixture_helper
[INFO] [stdout]     formats::sevenz::tests::test_multiple_files_quota_not_double_counted
[INFO] [stdout]     formats::sevenz::tests::test_non_solid_archive_unaffected_by_solid_config
[INFO] [stdout]     formats::sevenz::tests::test_path_traversal_integration
[INFO] [stdout]     formats::sevenz::tests::test_quota_exceeded
[INFO] [stdout]     formats::sevenz::tests::test_solid_archive_allowed_with_config
[INFO] [stdout]     formats::sevenz::tests::test_solid_archive_memory_limit_exact_boundary
[INFO] [stdout]     formats::sevenz::tests::test_solid_archive_memory_limit_exceeded
[INFO] [stdout]     formats::sevenz::tests::test_solid_archive_memory_limit_one_under_boundary
[INFO] [stdout]     formats::sevenz::tests::test_solid_archive_rejected
[INFO] [stdout]     formats::sevenz::tests::test_solid_archive_rejected_by_default
[INFO] [stdout]     formats::sevenz::tests::test_solid_archive_rejected_error_message
[INFO] [stdout]     formats::sevenz::tests::test_verify_clean_sevenz_is_safe
[INFO] [stdout]     inspection::list::tests::test_list_sevenz_empty
[INFO] [stdout]     inspection::list::tests::test_list_sevenz_encrypted_rejected
[INFO] [stdout]     inspection::list::tests::test_list_sevenz_format_field
[INFO] [stdout]     inspection::list::tests::test_list_sevenz_hardlink_reported_as_file
[INFO] [stdout]     inspection::list::tests::test_list_sevenz_nested_dirs
[INFO] [stdout]     inspection::list::tests::test_list_sevenz_simple
[INFO] [stdout]     inspection::list::tests::test_list_sevenz_solid
[INFO] [stdout]     inspection::list::tests::test_list_sevenz_solid_compressed_size
[INFO] [stdout]     inspection::list::tests::test_list_sevenz_unix_symlink_reported_as_file
[INFO] [stdout]     inspection::list::tests::test_verify_sevenz_simple
[INFO] [stdout]     inspection::list::tests::test_verify_sevenz_solid_no_false_positive
[INFO] [stdout]     types::dest_dir::tests::test_dest_dir_new_or_create_unwritable_parent
[INFO] [stdout]     types::dest_dir::tests::test_dest_dir_permissions_check
[INFO] [stdout] 
[INFO] [stdout] test result: FAILED. 763 passed; 38 failed; 0 ignored; 0 measured; 0 filtered out; finished in 1.01s
[INFO] [stdout] 
[INFO] [stderr] error: test failed, to rerun pass `--lib`
[INFO] running `Command { std: "docker" "inspect" "c7323dbddbe37d6ba865f2b63a1a246d74f5ec85780aaf812a9dc0fbf969874a", kill_on_drop: false }`
[INFO] running `Command { std: "docker" "rm" "-f" "c7323dbddbe37d6ba865f2b63a1a246d74f5ec85780aaf812a9dc0fbf969874a", kill_on_drop: false }`
[INFO] [stdout] c7323dbddbe37d6ba865f2b63a1a246d74f5ec85780aaf812a9dc0fbf969874a
