[INFO] fetching crate exaf-rs 3.2.0...
[INFO] testing exaf-rs-3.2.0 against 1.100.0-beta.1+cargoflags=--release for beta-release-1.100-2
[INFO] extracting crate exaf-rs 3.2.0 into /workspace/builds/worker-7-tc2/source
[INFO] started tweaking crates.io crate exaf-rs 3.2.0
[INFO] finished tweaking crates.io crate exaf-rs 3.2.0
[INFO] tweaked toml for crates.io crate exaf-rs 3.2.0 written to /workspace/builds/worker-7-tc2/source/Cargo.toml
[INFO] validating manifest of crates.io crate exaf-rs 3.2.0 on toolchain 1.100.0-beta.1
[INFO] running `Command { std: CARGO_HOME="/workspace/cargo-home" RUSTUP_HOME="/workspace/rustup-home" "/workspace/cargo-home/bin/cargo" "+1.100.0-beta.1" "metadata" "--manifest-path" "Cargo.toml" "--no-deps", kill_on_drop: false }`
[INFO] crate crates.io crate exaf-rs 3.2.0 already has a lockfile, it will not be regenerated
[INFO] running `Command { std: CARGO_HOME="/workspace/cargo-home" RUSTUP_HOME="/workspace/rustup-home" "/workspace/cargo-home/bin/cargo" "+1.100.0-beta.1" "fetch" "--manifest-path" "Cargo.toml", kill_on_drop: false }`
[INFO] running `Command { std: "docker" "create" "-v" "/var/lib/crater-agent-workspace/builds/worker-7-tc2/source:/opt/rustwide/workdir:ro,Z" "-v" "/var/lib/crater-agent-workspace/builds/worker-7-tc2/target:/opt/rustwide/target:rw,Z" "-v" "/var/lib/crater-agent-workspace/cargo-home:/opt/rustwide/cargo-home:ro,Z" "-v" "/var/lib/crater-agent-workspace/rustup-home:/opt/rustwide/rustup-home:ro,Z" "-m" "1610612736" "--network" "none" "ghcr.io/rust-lang/crates-build-env/linux@sha256:77db811e55d90add9212f6832c23229e3de5f1c1f9905e8cb07319ea15df73ac" "sleep" "infinity", kill_on_drop: false }`
[INFO] [stdout] 5a4fd62c9ebe559f849855632571cbbc6eed456830679ff273de90fabb58bfbf
[INFO] running `Command { std: "docker" "start" "5a4fd62c9ebe559f849855632571cbbc6eed456830679ff273de90fabb58bfbf", kill_on_drop: false }`
[INFO] running `Command { std: "docker" "inspect" "5a4fd62c9ebe559f849855632571cbbc6eed456830679ff273de90fabb58bfbf", kill_on_drop: false }`
[INFO] running `Command { std: "docker" "exec" "-e" "SOURCE_DIR=/opt/rustwide/workdir" "-e" "CARGO_HOME=/opt/rustwide/cargo-home" "-e" "RUSTUP_HOME=/opt/rustwide/rustup-home" "-e" "CARGO_TARGET_DIR=/opt/rustwide/target" "-w" "/opt/rustwide/workdir" "--user" "0:0" "5a4fd62c9ebe559f849855632571cbbc6eed456830679ff273de90fabb58bfbf" "/opt/rustwide/cargo-home/bin/cargo" "+1.100.0-beta.1" "metadata" "--no-deps" "--format-version=1", kill_on_drop: false }`
[INFO] running `Command { std: "docker" "inspect" "5a4fd62c9ebe559f849855632571cbbc6eed456830679ff273de90fabb58bfbf", kill_on_drop: false }`
[INFO] running `Command { std: "docker" "exec" "-e" "SOURCE_DIR=/opt/rustwide/workdir" "-e" "CARGO_HOME=/opt/rustwide/cargo-home" "-e" "RUSTUP_HOME=/opt/rustwide/rustup-home" "-e" "CARGO_TARGET_DIR=/opt/rustwide/target" "-e" "CARGO_INCREMENTAL=0" "-e" "RUST_BACKTRACE=full" "-e" "RUSTFLAGS=--cap-lints=warn" "-e" "RUSTDOCFLAGS=--cap-lints=warn" "-w" "/opt/rustwide/workdir" "--user" "0:0" "5a4fd62c9ebe559f849855632571cbbc6eed456830679ff273de90fabb58bfbf" "/opt/rustwide/cargo-home/bin/cargo" "+1.100.0-beta.1" "build" "--frozen" "--message-format=json" "--release", kill_on_drop: false }`
[INFO] [stderr]    Compiling pkg-config v0.3.33
[INFO] [stderr]    Compiling zeroize v1.9.0
[INFO] [stderr]    Compiling opaque-debug v0.3.1
[INFO] [stderr]    Compiling is_terminal_polyfill v1.70.2
[INFO] [stderr]    Compiling inout v0.1.4
[INFO] [stderr]    Compiling anstyle-parse v1.0.0
[INFO] [stderr]    Compiling anstyle v1.0.14
[INFO] [stderr]    Compiling anstyle-query v1.1.5
[INFO] [stderr]    Compiling zstd-safe v7.2.4
[INFO] [stderr]    Compiling colorchoice v1.0.5
[INFO] [stderr]    Compiling rand_core v0.6.4
[INFO] [stderr]    Compiling clap_lex v1.1.0
[INFO] [stderr]    Compiling base64ct v1.8.3
[INFO] [stderr]    Compiling cc v1.2.65
[INFO] [stderr]    Compiling syn v2.0.118
[INFO] [stderr]    Compiling memchr v2.8.2
[INFO] [stderr]    Compiling chrono v0.4.45
[INFO] [stderr]    Compiling rand_core v0.10.1
[INFO] [stderr]    Compiling crypto-common v0.1.7
[INFO] [stderr]    Compiling cipher v0.4.4
[INFO] [stderr]    Compiling universal-hash v0.5.1
[INFO] [stderr]    Compiling aead v0.5.2
[INFO] [stderr]    Compiling digest v0.10.7
[INFO] [stderr]    Compiling anstream v1.0.0
[INFO] [stderr]    Compiling polyval v0.6.2
[INFO] [stderr]    Compiling poly1305 v0.8.0
[INFO] [stderr]    Compiling password-hash v0.5.0
[INFO] [stderr]    Compiling aes v0.8.4
[INFO] [stderr]    Compiling ctr v0.9.2
[INFO] [stderr]    Compiling chacha20 v0.9.1
[INFO] [stderr]    Compiling blake2 v0.10.6
[INFO] [stderr]    Compiling ghash v0.5.1
[INFO] [stderr]    Compiling clap_builder v4.6.0
[INFO] [stderr]    Compiling chacha20poly1305 v0.10.1
[INFO] [stderr]    Compiling argon2 v0.5.3
[INFO] [stderr]    Compiling os_str_bytes v7.2.0
[INFO] [stderr]    Compiling zstd-sys v2.0.16+zstd.1.5.7
[INFO] [stderr]    Compiling aes-gcm v0.10.3
[INFO] [stderr]    Compiling thiserror-impl v2.0.18
[INFO] [stderr]    Compiling clap v4.6.1
[INFO] [stderr]    Compiling thiserror v2.0.18
[INFO] [stderr]    Compiling zstd v0.13.3
[INFO] [stderr]    Compiling exaf-rs v3.2.0 (/opt/rustwide/workdir)
[INFO] [stderr] warning: unused dependency `rand_core`
[INFO] [stderr]   --> Cargo.toml:31:15
[INFO] [stderr]    |
[INFO] [stderr] 31 | [dependencies.rand_core]
[INFO] [stderr]    |               ^^^^^^^^^^
[INFO] [stderr]    |
[INFO] [stderr]    = note: `cargo::unused_dependencies` is set to `warn` by default
[INFO] [stderr] help: consider removing the dependency on `rand_core`
[INFO] [stderr] warning: `exaf-rs` (manifest) generated 1 warning
[INFO] [stderr]     Finished `release` profile [optimized] target(s) in 55.30s
[INFO] running `Command { std: "docker" "inspect" "5a4fd62c9ebe559f849855632571cbbc6eed456830679ff273de90fabb58bfbf", kill_on_drop: false }`
[INFO] running `Command { std: "docker" "exec" "-e" "SOURCE_DIR=/opt/rustwide/workdir" "-e" "CARGO_HOME=/opt/rustwide/cargo-home" "-e" "RUSTUP_HOME=/opt/rustwide/rustup-home" "-e" "CARGO_TARGET_DIR=/opt/rustwide/target" "-e" "CARGO_INCREMENTAL=0" "-e" "RUST_BACKTRACE=full" "-e" "RUSTFLAGS=--cap-lints=warn" "-e" "RUSTDOCFLAGS=--cap-lints=warn" "-w" "/opt/rustwide/workdir" "--user" "0:0" "5a4fd62c9ebe559f849855632571cbbc6eed456830679ff273de90fabb58bfbf" "/opt/rustwide/cargo-home/bin/cargo" "+1.100.0-beta.1" "test" "--frozen" "--no-run" "--message-format=json" "--release", kill_on_drop: false }`
[INFO] [stderr]    Compiling getrandom v0.4.3
[INFO] [stderr]    Compiling rustix v1.1.4
[INFO] [stderr]    Compiling bitflags v2.13.0
[INFO] [stderr]    Compiling constant_time_eq v0.4.2
[INFO] [stderr]    Compiling fastrand v2.4.1
[INFO] [stderr]    Compiling arrayvec v0.7.6
[INFO] [stderr]    Compiling once_cell v1.21.4
[INFO] [stderr]    Compiling cpufeatures v0.3.0
[INFO] [stderr]    Compiling blake3 v1.8.5
[INFO] [stderr]    Compiling tempfile v3.27.0
[INFO] [stderr]    Compiling exaf-rs v3.2.0 (/opt/rustwide/workdir)
[INFO] [stderr] warning: unused dependency `rand_core`
[INFO] [stderr]   --> Cargo.toml:31:15
[INFO] [stderr]    |
[INFO] [stderr] 31 | [dependencies.rand_core]
[INFO] [stderr]    |               ^^^^^^^^^^
[INFO] [stderr]    |
[INFO] [stderr]    = note: `cargo::unused_dependencies` is set to `warn` by default
[INFO] [stderr] help: consider removing the dependency on `rand_core`
[INFO] [stderr] warning: `exaf-rs` (manifest) generated 1 warning
[INFO] [stderr]     Finished `release` profile [optimized] target(s) in 8.85s
[INFO] running `Command { std: "docker" "inspect" "5a4fd62c9ebe559f849855632571cbbc6eed456830679ff273de90fabb58bfbf", kill_on_drop: false }`
[INFO] running `Command { std: "docker" "exec" "-e" "SOURCE_DIR=/opt/rustwide/workdir" "-e" "CARGO_HOME=/opt/rustwide/cargo-home" "-e" "RUSTUP_HOME=/opt/rustwide/rustup-home" "-e" "CARGO_TARGET_DIR=/opt/rustwide/target" "-e" "CARGO_INCREMENTAL=0" "-e" "RUST_BACKTRACE=full" "-e" "RUSTFLAGS=--cap-lints=warn" "-e" "RUSTDOCFLAGS=--cap-lints=warn" "-w" "/opt/rustwide/workdir" "--user" "0:0" "5a4fd62c9ebe559f849855632571cbbc6eed456830679ff273de90fabb58bfbf" "/opt/rustwide/cargo-home/bin/cargo" "+1.100.0-beta.1" "test" "--frozen" "--release", kill_on_drop: false }`
[INFO] [stderr] warning: unused dependency `rand_core`
[INFO] [stderr]   --> Cargo.toml:31:15
[INFO] [stderr]    |
[INFO] [stderr] 31 | [dependencies.rand_core]
[INFO] [stderr]    |               ^^^^^^^^^^
[INFO] [stderr]    |
[INFO] [stderr]    = note: `cargo::unused_dependencies` is set to `warn` by default
[INFO] [stderr] help: consider removing the dependency on `rand_core`
[INFO] [stderr] warning: `exaf-rs` (manifest) generated 1 warning
[INFO] [stderr]     Finished `release` profile [optimized] target(s) in 0.09s
[INFO] [stderr]      Running unittests src/lib.rs (/opt/rustwide/target/release/build/exaf-rs/6ef2d874cabf9892/out/exaf_rs-6ef2d874cabf9892)
[INFO] [stdout] 
[INFO] [stdout] running 55 tests
[INFO] [stdout] test reader::tests::test_get_header_u64_up ... ok
[INFO] [stdout] test reader::tests::test_pad_be_tolerates_any_length ... ok
[INFO] [stdout] test reader::tests::test_get_header_time_i64 ... ok
[INFO] [stdout] test reader::tests::test_get_header_u8_empty_row ... ok
[INFO] [stdout] test reader::tests::test_get_header_bytes ... ok
[INFO] [stdout] test reader::tests::test_get_header_str ... ok
[INFO] [stdout] test reader::tests::test_safe_output_path_refuses_symlink_traversal ... ok
[INFO] [stdout] test reader::tests::test_safe_output_path_creates_parents ... ok
[INFO] [stdout] test tests::test_create_list_extract_encryption ... FAILED
[INFO] [stdout] test reader::tests::test_get_header_time_i32 ... ok
[INFO] [stdout] test tests::test_create_list_file_size ... FAILED
[INFO] [stdout] test reader::tests::test_get_header_u16 ... ok
[INFO] [stdout] test reader::tests::test_get_header_u32_up ... ok
[INFO] [stdout] test tests::test_content_size ... ok
[INFO] [stdout] test tests::test_create_list_extract ... FAILED
[INFO] [stdout] test tests::test_create_list_extract_chacha ... FAILED
[INFO] [stdout] test reader::tests::test_get_header_time_odd_length ... ok
[INFO] [stdout] test tests::test_compression_into_u8 ... ok
[INFO] [stdout] test tests::test_compression_try_from ... ok
[INFO] [stdout] test reader::tests::test_read_header ... ok
[INFO] [stdout] test reader::tests::test_safe_create_dir_refuses_symlink ... ok
[INFO] [stdout] test tests::test_generate_salt ... ok
[INFO] [stdout] test tests::test_kind_is_slice ... ok
[INFO] [stdout] test tests::test_key_derivation_try_from ... ok
[INFO] [stdout] test tests::test_create_list_metadata ... ok
[INFO] [stdout] test tests::test_sanitize_path ... ok
[INFO] [stdout] test reader::tests::test_version1_reader_one_tiny_file ... ok
[INFO] [stdout] test tests::test_get_file_name ... ok
[INFO] [stdout] test tests::test_key_derivation_into_u8 ... ok
[INFO] [stdout] test tests::test_write_link_read_link ... ok
[INFO] [stdout] test tests::test_derive_key_rejects_excessive_params ... ok
[INFO] [stdout] test tests::test_ecc_into_u8 ... ok
[INFO] [stdout] test tests::test_ecc_try_from ... ok
[INFO] [stdout] test tests::test_reader_rejects_ecc_version_without_feature ... ok
[INFO] [stdout] test tests::test_encryption_into_u8 ... ok
[INFO] [stdout] test tests::test_encryption_try_from ... ok
[INFO] [stdout] test tests::test_decrypt_rejects_bad_key_and_nonce_length ... ok
[INFO] [stdout] test writer::tests::test_header_builder_bytes ... ok
[INFO] [stdout] test tests::test_reader_rejects_unknown_major_version ... ok
[INFO] [stdout] test writer::tests::test_create_archive_file_slice ... ok
[INFO] [stdout] test writer::tests::test_create_archive_big_content ... ok
[INFO] [stdout] test writer::tests::test_header_builder_u64 ... ok
[INFO] [stdout] test writer::tests::test_header_builder_u8 ... ok
[INFO] [stdout] test writer::tests::test_create_archive_no_compression ... ok
[INFO] [stdout] test writer::tests::test_header_builder_down_i32 ... ok
[INFO] [stdout] test writer::tests::test_header_builder_str ... ok
[INFO] [stdout] test writer::tests::test_header_builder_u16 ... ok
[INFO] [stdout] test writer::tests::test_header_builder_down_i64 ... ok
[INFO] [stdout] test writer::tests::test_header_builder_empty ... ok
[INFO] [stdout] test writer::tests::test_header_builder_i64_full ... ok
[INFO] [stdout] test writer::tests::test_header_builder_down_u64 ... ok
[INFO] [stdout] test writer::tests::test_header_builder_u32 ... ok
[INFO] [stdout] test tests::test_encrypt_decrypt_chacha ... ok
[INFO] [stdout] test tests::test_derive_key_argon2 ... ok
[INFO] [stdout] test tests::test_encrypt_decrypt ... ok
[INFO] [stdout] 
[INFO] [stdout] failures:
[INFO] [stdout] 
[INFO] [stdout] ---- tests::test_create_list_extract_encryption stdout ----
[INFO] [stdout] Error: IOError(Os { code: 30, kind: ReadOnlyFilesystem, message: "Read-only file system" })
[INFO] [stdout] 
[INFO] [stdout] ---- tests::test_create_list_file_size stdout ----
[INFO] [stdout] Error: IOError(Os { code: 30, kind: ReadOnlyFilesystem, message: "Read-only file system" })
[INFO] [stdout] 
[INFO] [stdout] ---- tests::test_create_list_extract stdout ----
[INFO] [stdout] Error: IOError(Os { code: 30, kind: ReadOnlyFilesystem, message: "Read-only file system" })
[INFO] [stdout] 
[INFO] [stdout] ---- tests::test_create_list_extract_chacha stdout ----
[INFO] [stdout] Error: IOError(Os { code: 30, kind: ReadOnlyFilesystem, message: "Read-only file system" })
[INFO] [stdout] 
[INFO] [stdout] 
[INFO] [stdout] failures:
[INFO] [stdout]     tests::test_create_list_extract
[INFO] [stdout]     tests::test_create_list_extract_chacha
[INFO] [stdout]     tests::test_create_list_extract_encryption
[INFO] [stdout]     tests::test_create_list_file_size
[INFO] [stdout] 
[INFO] [stdout] test result: FAILED. 51 passed; 4 failed; 0 ignored; 0 measured; 0 filtered out; finished in 0.13s
[INFO] [stdout] 
[INFO] [stderr] error: test failed, to rerun pass `--lib`
[INFO] running `Command { std: "docker" "inspect" "5a4fd62c9ebe559f849855632571cbbc6eed456830679ff273de90fabb58bfbf", kill_on_drop: false }`
[INFO] running `Command { std: "docker" "rm" "-f" "5a4fd62c9ebe559f849855632571cbbc6eed456830679ff273de90fabb58bfbf", kill_on_drop: false }`
[INFO] [stdout] 5a4fd62c9ebe559f849855632571cbbc6eed456830679ff273de90fabb58bfbf
