[INFO] fetching crate ex-command 0.1.0...
[INFO] testing ex-command-0.1.0 against 1.100.0-beta.1+cargoflags=--release for beta-release-1.100-2
[INFO] extracting crate ex-command 0.1.0 into /workspace/builds/worker-2-tc2/source
[INFO] removed /workspace/builds/worker-2-tc2/source/rust-toolchain.toml
[INFO] started tweaking crates.io crate ex-command 0.1.0
[INFO] removed 0 missing examples
[INFO] removed 0 missing tests
[INFO] finished tweaking crates.io crate ex-command 0.1.0
[INFO] tweaked toml for crates.io crate ex-command 0.1.0 written to /workspace/builds/worker-2-tc2/source/Cargo.toml
[INFO] validating manifest of crates.io crate ex-command 0.1.0 on toolchain 1.100.0-beta.1
[INFO] running `Command { std: CARGO_HOME="/workspace/cargo-home" RUSTUP_HOME="/workspace/rustup-home" "/workspace/cargo-home/bin/cargo" "+1.100.0-beta.1" "metadata" "--manifest-path" "Cargo.toml" "--no-deps", kill_on_drop: false }`
[INFO] crate crates.io crate ex-command 0.1.0 already has a lockfile, it will not be regenerated
[INFO] running `Command { std: CARGO_HOME="/workspace/cargo-home" RUSTUP_HOME="/workspace/rustup-home" "/workspace/cargo-home/bin/cargo" "+1.100.0-beta.1" "fetch" "--manifest-path" "Cargo.toml", kill_on_drop: false }`
[INFO] running `Command { std: "docker" "create" "-v" "/var/lib/crater-agent-workspace/builds/worker-2-tc2/source:/opt/rustwide/workdir:ro,Z" "-v" "/var/lib/crater-agent-workspace/builds/worker-2-tc2/target:/opt/rustwide/target:rw,Z" "-v" "/var/lib/crater-agent-workspace/cargo-home:/opt/rustwide/cargo-home:ro,Z" "-v" "/var/lib/crater-agent-workspace/rustup-home:/opt/rustwide/rustup-home:ro,Z" "-m" "1610612736" "--network" "none" "ghcr.io/rust-lang/crates-build-env/linux@sha256:77db811e55d90add9212f6832c23229e3de5f1c1f9905e8cb07319ea15df73ac" "sleep" "infinity", kill_on_drop: false }`
[INFO] [stdout] b32d3fff19fb4223fe2cab65f60c92964d3d4dce716548f95fad1ccbc66cd539
[INFO] running `Command { std: "docker" "start" "b32d3fff19fb4223fe2cab65f60c92964d3d4dce716548f95fad1ccbc66cd539", kill_on_drop: false }`
[INFO] running `Command { std: "docker" "inspect" "b32d3fff19fb4223fe2cab65f60c92964d3d4dce716548f95fad1ccbc66cd539", kill_on_drop: false }`
[INFO] running `Command { std: "docker" "exec" "-e" "SOURCE_DIR=/opt/rustwide/workdir" "-e" "CARGO_HOME=/opt/rustwide/cargo-home" "-e" "RUSTUP_HOME=/opt/rustwide/rustup-home" "-e" "CARGO_TARGET_DIR=/opt/rustwide/target" "-w" "/opt/rustwide/workdir" "--user" "0:0" "b32d3fff19fb4223fe2cab65f60c92964d3d4dce716548f95fad1ccbc66cd539" "/opt/rustwide/cargo-home/bin/cargo" "+1.100.0-beta.1" "metadata" "--no-deps" "--format-version=1", kill_on_drop: false }`
[INFO] running `Command { std: "docker" "inspect" "b32d3fff19fb4223fe2cab65f60c92964d3d4dce716548f95fad1ccbc66cd539", kill_on_drop: false }`
[INFO] running `Command { std: "docker" "exec" "-e" "SOURCE_DIR=/opt/rustwide/workdir" "-e" "CARGO_HOME=/opt/rustwide/cargo-home" "-e" "RUSTUP_HOME=/opt/rustwide/rustup-home" "-e" "CARGO_TARGET_DIR=/opt/rustwide/target" "-e" "CARGO_INCREMENTAL=0" "-e" "RUST_BACKTRACE=full" "-e" "RUSTFLAGS=--cap-lints=warn" "-e" "RUSTDOCFLAGS=--cap-lints=warn" "-w" "/opt/rustwide/workdir" "--user" "0:0" "b32d3fff19fb4223fe2cab65f60c92964d3d4dce716548f95fad1ccbc66cd539" "/opt/rustwide/cargo-home/bin/cargo" "+1.100.0-beta.1" "build" "--frozen" "--message-format=json" "--release", kill_on_drop: false }`
[INFO] [stderr]    Compiling tokio v1.53.1
[INFO] [stderr]    Compiling syn v2.0.119
[INFO] [stderr]    Compiling syn v3.0.6
[INFO] [stderr]    Compiling tokio-util v0.7.19
[INFO] [stderr]    Compiling thiserror-impl v2.0.21
[INFO] [stderr]    Compiling thiserror v2.0.21
[INFO] [stderr]    Compiling strum_macros v0.28.0
[INFO] [stderr]    Compiling derive_more-impl v2.1.1
[INFO] [stderr]    Compiling strum v0.28.0
[INFO] [stderr]    Compiling derive_more v2.1.1
[INFO] [stderr]    Compiling ex-command v0.1.0 (/opt/rustwide/workdir)
[INFO] [stderr]     Finished `release` profile [optimized] target(s) in 12.52s
[INFO] running `Command { std: "docker" "inspect" "b32d3fff19fb4223fe2cab65f60c92964d3d4dce716548f95fad1ccbc66cd539", kill_on_drop: false }`
[INFO] running `Command { std: "docker" "exec" "-e" "SOURCE_DIR=/opt/rustwide/workdir" "-e" "CARGO_HOME=/opt/rustwide/cargo-home" "-e" "RUSTUP_HOME=/opt/rustwide/rustup-home" "-e" "CARGO_TARGET_DIR=/opt/rustwide/target" "-e" "CARGO_INCREMENTAL=0" "-e" "RUST_BACKTRACE=full" "-e" "RUSTFLAGS=--cap-lints=warn" "-e" "RUSTDOCFLAGS=--cap-lints=warn" "-w" "/opt/rustwide/workdir" "--user" "0:0" "b32d3fff19fb4223fe2cab65f60c92964d3d4dce716548f95fad1ccbc66cd539" "/opt/rustwide/cargo-home/bin/cargo" "+1.100.0-beta.1" "test" "--frozen" "--no-run" "--message-format=json" "--release", kill_on_drop: false }`
[INFO] [stderr]    Compiling syn v3.0.6
[INFO] [stderr]    Compiling libc v0.2.189
[INFO] [stderr]    Compiling scopeguard v1.2.0
[INFO] [stderr]    Compiling nix v0.31.3
[INFO] [stderr]    Compiling errno v0.3.14
[INFO] [stderr]    Compiling mio v1.2.3
[INFO] [stderr]    Compiling socket2 v0.6.5
[INFO] [stderr]    Compiling nix v0.26.4
[INFO] [stderr]    Compiling signal-hook-registry v1.4.8
[INFO] [stderr]    Compiling test-case-core v3.4.0
[INFO] [stderr]    Compiling thiserror-impl v2.0.21
[INFO] [stderr]    Compiling tokio-macros v2.7.2
[INFO] [stderr]    Compiling test-case-macros v3.4.0
[INFO] [stderr]    Compiling futures-macro v0.3.34
[INFO] [stderr]    Compiling test-case v3.4.0
[INFO] [stderr]    Compiling tokio v1.53.1
[INFO] [stderr]    Compiling futures-util v0.3.34
[INFO] [stderr]    Compiling thiserror v2.0.21
[INFO] [stderr]    Compiling unescaper v0.1.10
[INFO] [stderr]    Compiling serialport v4.10.1
[INFO] [stderr]    Compiling mio-serial v5.0.7
[INFO] [stderr]    Compiling tokio-util v0.7.19
[INFO] [stderr]    Compiling tokio-serial v5.5.0
[INFO] [stderr]    Compiling ex-command v0.1.0 (/opt/rustwide/workdir)
[INFO] [stderr]     Finished `release` profile [optimized] target(s) in 25.25s
[INFO] running `Command { std: "docker" "inspect" "b32d3fff19fb4223fe2cab65f60c92964d3d4dce716548f95fad1ccbc66cd539", kill_on_drop: false }`
[INFO] running `Command { std: "docker" "exec" "-e" "SOURCE_DIR=/opt/rustwide/workdir" "-e" "CARGO_HOME=/opt/rustwide/cargo-home" "-e" "RUSTUP_HOME=/opt/rustwide/rustup-home" "-e" "CARGO_TARGET_DIR=/opt/rustwide/target" "-e" "CARGO_INCREMENTAL=0" "-e" "RUST_BACKTRACE=full" "-e" "RUSTFLAGS=--cap-lints=warn" "-e" "RUSTDOCFLAGS=--cap-lints=warn" "-w" "/opt/rustwide/workdir" "--user" "0:0" "b32d3fff19fb4223fe2cab65f60c92964d3d4dce716548f95fad1ccbc66cd539" "/opt/rustwide/cargo-home/bin/cargo" "+1.100.0-beta.1" "test" "--frozen" "--release", kill_on_drop: false }`
[INFO] [stderr]     Finished `release` profile [optimized] target(s) in 0.10s
[INFO] [stderr]      Running unittests src/lib.rs (/opt/rustwide/target/release/build/ex-command/02cdefc372f7f933/out/ex_command-02cdefc372f7f933)
[INFO] [stdout] 
[INFO] [stdout] running 399 tests
[INFO] [stdout] test codec::tests::decode_sequence::test_case_1_general ... ok
[INFO] [stdout] test command::tests::display::test_case_104_set_clock_no_rate ... ok
[INFO] [stdout] test codec::tests::encode_sequence::test_case_1_general ... ok
[INFO] [stdout] test command::tests::display::test_case_10_set_decoder_function_on ... ok
[INFO] [stdout] test command::tests::display::test_case_110_set_railcom ... ok
[INFO] [stdout] test command::tests::display::test_case_101_create_dcc_turntable ... ok
[INFO] [stdout] test command::tests::display::test_case_111_set_sniffer ... ok
[INFO] [stdout] test codec::tests::decode_ignores_separators::test_case_5_windows_newline ... ok
[INFO] [stdout] test command::tests::display::test_case_113_set_diagnostics_no_state ... ok
[INFO] [stdout] test command::tests::display::test_case_114_set_diagnostics_exrail ... ok
[INFO] [stdout] test command::tests::display::test_case_112_configure_wifi ... ok
[INFO] [stdout] test codec::tests::decode_ignores_separators::test_case_3_tab ... ok
[INFO] [stdout] test command::tests::display::test_case_100_set_turntable_with_activity ... ok
[INFO] [stdout] test command::tests::display::test_case_107_clear_stash ... ok
[INFO] [stdout] test codec::tests::decode_ignores_separators::test_case_4_unix_newline ... ok
[INFO] [stdout] test command::tests::display::test_case_102_create_extt_turntable ... ok
[INFO] [stdout] test command::tests::display::test_case_103_add_turntable_position ... ok
[INFO] [stdout] test codec::tests::decode_ignores_separators::test_case_1_empty ... ok
[INFO] [stdout] test command::tests::display::test_case_106_set_stash_forward ... ok
[INFO] [stdout] test command::tests::display::test_case_108_clear_stashes_for_loco ... ok
[INFO] [stdout] test command::tests::display::test_case_109_configure_prog_boost ... ok
[INFO] [stdout] test command::tests::display::test_case_11_set_momentum_default ... ok
[INFO] [stdout] test command::tests::display::test_case_121_control_hal ... ok
[INFO] [stdout] test command::tests::display::test_case_124_start_automation_with_address ... ok
[INFO] [stdout] test command::tests::display::test_case_119_dump_eeprom ... ok
[INFO] [stdout] test command::tests::display::test_case_120_read_analog ... ok
[INFO] [stdout] test command::tests::display::test_case_122_control_automations ... ok
[INFO] [stdout] test command::tests::display::test_case_126_lcc_with_event ... ok
[INFO] [stdout] test command::tests::display::test_case_12_set_momentum_accel_only ... ok
[INFO] [stdout] test codec::tests::decode_ignores_separators::test_case_2_space ... ok
[INFO] [stdout] test command::tests::display::test_case_117_configure_ack_milliseconds ... ok
[INFO] [stdout] test command::tests::display::test_case_123_start_automation_no_address ... ok
[INFO] [stdout] test command::tests::display::test_case_118_set_ack_diagnostics_on ... ok
[INFO] [stdout] test command::tests::display::test_case_125_lcc_no_event ... ok
[INFO] [stdout] test command::tests::display::test_case_105_display_track_current ... ok
[INFO] [stdout] test command::tests::display::test_case_115_set_ack_diagnostics_off ... ok
[INFO] [stdout] test command::tests::display::test_case_116_configure_ack_limit ... ok
[INFO] [stdout] test command::tests::display::test_case_140_set_track_mode_prog ... ok
[INFO] [stdout] test command::tests::display::test_case_13_set_momentum_both ... ok
[INFO] [stdout] test command::tests::display::test_case_137_set_track_mode_main ... ok
[INFO] [stdout] test command::tests::display::test_case_127_write_display ... ok
[INFO] [stdout] test command::tests::display::test_case_128_wifi_at ... ok
[INFO] [stdout] test command::tests::display::test_case_138_set_track_mode_main_inverted ... ok
[INFO] [stdout] test command::tests::display::test_case_129_select_camera ... ok
[INFO] [stdout] test command::tests::display::test_case_139_set_track_mode_main_auto ... ok
[INFO] [stdout] test command::tests::display::test_case_130_camera_no_args ... ok
[INFO] [stdout] test command::tests::display::test_case_131_camera_one_arg ... ok
[INFO] [stdout] test command::tests::display::test_case_132_camera_two_args ... ok
[INFO] [stdout] test command::tests::display::test_case_136_set_dc_track_inverted ... ok
[INFO] [stdout] test command::tests::display::test_case_135_set_dc_track_normal ... ok
[INFO] [stdout] test command::tests::display::test_case_142_set_track_mode_external ... ok
[INFO] [stdout] test command::tests::display::test_case_143_set_track_mode_boost ... ok
[INFO] [stdout] test command::tests::display::test_case_133_set_camera_sensor ... ok
[INFO] [stdout] test command::tests::display::test_case_134_set_camera_vpin ... ok
[INFO] [stdout] test command::tests::display::test_case_141_set_track_mode_off ... ok
[INFO] [stdout] test command::tests::display::test_case_153_set_diagnostics_lcn ... ok
[INFO] [stdout] test command::tests::display::test_case_154_set_diagnostics_sniffer ... ok
[INFO] [stdout] test command::tests::display::test_case_155_set_diagnostics_websocket ... ok
[INFO] [stdout] test command::tests::display::test_case_156_control_automation_object_kill ... ok
[INFO] [stdout] test command::tests::display::test_case_144_set_track_mode_boost_inverted ... ok
[INFO] [stdout] test command::tests::display::test_case_147_set_track_mode_inverted ... ok
[INFO] [stdout] test command::tests::display::test_case_149_set_diagnostics_railcom ... ok
[INFO] [stdout] test command::tests::display::test_case_150_set_diagnostics_wifi ... ok
[INFO] [stdout] test command::tests::display::test_case_157_control_automation_object_reserve ... ok
[INFO] [stdout] test command::tests::display::test_case_151_set_diagnostics_ethernet ... ok
[INFO] [stdout] test command::tests::display::test_case_145_set_track_mode_boost_auto ... ok
[INFO] [stdout] test command::tests::display::test_case_152_set_diagnostics_withrottle ... ok
[INFO] [stdout] test command::tests::display::test_case_146_set_track_mode_auto ... ok
[INFO] [stdout] test command::tests::display::test_case_148_set_diagnostics_command ... ok
[INFO] [stdout] test command::tests::display::test_case_14_set_momentum_linear ... ok
[INFO] [stdout] test command::tests::display::test_case_158_control_automation_object_free ... ok
[INFO] [stdout] test command::tests::display::test_case_163_control_automation_object_green ... ok
[INFO] [stdout] test command::tests::display::test_case_167_control_sound_resume ... ok
[INFO] [stdout] test command::tests::display::test_case_168_control_sound_reset ... ok
[INFO] [stdout] test command::tests::display::test_case_160_control_automation_object_unlatch ... ok
[INFO] [stdout] test command::tests::display::test_case_161_control_automation_object_red ... ok
[INFO] [stdout] test command::tests::display::test_case_164_configure_coarse_steps ... ok
[INFO] [stdout] test command::tests::display::test_case_16_reboot ... ok
[INFO] [stdout] test command::tests::display::test_case_170_get_stash_signed_id ... ok
[INFO] [stdout] test command::tests::display::test_case_172_delete_turnout_full_id ... ok
[INFO] [stdout] test command::tests::display::test_case_173_write_digital_high ... ok
[INFO] [stdout] test command::tests::display::test_case_174_write_digital_low ... ok
[INFO] [stdout] test command::tests::display::test_case_171_create_sensor_no_pullup ... ok
[INFO] [stdout] test command::tests::display::test_case_1_set_power_off ... ok
[INFO] [stdout] test command::tests::display::test_case_17_emergency_stop ... ok
[INFO] [stdout] test command::tests::display::test_case_165_configure_fine_steps ... ok
[INFO] [stdout] test command::tests::display::test_case_159_control_automation_object_latch ... ok
[INFO] [stdout] test command::tests::display::test_case_18_get_supported_loco_count ... ok
[INFO] [stdout] test command::tests::display::test_case_15_set_momentum_power ... ok
[INFO] [stdout] test command::tests::display::test_case_166_control_sound_stop ... ok
[INFO] [stdout] test command::tests::display::test_case_169_get_routes_signed_id ... ok
[INFO] [stdout] test command::tests::display::test_case_20_store_configuration ... ok
[INFO] [stdout] test command::tests::display::test_case_162_control_automation_object_amber ... ok
[INFO] [stdout] test command::tests::display::test_case_177_set_stash_reverse ... ok
[INFO] [stdout] test command::tests::display::test_case_175_set_clock_with_rate ... ok
[INFO] [stdout] test command::tests::display::test_case_176_set_stash_empty ... ok
[INFO] [stdout] test command::tests::display::test_case_178_force_update_full_address ... ok
[INFO] [stdout] test command::tests::display::test_case_19_get_status ... ok
[INFO] [stdout] test command::tests::display::test_case_21_erase_configuration ... ok
[INFO] [stdout] test command::tests::display::test_case_23_list_sensors ... ok
[INFO] [stdout] test command::tests::display::test_case_25_list_outputs ... ok
[INFO] [stdout] test command::tests::display::test_case_22_list_turnouts ... ok
[INFO] [stdout] test command::tests::display::test_case_24_get_sensor_states ... ok
[INFO] [stdout] test command::tests::display::test_case_28_pause_locomotives ... ok
[INFO] [stdout] test command::tests::display::test_case_27_list_turntables ... ok
[INFO] [stdout] test command::tests::display::test_case_26_list_tracks ... ok
[INFO] [stdout] test command::tests::display::test_case_29_resume_locomotives ... ok
[INFO] [stdout] test command::tests::display::test_case_2_set_power_on ... ok
[INFO] [stdout] test command::tests::display::test_case_30_get_emergency_stop_state ... ok
[INFO] [stdout] test command::tests::display::test_case_32_clear_all_stashes ... ok
[INFO] [stdout] test command::tests::display::test_case_31_get_clock ... ok
[INFO] [stdout] test command::tests::display::test_case_33_get_automation_status ... ok
[INFO] [stdout] test command::tests::display::test_case_36_get_memory_diagnostics ... ok
[INFO] [stdout] test command::tests::display::test_case_39_list_consists ... ok
[INFO] [stdout] test command::tests::display::test_case_3_set_power_letter ... ok
[INFO] [stdout] test command::tests::display::test_case_38_get_camera_status ... ok
[INFO] [stdout] test command::tests::display::test_case_34_kill_all_automations ... ok
[INFO] [stdout] test command::tests::display::test_case_37_subscribe_display ... ok
[INFO] [stdout] test command::tests::display::test_case_35_get_cab_diagnostics ... ok
[INFO] [stdout] test command::tests::display::test_case_41_set_speed_forward ... ok
[INFO] [stdout] test command::tests::display::test_case_42_set_speed_stop ... ok
[INFO] [stdout] test command::tests::display::test_case_44_forget_locomotive_no_address ... ok
[INFO] [stdout] test command::tests::display::test_case_43_set_momentum_decel_only ... ok
[INFO] [stdout] test command::tests::display::test_case_46_set_dc_frequency ... ok
[INFO] [stdout] test command::tests::display::test_case_48_set_accessory_off ... ok
[INFO] [stdout] test command::tests::display::test_case_45_forget_locomotive_with_address ... ok
[INFO] [stdout] test command::tests::display::test_case_47_set_accessory_pulse ... ok
[INFO] [stdout] test command::tests::display::test_case_40_exrail_block_exit ... ok
[INFO] [stdout] test command::tests::display::test_case_4_set_power_main ... ok
[INFO] [stdout] test command::tests::display::test_case_49_set_accessory_on ... ok
[INFO] [stdout] test command::tests::display::test_case_51_set_extended_accessory_signed ... ok
[INFO] [stdout] test command::tests::display::test_case_57_get_turnout_definition ... ok
[INFO] [stdout] test command::tests::display::test_case_62_create_sensor_pullup ... ok
[INFO] [stdout] test command::tests::display::test_case_64_write_analog_profile ... ok
[INFO] [stdout] test command::tests::display::test_case_65_write_analog_timed ... ok
[INFO] [stdout] test command::tests::display::test_case_54_delete_output ... ok
[INFO] [stdout] test command::tests::display::test_case_5_get_milli_amp_values ... ok
[INFO] [stdout] test command::tests::display::test_case_53_delete_sensor ... ok
[INFO] [stdout] test command::tests::display::test_case_50_set_linear_accessory ... ok
[INFO] [stdout] test command::tests::display::test_case_69_set_neopixel_color_on ... ok
[INFO] [stdout] test command::tests::display::test_case_60_create_servo_turnout ... ok
[INFO] [stdout] test command::tests::display::test_case_52_set_consist_directions ... ok
[INFO] [stdout] test command::tests::display::test_case_55_set_turnout_closed ... ok
[INFO] [stdout] test command::tests::display::test_case_59_create_linear_turnout ... ok
[INFO] [stdout] test command::tests::display::test_case_63_write_analog_basic ... ok
[INFO] [stdout] test command::tests::display::test_case_66_write_analog_default_profile ... ok
[INFO] [stdout] test command::tests::display::test_case_68_set_neopixel_off_count ... ok
[INFO] [stdout] test command::tests::display::test_case_70_set_neopixel_color_off_count ... ok
[INFO] [stdout] test command::tests::display::test_case_61_create_vpin_turnout ... ok
[INFO] [stdout] test command::tests::display::test_case_58_create_dcc_turnout ... ok
[INFO] [stdout] test command::tests::display::test_case_56_set_turnout_thrown ... ok
[INFO] [stdout] test command::tests::display::test_case_67_set_neopixel_on ... ok
[INFO] [stdout] test command::tests::display::test_case_6_get_max_milli_amp_values ... ok
[INFO] [stdout] test command::tests::display::test_case_71_play_sound_once ... ok
[INFO] [stdout] test command::tests::display::test_case_74_set_sound ... ok
[INFO] [stdout] test command::tests::display::test_case_75_write_cv_main ... ok
[INFO] [stdout] test command::tests::display::test_case_76_read_cv_main ... ok
[INFO] [stdout] test command::tests::display::test_case_77_write_cv_bit_main ... ok
[INFO] [stdout] test command::tests::display::test_case_82_read_address_loco ... ok
[INFO] [stdout] test command::tests::display::test_case_78_write_cv ... ok
[INFO] [stdout] test command::tests::display::test_case_79_verify_cv ... ok
[INFO] [stdout] test command::tests::display::test_case_7_set_speed_reverse ... ok
[INFO] [stdout] test command::tests::display::test_case_80_verify_cv_bit ... ok
[INFO] [stdout] test command::tests::display::test_case_81_read_address_drive_away ... ok
[INFO] [stdout] test command::tests::display::test_case_83_read_address_consist ... ok
[INFO] [stdout] test command::tests::display::test_case_85_write_consist_address_forward ... ok
[INFO] [stdout] test command::tests::display::test_case_86_write_consist_address_reverse ... ok
[INFO] [stdout] test command::tests::display::test_case_89_get_roster_all ... ok
[INFO] [stdout] test command::tests::display::test_case_84_write_address ... ok
[INFO] [stdout] test command::tests::display::test_case_88_send_packet_prog ... ok
[INFO] [stdout] test command::tests::display::test_case_90_get_roster_by_id ... ok
[INFO] [stdout] test command::tests::display::test_case_8_set_speed_emergency ... ok
[INFO] [stdout] test command::tests::display::test_case_91_get_routes_all ... ok
[INFO] [stdout] test command::tests::display::test_case_92_get_turnouts_all ... ok
[INFO] [stdout] test command::tests::display::test_case_95_get_turntables_by_id ... ok
[INFO] [stdout] test command::tests::display::test_case_98_get_turntable ... ok
[INFO] [stdout] test event::tests::parse::test_case_10_emergency_paused ... ok
[INFO] [stdout] test command::tests::display::test_case_99_set_turntable_no_activity ... ok
[INFO] [stdout] test event::tests::parse::test_case_12_stored ... ok
[INFO] [stdout] test command::tests::display::test_case_87_send_packet_main ... ok
[INFO] [stdout] test event::tests::parse::test_case_100_track_dc_inverted ... ok
[INFO] [stdout] test command::tests::display::test_case_9_set_decoder_function_off ... ok
[INFO] [stdout] test command::tests::display::test_case_93_get_turnouts_by_id ... ok
[INFO] [stdout] test event::tests::parse::test_case_11_emergency_resumed ... ok
[INFO] [stdout] test event::tests::parse::test_case_13_turnout_servo ... ok
[INFO] [stdout] test event::tests::parse::test_case_15_turnout_lcn ... ok
[INFO] [stdout] test event::tests::parse::test_case_14_turnout_vpin ... ok
[INFO] [stdout] test event::tests::parse::test_case_17_output_active ... ok
[INFO] [stdout] test command::tests::display::test_case_72_play_sound_repeat_volume ... ok
[INFO] [stdout] test event::tests::parse::test_case_20_cv_failed ... ok
[INFO] [stdout] test command::tests::display::test_case_73_control_sound_pause ... ok
[INFO] [stdout] test event::tests::parse::test_case_16_sensor_definition ... ok
[INFO] [stdout] test event::tests::parse::test_case_21_cv_main_failed ... ok
[INFO] [stdout] test event::tests::parse::test_case_22_verify_byte ... ok
[INFO] [stdout] test command::tests::display::test_case_94_get_turntables_all ... ok
[INFO] [stdout] test command::tests::display::test_case_97_get_turntable_positions ... ok
[INFO] [stdout] test event::tests::parse::test_case_24_verify_no_current ... ok
[INFO] [stdout] test event::tests::parse::test_case_33_address_written ... ok
[INFO] [stdout] test event::tests::parse::test_case_31_address_long_consist ... ok
[INFO] [stdout] test event::tests::parse::test_case_34_address_consist_error ... ok
[INFO] [stdout] test event::tests::parse::test_case_35_address_write_error ... ok
[INFO] [stdout] test event::tests::parse::test_case_29_address_long ... ok
[INFO] [stdout] test event::tests::parse::test_case_36_current_values ... ok
[INFO] [stdout] test event::tests::parse::test_case_2_power_join ... ok
[INFO] [stdout] test event::tests::parse::test_case_37_current_limits ... ok
[INFO] [stdout] test event::tests::parse::test_case_32_address_loco_error ... ok
[INFO] [stdout] test event::tests::parse::test_case_23_verify_no_track ... ok
[INFO] [stdout] test event::tests::parse::test_case_39_roster_info ... ok
[INFO] [stdout] test event::tests::parse::test_case_40_route_unknown_kind ... ok
[INFO] [stdout] test event::tests::parse::test_case_18_track_auto ... ok
[INFO] [stdout] test event::tests::parse::test_case_38_roster_empty ... ok
[INFO] [stdout] test event::tests::parse::test_case_41_route_state ... ok
[INFO] [stdout] test event::tests::parse::test_case_43_turnout_description ... ok
[INFO] [stdout] test event::tests::parse::test_case_19_track_inverted ... ok
[INFO] [stdout] test event::tests::parse::test_case_42_route_caption ... ok
[INFO] [stdout] test event::tests::parse::test_case_1_power_off ... ok
[INFO] [stdout] test event::tests::parse::test_case_3_power_letter ... ok
[INFO] [stdout] test event::tests::parse::test_case_27_address_loco ... ok
[INFO] [stdout] test command::tests::display::test_case_96_get_stash_all ... ok
[INFO] [stdout] test event::tests::parse::test_case_28_address_consist ... ok
[INFO] [stdout] test event::tests::parse::test_case_25_verify_unknown_error ... ok
[INFO] [stdout] test event::tests::parse::test_case_26_address_no_track ... ok
[INFO] [stdout] test event::tests::parse::test_case_30_address_long_loco ... ok
[INFO] [stdout] test event::tests::parse::test_case_47_stash_empty ... ok
[INFO] [stdout] test event::tests::parse::test_case_53_lcc_ready ... ok
[INFO] [stdout] test event::tests::parse::test_case_49_turntable_moving ... ok
[INFO] [stdout] test event::tests::parse::test_case_44_turntable_info ... ok
[INFO] [stdout] test event::tests::parse::test_case_52_message ... ok
[INFO] [stdout] test event::tests::parse::test_case_57_turntable_ok ... ok
[INFO] [stdout] test event::tests::parse::test_case_45_turntable_positions_error ... ok
[INFO] [stdout] test event::tests::parse::test_case_51_display_quoted ... ok
[INFO] [stdout] test event::tests::parse::test_case_59_diagnostic_multiline ... ok
[INFO] [stdout] test event::tests::parse::test_case_46_clock_no_rate ... ok
[INFO] [stdout] test event::tests::parse::test_case_5_loco_no_slot ... ok
[INFO] [stdout] test event::tests::parse::test_case_50_turntable_external ... ok
[INFO] [stdout] test event::tests::parse::test_case_54_lcc_register ... ok
[INFO] [stdout] test event::tests::parse::test_case_58_station_info ... ok
[INFO] [stdout] test event::tests::parse::test_case_64_turnout_signed_id ... ok
[INFO] [stdout] test event::tests::parse::test_case_4_loco_forward ... ok
[INFO] [stdout] test event::tests::parse::test_case_65_turnout_unsigned_id ... ok
[INFO] [stdout] test event::tests::parse::test_case_66_cv_unrestricted ... ok
[INFO] [stdout] test event::tests::parse::test_case_55_lcc_listen_split ... ok
[INFO] [stdout] test event::tests::parse::test_case_56_lcc_send ... ok
[INFO] [stdout] test event::tests::parse::test_case_60_camera ... ok
[INFO] [stdout] test event::tests::parse::test_case_61_route_list_signed ... ok
[INFO] [stdout] test event::tests::parse::test_case_62_route_signed_id ... ok
[INFO] [stdout] test event::tests::parse::test_case_63_sensor_inactive ... ok
[INFO] [stdout] test event::tests::parse::test_case_75_consist_written ... ok
[INFO] [stdout] test event::tests::parse::test_case_78_stash_reverse ... ok
[INFO] [stdout] test event::tests::parse::test_case_76_roster_full_ids ... ok
[INFO] [stdout] test event::tests::parse::test_case_7_loco_count ... ok
[INFO] [stdout] test event::tests::parse::test_case_77_sensor_full_id ... ok
[INFO] [stdout] test event::tests::parse::test_case_82_address_error_bound ... ok
[INFO] [stdout] test event::tests::parse::test_case_79_consist_directions ... ok
[INFO] [stdout] test event::tests::parse::test_case_80_lcc_long_id ... ok
[INFO] [stdout] test event::tests::parse::test_case_86_track_external ... ok
[INFO] [stdout] test event::tests::parse::test_case_87_track_none ... ok
[INFO] [stdout] test event::tests::parse::test_case_67_cv_main_unrestricted ... ok
[INFO] [stdout] test event::tests::parse::test_case_69_turnout_dcc_unrestricted ... ok
[INFO] [stdout] test event::tests::parse::test_case_6_loco_emergency ... ok
[INFO] [stdout] test event::tests::parse::test_case_70_turnout_legacy_unrestricted ... ok
[INFO] [stdout] test event::tests::parse::test_case_71_output_flags ... ok
[INFO] [stdout] test event::tests::parse::test_case_72_clock_with_rate ... ok
[INFO] [stdout] test event::tests::parse::test_case_73_turntable_full_angle ... ok
[INFO] [stdout] test event::tests::parse::test_case_81_turnout_list_signed ... ok
[INFO] [stdout] test event::tests::parse::test_case_94_turntable_signed_id ... ok
[INFO] [stdout] test event::tests::parse::test_case_97_stash_forward ... ok
[INFO] [stdout] test event::tests::parse::test_case_95_turntable_stopped ... ok
[INFO] [stdout] test event::tests::parse::test_case_90_output_signed_id ... ok
[INFO] [stdout] test event::tests::parse::test_case_91_turntable_list_signed ... ok
[INFO] [stdout] test event::tests::parse::test_case_92_turnout_no_description ... ok
[INFO] [stdout] test event::tests::parse::test_case_93_turntable_unavailable ... ok
[INFO] [stdout] test event::tests::reject::test_case_102_verify_bit_overflow ... ok
[INFO] [stdout] test event::tests::reject::test_case_10_count_overflow ... ok
[INFO] [stdout] test event::tests::reject::test_case_11_stored_missing ... ok
[INFO] [stdout] test event::tests::reject::test_case_12_stored_bad ... ok
[INFO] [stdout] test event::tests::reject::test_case_13_stored_negative ... ok
[INFO] [stdout] test event::tests::reject::test_case_14_sensor_missing_id ... ok
[INFO] [stdout] test event::tests::reject::test_case_15_sensor_missing_pullup ... ok
[INFO] [stdout] test event::tests::parse::test_case_83_track_main ... ok
[INFO] [stdout] test event::tests::reject::test_case_101_turntable_list_overflow ... ok
[INFO] [stdout] test event::tests::parse::test_case_96_turntable_internal ... ok
[INFO] [stdout] test event::tests::reject::test_case_16_sensor_bad_pullup ... ok
[INFO] [stdout] test event::tests::parse::test_case_84_track_boost ... ok
[INFO] [stdout] test event::tests::reject::test_case_17_output_missing_id ... ok
[INFO] [stdout] test event::tests::parse::test_case_88_track_unassigned ... ok
[INFO] [stdout] test event::tests::reject::test_case_18_output_missing_state ... ok
[INFO] [stdout] test event::tests::parse::test_case_89_track_dc ... ok
[INFO] [stdout] test event::tests::parse::test_case_85_track_prog ... ok
[INFO] [stdout] test event::tests::parse::test_case_8_ok ... ok
[INFO] [stdout] test event::tests::reject::test_case_19_output_flags_overflow ... ok
[INFO] [stdout] test event::tests::reject::test_case_1_empty ... ok
[INFO] [stdout] test event::tests::reject::test_case_20_output_bad_state ... ok
[INFO] [stdout] test event::tests::reject::test_case_21_turnout_bad_state ... ok
[INFO] [stdout] test event::tests::reject::test_case_22_turnout_subaddress_overflow ... ok
[INFO] [stdout] test event::tests::reject::test_case_23_turnout_dcc_missing ... ok
[INFO] [stdout] test event::tests::reject::test_case_24_turnout_servo_missing ... ok
[INFO] [stdout] test event::tests::reject::test_case_25_turnout_vpin_bad_state ... ok
[INFO] [stdout] test event::tests::reject::test_case_26_track_bad_letter ... ok
[INFO] [stdout] test event::tests::reject::test_case_27_track_missing_mode ... ok
[INFO] [stdout] test event::tests::reject::test_case_28_track_missing_address ... ok
[INFO] [stdout] test event::tests::reject::test_case_29_track_address_overflow ... ok
[INFO] [stdout] test event::tests::reject::test_case_2_loco_missing_map ... ok
[INFO] [stdout] test event::tests::reject::test_case_30_read_missing ... ok
[INFO] [stdout] test event::tests::reject::test_case_31_verify_missing ... ok
[INFO] [stdout] test event::tests::parse::test_case_48_turntable_no_motion ... ok
[INFO] [stdout] test event::tests::reject::test_case_32_verify_negative_cv ... ok
[INFO] [stdout] test event::tests::parse::test_case_68_verify_unrestricted ... ok
[INFO] [stdout] test event::tests::reject::test_case_33_verify_cv_overflow ... ok
[INFO] [stdout] test event::tests::parse::test_case_74_address_full_width ... ok
[INFO] [stdout] test event::tests::reject::test_case_34_verify_byte_overflow ... ok
[INFO] [stdout] test event::tests::reject::test_case_35_verify_bit_value_overflow ... ok
[INFO] [stdout] test event::tests::parse::test_case_98_loco_forgotten ... ok
[INFO] [stdout] test event::tests::reject::test_case_37_read_loco_missing ... ok
[INFO] [stdout] test event::tests::parse::test_case_99_loco_full_fields ... ok
[INFO] [stdout] test event::tests::parse::test_case_9_error ... ok
[INFO] [stdout] test event::tests::reject::test_case_38_read_long_missing_marker ... ok
[INFO] [stdout] test event::tests::reject::test_case_100_turnout_list_underflow ... ok
[INFO] [stdout] test event::tests::reject::test_case_43_clock_rate_overflow ... ok
[INFO] [stdout] test event::tests::reject::test_case_44_stash_missing ... ok
[INFO] [stdout] test event::tests::reject::test_case_4_loco_address_overflow ... ok
[INFO] [stdout] test event::tests::reject::test_case_50_route_missing_state ... ok
[INFO] [stdout] test event::tests::reject::test_case_51_route_bad_state ... ok
[INFO] [stdout] test event::tests::reject::test_case_52_turnout_bad_character ... ok
[INFO] [stdout] test event::tests::reject::test_case_3_loco_speed_overflow ... ok
[INFO] [stdout] test event::tests::reject::test_case_54_turntable_bad_external ... ok
[INFO] [stdout] test event::tests::reject::test_case_36_read_address_overflow ... ok
[INFO] [stdout] test event::tests::reject::test_case_53_route_missing_description ... ok
[INFO] [stdout] test event::tests::reject::test_case_39_write_missing ... ok
[INFO] [stdout] test event::tests::reject::test_case_41_clock_missing ... ok
[INFO] [stdout] test event::tests::reject::test_case_57_turntable_bad_motion ... ok
[INFO] [stdout] test event::tests::reject::test_case_49_roster_unclosed_functions ... ok
[INFO] [stdout] test event::tests::reject::test_case_58_turntable_missing_pin ... ok
[INFO] [stdout] test event::tests::reject::test_case_42_clock_minutes_overflow ... ok
[INFO] [stdout] test event::tests::reject::test_case_5_loco_map_overflow ... ok
[INFO] [stdout] test event::tests::reject::test_case_40_write_consist_overflow ... ok
[INFO] [stdout] test event::tests::reject::test_case_60_display_unquoted ... ok
[INFO] [stdout] test event::tests::reject::test_case_62_consist_empty ... ok
[INFO] [stdout] test event::tests::reject::test_case_46_current_bad_sentinel ... ok
[INFO] [stdout] test event::tests::reject::test_case_64_consist_address_underflow ... ok
[INFO] [stdout] test event::tests::reject::test_case_66_lcc_bad_hex ... ok
[INFO] [stdout] test event::tests::reject::test_case_47_current_limit_negative ... ok
[INFO] [stdout] test event::tests::reject::test_case_65_lcc_missing_id ... ok
[INFO] [stdout] test event::tests::reject::test_case_68_lcc_bad_prefix ... ok
[INFO] [stdout] test event::tests::reject::test_case_67_lcc_empty_id ... ok
[INFO] [stdout] test event::tests::reject::test_case_56_turntable_missing_position ... ok
[INFO] [stdout] test event::tests::reject::test_case_69_turnout_id_underflow ... ok
[INFO] [stdout] test event::tests::reject::test_case_61_message_unclosed ... ok
[INFO] [stdout] test event::tests::reject::test_case_71_route_id_underflow ... ok
[INFO] [stdout] test event::tests::reject::test_case_74_turntable_id_underflow ... ok
[INFO] [stdout] test event::tests::reject::test_case_55_turntable_angle_overflow ... ok
[INFO] [stdout] test event::tests::reject::test_case_76_output_id_underflow ... ok
[INFO] [stdout] test event::tests::reject::test_case_77_forgotten_negative ... ok
[INFO] [stdout] test event::tests::reject::test_case_75_turntable_id_overflow ... ok
[INFO] [stdout] test event::tests::reject::test_case_63_consist_address_overflow ... ok
[INFO] [stdout] test event::tests::reject::test_case_78_forgotten_overflow ... ok
[INFO] [stdout] test event::tests::reject::test_case_82_cv_lookahead_overflow ... ok
[INFO] [stdout] test event::tests::reject::test_case_86_clock_lookahead_overflow ... ok
[INFO] [stdout] test event::tests::reject::test_case_87_turntable_lookahead_overflow ... ok
[INFO] [stdout] test event::tests::reject::test_case_45_stash_address_overflow ... ok
[INFO] [stdout] test event::tests::reject::test_case_79_forgotten_bad ... ok
[INFO] [stdout] test event::tests::reject::test_case_6_loco_map_underflow ... ok
[INFO] [stdout] test event::tests::reject::test_case_89_loco_bad_slot ... ok
[INFO] [stdout] test event::tests::reject::test_case_70_turnout_id_overflow ... ok
[INFO] [stdout] test event::tests::reject::test_case_88_loco_slot_overflow ... ok
[INFO] [stdout] test event::tests::reject::test_case_94_stash_reverse_overflow ... ok
[INFO] [stdout] test event::tests::reject::test_case_95_turnout_list_overflow ... ok
[INFO] [stdout] test event::tests::reject::test_case_96_turntable_list_underflow ... ok
[INFO] [stdout] test event::tests::reject::test_case_97_roster_id_overflow ... ok
[INFO] [stdout] test event::tests::reject::test_case_98_sensor_id_underflow ... ok
[INFO] [stdout] test event::tests::reject::test_case_99_lcc_extra_separator ... ok
[INFO] [stdout] test event::tests::reject::test_case_9_count_bad ... ok
[INFO] [stdout] test event::tests::reject::test_case_59_display_missing_text ... ok
[INFO] [stdout] test event::tests::unsupported::test_case_1_unknown_opcode ... ok
[INFO] [stdout] test event::tests::unsupported::test_case_3_unknown_emergency ... ok
[INFO] [stdout] test event::tests::reject::test_case_7_loco_bad_speed ... ok
[INFO] [stdout] test event::tests::reject::test_case_72_lcc_missing_prefix_part ... ok
[INFO] [stdout] test event::tests::reject::test_case_8_count_missing ... ok
[INFO] [stdout] test event::tests::reject::test_case_91_write_error_underflow ... ok
[INFO] [stdout] test event::tests::unsupported::test_case_4_unknown_ok ... ok
[INFO] [stdout] test event::tests::reject::test_case_90_write_address_overflow ... ok
[INFO] [stdout] test event::tests::reject::test_case_92_read_error_underflow ... ok
[INFO] [stdout] test event::tests::reject::test_case_81_turnout_legacy_overflow ... ok
[INFO] [stdout] test event::tests::reject::test_case_93_read_loco_overflow ... ok
[INFO] [stdout] test event::tests::unsupported::test_case_7_obsolete_current ... ok
[INFO] [stdout] test event::tests::unsupported::test_case_8_obsolete_callback ... ok
[INFO] [stdout] test event::tests::unsupported::test_case_9_obsolete_spaced_callback ... ok
[INFO] [stdout] test types::tests::normalized_speed_clamps_and_rounds ... ok
[INFO] [stdout] test types::tests::normalized_speed_values_and_round_trip ... ok
[INFO] [stdout] test types::tests::speed_step_validation ... ok
[INFO] [stdout] test event::tests::reject::test_case_48_roster_missing_functions ... ok
[INFO] [stdout] test event::tests::unsupported::test_case_5_unknown_power ... ok
[INFO] [stdout] test event::tests::reject::test_case_84_verify_lookahead_overflow ... ok
[INFO] [stdout] test event::tests::reject::test_case_85_verify_negative_bit ... ok
[INFO] [stdout] test event::tests::reject::test_case_73_lcc_missing_suffix_part ... ok
[INFO] [stderr]      Running tests/e2e.rs (/opt/rustwide/target/release/build/ex-command/3989eeec510ee349/out/e2e-3989eeec510ee349)
[INFO] [stdout] test event::tests::unsupported::test_case_2_unknown_throttle ... ok
[INFO] [stdout] test event::tests::reject::test_case_80_sensor_pin_overflow ... ok
[INFO] [stdout] test event::tests::unsupported::test_case_6_obsolete_throttle ... ok
[INFO] [stdout] test event::tests::reject::test_case_83_cv_main_lookahead_overflow ... ok
[INFO] [stdout] 
[INFO] [stdout] test result: ok. 399 passed; 0 failed; 0 ignored; 0 measured; 0 filtered out; finished in 0.07s
[INFO] [stdout] 
[INFO] [stdout] 
[INFO] [stdout] running 9 tests
[INFO] [stdout] test display_roundtrip ... FAILED
[INFO] [stderr] error: test failed, to rerun pass `--test e2e`
[INFO] [stdout] test get_clock ... FAILED
[INFO] [stdout] test get_emergency_stop_state ... FAILED
[INFO] [stdout] test get_max_milli_amp_values ... FAILED
[INFO] [stdout] test get_milli_amp_values ... FAILED
[INFO] [stdout] test get_status ... FAILED
[INFO] [stdout] test get_supported_loco_count ... FAILED
[INFO] [stdout] test list_tracks ... FAILED
[INFO] [stdout] test reboot ... FAILED
[INFO] [stdout] 
[INFO] [stdout] failures:
[INFO] [stdout] 
[INFO] [stdout] ---- display_roundtrip stdout ----
[INFO] [stdout] 
[INFO] [stdout] thread 'display_roundtrip' (1315) panicked at tests/e2e.rs:220:43:
[INFO] [stdout] Missing serial path in env: NotPresent
[INFO] [stdout] stack backtrace:
[INFO] [stdout]    0:     0x589be8f6c581 - <<std[617be2ca0a6fd877]::sys::backtrace::BacktraceLock>::print::DisplayBacktrace as core[a373ad73a504971]::fmt::Display>::fmt
[INFO] [stdout]    1:     0x589be8f809aa - core[a373ad73a504971]::fmt::write
[INFO] [stdout]    2:     0x589be8f708cc - <alloc[2e1b2a31b91974c5]::vec::Vec<u8> as core[a373ad73a504971]::io::write::Write>::write_fmt
[INFO] [stdout]    3:     0x589be8f48416 - std[617be2ca0a6fd877]::panicking::default_hook::{closure#0}
[INFO] [stdout]    4:     0x589be8f64a59 - std[617be2ca0a6fd877]::panicking::default_hook
[INFO] [stdout]    5:     0x589be8ed70a0 - test[aada8e7e76ba119b]::test_main_inner::{closure#0}
[INFO] [stdout]    6:     0x589be8f64d82 - std[617be2ca0a6fd877]::panicking::panic_with_hook
[INFO] [stdout]    7:     0x589be8f484c2 - std[617be2ca0a6fd877]::panicking::panic_handler::{closure#0}
[INFO] [stdout]    8:     0x589be8f411d9 - std[617be2ca0a6fd877]::sys::backtrace::__rust_end_short_backtrace::<std[617be2ca0a6fd877]::panicking::panic_handler::{closure#0}, !>
[INFO] [stdout]    9:     0x589be8f490cd - __rustc[ea4f61d10b84890b]::rust_begin_unwind
[INFO] [stdout]   10:     0x589be8f8110c - core[a373ad73a504971]::panicking::panic_fmt
[INFO] [stdout]   11:     0x589be8f80ee2 - core[a373ad73a504971]::result::unwrap_failed
[INFO] [stdout]   12:     0x589be8ec4c37 - e2e[ac02cc1bb3baddb1]::open_stream
[INFO] [stdout]   13:     0x589be8ec2998 - e2e[ac02cc1bb3baddb1]::display_roundtrip::{closure#0}
[INFO] [stdout]   14:     0x589be8ec9643 - <tokio[a9973f050ff8ec07]::runtime::scheduler::current_thread::Context>::enter::<core[a373ad73a504971]::task::poll::Poll<()>, <tokio[a9973f050ff8ec07]::runtime::scheduler::current_thread::CoreGuard>::block_on<core[a373ad73a504971]::pin::Pin<&mut core[a373ad73a504971]::pin::Pin<&mut dyn core[a373ad73a504971]::future::future::Future<Output = ()>>>>::{closure#0}::{closure#0}>
[INFO] [stdout]   15:     0x589be8ebf0b9 - <std[617be2ca0a6fd877]::thread::local::LocalKey<tokio[a9973f050ff8ec07]::runtime::context::Context>>::with::<tokio[a9973f050ff8ec07]::runtime::context::set_scheduler<(alloc[2e1b2a31b91974c5]::boxed::Box<tokio[a9973f050ff8ec07]::runtime::scheduler::current_thread::Core>, core[a373ad73a504971]::option::Option<()>), <tokio[a9973f050ff8ec07]::runtime::scheduler::current_thread::CoreGuard>::enter<<tokio[a9973f050ff8ec07]::runtime::scheduler::current_thread::CoreGuard>::block_on<core[a373ad73a504971]::pin::Pin<&mut core[a373ad73a504971]::pin::Pin<&mut dyn core[a373ad73a504971]::future::future::Future<Output = ()>>>>::{closure#0}, core[a373ad73a504971]::option::Option<()>>::{closure#0}>::{closure#0}, (alloc[2e1b2a31b91974c5]::boxed::Box<tokio[a9973f050ff8ec07]::runtime::scheduler::current_thread::Core>, core[a373ad73a504971]::option::Option<()>)>
[INFO] [stdout]   16:     0x589be8ec9387 - <tokio[a9973f050ff8ec07]::runtime::scheduler::current_thread::CurrentThread>::block_on::<core[a373ad73a504971]::pin::Pin<&mut dyn core[a373ad73a504971]::future::future::Future<Output = ()>>>
[INFO] [stdout]   17:     0x589be8ec5be2 - <tokio[a9973f050ff8ec07]::runtime::runtime::Runtime>::block_on::<core[a373ad73a504971]::pin::Pin<&mut dyn core[a373ad73a504971]::future::future::Future<Output = ()>>>
[INFO] [stdout]   18:     0x589be8ec524e - <e2e[ac02cc1bb3baddb1]::display_roundtrip::{closure#0} as core[a373ad73a504971]::ops::function::FnOnce<()>>::call_once
[INFO] [stdout]   19:     0x589be8eca4eb - test[aada8e7e76ba119b]::__rust_begin_short_backtrace::<core[a373ad73a504971]::result::Result<(), alloc[2e1b2a31b91974c5]::string::String>, fn() -> core[a373ad73a504971]::result::Result<(), alloc[2e1b2a31b91974c5]::string::String>>
[INFO] [stdout]   20:     0x589be8ed76c5 - test[aada8e7e76ba119b]::run_test::{closure#0}
[INFO] [stdout]   21:     0x589be8ed0fb4 - std[617be2ca0a6fd877]::sys::backtrace::__rust_begin_short_backtrace::<test[aada8e7e76ba119b]::run_test::{closure#1}, ()>
[INFO] [stdout]   22:     0x589be8eda752 - <std[617be2ca0a6fd877]::thread::lifecycle::spawn_unchecked<test[aada8e7e76ba119b]::run_test::{closure#1}, ()>::{closure#1} as core[a373ad73a504971]::ops::function::FnOnce<()>>::call_once::{shim:vtable#0}
[INFO] [stdout]   23:     0x589be8f6bdcf - <std[617be2ca0a6fd877]::sys::thread::unix::Thread>::new::thread_start
[INFO] [stdout]   24:     0x7f508ee24dfa - <unknown>
[INFO] [stdout]   25:     0x7f508eeb83d4 - clone
[INFO] [stdout]   26:                0x0 - <unknown>
[INFO] [stdout] 
[INFO] [stdout] ---- get_clock stdout ----
[INFO] [stdout] 
[INFO] [stdout] thread 'get_clock' (1316) panicked at tests/e2e.rs:220:43:
[INFO] [stdout] Missing serial path in env: NotPresent
[INFO] [stdout] stack backtrace:
[INFO] [stdout]    0:     0x589be8f6c581 - <<std[617be2ca0a6fd877]::sys::backtrace::BacktraceLock>::print::DisplayBacktrace as core[a373ad73a504971]::fmt::Display>::fmt
[INFO] [stdout]    1:     0x589be8f809aa - core[a373ad73a504971]::fmt::write
[INFO] [stdout]    2:     0x589be8f708cc - <alloc[2e1b2a31b91974c5]::vec::Vec<u8> as core[a373ad73a504971]::io::write::Write>::write_fmt
[INFO] [stdout]    3:     0x589be8f48416 - std[617be2ca0a6fd877]::panicking::default_hook::{closure#0}
[INFO] [stdout]    4:     0x589be8f64a59 - std[617be2ca0a6fd877]::panicking::default_hook
[INFO] [stdout]    5:     0x589be8ed70a0 - test[aada8e7e76ba119b]::test_main_inner::{closure#0}
[INFO] [stdout]    6:     0x589be8f64d82 - std[617be2ca0a6fd877]::panicking::panic_with_hook
[INFO] [stdout]    7:     0x589be8f484c2 - std[617be2ca0a6fd877]::panicking::panic_handler::{closure#0}
[INFO] [stdout]    8:     0x589be8f411d9 - std[617be2ca0a6fd877]::sys::backtrace::__rust_end_short_backtrace::<std[617be2ca0a6fd877]::panicking::panic_handler::{closure#0}, !>
[INFO] [stdout]    9:     0x589be8f490cd - __rustc[ea4f61d10b84890b]::rust_begin_unwind
[INFO] [stdout]   10:     0x589be8f8110c - core[a373ad73a504971]::panicking::panic_fmt
[INFO] [stdout]   11:     0x589be8f80ee2 - core[a373ad73a504971]::result::unwrap_failed
[INFO] [stdout]   12:     0x589be8ec4c37 - e2e[ac02cc1bb3baddb1]::open_stream
[INFO] [stdout]   13:     0x589be8ec4578 - e2e[ac02cc1bb3baddb1]::get_clock::{closure#0}
[INFO] [stdout]   14:     0x589be8ec9643 - <tokio[a9973f050ff8ec07]::runtime::scheduler::current_thread::Context>::enter::<core[a373ad73a504971]::task::poll::Poll<()>, <tokio[a9973f050ff8ec07]::runtime::scheduler::current_thread::CoreGuard>::block_on<core[a373ad73a504971]::pin::Pin<&mut core[a373ad73a504971]::pin::Pin<&mut dyn core[a373ad73a504971]::future::future::Future<Output = ()>>>>::{closure#0}::{closure#0}>
[INFO] [stdout]   15:     0x589be8ebf0b9 - <std[617be2ca0a6fd877]::thread::local::LocalKey<tokio[a9973f050ff8ec07]::runtime::context::Context>>::with::<tokio[a9973f050ff8ec07]::runtime::context::set_scheduler<(alloc[2e1b2a31b91974c5]::boxed::Box<tokio[a9973f050ff8ec07]::runtime::scheduler::current_thread::Core>, core[a373ad73a504971]::option::Option<()>), <tokio[a9973f050ff8ec07]::runtime::scheduler::current_thread::CoreGuard>::enter<<tokio[a9973f050ff8ec07]::runtime::scheduler::current_thread::CoreGuard>::block_on<core[a373ad73a504971]::pin::Pin<&mut core[a373ad73a504971]::pin::Pin<&mut dyn core[a373ad73a504971]::future::future::Future<Output = ()>>>>::{closure#0}, core[a373ad73a504971]::option::Option<()>>::{closure#0}>::{closure#0}, (alloc[2e1b2a31b91974c5]::boxed::Box<tokio[a9973f050ff8ec07]::runtime::scheduler::current_thread::Core>, core[a373ad73a504971]::option::Option<()>)>
[INFO] [stdout]   16:     0x589be8ec9387 - <tokio[a9973f050ff8ec07]::runtime::scheduler::current_thread::CurrentThread>::block_on::<core[a373ad73a504971]::pin::Pin<&mut dyn core[a373ad73a504971]::future::future::Future<Output = ()>>>
[INFO] [stdout]   17:     0x589be8ec5be2 - <tokio[a9973f050ff8ec07]::runtime::runtime::Runtime>::block_on::<core[a373ad73a504971]::pin::Pin<&mut dyn core[a373ad73a504971]::future::future::Future<Output = ()>>>
[INFO] [stdout]   18:     0x589be8ec5a8e - <e2e[ac02cc1bb3baddb1]::get_clock::{closure#0} as core[a373ad73a504971]::ops::function::FnOnce<()>>::call_once
[INFO] [stdout]   19:     0x589be8eca4eb - test[aada8e7e76ba119b]::__rust_begin_short_backtrace::<core[a373ad73a504971]::result::Result<(), alloc[2e1b2a31b91974c5]::string::String>, fn() -> core[a373ad73a504971]::result::Result<(), alloc[2e1b2a31b91974c5]::string::String>>
[INFO] [stdout]   20:     0x589be8ed76c5 - test[aada8e7e76ba119b]::run_test::{closure#0}
[INFO] [stdout]   21:     0x589be8ed0fb4 - std[617be2ca0a6fd877]::sys::backtrace::__rust_begin_short_backtrace::<test[aada8e7e76ba119b]::run_test::{closure#1}, ()>
[INFO] [stdout]   22:     0x589be8eda752 - <std[617be2ca0a6fd877]::thread::lifecycle::spawn_unchecked<test[aada8e7e76ba119b]::run_test::{closure#1}, ()>::{closure#1} as core[a373ad73a504971]::ops::function::FnOnce<()>>::call_once::{shim:vtable#0}
[INFO] [stdout]   23:     0x589be8f6bdcf - <std[617be2ca0a6fd877]::sys::thread::unix::Thread>::new::thread_start
[INFO] [stdout]   24:     0x7f508ee24dfa - <unknown>
[INFO] [stdout]   25:     0x7f508eeb83d4 - clone
[INFO] [stdout]   26:                0x0 - <unknown>
[INFO] [stdout] 
[INFO] [stdout] ---- get_emergency_stop_state stdout ----
[INFO] [stdout] 
[INFO] [stdout] thread 'get_emergency_stop_state' (1317) panicked at tests/e2e.rs:220:43:
[INFO] [stdout] Missing serial path in env: NotPresent
[INFO] [stdout] stack backtrace:
[INFO] [stdout]    0:     0x589be8f6c581 - <<std[617be2ca0a6fd877]::sys::backtrace::BacktraceLock>::print::DisplayBacktrace as core[a373ad73a504971]::fmt::Display>::fmt
[INFO] [stdout]    1:     0x589be8f809aa - core[a373ad73a504971]::fmt::write
[INFO] [stdout]    2:     0x589be8f708cc - <alloc[2e1b2a31b91974c5]::vec::Vec<u8> as core[a373ad73a504971]::io::write::Write>::write_fmt
[INFO] [stdout]    3:     0x589be8f48416 - std[617be2ca0a6fd877]::panicking::default_hook::{closure#0}
[INFO] [stdout]    4:     0x589be8f64a59 - std[617be2ca0a6fd877]::panicking::default_hook
[INFO] [stdout]    5:     0x589be8ed70a0 - test[aada8e7e76ba119b]::test_main_inner::{closure#0}
[INFO] [stdout]    6:     0x589be8f64d82 - std[617be2ca0a6fd877]::panicking::panic_with_hook
[INFO] [stdout]    7:     0x589be8f484c2 - std[617be2ca0a6fd877]::panicking::panic_handler::{closure#0}
[INFO] [stdout]    8:     0x589be8f411d9 - std[617be2ca0a6fd877]::sys::backtrace::__rust_end_short_backtrace::<std[617be2ca0a6fd877]::panicking::panic_handler::{closure#0}, !>
[INFO] [stdout]    9:     0x589be8f490cd - __rustc[ea4f61d10b84890b]::rust_begin_unwind
[INFO] [stdout]   10:     0x589be8f8110c - core[a373ad73a504971]::panicking::panic_fmt
[INFO] [stdout]   11:     0x589be8f80ee2 - core[a373ad73a504971]::result::unwrap_failed
[INFO] [stdout]   12:     0x589be8ec4c37 - e2e[ac02cc1bb3baddb1]::open_stream
[INFO] [stdout]   13:     0x589be8ec33f8 - e2e[ac02cc1bb3baddb1]::get_emergency_stop_state::{closure#0}
[INFO] [stdout]   14:     0x589be8ec9643 - <tokio[a9973f050ff8ec07]::runtime::scheduler::current_thread::Context>::enter::<core[a373ad73a504971]::task::poll::Poll<()>, <tokio[a9973f050ff8ec07]::runtime::scheduler::current_thread::CoreGuard>::block_on<core[a373ad73a504971]::pin::Pin<&mut core[a373ad73a504971]::pin::Pin<&mut dyn core[a373ad73a504971]::future::future::Future<Output = ()>>>>::{closure#0}::{closure#0}>
[INFO] [stdout]   15:     0x589be8ebf0b9 - <std[617be2ca0a6fd877]::thread::local::LocalKey<tokio[a9973f050ff8ec07]::runtime::context::Context>>::with::<tokio[a9973f050ff8ec07]::runtime::context::set_scheduler<(alloc[2e1b2a31b91974c5]::boxed::Box<tokio[a9973f050ff8ec07]::runtime::scheduler::current_thread::Core>, core[a373ad73a504971]::option::Option<()>), <tokio[a9973f050ff8ec07]::runtime::scheduler::current_thread::CoreGuard>::enter<<tokio[a9973f050ff8ec07]::runtime::scheduler::current_thread::CoreGuard>::block_on<core[a373ad73a504971]::pin::Pin<&mut core[a373ad73a504971]::pin::Pin<&mut dyn core[a373ad73a504971]::future::future::Future<Output = ()>>>>::{closure#0}, core[a373ad73a504971]::option::Option<()>>::{closure#0}>::{closure#0}, (alloc[2e1b2a31b91974c5]::boxed::Box<tokio[a9973f050ff8ec07]::runtime::scheduler::current_thread::Core>, core[a373ad73a504971]::option::Option<()>)>
[INFO] [stdout]   16:     0x589be8ec9387 - <tokio[a9973f050ff8ec07]::runtime::scheduler::current_thread::CurrentThread>::block_on::<core[a373ad73a504971]::pin::Pin<&mut dyn core[a373ad73a504971]::future::future::Future<Output = ()>>>
[INFO] [stdout]   17:     0x589be8ec5be2 - <tokio[a9973f050ff8ec07]::runtime::runtime::Runtime>::block_on::<core[a373ad73a504971]::pin::Pin<&mut dyn core[a373ad73a504971]::future::future::Future<Output = ()>>>
[INFO] [stdout]   18:     0x589be8ec550e - <e2e[ac02cc1bb3baddb1]::get_emergency_stop_state::{closure#0} as core[a373ad73a504971]::ops::function::FnOnce<()>>::call_once
[INFO] [stdout]   19:     0x589be8eca4eb - test[aada8e7e76ba119b]::__rust_begin_short_backtrace::<core[a373ad73a504971]::result::Result<(), alloc[2e1b2a31b91974c5]::string::String>, fn() -> core[a373ad73a504971]::result::Result<(), alloc[2e1b2a31b91974c5]::string::String>>
[INFO] [stdout]   20:     0x589be8ed76c5 - test[aada8e7e76ba119b]::run_test::{closure#0}
[INFO] [stdout]   21:     0x589be8ed0fb4 - std[617be2ca0a6fd877]::sys::backtrace::__rust_begin_short_backtrace::<test[aada8e7e76ba119b]::run_test::{closure#1}, ()>
[INFO] [stdout]   22:     0x589be8eda752 - <std[617be2ca0a6fd877]::thread::lifecycle::spawn_unchecked<test[aada8e7e76ba119b]::run_test::{closure#1}, ()>::{closure#1} as core[a373ad73a504971]::ops::function::FnOnce<()>>::call_once::{shim:vtable#0}
[INFO] [stdout]   23:     0x589be8f6bdcf - <std[617be2ca0a6fd877]::sys::thread::unix::Thread>::new::thread_start
[INFO] [stdout]   24:     0x7f508ee24dfa - <unknown>
[INFO] [stdout]   25:     0x7f508eeb83d4 - clone
[INFO] [stdout]   26:                0x0 - <unknown>
[INFO] [stdout] 
[INFO] [stdout] ---- get_max_milli_amp_values stdout ----
[INFO] [stdout] 
[INFO] [stdout] thread 'get_max_milli_amp_values' (1318) panicked at tests/e2e.rs:220:43:
[INFO] [stdout] Missing serial path in env: NotPresent
[INFO] [stdout] stack backtrace:
[INFO] [stdout]    0:     0x589be8f6c581 - <<std[617be2ca0a6fd877]::sys::backtrace::BacktraceLock>::print::DisplayBacktrace as core[a373ad73a504971]::fmt::Display>::fmt
[INFO] [stdout]    1:     0x589be8f809aa - core[a373ad73a504971]::fmt::write
[INFO] [stdout]    2:     0x589be8f708cc - <alloc[2e1b2a31b91974c5]::vec::Vec<u8> as core[a373ad73a504971]::io::write::Write>::write_fmt
[INFO] [stdout]    3:     0x589be8f48416 - std[617be2ca0a6fd877]::panicking::default_hook::{closure#0}
[INFO] [stdout]    4:     0x589be8f64a59 - std[617be2ca0a6fd877]::panicking::default_hook
[INFO] [stdout]    5:     0x589be8ed70a0 - test[aada8e7e76ba119b]::test_main_inner::{closure#0}
[INFO] [stdout]    6:     0x589be8f64d82 - std[617be2ca0a6fd877]::panicking::panic_with_hook
[INFO] [stdout]    7:     0x589be8f484c2 - std[617be2ca0a6fd877]::panicking::panic_handler::{closure#0}
[INFO] [stdout]    8:     0x589be8f411d9 - std[617be2ca0a6fd877]::sys::backtrace::__rust_end_short_backtrace::<std[617be2ca0a6fd877]::panicking::panic_handler::{closure#0}, !>
[INFO] [stdout]    9:     0x589be8f490cd - __rustc[ea4f61d10b84890b]::rust_begin_unwind
[INFO] [stdout]   10:     0x589be8f8110c - core[a373ad73a504971]::panicking::panic_fmt
[INFO] [stdout]   11:     0x589be8f80ee2 - core[a373ad73a504971]::result::unwrap_failed
[INFO] [stdout]   12:     0x589be8ec4c37 - e2e[ac02cc1bb3baddb1]::open_stream
[INFO] [stdout]   13:     0x589be8ec3858 - e2e[ac02cc1bb3baddb1]::get_max_milli_amp_values::{closure#0}
[INFO] [stdout]   14:     0x589be8ec9643 - <tokio[a9973f050ff8ec07]::runtime::scheduler::current_thread::Context>::enter::<core[a373ad73a504971]::task::poll::Poll<()>, <tokio[a9973f050ff8ec07]::runtime::scheduler::current_thread::CoreGuard>::block_on<core[a373ad73a504971]::pin::Pin<&mut core[a373ad73a504971]::pin::Pin<&mut dyn core[a373ad73a504971]::future::future::Future<Output = ()>>>>::{closure#0}::{closure#0}>
[INFO] [stdout]   15:     0x589be8ebf0b9 - <std[617be2ca0a6fd877]::thread::local::LocalKey<tokio[a9973f050ff8ec07]::runtime::context::Context>>::with::<tokio[a9973f050ff8ec07]::runtime::context::set_scheduler<(alloc[2e1b2a31b91974c5]::boxed::Box<tokio[a9973f050ff8ec07]::runtime::scheduler::current_thread::Core>, core[a373ad73a504971]::option::Option<()>), <tokio[a9973f050ff8ec07]::runtime::scheduler::current_thread::CoreGuard>::enter<<tokio[a9973f050ff8ec07]::runtime::scheduler::current_thread::CoreGuard>::block_on<core[a373ad73a504971]::pin::Pin<&mut core[a373ad73a504971]::pin::Pin<&mut dyn core[a373ad73a504971]::future::future::Future<Output = ()>>>>::{closure#0}, core[a373ad73a504971]::option::Option<()>>::{closure#0}>::{closure#0}, (alloc[2e1b2a31b91974c5]::boxed::Box<tokio[a9973f050ff8ec07]::runtime::scheduler::current_thread::Core>, core[a373ad73a504971]::option::Option<()>)>
[INFO] [stdout]   16:     0x589be8ec9387 - <tokio[a9973f050ff8ec07]::runtime::scheduler::current_thread::CurrentThread>::block_on::<core[a373ad73a504971]::pin::Pin<&mut dyn core[a373ad73a504971]::future::future::Future<Output = ()>>>
[INFO] [stdout]   17:     0x589be8ec5be2 - <tokio[a9973f050ff8ec07]::runtime::runtime::Runtime>::block_on::<core[a373ad73a504971]::pin::Pin<&mut dyn core[a373ad73a504971]::future::future::Future<Output = ()>>>
[INFO] [stdout]   18:     0x589be8ec566e - <e2e[ac02cc1bb3baddb1]::get_max_milli_amp_values::{closure#0} as core[a373ad73a504971]::ops::function::FnOnce<()>>::call_once
[INFO] [stdout]   19:     0x589be8eca4eb - test[aada8e7e76ba119b]::__rust_begin_short_backtrace::<core[a373ad73a504971]::result::Result<(), alloc[2e1b2a31b91974c5]::string::String>, fn() -> core[a373ad73a504971]::result::Result<(), alloc[2e1b2a31b91974c5]::string::String>>
[INFO] [stdout]   20:     0x589be8ed76c5 - test[aada8e7e76ba119b]::run_test::{closure#0}
[INFO] [stdout]   21:     0x589be8ed0fb4 - std[617be2ca0a6fd877]::sys::backtrace::__rust_begin_short_backtrace::<test[aada8e7e76ba119b]::run_test::{closure#1}, ()>
[INFO] [stdout]   22:     0x589be8eda752 - <std[617be2ca0a6fd877]::thread::lifecycle::spawn_unchecked<test[aada8e7e76ba119b]::run_test::{closure#1}, ()>::{closure#1} as core[a373ad73a504971]::ops::function::FnOnce<()>>::call_once::{shim:vtable#0}
[INFO] [stdout]   23:     0x589be8f6bdcf - <std[617be2ca0a6fd877]::sys::thread::unix::Thread>::new::thread_start
[INFO] [stdout]   24:     0x7f508ee24dfa - <unknown>
[INFO] [stdout]   25:     0x7f508eeb83d4 - clone
[INFO] [stdout]   26:                0x0 - <unknown>
[INFO] [stdout] 
[INFO] [stdout] ---- get_milli_amp_values stdout ----
[INFO] [stdout] 
[INFO] [stdout] thread 'get_milli_amp_values' (1319) panicked at tests/e2e.rs:220:43:
[INFO] [stdout] Missing serial path in env: NotPresent
[INFO] [stdout] stack backtrace:
[INFO] [stdout]    0:     0x589be8f6c581 - <<std[617be2ca0a6fd877]::sys::backtrace::BacktraceLock>::print::DisplayBacktrace as core[a373ad73a504971]::fmt::Display>::fmt
[INFO] [stdout]    1:     0x589be8f809aa - core[a373ad73a504971]::fmt::write
[INFO] [stdout]    2:     0x589be8f708cc - <alloc[2e1b2a31b91974c5]::vec::Vec<u8> as core[a373ad73a504971]::io::write::Write>::write_fmt
[INFO] [stdout]    3:     0x589be8f48416 - std[617be2ca0a6fd877]::panicking::default_hook::{closure#0}
[INFO] [stdout]    4:     0x589be8f64a59 - std[617be2ca0a6fd877]::panicking::default_hook
[INFO] [stdout]    5:     0x589be8ed70a0 - test[aada8e7e76ba119b]::test_main_inner::{closure#0}
[INFO] [stdout]    6:     0x589be8f64d82 - std[617be2ca0a6fd877]::panicking::panic_with_hook
[INFO] [stdout]    7:     0x589be8f484c2 - std[617be2ca0a6fd877]::panicking::panic_handler::{closure#0}
[INFO] [stdout]    8:     0x589be8f411d9 - std[617be2ca0a6fd877]::sys::backtrace::__rust_end_short_backtrace::<std[617be2ca0a6fd877]::panicking::panic_handler::{closure#0}, !>
[INFO] [stdout]    9:     0x589be8f490cd - __rustc[ea4f61d10b84890b]::rust_begin_unwind
[INFO] [stdout]   10:     0x589be8f8110c - core[a373ad73a504971]::panicking::panic_fmt
[INFO] [stdout]   11:     0x589be8f80ee2 - core[a373ad73a504971]::result::unwrap_failed
[INFO] [stdout]   12:     0x589be8ec4c37 - e2e[ac02cc1bb3baddb1]::open_stream
[INFO] [stdout]   13:     0x589be8ec2f98 - e2e[ac02cc1bb3baddb1]::get_milli_amp_values::{closure#0}
[INFO] [stdout]   14:     0x589be8ec9643 - <tokio[a9973f050ff8ec07]::runtime::scheduler::current_thread::Context>::enter::<core[a373ad73a504971]::task::poll::Poll<()>, <tokio[a9973f050ff8ec07]::runtime::scheduler::current_thread::CoreGuard>::block_on<core[a373ad73a504971]::pin::Pin<&mut core[a373ad73a504971]::pin::Pin<&mut dyn core[a373ad73a504971]::future::future::Future<Output = ()>>>>::{closure#0}::{closure#0}>
[INFO] [stdout]   15:     0x589be8ebf0b9 - <std[617be2ca0a6fd877]::thread::local::LocalKey<tokio[a9973f050ff8ec07]::runtime::context::Context>>::with::<tokio[a9973f050ff8ec07]::runtime::context::set_scheduler<(alloc[2e1b2a31b91974c5]::boxed::Box<tokio[a9973f050ff8ec07]::runtime::scheduler::current_thread::Core>, core[a373ad73a504971]::option::Option<()>), <tokio[a9973f050ff8ec07]::runtime::scheduler::current_thread::CoreGuard>::enter<<tokio[a9973f050ff8ec07]::runtime::scheduler::current_thread::CoreGuard>::block_on<core[a373ad73a504971]::pin::Pin<&mut core[a373ad73a504971]::pin::Pin<&mut dyn core[a373ad73a504971]::future::future::Future<Output = ()>>>>::{closure#0}, core[a373ad73a504971]::option::Option<()>>::{closure#0}>::{closure#0}, (alloc[2e1b2a31b91974c5]::boxed::Box<tokio[a9973f050ff8ec07]::runtime::scheduler::current_thread::Core>, core[a373ad73a504971]::option::Option<()>)>
[INFO] [stdout]   16:     0x589be8ec9387 - <tokio[a9973f050ff8ec07]::runtime::scheduler::current_thread::CurrentThread>::block_on::<core[a373ad73a504971]::pin::Pin<&mut dyn core[a373ad73a504971]::future::future::Future<Output = ()>>>
[INFO] [stdout]   17:     0x589be8ec5be2 - <tokio[a9973f050ff8ec07]::runtime::runtime::Runtime>::block_on::<core[a373ad73a504971]::pin::Pin<&mut dyn core[a373ad73a504971]::future::future::Future<Output = ()>>>
[INFO] [stdout]   18:     0x589be8ec53ae - <e2e[ac02cc1bb3baddb1]::get_milli_amp_values::{closure#0} as core[a373ad73a504971]::ops::function::FnOnce<()>>::call_once
[INFO] [stdout]   19:     0x589be8eca4eb - test[aada8e7e76ba119b]::__rust_begin_short_backtrace::<core[a373ad73a504971]::result::Result<(), alloc[2e1b2a31b91974c5]::string::String>, fn() -> core[a373ad73a504971]::result::Result<(), alloc[2e1b2a31b91974c5]::string::String>>
[INFO] [stdout]   20:     0x589be8ed76c5 - test[aada8e7e76ba119b]::run_test::{closure#0}
[INFO] [stdout]   21:     0x589be8ed0fb4 - std[617be2ca0a6fd877]::sys::backtrace::__rust_begin_short_backtrace::<test[aada8e7e76ba119b]::run_test::{closure#1}, ()>
[INFO] [stdout]   22:     0x589be8eda752 - <std[617be2ca0a6fd877]::thread::lifecycle::spawn_unchecked<test[aada8e7e76ba119b]::run_test::{closure#1}, ()>::{closure#1} as core[a373ad73a504971]::ops::function::FnOnce<()>>::call_once::{shim:vtable#0}
[INFO] [stdout]   23:     0x589be8f6bdcf - <std[617be2ca0a6fd877]::sys::thread::unix::Thread>::new::thread_start
[INFO] [stdout]   24:     0x7f508ee24dfa - <unknown>
[INFO] [stdout]   25:     0x7f508eeb83d4 - clone
[INFO] [stdout]   26:                0x0 - <unknown>
[INFO] [stdout] 
[INFO] [stdout] ---- get_status stdout ----
[INFO] [stdout] 
[INFO] [stdout] thread 'get_status' (1320) panicked at tests/e2e.rs:220:43:
[INFO] [stdout] Missing serial path in env: NotPresent
[INFO] [stdout] stack backtrace:
[INFO] [stdout]    0:     0x589be8f6c581 - <<std[617be2ca0a6fd877]::sys::backtrace::BacktraceLock>::print::DisplayBacktrace as core[a373ad73a504971]::fmt::Display>::fmt
[INFO] [stdout]    1:     0x589be8f809aa - core[a373ad73a504971]::fmt::write
[INFO] [stdout]    2:     0x589be8f708cc - <alloc[2e1b2a31b91974c5]::vec::Vec<u8> as core[a373ad73a504971]::io::write::Write>::write_fmt
[INFO] [stdout]    3:     0x589be8f48416 - std[617be2ca0a6fd877]::panicking::default_hook::{closure#0}
[INFO] [stdout]    4:     0x589be8f64a59 - std[617be2ca0a6fd877]::panicking::default_hook
[INFO] [stdout]    5:     0x589be8ed70a0 - test[aada8e7e76ba119b]::test_main_inner::{closure#0}
[INFO] [stdout]    6:     0x589be8f64d82 - std[617be2ca0a6fd877]::panicking::panic_with_hook
[INFO] [stdout]    7:     0x589be8f484c2 - std[617be2ca0a6fd877]::panicking::panic_handler::{closure#0}
[INFO] [stdout]    8:     0x589be8f411d9 - std[617be2ca0a6fd877]::sys::backtrace::__rust_end_short_backtrace::<std[617be2ca0a6fd877]::panicking::panic_handler::{closure#0}, !>
[INFO] [stdout]    9:     0x589be8f490cd - __rustc[ea4f61d10b84890b]::rust_begin_unwind
[INFO] [stdout]   10:     0x589be8f8110c - core[a373ad73a504971]::panicking::panic_fmt
[INFO] [stdout]   11:     0x589be8f80ee2 - core[a373ad73a504971]::result::unwrap_failed
[INFO] [stdout]   12:     0x589be8ec4c37 - e2e[ac02cc1bb3baddb1]::open_stream
[INFO] [stdout]   13:     0x589be8ec2048 - e2e[ac02cc1bb3baddb1]::get_status::{closure#0}
[INFO] [stdout]   14:     0x589be8ec9643 - <tokio[a9973f050ff8ec07]::runtime::scheduler::current_thread::Context>::enter::<core[a373ad73a504971]::task::poll::Poll<()>, <tokio[a9973f050ff8ec07]::runtime::scheduler::current_thread::CoreGuard>::block_on<core[a373ad73a504971]::pin::Pin<&mut core[a373ad73a504971]::pin::Pin<&mut dyn core[a373ad73a504971]::future::future::Future<Output = ()>>>>::{closure#0}::{closure#0}>
[INFO] [stdout]   15:     0x589be8ebf0b9 - <std[617be2ca0a6fd877]::thread::local::LocalKey<tokio[a9973f050ff8ec07]::runtime::context::Context>>::with::<tokio[a9973f050ff8ec07]::runtime::context::set_scheduler<(alloc[2e1b2a31b91974c5]::boxed::Box<tokio[a9973f050ff8ec07]::runtime::scheduler::current_thread::Core>, core[a373ad73a504971]::option::Option<()>), <tokio[a9973f050ff8ec07]::runtime::scheduler::current_thread::CoreGuard>::enter<<tokio[a9973f050ff8ec07]::runtime::scheduler::current_thread::CoreGuard>::block_on<core[a373ad73a504971]::pin::Pin<&mut core[a373ad73a504971]::pin::Pin<&mut dyn core[a373ad73a504971]::future::future::Future<Output = ()>>>>::{closure#0}, core[a373ad73a504971]::option::Option<()>>::{closure#0}>::{closure#0}, (alloc[2e1b2a31b91974c5]::boxed::Box<tokio[a9973f050ff8ec07]::runtime::scheduler::current_thread::Core>, core[a373ad73a504971]::option::Option<()>)>
[INFO] [stdout]   16:     0x589be8ec9387 - <tokio[a9973f050ff8ec07]::runtime::scheduler::current_thread::CurrentThread>::block_on::<core[a373ad73a504971]::pin::Pin<&mut dyn core[a373ad73a504971]::future::future::Future<Output = ()>>>
[INFO] [stdout]   17:     0x589be8ec5be2 - <tokio[a9973f050ff8ec07]::runtime::runtime::Runtime>::block_on::<core[a373ad73a504971]::pin::Pin<&mut dyn core[a373ad73a504971]::future::future::Future<Output = ()>>>
[INFO] [stdout]   18:     0x589be8ec4f8e - <e2e[ac02cc1bb3baddb1]::get_status::{closure#0} as core[a373ad73a504971]::ops::function::FnOnce<()>>::call_once
[INFO] [stdout]   19:     0x589be8eca4eb - test[aada8e7e76ba119b]::__rust_begin_short_backtrace::<core[a373ad73a504971]::result::Result<(), alloc[2e1b2a31b91974c5]::string::String>, fn() -> core[a373ad73a504971]::result::Result<(), alloc[2e1b2a31b91974c5]::string::String>>
[INFO] [stdout]   20:     0x589be8ed76c5 - test[aada8e7e76ba119b]::run_test::{closure#0}
[INFO] [stdout]   21:     0x589be8ed0fb4 - std[617be2ca0a6fd877]::sys::backtrace::__rust_begin_short_backtrace::<test[aada8e7e76ba119b]::run_test::{closure#1}, ()>
[INFO] [stdout]   22:     0x589be8eda752 - <std[617be2ca0a6fd877]::thread::lifecycle::spawn_unchecked<test[aada8e7e76ba119b]::run_test::{closure#1}, ()>::{closure#1} as core[a373ad73a504971]::ops::function::FnOnce<()>>::call_once::{shim:vtable#0}
[INFO] [stdout]   23:     0x589be8f6bdcf - <std[617be2ca0a6fd877]::sys::thread::unix::Thread>::new::thread_start
[INFO] [stdout]   24:     0x7f508ee24dfa - <unknown>
[INFO] [stdout]   25:     0x7f508eeb83d4 - clone
[INFO] [stdout]   26:                0x0 - <unknown>
[INFO] [stdout] 
[INFO] [stdout] ---- get_supported_loco_count stdout ----
[INFO] [stdout] 
[INFO] [stdout] thread 'get_supported_loco_count' (1321) panicked at tests/e2e.rs:220:43:
[INFO] [stdout] Missing serial path in env: NotPresent
[INFO] [stdout] stack backtrace:
[INFO] [stdout]    0:     0x589be8f6c581 - <<std[617be2ca0a6fd877]::sys::backtrace::BacktraceLock>::print::DisplayBacktrace as core[a373ad73a504971]::fmt::Display>::fmt
[INFO] [stdout]    1:     0x589be8f809aa - core[a373ad73a504971]::fmt::write
[INFO] [stdout]    2:     0x589be8f708cc - <alloc[2e1b2a31b91974c5]::vec::Vec<u8> as core[a373ad73a504971]::io::write::Write>::write_fmt
[INFO] [stdout]    3:     0x589be8f48416 - std[617be2ca0a6fd877]::panicking::default_hook::{closure#0}
[INFO] [stdout]    4:     0x589be8f64a59 - std[617be2ca0a6fd877]::panicking::default_hook
[INFO] [stdout]    5:     0x589be8ed70a0 - test[aada8e7e76ba119b]::test_main_inner::{closure#0}
[INFO] [stdout]    6:     0x589be8f64d82 - std[617be2ca0a6fd877]::panicking::panic_with_hook
[INFO] [stdout]    7:     0x589be8f484c2 - std[617be2ca0a6fd877]::panicking::panic_handler::{closure#0}
[INFO] [stdout]    8:     0x589be8f411d9 - std[617be2ca0a6fd877]::sys::backtrace::__rust_end_short_backtrace::<std[617be2ca0a6fd877]::panicking::panic_handler::{closure#0}, !>
[INFO] [stdout]    9:     0x589be8f490cd - __rustc[ea4f61d10b84890b]::rust_begin_unwind
[INFO] [stdout]   10:     0x589be8f8110c - core[a373ad73a504971]::panicking::panic_fmt
[INFO] [stdout]   11:     0x589be8f80ee2 - core[a373ad73a504971]::result::unwrap_failed
[INFO] [stdout]   12:     0x589be8ec4c37 - e2e[ac02cc1bb3baddb1]::open_stream
[INFO] [stdout]   13:     0x589be8ec3cb8 - e2e[ac02cc1bb3baddb1]::get_supported_loco_count::{closure#0}
[INFO] [stdout]   14:     0x589be8ec9643 - <tokio[a9973f050ff8ec07]::runtime::scheduler::current_thread::Context>::enter::<core[a373ad73a504971]::task::poll::Poll<()>, <tokio[a9973f050ff8ec07]::runtime::scheduler::current_thread::CoreGuard>::block_on<core[a373ad73a504971]::pin::Pin<&mut core[a373ad73a504971]::pin::Pin<&mut dyn core[a373ad73a504971]::future::future::Future<Output = ()>>>>::{closure#0}::{closure#0}>
[INFO] [stdout]   15:     0x589be8ebf0b9 - <std[617be2ca0a6fd877]::thread::local::LocalKey<tokio[a9973f050ff8ec07]::runtime::context::Context>>::with::<tokio[a9973f050ff8ec07]::runtime::context::set_scheduler<(alloc[2e1b2a31b91974c5]::boxed::Box<tokio[a9973f050ff8ec07]::runtime::scheduler::current_thread::Core>, core[a373ad73a504971]::option::Option<()>), <tokio[a9973f050ff8ec07]::runtime::scheduler::current_thread::CoreGuard>::enter<<tokio[a9973f050ff8ec07]::runtime::scheduler::current_thread::CoreGuard>::block_on<core[a373ad73a504971]::pin::Pin<&mut core[a373ad73a504971]::pin::Pin<&mut dyn core[a373ad73a504971]::future::future::Future<Output = ()>>>>::{closure#0}, core[a373ad73a504971]::option::Option<()>>::{closure#0}>::{closure#0}, (alloc[2e1b2a31b91974c5]::boxed::Box<tokio[a9973f050ff8ec07]::runtime::scheduler::current_thread::Core>, core[a373ad73a504971]::option::Option<()>)>
[INFO] [stdout]   16:     0x589be8ec9387 - <tokio[a9973f050ff8ec07]::runtime::scheduler::current_thread::CurrentThread>::block_on::<core[a373ad73a504971]::pin::Pin<&mut dyn core[a373ad73a504971]::future::future::Future<Output = ()>>>
[INFO] [stdout]   17:     0x589be8ec5be2 - <tokio[a9973f050ff8ec07]::runtime::runtime::Runtime>::block_on::<core[a373ad73a504971]::pin::Pin<&mut dyn core[a373ad73a504971]::future::future::Future<Output = ()>>>
[INFO] [stdout]   18:     0x589be8ec57ce - <e2e[ac02cc1bb3baddb1]::get_supported_loco_count::{closure#0} as core[a373ad73a504971]::ops::function::FnOnce<()>>::call_once
[INFO] [stdout]   19:     0x589be8eca4eb - test[aada8e7e76ba119b]::__rust_begin_short_backtrace::<core[a373ad73a504971]::result::Result<(), alloc[2e1b2a31b91974c5]::string::String>, fn() -> core[a373ad73a504971]::result::Result<(), alloc[2e1b2a31b91974c5]::string::String>>
[INFO] [stdout]   20:     0x589be8ed76c5 - test[aada8e7e76ba119b]::run_test::{closure#0}
[INFO] [stdout]   21:     0x589be8ed0fb4 - std[617be2ca0a6fd877]::sys::backtrace::__rust_begin_short_backtrace::<test[aada8e7e76ba119b]::run_test::{closure#1}, ()>
[INFO] [stdout]   22:     0x589be8eda752 - <std[617be2ca0a6fd877]::thread::lifecycle::spawn_unchecked<test[aada8e7e76ba119b]::run_test::{closure#1}, ()>::{closure#1} as core[a373ad73a504971]::ops::function::FnOnce<()>>::call_once::{shim:vtable#0}
[INFO] [stdout]   23:     0x589be8f6bdcf - <std[617be2ca0a6fd877]::sys::thread::unix::Thread>::new::thread_start
[INFO] [stdout]   24:     0x7f508ee24dfa - <unknown>
[INFO] [stdout]   25:     0x7f508eeb83d4 - clone
[INFO] [stdout]   26:                0x0 - <unknown>
[INFO] [stdout] 
[INFO] [stdout] ---- list_tracks stdout ----
[INFO] [stdout] 
[INFO] [stdout] thread 'list_tracks' (1322) panicked at tests/e2e.rs:220:43:
[INFO] [stdout] Missing serial path in env: NotPresent
[INFO] [stdout] stack backtrace:
[INFO] [stdout]    0:     0x589be8f6c581 - <<std[617be2ca0a6fd877]::sys::backtrace::BacktraceLock>::print::DisplayBacktrace as core[a373ad73a504971]::fmt::Display>::fmt
[INFO] [stdout]    1:     0x589be8f809aa - core[a373ad73a504971]::fmt::write
[INFO] [stdout]    2:     0x589be8f708cc - <alloc[2e1b2a31b91974c5]::vec::Vec<u8> as core[a373ad73a504971]::io::write::Write>::write_fmt
[INFO] [stdout]    3:     0x589be8f48416 - std[617be2ca0a6fd877]::panicking::default_hook::{closure#0}
[INFO] [stdout]    4:     0x589be8f64a59 - std[617be2ca0a6fd877]::panicking::default_hook
[INFO] [stdout]    5:     0x589be8ed70a0 - test[aada8e7e76ba119b]::test_main_inner::{closure#0}
[INFO] [stdout]    6:     0x589be8f64d82 - std[617be2ca0a6fd877]::panicking::panic_with_hook
[INFO] [stdout]    7:     0x589be8f484c2 - std[617be2ca0a6fd877]::panicking::panic_handler::{closure#0}
[INFO] [stdout]    8:     0x589be8f411d9 - std[617be2ca0a6fd877]::sys::backtrace::__rust_end_short_backtrace::<std[617be2ca0a6fd877]::panicking::panic_handler::{closure#0}, !>
[INFO] [stdout]    9:     0x589be8f490cd - __rustc[ea4f61d10b84890b]::rust_begin_unwind
[INFO] [stdout]   10:     0x589be8f8110c - core[a373ad73a504971]::panicking::panic_fmt
[INFO] [stdout]   11:     0x589be8f80ee2 - core[a373ad73a504971]::result::unwrap_failed
[INFO] [stdout]   12:     0x589be8ec4c37 - e2e[ac02cc1bb3baddb1]::open_stream
[INFO] [stdout]   13:     0x589be8ec24a8 - e2e[ac02cc1bb3baddb1]::list_tracks::{closure#0}
[INFO] [stdout]   14:     0x589be8ec9643 - <tokio[a9973f050ff8ec07]::runtime::scheduler::current_thread::Context>::enter::<core[a373ad73a504971]::task::poll::Poll<()>, <tokio[a9973f050ff8ec07]::runtime::scheduler::current_thread::CoreGuard>::block_on<core[a373ad73a504971]::pin::Pin<&mut core[a373ad73a504971]::pin::Pin<&mut dyn core[a373ad73a504971]::future::future::Future<Output = ()>>>>::{closure#0}::{closure#0}>
[INFO] [stdout]   15:     0x589be8ebf0b9 - <std[617be2ca0a6fd877]::thread::local::LocalKey<tokio[a9973f050ff8ec07]::runtime::context::Context>>::with::<tokio[a9973f050ff8ec07]::runtime::context::set_scheduler<(alloc[2e1b2a31b91974c5]::boxed::Box<tokio[a9973f050ff8ec07]::runtime::scheduler::current_thread::Core>, core[a373ad73a504971]::option::Option<()>), <tokio[a9973f050ff8ec07]::runtime::scheduler::current_thread::CoreGuard>::enter<<tokio[a9973f050ff8ec07]::runtime::scheduler::current_thread::CoreGuard>::block_on<core[a373ad73a504971]::pin::Pin<&mut core[a373ad73a504971]::pin::Pin<&mut dyn core[a373ad73a504971]::future::future::Future<Output = ()>>>>::{closure#0}, core[a373ad73a504971]::option::Option<()>>::{closure#0}>::{closure#0}, (alloc[2e1b2a31b91974c5]::boxed::Box<tokio[a9973f050ff8ec07]::runtime::scheduler::current_thread::Core>, core[a373ad73a504971]::option::Option<()>)>
[INFO] [stdout]   16:     0x589be8ec9387 - <tokio[a9973f050ff8ec07]::runtime::scheduler::current_thread::CurrentThread>::block_on::<core[a373ad73a504971]::pin::Pin<&mut dyn core[a373ad73a504971]::future::future::Future<Output = ()>>>
[INFO] [stdout]   17:     0x589be8ec5be2 - <tokio[a9973f050ff8ec07]::runtime::runtime::Runtime>::block_on::<core[a373ad73a504971]::pin::Pin<&mut dyn core[a373ad73a504971]::future::future::Future<Output = ()>>>
[INFO] [stdout]   18:     0x589be8ec50ee - <e2e[ac02cc1bb3baddb1]::list_tracks::{closure#0} as core[a373ad73a504971]::ops::function::FnOnce<()>>::call_once
[INFO] [stdout]   19:     0x589be8eca4eb - test[aada8e7e76ba119b]::__rust_begin_short_backtrace::<core[a373ad73a504971]::result::Result<(), alloc[2e1b2a31b91974c5]::string::String>, fn() -> core[a373ad73a504971]::result::Result<(), alloc[2e1b2a31b91974c5]::string::String>>
[INFO] [stdout]   20:     0x589be8ed76c5 - test[aada8e7e76ba119b]::run_test::{closure#0}
[INFO] [stdout]   21:     0x589be8ed0fb4 - std[617be2ca0a6fd877]::sys::backtrace::__rust_begin_short_backtrace::<test[aada8e7e76ba119b]::run_test::{closure#1}, ()>
[INFO] [stdout]   22:     0x589be8eda752 - <std[617be2ca0a6fd877]::thread::lifecycle::spawn_unchecked<test[aada8e7e76ba119b]::run_test::{closure#1}, ()>::{closure#1} as core[a373ad73a504971]::ops::function::FnOnce<()>>::call_once::{shim:vtable#0}
[INFO] [stdout]   23:     0x589be8f6bdcf - <std[617be2ca0a6fd877]::sys::thread::unix::Thread>::new::thread_start
[INFO] [stdout]   24:     0x7f508ee24dfa - <unknown>
[INFO] [stdout]   25:     0x7f508eeb83d4 - clone
[INFO] [stdout]   26:                0x0 - <unknown>
[INFO] [stdout] 
[INFO] [stdout] ---- reboot stdout ----
[INFO] [stdout] 
[INFO] [stdout] thread 'reboot' (1323) panicked at tests/e2e.rs:220:43:
[INFO] [stdout] Missing serial path in env: NotPresent
[INFO] [stdout] stack backtrace:
[INFO] [stdout]    0:     0x589be8f6c581 - <<std[617be2ca0a6fd877]::sys::backtrace::BacktraceLock>::print::DisplayBacktrace as core[a373ad73a504971]::fmt::Display>::fmt
[INFO] [stdout]    1:     0x589be8f809aa - core[a373ad73a504971]::fmt::write
[INFO] [stdout]    2:     0x589be8f708cc - <alloc[2e1b2a31b91974c5]::vec::Vec<u8> as core[a373ad73a504971]::io::write::Write>::write_fmt
[INFO] [stdout]    3:     0x589be8f48416 - std[617be2ca0a6fd877]::panicking::default_hook::{closure#0}
[INFO] [stdout]    4:     0x589be8f64a59 - std[617be2ca0a6fd877]::panicking::default_hook
[INFO] [stdout]    5:     0x589be8ed70a0 - test[aada8e7e76ba119b]::test_main_inner::{closure#0}
[INFO] [stdout]    6:     0x589be8f64d82 - std[617be2ca0a6fd877]::panicking::panic_with_hook
[INFO] [stdout]    7:     0x589be8f484c2 - std[617be2ca0a6fd877]::panicking::panic_handler::{closure#0}
[INFO] [stdout]    8:     0x589be8f411d9 - std[617be2ca0a6fd877]::sys::backtrace::__rust_end_short_backtrace::<std[617be2ca0a6fd877]::panicking::panic_handler::{closure#0}, !>
[INFO] [stdout]    9:     0x589be8f490cd - __rustc[ea4f61d10b84890b]::rust_begin_unwind
[INFO] [stdout]   10:     0x589be8f8110c - core[a373ad73a504971]::panicking::panic_fmt
[INFO] [stdout]   11:     0x589be8f80ee2 - core[a373ad73a504971]::result::unwrap_failed
[INFO] [stdout]   12:     0x589be8ec4c37 - e2e[ac02cc1bb3baddb1]::open_stream
[INFO] [stdout]   13:     0x589be8ec4118 - e2e[ac02cc1bb3baddb1]::reboot::{closure#0}
[INFO] [stdout]   14:     0x589be8ec9643 - <tokio[a9973f050ff8ec07]::runtime::scheduler::current_thread::Context>::enter::<core[a373ad73a504971]::task::poll::Poll<()>, <tokio[a9973f050ff8ec07]::runtime::scheduler::current_thread::CoreGuard>::block_on<core[a373ad73a504971]::pin::Pin<&mut core[a373ad73a504971]::pin::Pin<&mut dyn core[a373ad73a504971]::future::future::Future<Output = ()>>>>::{closure#0}::{closure#0}>
[INFO] [stdout]   15:     0x589be8ebf0b9 - <std[617be2ca0a6fd877]::thread::local::LocalKey<tokio[a9973f050ff8ec07]::runtime::context::Context>>::with::<tokio[a9973f050ff8ec07]::runtime::context::set_scheduler<(alloc[2e1b2a31b91974c5]::boxed::Box<tokio[a9973f050ff8ec07]::runtime::scheduler::current_thread::Core>, core[a373ad73a504971]::option::Option<()>), <tokio[a9973f050ff8ec07]::runtime::scheduler::current_thread::CoreGuard>::enter<<tokio[a9973f050ff8ec07]::runtime::scheduler::current_thread::CoreGuard>::block_on<core[a373ad73a504971]::pin::Pin<&mut core[a373ad73a504971]::pin::Pin<&mut dyn core[a373ad73a504971]::future::future::Future<Output = ()>>>>::{closure#0}, core[a373ad73a504971]::option::Option<()>>::{closure#0}>::{closure#0}, (alloc[2e1b2a31b91974c5]::boxed::Box<tokio[a9973f050ff8ec07]::runtime::scheduler::current_thread::Core>, core[a373ad73a504971]::option::Option<()>)>
[INFO] [stdout]   16:     0x589be8ec9387 - <tokio[a9973f050ff8ec07]::runtime::scheduler::current_thread::CurrentThread>::block_on::<core[a373ad73a504971]::pin::Pin<&mut dyn core[a373ad73a504971]::future::future::Future<Output = ()>>>
[INFO] [stdout]   17:     0x589be8ec5be2 - <tokio[a9973f050ff8ec07]::runtime::runtime::Runtime>::block_on::<core[a373ad73a504971]::pin::Pin<&mut dyn core[a373ad73a504971]::future::future::Future<Output = ()>>>
[INFO] [stdout]   18:     0x589be8ec592e - <e2e[ac02cc1bb3baddb1]::reboot::{closure#0} as core[a373ad73a504971]::ops::function::FnOnce<()>>::call_once
[INFO] [stdout]   19:     0x589be8eca4eb - test[aada8e7e76ba119b]::__rust_begin_short_backtrace::<core[a373ad73a504971]::result::Result<(), alloc[2e1b2a31b91974c5]::string::String>, fn() -> core[a373ad73a504971]::result::Result<(), alloc[2e1b2a31b91974c5]::string::String>>
[INFO] [stdout]   20:     0x589be8ed76c5 - test[aada8e7e76ba119b]::run_test::{closure#0}
[INFO] [stdout]   21:     0x589be8ed0fb4 - std[617be2ca0a6fd877]::sys::backtrace::__rust_begin_short_backtrace::<test[aada8e7e76ba119b]::run_test::{closure#1}, ()>
[INFO] [stdout]   22:     0x589be8eda752 - <std[617be2ca0a6fd877]::thread::lifecycle::spawn_unchecked<test[aada8e7e76ba119b]::run_test::{closure#1}, ()>::{closure#1} as core[a373ad73a504971]::ops::function::FnOnce<()>>::call_once::{shim:vtable#0}
[INFO] [stdout]   23:     0x589be8f6bdcf - <std[617be2ca0a6fd877]::sys::thread::unix::Thread>::new::thread_start
[INFO] [stdout]   24:     0x7f508ee24dfa - <unknown>
[INFO] [stdout]   25:     0x7f508eeb83d4 - clone
[INFO] [stdout]   26:                0x0 - <unknown>
[INFO] [stdout] 
[INFO] [stdout] 
[INFO] [stdout] failures:
[INFO] [stdout]     display_roundtrip
[INFO] [stdout]     get_clock
[INFO] [stdout]     get_emergency_stop_state
[INFO] [stdout]     get_max_milli_amp_values
[INFO] [stdout]     get_milli_amp_values
[INFO] [stdout]     get_status
[INFO] [stdout]     get_supported_loco_count
[INFO] [stdout]     list_tracks
[INFO] [stdout]     reboot
[INFO] [stdout] 
[INFO] [stdout] test result: FAILED. 0 passed; 9 failed; 0 ignored; 0 measured; 0 filtered out; finished in 0.00s
[INFO] [stdout] 
[INFO] running `Command { std: "docker" "inspect" "b32d3fff19fb4223fe2cab65f60c92964d3d4dce716548f95fad1ccbc66cd539", kill_on_drop: false }`
[INFO] running `Command { std: "docker" "rm" "-f" "b32d3fff19fb4223fe2cab65f60c92964d3d4dce716548f95fad1ccbc66cd539", kill_on_drop: false }`
[INFO] [stdout] b32d3fff19fb4223fe2cab65f60c92964d3d4dce716548f95fad1ccbc66cd539
