[INFO] fetching crate evmlib 0.10.0...
[INFO] testing evmlib-0.10.0 against 1.99.0-beta.8+cargoflags=--release for beta-release-1.100-2
[INFO] extracting crate evmlib 0.10.0 into /workspace/builds/worker-3-tc1/source
[INFO] started tweaking crates.io crate evmlib 0.10.0
[INFO] removed 0 missing tests
[INFO] finished tweaking crates.io crate evmlib 0.10.0
[INFO] tweaked toml for crates.io crate evmlib 0.10.0 written to /workspace/builds/worker-3-tc1/source/Cargo.toml
[INFO] validating manifest of crates.io crate evmlib 0.10.0 on toolchain 1.99.0-beta.8
[INFO] running `Command { std: CARGO_HOME="/workspace/cargo-home" RUSTUP_HOME="/workspace/rustup-home" "/workspace/cargo-home/bin/cargo" "+1.99.0-beta.8" "metadata" "--manifest-path" "Cargo.toml" "--no-deps", kill_on_drop: false }`
[INFO] crate crates.io crate evmlib 0.10.0 already has a lockfile, it will not be regenerated
[INFO] running `Command { std: CARGO_HOME="/workspace/cargo-home" RUSTUP_HOME="/workspace/rustup-home" "/workspace/cargo-home/bin/cargo" "+1.99.0-beta.8" "fetch" "--manifest-path" "Cargo.toml", kill_on_drop: false }`
[INFO] [stderr]     Updating crates.io index
[INFO] [stderr]  Downloading crates ...
[INFO] [stderr]   Downloaded xor_name v5.0.0
[INFO] [stderr]   Downloaded exponential-backoff v2.1.1
[INFO] [stderr]   Downloaded ant-merkle v1.5.1
[INFO] [stderr]   Downloaded alloy v1.8.3
[INFO] [stderr]   Downloaded alloy-trie v0.9.7
[INFO] [stderr]   Downloaded bitcoin-consensus-encoding v1.2.0
[INFO] [stderr]   Downloaded bitcoin-internals v0.6.0
[INFO] [stderr]   Downloaded keccak-asm v0.1.8
[INFO] [stderr]   Downloaded sha3-asm v0.1.8
[INFO] [stderr]   Downloaded alloy-transport-http v1.8.3
[INFO] [stderr]   Downloaded alloy-transport v1.8.3
[INFO] [stderr]   Downloaded alloy-json-rpc v1.8.3
[INFO] [stderr]   Downloaded alloy-signer v1.8.3
[INFO] [stderr]   Downloaded alloy-network-primitives v1.8.3
[INFO] [stderr]   Downloaded alloy-eip7928 v0.3.7
[INFO] [stderr]   Downloaded alloy-signer-local v1.8.3
[INFO] [stderr]   Downloaded alloy-network v1.8.3
[INFO] [stderr]   Downloaded alloy-serde v1.8.3
[INFO] [stderr]   Downloaded alloy-rpc-types-any v1.8.3
[INFO] [stderr]   Downloaded alloy-rpc-types-eth v1.8.3
[INFO] [stderr]   Downloaded alloy-eips v1.8.3
[INFO] [stderr]   Downloaded alloy-rpc-types v1.8.3
[INFO] [stderr]   Downloaded alloy-rpc-client v1.8.3
[INFO] [stderr]   Downloaded alloy-tx-macros v1.8.3
[INFO] [stderr]   Downloaded alloy-consensus v1.8.3
[INFO] [stderr]   Downloaded alloy-consensus-any v1.8.3
[INFO] [stderr]   Downloaded alloy-rpc-types-anvil v1.8.3
[INFO] [stderr]   Downloaded alloy-hardforks v0.2.13
[INFO] [stderr]   Downloaded alloy-provider v1.8.3
[INFO] [stderr]   Downloaded alloy-node-bindings v1.8.3
[INFO] [stderr]   Downloaded alloy-contract v1.8.3
[INFO] [stderr]   Downloaded alloy-genesis v1.8.3
[INFO] running `Command { std: "docker" "create" "-v" "/var/lib/crater-agent-workspace/builds/worker-3-tc1/source:/opt/rustwide/workdir:ro,Z" "-v" "/var/lib/crater-agent-workspace/builds/worker-3-tc1/target:/opt/rustwide/target:rw,Z" "-v" "/var/lib/crater-agent-workspace/cargo-home:/opt/rustwide/cargo-home:ro,Z" "-v" "/var/lib/crater-agent-workspace/rustup-home:/opt/rustwide/rustup-home:ro,Z" "-m" "1610612736" "--network" "none" "ghcr.io/rust-lang/crates-build-env/linux@sha256:77db811e55d90add9212f6832c23229e3de5f1c1f9905e8cb07319ea15df73ac" "sleep" "infinity", kill_on_drop: false }`
[INFO] [stdout] 65bb4f7de39c699e5a9f5142993761b630cd8aa8ac465df34f77994c66134898
[INFO] running `Command { std: "docker" "start" "65bb4f7de39c699e5a9f5142993761b630cd8aa8ac465df34f77994c66134898", kill_on_drop: false }`
[INFO] running `Command { std: "docker" "inspect" "65bb4f7de39c699e5a9f5142993761b630cd8aa8ac465df34f77994c66134898", kill_on_drop: false }`
[INFO] running `Command { std: "docker" "exec" "-e" "SOURCE_DIR=/opt/rustwide/workdir" "-e" "CARGO_HOME=/opt/rustwide/cargo-home" "-e" "RUSTUP_HOME=/opt/rustwide/rustup-home" "-e" "CARGO_TARGET_DIR=/opt/rustwide/target" "-w" "/opt/rustwide/workdir" "--user" "0:0" "65bb4f7de39c699e5a9f5142993761b630cd8aa8ac465df34f77994c66134898" "/opt/rustwide/cargo-home/bin/cargo" "+1.99.0-beta.8" "metadata" "--no-deps" "--format-version=1", kill_on_drop: false }`
[INFO] running `Command { std: "docker" "inspect" "65bb4f7de39c699e5a9f5142993761b630cd8aa8ac465df34f77994c66134898", kill_on_drop: false }`
[INFO] running `Command { std: "docker" "exec" "-e" "SOURCE_DIR=/opt/rustwide/workdir" "-e" "CARGO_HOME=/opt/rustwide/cargo-home" "-e" "RUSTUP_HOME=/opt/rustwide/rustup-home" "-e" "CARGO_TARGET_DIR=/opt/rustwide/target" "-e" "CARGO_INCREMENTAL=0" "-e" "RUST_BACKTRACE=full" "-e" "RUSTFLAGS=--cap-lints=warn" "-e" "RUSTDOCFLAGS=--cap-lints=warn" "-w" "/opt/rustwide/workdir" "--user" "0:0" "65bb4f7de39c699e5a9f5142993761b630cd8aa8ac465df34f77994c66134898" "/opt/rustwide/cargo-home/bin/cargo" "+1.99.0-beta.8" "build" "--frozen" "--message-format=json" "--release", kill_on_drop: false }`
[INFO] [stderr]    Compiling der v0.7.10
[INFO] [stderr]    Compiling generic-array v0.14.7
[INFO] [stderr]    Compiling getrandom v0.2.17
[INFO] [stderr]    Compiling digest v0.11.3
[INFO] [stderr]    Compiling hashbrown v0.17.1
[INFO] [stderr]    Compiling thiserror v2.0.21
[INFO] [stderr]    Compiling derive_more-impl v2.1.1
[INFO] [stderr]    Compiling serde_json v1.0.151
[INFO] [stderr]    Compiling smallvec v1.16.1
[INFO] [stderr]    Compiling alloy-rlp v0.3.16
[INFO] [stderr]    Compiling auto_impl v1.3.0
[INFO] [stderr]    Compiling either v1.18.0
[INFO] [stderr]    Compiling winnow v1.0.4
[INFO] [stderr]    Compiling tokio v1.53.1
[INFO] [stderr]    Compiling serde_with v3.23.0
[INFO] [stderr]    Compiling aws-lc-rs v1.18.1
[INFO] [stderr]    Compiling alloy-tx-macros v1.8.3
[INFO] [stderr]    Compiling rand_core v0.6.4
[INFO] [stderr]    Compiling sha3 v0.11.0
[INFO] [stderr]    Compiling icu_normalizer v2.3.0
[INFO] [stderr]    Compiling ruint v1.20.1
[INFO] [stderr]    Compiling itertools v0.14.0
[INFO] [stderr]    Compiling ff v0.13.1
[INFO] [stderr]    Compiling group v0.13.0
[INFO] [stderr]    Compiling rustls v0.23.45
[INFO] [stderr]    Compiling parking_lot_core v0.9.12
[INFO] [stderr]    Compiling siphasher v1.0.3
[INFO] [stderr]    Compiling block-buffer v0.10.4
[INFO] [stderr]    Compiling crypto-common v0.1.7
[INFO] [stderr]    Compiling crypto-bigint v0.5.5
[INFO] [stderr]    Compiling spki v0.7.3
[INFO] [stderr]    Compiling digest v0.10.7
[INFO] [stderr]    Compiling sec1 v0.7.3
[INFO] [stderr]    Compiling idna_adapter v1.2.2
[INFO] [stderr]    Compiling phf_shared v0.14.0
[INFO] [stderr]    Compiling pkcs8 v0.10.2
[INFO] [stderr]    Compiling idna v1.1.0
[INFO] [stderr]    Compiling nybbles v0.4.8
[INFO] [stderr]    Compiling hmac v0.12.1
[INFO] [stderr]    Compiling sha2 v0.10.9
[INFO] [stderr]    Compiling rfc6979 v0.4.0
[INFO] [stderr]    Compiling signature v2.2.0
[INFO] [stderr]    Compiling rustls-native-certs v0.8.4
[INFO] [stderr]    Compiling rand_chacha v0.3.1
[INFO] [stderr]    Compiling phf v0.14.0
[INFO] [stderr]    Compiling url v2.5.8
[INFO] [stderr]    Compiling alloy-sol-type-parser v1.7.3
[INFO] [stderr]    Compiling rand v0.8.8
[INFO] [stderr]    Compiling parking_lot v0.12.5
[INFO] [stderr]    Compiling getrandom v0.4.3
[INFO] [stderr]    Compiling tempfile v3.27.0
[INFO] [stderr]    Compiling dashmap v6.2.1
[INFO] [stderr]    Compiling lru v0.16.4
[INFO] [stderr]    Compiling rustls-webpki v0.103.15
[INFO] [stderr]    Compiling tiny-keccak v2.0.2
[INFO] [stderr]    Compiling rmp v0.8.15
[INFO] [stderr]    Compiling serde_test v1.0.177
[INFO] [stderr]    Compiling thiserror-impl v1.0.69
[INFO] [stderr]    Compiling elliptic-curve v0.13.8
[INFO] [stderr]    Compiling ecdsa v0.16.9
[INFO] [stderr]    Compiling rmp-serde v1.3.1
[INFO] [stderr]    Compiling exponential-backoff v2.1.1
[INFO] [stderr]    Compiling k256 v0.13.4
[INFO] [stderr]    Compiling xor_name v5.0.0
[INFO] [stderr]    Compiling ant-merkle v1.5.1
[INFO] [stderr]    Compiling thiserror v1.0.69
[INFO] [stderr]    Compiling derive_more v2.1.1
[INFO] [stderr]    Compiling alloy-primitives v1.7.3
[INFO] [stderr]    Compiling alloy-json-abi v1.7.3
[INFO] [stderr]    Compiling tower v0.5.3
[INFO] [stderr]    Compiling hyper v1.11.1
[INFO] [stderr]    Compiling tokio-util v0.7.19
[INFO] [stderr]    Compiling alloy-eip2124 v0.2.0
[INFO] [stderr]    Compiling alloy-serde v1.8.3
[INFO] [stderr]    Compiling alloy-eip7702 v0.6.3
[INFO] [stderr]    Compiling alloy-eip2930 v0.2.4
[INFO] [stderr]    Compiling alloy-eip7928 v0.3.7
[INFO] [stderr]    Compiling alloy-trie v0.9.7
[INFO] [stderr]    Compiling tower-http v0.6.11
[INFO] [stderr]    Compiling alloy-signer v1.8.3
[INFO] [stderr]    Compiling alloy-chains v0.2.39
[INFO] [stderr]    Compiling tokio-stream v0.1.19
[INFO] [stderr]    Compiling alloy-eips v1.8.3
[INFO] [stderr]    Compiling alloy-hardforks v0.2.13
[INFO] [stderr]    Compiling alloy-sol-macro-input v1.7.3
[INFO] [stderr]    Compiling hyper-util v0.1.20
[INFO] [stderr]    Compiling alloy-sol-macro-expander v1.7.3
[INFO] [stderr]    Compiling alloy-consensus v1.8.3
[INFO] [stderr]    Compiling alloy-genesis v1.8.3
[INFO] [stderr]    Compiling tokio-rustls v0.26.5
[INFO] [stderr]    Compiling rustls-platform-verifier v0.7.0
[INFO] [stderr]    Compiling hyper-rustls v0.27.10
[INFO] [stderr]    Compiling reqwest v0.13.5
[INFO] [stderr]    Compiling alloy-sol-macro v1.7.3
[INFO] [stderr]    Compiling alloy-sol-types v1.7.3
[INFO] [stderr]    Compiling alloy-consensus-any v1.8.3
[INFO] [stderr]    Compiling alloy-network-primitives v1.8.3
[INFO] [stderr]    Compiling alloy-json-rpc v1.8.3
[INFO] [stderr]    Compiling alloy-rpc-types-eth v1.8.3
[INFO] [stderr]    Compiling alloy-dyn-abi v1.7.3
[INFO] [stderr]    Compiling alloy-transport v1.8.3
[INFO] [stderr]    Compiling alloy-core v1.7.3
[INFO] [stderr]    Compiling alloy-transport-http v1.8.3
[INFO] [stderr]    Compiling alloy-rpc-client v1.8.3
[INFO] [stderr]    Compiling alloy-rpc-types-any v1.8.3
[INFO] [stderr]    Compiling alloy-rpc-types-anvil v1.8.3
[INFO] [stderr]    Compiling alloy-rpc-types v1.8.3
[INFO] [stderr]    Compiling alloy-network v1.8.3
[INFO] [stderr]    Compiling alloy-signer-local v1.8.3
[INFO] [stderr]    Compiling alloy-node-bindings v1.8.3
[INFO] [stderr]    Compiling alloy-provider v1.8.3
[INFO] [stderr]    Compiling alloy-contract v1.8.3
[INFO] [stderr]    Compiling alloy v1.8.3
[INFO] [stderr]    Compiling evmlib v0.10.0 (/opt/rustwide/workdir)
[INFO] [stderr]     Finished `release` profile [optimized] target(s) in 1m 58s
[INFO] running `Command { std: "docker" "inspect" "65bb4f7de39c699e5a9f5142993761b630cd8aa8ac465df34f77994c66134898", kill_on_drop: false }`
[INFO] running `Command { std: "docker" "exec" "-e" "SOURCE_DIR=/opt/rustwide/workdir" "-e" "CARGO_HOME=/opt/rustwide/cargo-home" "-e" "RUSTUP_HOME=/opt/rustwide/rustup-home" "-e" "CARGO_TARGET_DIR=/opt/rustwide/target" "-e" "CARGO_INCREMENTAL=0" "-e" "RUST_BACKTRACE=full" "-e" "RUSTFLAGS=--cap-lints=warn" "-e" "RUSTDOCFLAGS=--cap-lints=warn" "-w" "/opt/rustwide/workdir" "--user" "0:0" "65bb4f7de39c699e5a9f5142993761b630cd8aa8ac465df34f77994c66134898" "/opt/rustwide/cargo-home/bin/cargo" "+1.99.0-beta.8" "test" "--frozen" "--no-run" "--message-format=json" "--release", kill_on_drop: false }`
[INFO] [stderr]    Compiling tracing v0.1.44
[INFO] [stderr]    Compiling rustls-platform-verifier v0.7.0
[INFO] [stderr]    Compiling regex-automata v0.4.18
[INFO] [stderr]    Compiling tracing-log v0.2.0
[INFO] [stderr]    Compiling dirs-sys-next v0.1.2
[INFO] [stderr]    Compiling dirs-next v2.0.0
[INFO] [stderr]    Compiling alloy-trie v0.9.7
[INFO] [stderr]    Compiling alloy-json-rpc v1.8.3
[INFO] [stderr]    Compiling hyper-util v0.1.20
[INFO] [stderr]    Compiling alloy-transport v1.8.3
[INFO] [stderr]    Compiling alloy-consensus v1.8.3
[INFO] [stderr]    Compiling alloy-genesis v1.8.3
[INFO] [stderr]    Compiling hyper-rustls v0.27.10
[INFO] [stderr]    Compiling reqwest v0.13.5
[INFO] [stderr]    Compiling matchers v0.2.0
[INFO] [stderr]    Compiling tracing-subscriber v0.3.23
[INFO] [stderr]    Compiling alloy-transport-http v1.8.3
[INFO] [stderr]    Compiling alloy-rpc-client v1.8.3
[INFO] [stderr]    Compiling alloy-network-primitives v1.8.3
[INFO] [stderr]    Compiling alloy-consensus-any v1.8.3
[INFO] [stderr]    Compiling alloy-rpc-types-eth v1.8.3
[INFO] [stderr]    Compiling alloy-rpc-types-any v1.8.3
[INFO] [stderr]    Compiling alloy-rpc-types-anvil v1.8.3
[INFO] [stderr]    Compiling alloy-rpc-types v1.8.3
[INFO] [stderr]    Compiling alloy-network v1.8.3
[INFO] [stderr]    Compiling alloy-signer-local v1.8.3
[INFO] [stderr]    Compiling alloy-node-bindings v1.8.3
[INFO] [stderr]    Compiling alloy-provider v1.8.3
[INFO] [stderr]    Compiling alloy-contract v1.8.3
[INFO] [stderr]    Compiling alloy v1.8.3
[INFO] [stderr]    Compiling evmlib v0.10.0 (/opt/rustwide/workdir)
[INFO] [stderr]     Finished `release` profile [optimized] target(s) in 1m 52s
[INFO] running `Command { std: "docker" "inspect" "65bb4f7de39c699e5a9f5142993761b630cd8aa8ac465df34f77994c66134898", kill_on_drop: false }`
[INFO] running `Command { std: "docker" "exec" "-e" "SOURCE_DIR=/opt/rustwide/workdir" "-e" "CARGO_HOME=/opt/rustwide/cargo-home" "-e" "RUSTUP_HOME=/opt/rustwide/rustup-home" "-e" "CARGO_TARGET_DIR=/opt/rustwide/target" "-e" "CARGO_INCREMENTAL=0" "-e" "RUST_BACKTRACE=full" "-e" "RUSTFLAGS=--cap-lints=warn" "-e" "RUSTDOCFLAGS=--cap-lints=warn" "-w" "/opt/rustwide/workdir" "--user" "0:0" "65bb4f7de39c699e5a9f5142993761b630cd8aa8ac465df34f77994c66134898" "/opt/rustwide/cargo-home/bin/cargo" "+1.99.0-beta.8" "test" "--frozen" "--release", kill_on_drop: false }`
[INFO] [stderr]     Finished `release` profile [optimized] target(s) in 0.62s
[INFO] [stderr]      Running unittests src/lib.rs (/opt/rustwide/target/release/deps/evmlib-f0c54c685f71bdc6)
[INFO] [stdout] 
[INFO] [stdout] running 30 tests
[INFO] [stdout] test merkle_batch_payment::tests::test_candidate_node_price ... ok
[INFO] [stdout] test merkle_batch_payment::tests::test_pool_commitment_structure ... ok
[INFO] [stdout] test retry::tests::limited_auto_over_the_limit_is_rejected ... ok
[INFO] [stdout] test retry::tests::limited_auto_under_the_limit_uses_the_estimate ... ok
[INFO] [stdout] test retry::tests::only_unlimited_skips_the_fee_estimate ... ok
[INFO] [stdout] test retry::tests::auto_passes_the_estimate_through ... ok
[INFO] [stdout] test retry::tests::custom_above_the_estimate_keeps_the_custom_fee ... ok
[INFO] [stdout] test retry::tests::custom_below_the_estimate_keeps_the_custom_fee ... ok
[INFO] [stdout] test merkle_payments::merkle_tree::tests::depth_seven_produces_sixteen_pools_not_eight ... ok
[INFO] [stdout] test merkle_payments::merkle_tree::tests::checkpoint_preserves_random_padding_and_address_proofs ... ok
[INFO] [stdout] test wallet::journal::tests::nonce_scan_accepts_arbitrum_system_transactions ... ok
[INFO] [stdout] test merkle_payments::merkle_tree::tests::depth_one_produces_two_pools_not_one ... ok
[INFO] [stdout] test wallet::tests::test_estimate_picks_worst_pool ... ok
[INFO] [stdout] test wallet::tests::test_estimate_empty_pools ... ok
[INFO] [stdout] test wallet::tests::test_from_private_key ... ok
[INFO] [stdout] test wallet::tests::test_estimate_depth_1 ... ok
[INFO] [stdout] test merkle_batch_payment::tests::test_expected_reward_pools ... ok
[INFO] [stdout] test wallet::journal::tests::transport_failures_are_transient ... ok
[INFO] [stdout] test wallet::journal::tests::already_known_is_success_not_failure ... ok
[INFO] [stdout] test wallet::journal::tests::definitive_rejections_are_not_transient ... ok
[INFO] [stdout] test wallet::journal::tests::journal_fee_read_does_not_retry_a_fee_over_the_limit ... ok
[INFO] [stdout] test wallet::tests::test_estimate_uniform_prices ... ok
[INFO] [stdout] test wallet::tests::test_estimate_varying_prices ... ok
[INFO] [stdout] test wallet::tests::test_transfer_gas_tokens ... FAILED
[INFO] [stdout] test retry::tests::unlimited_sets_no_fees ... ok
[INFO] [stdout] test merkle_payments::merkle_tree::tests::verify_merkle_proof_accepts_all_depths ... ok
[INFO] [stdout] test merkle_payments::merkle_tree::tests::reward_candidate_count_matches_contract_for_all_depths ... ok
[INFO] [stdout] test testnet::tests::test_run_multiple_testnets_in_parallel ... FAILED
[INFO] [stdout] test merkle_payments::merkle_tree::tests::every_midpoint_proof_verifies_for_all_depths ... ok
[INFO] [stdout] test wallet::journal::tests::journal_fee_read_retries_a_transient_failure ... ok
[INFO] [stdout] 
[INFO] [stdout] failures:
[INFO] [stdout] 
[INFO] [stdout] ---- wallet::tests::test_transfer_gas_tokens stdout ----
[INFO] [stdout] 
[INFO] [stdout] thread 'wallet::tests::test_transfer_gas_tokens' (2964) panicked at src/wallet.rs:602:44:
[INFO] [stdout] called `Result::unwrap()` on an `Err` value: SpawnFailed("could not spawn node: No such file or directory (os error 2)")
[INFO] [stdout] stack backtrace:
[INFO] [stdout]    0:     0x63cb2fb6d8e1 - <<std[70759c8f55707aa4]::sys::backtrace::BacktraceLock>::print::DisplayBacktrace as core[df12db4294e9bfd3]::fmt::Display>::fmt
[INFO] [stdout]    1:     0x63cb2fb84cda - core[df12db4294e9bfd3]::fmt::write
[INFO] [stdout]    2:     0x63cb2fb7285c - <alloc[2182bb758b4b3781]::vec::Vec<u8> as core[df12db4294e9bfd3]::io::write::Write>::write_fmt
[INFO] [stdout]    3:     0x63cb2fb47ad6 - std[70759c8f55707aa4]::panicking::default_hook::{closure#0}
[INFO] [stdout]    4:     0x63cb2fb64f29 - std[70759c8f55707aa4]::panicking::default_hook
[INFO] [stdout]    5:     0x63cb2f723220 - test[9d35eded1c95d3be]::test_main_inner::<test[9d35eded1c95d3be]::test_main_static::{closure#0}>::{closure#0}
[INFO] [stdout]    6:     0x63cb2fb65252 - std[70759c8f55707aa4]::panicking::panic_with_hook
[INFO] [stdout]    7:     0x63cb2fb47b82 - std[70759c8f55707aa4]::panicking::panic_handler::{closure#0}
[INFO] [stdout]    8:     0x63cb2fb40789 - std[70759c8f55707aa4]::sys::backtrace::__rust_end_short_backtrace::<std[70759c8f55707aa4]::panicking::panic_handler::{closure#0}, !>
[INFO] [stdout]    9:     0x63cb2fb4896d - __rustc[8fa7c3cbc660c2b3]::rust_begin_unwind
[INFO] [stdout]   10:     0x63cb2fb8543c - core[df12db4294e9bfd3]::panicking::panic_fmt
[INFO] [stdout]   11:     0x63cb2fb85212 - core[df12db4294e9bfd3]::result::unwrap_failed
[INFO] [stdout]   12:     0x63cb2f689d11 - evmlib[80c4f3a63e4e3e88]::wallet::tests::test_transfer_gas_tokens::{closure#0}
[INFO] [stdout]   13:     0x63cb2f66d263 - <tokio[a31e9d2d92ecfee1]::runtime::scheduler::current_thread::Context>::enter::<core[df12db4294e9bfd3]::task::poll::Poll<()>, <tokio[a31e9d2d92ecfee1]::runtime::scheduler::current_thread::CoreGuard>::block_on<core[df12db4294e9bfd3]::pin::Pin<&mut core[df12db4294e9bfd3]::pin::Pin<&mut dyn core[df12db4294e9bfd3]::future::future::Future<Output = ()>>>>::{closure#0}::{closure#0}>
[INFO] [stdout]   14:     0x63cb2f67e229 - <std[70759c8f55707aa4]::thread::local::LocalKey<tokio[a31e9d2d92ecfee1]::runtime::context::Context>>::with::<tokio[a31e9d2d92ecfee1]::runtime::context::set_scheduler<(alloc[2182bb758b4b3781]::boxed::Box<tokio[a31e9d2d92ecfee1]::runtime::scheduler::current_thread::Core>, core[df12db4294e9bfd3]::option::Option<()>), <tokio[a31e9d2d92ecfee1]::runtime::scheduler::current_thread::CoreGuard>::enter<<tokio[a31e9d2d92ecfee1]::runtime::scheduler::current_thread::CoreGuard>::block_on<core[df12db4294e9bfd3]::pin::Pin<&mut core[df12db4294e9bfd3]::pin::Pin<&mut dyn core[df12db4294e9bfd3]::future::future::Future<Output = ()>>>>::{closure#0}, core[df12db4294e9bfd3]::option::Option<()>>::{closure#0}>::{closure#0}, (alloc[2182bb758b4b3781]::boxed::Box<tokio[a31e9d2d92ecfee1]::runtime::scheduler::current_thread::Core>, core[df12db4294e9bfd3]::option::Option<()>)>
[INFO] [stdout]   15:     0x63cb2f66d615 - <tokio[a31e9d2d92ecfee1]::runtime::scheduler::current_thread::CoreGuard>::block_on::<core[df12db4294e9bfd3]::pin::Pin<&mut core[df12db4294e9bfd3]::pin::Pin<&mut dyn core[df12db4294e9bfd3]::future::future::Future<Output = ()>>>>
[INFO] [stdout]   16:     0x63cb2f683aa0 - tokio[a31e9d2d92ecfee1]::runtime::context::runtime::enter_runtime::<<tokio[a31e9d2d92ecfee1]::runtime::scheduler::current_thread::CurrentThread>::block_on<core[df12db4294e9bfd3]::pin::Pin<&mut dyn core[df12db4294e9bfd3]::future::future::Future<Output = ()>>>::{closure#0}, ()>
[INFO] [stdout]   17:     0x63cb2f66d03b - <tokio[a31e9d2d92ecfee1]::runtime::runtime::Runtime>::block_on::<core[df12db4294e9bfd3]::pin::Pin<&mut dyn core[df12db4294e9bfd3]::future::future::Future<Output = ()>>>
[INFO] [stdout]   18:     0x63cb2f690f9b - <evmlib[80c4f3a63e4e3e88]::wallet::tests::test_transfer_gas_tokens::{closure#0} as core[df12db4294e9bfd3]::ops::function::FnOnce<()>>::call_once
[INFO] [stdout]   19:     0x63cb2f71650b - test[9d35eded1c95d3be]::__rust_begin_short_backtrace::<core[df12db4294e9bfd3]::result::Result<(), alloc[2182bb758b4b3781]::string::String>, fn() -> core[df12db4294e9bfd3]::result::Result<(), alloc[2182bb758b4b3781]::string::String>>
[INFO] [stdout]   20:     0x63cb2f723b75 - test[9d35eded1c95d3be]::run_test::{closure#0}
[INFO] [stdout]   21:     0x63cb2f71d434 - std[70759c8f55707aa4]::sys::backtrace::__rust_begin_short_backtrace::<test[9d35eded1c95d3be]::run_test::{closure#1}, ()>
[INFO] [stdout]   22:     0x63cb2f726cd2 - <std[70759c8f55707aa4]::thread::lifecycle::spawn_unchecked<test[9d35eded1c95d3be]::run_test::{closure#1}, ()>::{closure#1} as core[df12db4294e9bfd3]::ops::function::FnOnce<()>>::call_once::{shim:vtable#0}
[INFO] [stdout]   23:     0x63cb2fb6ce09 - <std[70759c8f55707aa4]::sys::thread::unix::Thread>::new::thread_start
[INFO] [stdout]   24:     0x74488ac3edfa - <unknown>
[INFO] [stdout]   25:     0x74488acd23d4 - clone
[INFO] [stdout]   26:                0x0 - <unknown>
[INFO] [stdout] 
[INFO] [stdout] ---- testnet::tests::test_run_multiple_testnets_in_parallel stdout ----
[INFO] [stdout] 
[INFO] [stdout] thread 'testnet::tests::test_run_multiple_testnets_in_parallel' (2950) panicked at src/testnet.rs:220:13:
[INFO] [stdout] called `Result::unwrap()` on an `Err` value: SpawnFailed("could not spawn node: No such file or directory (os error 2)")
[INFO] [stdout] stack backtrace:
[INFO] [stdout]    0:     0x63cb2fb6d8e1 - <<std[70759c8f55707aa4]::sys::backtrace::BacktraceLock>::print::DisplayBacktrace as core[df12db4294e9bfd3]::fmt::Display>::fmt
[INFO] [stdout]    1:     0x63cb2fb84cda - core[df12db4294e9bfd3]::fmt::write
[INFO] [stdout]    2:     0x63cb2fb7285c - <alloc[2182bb758b4b3781]::vec::Vec<u8> as core[df12db4294e9bfd3]::io::write::Write>::write_fmt
[INFO] [stdout]    3:     0x63cb2fb47ad6 - std[70759c8f55707aa4]::panicking::default_hook::{closure#0}
[INFO] [stdout]    4:     0x63cb2fb64f29 - std[70759c8f55707aa4]::panicking::default_hook
[INFO] [stdout]    5:     0x63cb2f723220 - test[9d35eded1c95d3be]::test_main_inner::<test[9d35eded1c95d3be]::test_main_static::{closure#0}>::{closure#0}
[INFO] [stdout]    6:     0x63cb2fb65252 - std[70759c8f55707aa4]::panicking::panic_with_hook
[INFO] [stdout]    7:     0x63cb2fb47b82 - std[70759c8f55707aa4]::panicking::panic_handler::{closure#0}
[INFO] [stdout]    8:     0x63cb2fb40789 - std[70759c8f55707aa4]::sys::backtrace::__rust_end_short_backtrace::<std[70759c8f55707aa4]::panicking::panic_handler::{closure#0}, !>
[INFO] [stdout]    9:     0x63cb2fb4896d - __rustc[8fa7c3cbc660c2b3]::rust_begin_unwind
[INFO] [stdout]   10:     0x63cb2fb8543c - core[df12db4294e9bfd3]::panicking::panic_fmt
[INFO] [stdout]   11:     0x63cb2fb85212 - core[df12db4294e9bfd3]::result::unwrap_failed
[INFO] [stdout]   12:     0x63cb2f6a9bf5 - evmlib[80c4f3a63e4e3e88]::testnet::tests::test_run_multiple_testnets_in_parallel::{closure#0}
[INFO] [stdout]   13:     0x63cb2f66d263 - <tokio[a31e9d2d92ecfee1]::runtime::scheduler::current_thread::Context>::enter::<core[df12db4294e9bfd3]::task::poll::Poll<()>, <tokio[a31e9d2d92ecfee1]::runtime::scheduler::current_thread::CoreGuard>::block_on<core[df12db4294e9bfd3]::pin::Pin<&mut core[df12db4294e9bfd3]::pin::Pin<&mut dyn core[df12db4294e9bfd3]::future::future::Future<Output = ()>>>>::{closure#0}::{closure#0}>
[INFO] [stdout]   14:     0x63cb2f67e229 - <std[70759c8f55707aa4]::thread::local::LocalKey<tokio[a31e9d2d92ecfee1]::runtime::context::Context>>::with::<tokio[a31e9d2d92ecfee1]::runtime::context::set_scheduler<(alloc[2182bb758b4b3781]::boxed::Box<tokio[a31e9d2d92ecfee1]::runtime::scheduler::current_thread::Core>, core[df12db4294e9bfd3]::option::Option<()>), <tokio[a31e9d2d92ecfee1]::runtime::scheduler::current_thread::CoreGuard>::enter<<tokio[a31e9d2d92ecfee1]::runtime::scheduler::current_thread::CoreGuard>::block_on<core[df12db4294e9bfd3]::pin::Pin<&mut core[df12db4294e9bfd3]::pin::Pin<&mut dyn core[df12db4294e9bfd3]::future::future::Future<Output = ()>>>>::{closure#0}, core[df12db4294e9bfd3]::option::Option<()>>::{closure#0}>::{closure#0}, (alloc[2182bb758b4b3781]::boxed::Box<tokio[a31e9d2d92ecfee1]::runtime::scheduler::current_thread::Core>, core[df12db4294e9bfd3]::option::Option<()>)>
[INFO] [stdout]   15:     0x63cb2f66d615 - <tokio[a31e9d2d92ecfee1]::runtime::scheduler::current_thread::CoreGuard>::block_on::<core[df12db4294e9bfd3]::pin::Pin<&mut core[df12db4294e9bfd3]::pin::Pin<&mut dyn core[df12db4294e9bfd3]::future::future::Future<Output = ()>>>>
[INFO] [stdout]   16:     0x63cb2f683aa0 - tokio[a31e9d2d92ecfee1]::runtime::context::runtime::enter_runtime::<<tokio[a31e9d2d92ecfee1]::runtime::scheduler::current_thread::CurrentThread>::block_on<core[df12db4294e9bfd3]::pin::Pin<&mut dyn core[df12db4294e9bfd3]::future::future::Future<Output = ()>>>::{closure#0}, ()>
[INFO] [stdout]   17:     0x63cb2f66d03b - <tokio[a31e9d2d92ecfee1]::runtime::runtime::Runtime>::block_on::<core[df12db4294e9bfd3]::pin::Pin<&mut dyn core[df12db4294e9bfd3]::future::future::Future<Output = ()>>>
[INFO] [stdout]   18:     0x63cb2f6b0296 - evmlib[80c4f3a63e4e3e88]::testnet::tests::test_run_multiple_testnets_in_parallel
[INFO] [stdout]   19:     0x63cb2f692079 - <evmlib[80c4f3a63e4e3e88]::testnet::tests::test_run_multiple_testnets_in_parallel::{closure#0} as core[df12db4294e9bfd3]::ops::function::FnOnce<()>>::call_once
[INFO] [stdout]   20:     0x63cb2f71650b - test[9d35eded1c95d3be]::__rust_begin_short_backtrace::<core[df12db4294e9bfd3]::result::Result<(), alloc[2182bb758b4b3781]::string::String>, fn() -> core[df12db4294e9bfd3]::result::Result<(), alloc[2182bb758b4b3781]::string::String>>
[INFO] [stdout]   21:     0x63cb2f723b75 - test[9d35eded1c95d3be]::run_test::{closure#0}
[INFO] [stdout]   22:     0x63cb2f71d434 - std[70759c8f55707aa4]::sys::backtrace::__rust_begin_short_backtrace::<test[9d35eded1c95d3be]::run_test::{closure#1}, ()>
[INFO] [stdout]   23:     0x63cb2f726cd2 - <std[70759c8f55707aa4]::thread::lifecycle::spawn_unchecked<test[9d35eded1c95d3be]::run_test::{closure#1}, ()>::{closure#1} as core[df12db4294e9bfd3]::ops::function::FnOnce<()>>::call_once::{shim:vtable#0}
[INFO] [stdout]   24:     0x63cb2fb6ce09 - <std[70759c8f55707aa4]::sys::thread::unix::Thread>::new::thread_start
[INFO] [stdout]   25:     0x74488ac3edfa - <unknown>
[INFO] [stdout]   26:     0x74488acd23d4 - clone
[INFO] [stdout]   27:                0x0 - <unknown>
[INFO] [stdout] 
[INFO] [stdout] 
[INFO] [stdout] failures:
[INFO] [stdout]     testnet::tests::test_run_multiple_testnets_in_parallel
[INFO] [stdout]     wallet::tests::test_transfer_gas_tokens
[INFO] [stdout] 
[INFO] [stdout] test result: FAILED. 28 passed; 2 failed; 0 ignored; 0 measured; 0 filtered out; finished in 4.01s
[INFO] [stdout] 
[INFO] [stderr] error: test failed, to rerun pass `--lib`
[INFO] running `Command { std: "docker" "inspect" "65bb4f7de39c699e5a9f5142993761b630cd8aa8ac465df34f77994c66134898", kill_on_drop: false }`
[INFO] running `Command { std: "docker" "rm" "-f" "65bb4f7de39c699e5a9f5142993761b630cd8aa8ac465df34f77994c66134898", kill_on_drop: false }`
[INFO] [stdout] 65bb4f7de39c699e5a9f5142993761b630cd8aa8ac465df34f77994c66134898
