[INFO] fetching crate evidence-mcp 0.1.5...
[INFO] testing evidence-mcp-0.1.5 against 1.99.0-beta.8+cargoflags=--release for beta-release-1.100-2
[INFO] extracting crate evidence-mcp 0.1.5 into /workspace/builds/worker-3-tc1/source
[INFO] started tweaking crates.io crate evidence-mcp 0.1.5
[INFO] removed 0 missing tests
[INFO] finished tweaking crates.io crate evidence-mcp 0.1.5
[INFO] tweaked toml for crates.io crate evidence-mcp 0.1.5 written to /workspace/builds/worker-3-tc1/source/Cargo.toml
[INFO] validating manifest of crates.io crate evidence-mcp 0.1.5 on toolchain 1.99.0-beta.8
[INFO] running `Command { std: CARGO_HOME="/workspace/cargo-home" RUSTUP_HOME="/workspace/rustup-home" "/workspace/cargo-home/bin/cargo" "+1.99.0-beta.8" "metadata" "--manifest-path" "Cargo.toml" "--no-deps", kill_on_drop: false }`
[INFO] crate crates.io crate evidence-mcp 0.1.5 already has a lockfile, it will not be regenerated
[INFO] running `Command { std: CARGO_HOME="/workspace/cargo-home" RUSTUP_HOME="/workspace/rustup-home" "/workspace/cargo-home/bin/cargo" "+1.99.0-beta.8" "fetch" "--manifest-path" "Cargo.toml", kill_on_drop: false }`
[INFO] [stderr]     Updating crates.io index
[INFO] [stderr]  Downloading crates ...
[INFO] [stderr]   Downloaded rmcp-macros v1.5.0
[INFO] [stderr]   Downloaded referencing v0.46.2
[INFO] [stderr]   Downloaded assert_cmd v2.2.1
[INFO] [stderr]   Downloaded evidence-core v0.1.5
[INFO] [stderr]   Downloaded jsonschema v0.46.2
[INFO] [stderr]   Downloaded rmcp v1.5.0
[INFO] running `Command { std: "docker" "create" "-v" "/var/lib/crater-agent-workspace/builds/worker-3-tc1/source:/opt/rustwide/workdir:ro,Z" "-v" "/var/lib/crater-agent-workspace/builds/worker-3-tc1/target:/opt/rustwide/target:rw,Z" "-v" "/var/lib/crater-agent-workspace/cargo-home:/opt/rustwide/cargo-home:ro,Z" "-v" "/var/lib/crater-agent-workspace/rustup-home:/opt/rustwide/rustup-home:ro,Z" "-m" "1610612736" "--network" "none" "ghcr.io/rust-lang/crates-build-env/linux@sha256:77db811e55d90add9212f6832c23229e3de5f1c1f9905e8cb07319ea15df73ac" "sleep" "infinity", kill_on_drop: false }`
[INFO] [stdout] 45319b96e4805124eae1ef61cda462a5a6b862cd4687d4677905927b26ffc811
[INFO] running `Command { std: "docker" "start" "45319b96e4805124eae1ef61cda462a5a6b862cd4687d4677905927b26ffc811", kill_on_drop: false }`
[INFO] running `Command { std: "docker" "inspect" "45319b96e4805124eae1ef61cda462a5a6b862cd4687d4677905927b26ffc811", kill_on_drop: false }`
[INFO] running `Command { std: "docker" "exec" "-e" "SOURCE_DIR=/opt/rustwide/workdir" "-e" "CARGO_HOME=/opt/rustwide/cargo-home" "-e" "RUSTUP_HOME=/opt/rustwide/rustup-home" "-e" "CARGO_TARGET_DIR=/opt/rustwide/target" "-w" "/opt/rustwide/workdir" "--user" "0:0" "45319b96e4805124eae1ef61cda462a5a6b862cd4687d4677905927b26ffc811" "/opt/rustwide/cargo-home/bin/cargo" "+1.99.0-beta.8" "metadata" "--no-deps" "--format-version=1", kill_on_drop: false }`
[INFO] running `Command { std: "docker" "inspect" "45319b96e4805124eae1ef61cda462a5a6b862cd4687d4677905927b26ffc811", kill_on_drop: false }`
[INFO] running `Command { std: "docker" "exec" "-e" "SOURCE_DIR=/opt/rustwide/workdir" "-e" "CARGO_HOME=/opt/rustwide/cargo-home" "-e" "RUSTUP_HOME=/opt/rustwide/rustup-home" "-e" "CARGO_TARGET_DIR=/opt/rustwide/target" "-e" "CARGO_INCREMENTAL=0" "-e" "RUST_BACKTRACE=full" "-e" "RUSTFLAGS=--cap-lints=warn" "-e" "RUSTDOCFLAGS=--cap-lints=warn" "-w" "/opt/rustwide/workdir" "--user" "0:0" "45319b96e4805124eae1ef61cda462a5a6b862cd4687d4677905927b26ffc811" "/opt/rustwide/cargo-home/bin/cargo" "+1.99.0-beta.8" "build" "--frozen" "--message-format=json" "--release", kill_on_drop: false }`
[INFO] [stderr]    Compiling libc v0.2.185
[INFO] [stderr]    Compiling serde_core v1.0.228
[INFO] [stderr]    Compiling typenum v1.20.0
[INFO] [stderr]    Compiling serde v1.0.228
[INFO] [stderr]    Compiling ref-cast v1.0.25
[INFO] [stderr]    Compiling aho-corasick v1.1.4
[INFO] [stderr]    Compiling ref-cast-impl v1.0.25
[INFO] [stderr]    Compiling num-bigint v0.4.6
[INFO] [stderr]    Compiling ahash v0.8.12
[INFO] [stderr]    Compiling strsim v0.11.1
[INFO] [stderr]    Compiling num-iter v0.1.45
[INFO] [stderr]    Compiling curve25519-dalek v4.1.3
[INFO] [stderr]    Compiling futures-channel v0.3.32
[INFO] [stderr]    Compiling icu_normalizer v2.2.0
[INFO] [stderr]    Compiling zmij v1.0.21
[INFO] [stderr]    Compiling allocator-api2 v0.2.21
[INFO] [stderr]    Compiling borrow-or-share v0.2.4
[INFO] [stderr]    Compiling unicode-general-category v1.1.0
[INFO] [stderr]    Compiling foldhash v0.2.0
[INFO] [stderr]    Compiling bit-vec v0.8.0
[INFO] [stderr]    Compiling equivalent v1.0.2
[INFO] [stderr]    Compiling serde_json v1.0.149
[INFO] [stderr]    Compiling curve25519-dalek-derive v0.1.1
[INFO] [stderr]    Compiling darling_core v0.23.0
[INFO] [stderr]    Compiling futures-util v0.3.32
[INFO] [stderr]    Compiling serde_derive_internals v0.29.1
[INFO] [stderr]    Compiling signature v2.2.0
[INFO] [stderr]    Compiling bit-set v0.8.0
[INFO] [stderr]    Compiling idna_adapter v1.2.1
[INFO] [stderr]    Compiling memchr v2.8.0
[INFO] [stderr]    Compiling itoa v1.0.18
[INFO] [stderr]    Compiling vsimd v0.8.0
[INFO] [stderr]    Compiling hashbrown v0.16.1
[INFO] [stderr]    Compiling const-oid v0.10.2
[INFO] [stderr]    Compiling zeroize v1.8.2
[INFO] [stderr]    Compiling outref v0.5.2
[INFO] [stderr]    Compiling micromap v0.3.0
[INFO] [stderr]    Compiling winnow v1.0.1
[INFO] [stderr]    Compiling generic-array v0.14.7
[INFO] [stderr]    Compiling hybrid-array v0.4.10
[INFO] [stderr]    Compiling getrandom v0.3.4
[INFO] [stderr]    Compiling errno v0.3.14
[INFO] [stderr]    Compiling parking_lot_core v0.9.12
[INFO] [stderr]    Compiling getrandom v0.2.17
[INFO] [stderr]    Compiling regex-automata v0.4.14
[INFO] [stderr]    Compiling signal-hook-registry v1.4.8
[INFO] [stderr]    Compiling mio v1.2.0
[INFO] [stderr]    Compiling rand_core v0.6.4
[INFO] [stderr]    Compiling toml_parser v1.1.2+spec-1.1.0
[INFO] [stderr]    Compiling parking_lot v0.12.5
[INFO] [stderr]    Compiling schemars_derive v1.2.1
[INFO] [stderr]    Compiling uuid-simd v0.8.0
[INFO] [stderr]    Compiling tokio v1.52.1
[INFO] [stderr]    Compiling getrandom v0.4.2
[INFO] [stderr]    Compiling crypto-common v0.2.1
[INFO] [stderr]    Compiling block-buffer v0.12.0
[INFO] [stderr]    Compiling block-buffer v0.10.4
[INFO] [stderr]    Compiling crypto-common v0.1.7
[INFO] [stderr]    Compiling idna v1.1.0
[INFO] [stderr]    Compiling ed25519 v2.2.3
[INFO] [stderr]    Compiling data-encoding v2.10.0
[INFO] [stderr]    Compiling digest v0.10.7
[INFO] [stderr]    Compiling toml_writer v1.1.1+spec-1.1.0
[INFO] [stderr]    Compiling num-rational v0.4.2
[INFO] [stderr]    Compiling sha2 v0.10.9
[INFO] [stderr]    Compiling num v0.4.3
[INFO] [stderr]    Compiling fraction v0.15.3
[INFO] [stderr]    Compiling digest v0.11.2
[INFO] [stderr]    Compiling dyn-clone v1.0.20
[INFO] [stderr]    Compiling bytecount v0.6.9
[INFO] [stderr]    Compiling num-cmp v0.1.0
[INFO] [stderr]    Compiling toml_datetime v1.1.1+spec-1.1.0
[INFO] [stderr]    Compiling darling_macro v0.23.0
[INFO] [stderr]    Compiling serde_spanned v1.1.1
[INFO] [stderr]    Compiling darling v0.23.0
[INFO] [stderr]    Compiling rmcp v1.5.0
[INFO] [stderr]    Compiling evidence-core v0.1.5
[INFO] [stderr]    Compiling walkdir v2.5.0
[INFO] [stderr]    Compiling futures-executor v0.3.32
[INFO] [stderr]    Compiling futures v0.3.32
[INFO] [stderr]    Compiling fluent-uri v0.4.1
[INFO] [stderr]    Compiling chrono v0.4.44
[INFO] [stderr]    Compiling email_address v0.2.9
[INFO] [stderr]    Compiling rmcp-macros v1.5.0
[INFO] [stderr]    Compiling sha2 v0.11.0
[INFO] [stderr]    Compiling toml v1.1.2+spec-1.1.0
[INFO] [stderr]    Compiling ed25519-dalek v2.2.0
[INFO] [stderr]    Compiling referencing v0.46.2
[INFO] [stderr]    Compiling uuid v1.23.1
[INFO] [stderr]    Compiling async-trait v0.1.89
[INFO] [stderr]    Compiling pastey v0.2.1
[INFO] [stderr]    Compiling schemars v1.2.1
[INFO] [stderr]    Compiling fancy-regex v0.17.0
[INFO] [stderr]    Compiling regex v1.12.3
[INFO] [stderr]    Compiling matchers v0.2.0
[INFO] [stderr]    Compiling tracing-subscriber v0.3.23
[INFO] [stderr]    Compiling tokio-util v0.7.18
[INFO] [stderr]    Compiling jsonschema v0.46.2
[INFO] [stderr]    Compiling evidence-mcp v0.1.5 (/opt/rustwide/workdir)
[INFO] [stderr]     Finished `release` profile [optimized] target(s) in 2m 31s
[INFO] running `Command { std: "docker" "inspect" "45319b96e4805124eae1ef61cda462a5a6b862cd4687d4677905927b26ffc811", kill_on_drop: false }`
[INFO] running `Command { std: "docker" "exec" "-e" "SOURCE_DIR=/opt/rustwide/workdir" "-e" "CARGO_HOME=/opt/rustwide/cargo-home" "-e" "RUSTUP_HOME=/opt/rustwide/rustup-home" "-e" "CARGO_TARGET_DIR=/opt/rustwide/target" "-e" "CARGO_INCREMENTAL=0" "-e" "RUST_BACKTRACE=full" "-e" "RUSTFLAGS=--cap-lints=warn" "-e" "RUSTDOCFLAGS=--cap-lints=warn" "-w" "/opt/rustwide/workdir" "--user" "0:0" "45319b96e4805124eae1ef61cda462a5a6b862cd4687d4677905927b26ffc811" "/opt/rustwide/cargo-home/bin/cargo" "+1.99.0-beta.8" "test" "--frozen" "--no-run" "--message-format=json" "--release", kill_on_drop: false }`
[INFO] [stderr]    Compiling rustix v1.1.4
[INFO] [stderr]    Compiling predicates-core v1.0.10
[INFO] [stderr]    Compiling termtree v0.5.1
[INFO] [stderr]    Compiling linux-raw-sys v0.12.1
[INFO] [stderr]    Compiling anstyle v1.0.14
[INFO] [stderr]    Compiling assert_cmd v2.2.1
[INFO] [stderr]    Compiling bitflags v2.11.1
[INFO] [stderr]    Compiling difflib v0.4.0
[INFO] [stderr]    Compiling bstr v1.12.1
[INFO] [stderr]    Compiling wait-timeout v0.2.1
[INFO] [stderr]    Compiling fastrand v2.4.1
[INFO] [stderr]    Compiling predicates-tree v1.0.13
[INFO] [stderr]    Compiling predicates v3.1.4
[INFO] [stderr]    Compiling tempfile v3.27.0
[INFO] [stderr]    Compiling evidence-mcp v0.1.5 (/opt/rustwide/workdir)
[INFO] [stderr]     Finished `release` profile [optimized] target(s) in 13.34s
[INFO] running `Command { std: "docker" "inspect" "45319b96e4805124eae1ef61cda462a5a6b862cd4687d4677905927b26ffc811", kill_on_drop: false }`
[INFO] running `Command { std: "docker" "exec" "-e" "SOURCE_DIR=/opt/rustwide/workdir" "-e" "CARGO_HOME=/opt/rustwide/cargo-home" "-e" "RUSTUP_HOME=/opt/rustwide/rustup-home" "-e" "CARGO_TARGET_DIR=/opt/rustwide/target" "-e" "CARGO_INCREMENTAL=0" "-e" "RUST_BACKTRACE=full" "-e" "RUSTFLAGS=--cap-lints=warn" "-e" "RUSTDOCFLAGS=--cap-lints=warn" "-w" "/opt/rustwide/workdir" "--user" "0:0" "45319b96e4805124eae1ef61cda462a5a6b862cd4687d4677905927b26ffc811" "/opt/rustwide/cargo-home/bin/cargo" "+1.99.0-beta.8" "test" "--frozen" "--release", kill_on_drop: false }`
[INFO] [stderr]     Finished `release` profile [optimized] target(s) in 0.20s
[INFO] [stderr]      Running unittests src/lib.rs (/opt/rustwide/target/release/deps/evidence_mcp-e62d151233532d00)
[INFO] [stdout] 
[INFO] [stdout] running 24 tests
[INFO] [stdout] test server::responses::tests::jsonl_response_success_false_on_fail_terminal ... ok
[INFO] [stdout] test subprocess::tests::parse_jsonl_malformed_line_surfaces_mcp_marker ... ok
[INFO] [stdout] test subprocess::tests::resolve_timeout_clamps_above_maximum ... ok
[INFO] [stdout] test server::responses::tests::rules_response_warnings_do_not_flip_success ... ok
[INFO] [stdout] test subprocess::tests::parse_jsonl_extracts_terminal_and_counts ... ok
[INFO] [stdout] test server::responses::tests::rules_response_success_true_when_error_none ... ok
[INFO] [stdout] test subprocess::tests::resolve_timeout_clamps_below_minimum ... ok
[INFO] [stdout] test server::responses::tests::jsonl_response_success_false_on_mcp_synthetic ... ok
[INFO] [stdout] test subprocess::tests::run_error_code_is_self_describing ... ok
[INFO] [stdout] test version_probe::tests::bva_prerelease_suffix_counts_as_skew ... ok
[INFO] [stdout] test subprocess::tests::resolve_timeout_defaults_when_env_unset ... ok
[INFO] [stdout] test server::responses::tests::jsonl_response_success_true_on_ok_terminal ... ok
[INFO] [stdout] test server::responses::tests::diff_response_success_false_when_error_some ... ok
[INFO] [stdout] test server::responses::tests::diff_response_success_true_when_error_none ... ok
[INFO] [stdout] test server::responses::tests::ping_response_shapes_for_matched_skewed_probe_failed ... ok
[INFO] [stdout] test server::responses::tests::rules_response_success_false_when_error_some ... ok
[INFO] [stdout] test subprocess::tests::resolve_timeout_parses_valid_value ... ok
[INFO] [stdout] test subprocess::tests::parse_jsonl_empty_stream_is_mcp_no_output ... ok
[INFO] [stdout] test subprocess::tests::resolve_timeout_falls_back_on_malformed_env ... ok
[INFO] [stdout] test version_probe::tests::bva_empty_probe_output_treated_as_probe_failed ... ok
[INFO] [stdout] test subprocess::tests::resolve_timeout_defaults_when_env_empty ... ok
[INFO] [stdout] test version_probe::tests::normal_matching_versions_yield_matched_no_diagnostic ... ok
[INFO] [stderr]      Running unittests src/main.rs (/opt/rustwide/target/release/deps/evidence_mcp-f09876f23c7f16fd)
[INFO] [stdout] test version_probe::tests::robustness_differing_versions_yield_skewed_with_both_strings ... ok
[INFO] [stdout] test version_probe::tests::robustness_probe_error_yields_probe_failed_with_reason ... ok
[INFO] [stdout] 
[INFO] [stdout] test result: ok. 24 passed; 0 failed; 0 ignored; 0 measured; 0 filtered out; finished in 0.02s
[INFO] [stdout] 
[INFO] [stdout] 
[INFO] [stdout] running 0 tests
[INFO] [stdout] 
[INFO] [stdout] test result: ok. 0 passed; 0 failed; 0 ignored; 0 measured; 0 filtered out; finished in 0.00s
[INFO] [stdout] 
[INFO] [stderr]      Running tests/mcp_codes_audit.rs (/opt/rustwide/target/release/deps/mcp_codes_audit-c87c7bfb2279b6a0)
[INFO] [stdout] 
[INFO] [stdout] running 2 tests
[INFO] [stdout] test every_mcp_code_emitted_in_source ... ok
[INFO] [stdout] test every_mcp_literal_in_source_is_registered ... ok
[INFO] [stdout] 
[INFO] [stdout] test result: ok. 2 passed; 0 failed; 0 ignored; 0 measured; 0 filtered out; finished in 0.00s
[INFO] [stdout] 
[INFO] [stderr]      Running tests/mcp_diff_surface.rs (/opt/rustwide/target/release/deps/mcp_diff_surface-54797c7deb5b35dd)
[INFO] [stdout] 
[INFO] [stdout] running 3 tests
[INFO] [stdout] test evidence_diff_rejects_missing_required_arguments ... ok
[INFO] [stdout] test evidence_diff_rejects_unknown_field_typo ... ok
[INFO] [stdout] test evidence_diff_on_missing_bundles_surfaces_structured_error ... ok
[INFO] [stderr]      Running tests/mcp_failure_surface.rs (/opt/rustwide/target/release/deps/mcp_failure_surface-4e504396b8996fd1)
[INFO] [stdout] 
[INFO] [stdout] test result: ok. 3 passed; 0 failed; 0 ignored; 0 measured; 0 filtered out; finished in 0.22s
[INFO] [stdout] 
[INFO] [stdout] 
[INFO] [stdout] running 1 test
[INFO] [stdout] test evidence_check_cargo_not_found_returns_structured_diagnostic ... ok
[INFO] [stderr]      Running tests/mcp_floors_surface.rs (/opt/rustwide/target/release/deps/mcp_floors_surface-8eea86b4604b8c49)
[INFO] [stdout] 
[INFO] [stdout] test result: ok. 1 passed; 0 failed; 0 ignored; 0 measured; 0 filtered out; finished in 0.04s
[INFO] [stdout] 
[INFO] [stdout] 
[INFO] [stdout] running 4 tests
[INFO] [stdout] test evidence_floors_rejects_unknown_field_typo ... ok
[INFO] [stdout] test evidence_floors_on_self_repo_terminates_with_floors_ok ... FAILED
[INFO] [stdout] test evidence_floors_missing_workspace_path_emits_fallback_signal ... FAILED
[INFO] [stderr] error: test failed, to rerun pass `--test mcp_floors_surface`
[INFO] [stdout] test evidence_floors_below_floor_terminates_with_floors_fail ... FAILED
[INFO] [stdout] 
[INFO] [stdout] failures:
[INFO] [stdout] 
[INFO] [stdout] ---- evidence_floors_on_self_repo_terminates_with_floors_ok stdout ----
[INFO] [stdout] 
[INFO] [stdout] thread 'evidence_floors_on_self_repo_terminates_with_floors_ok' (2649) panicked at tests/mcp_floors_surface.rs:56:5:
[INFO] [stdout] assertion `left == right` failed: expected FLOORS_OK terminal on self-repo; structured={"diagnostics":[{"code":"MCP_VERSION_PROBE_FAILED","message":"evidence-mcp could not probe cargo-evidence version: cargo evidence --version exited 101. Tool responses may reflect an unintended CLI version.","severity":"warning","subcommand":"mcp"}],"exit_code":101,"success":false,"summary":{"MCP_VERSION_PROBE_FAILED":1},"terminal":"MCP_NO_OUTPUT"}
[INFO] [stdout]   left: Some("MCP_NO_OUTPUT")
[INFO] [stdout]  right: Some("FLOORS_OK")
[INFO] [stdout] stack backtrace:
[INFO] [stdout]    0:     0x6513e53e7c71 - <<std[70759c8f55707aa4]::sys::backtrace::BacktraceLock>::print::DisplayBacktrace as core[df12db4294e9bfd3]::fmt::Display>::fmt
[INFO] [stdout]    1:     0x6513e53fcd1a - core[df12db4294e9bfd3]::fmt::write
[INFO] [stdout]    2:     0x6513e53ec50c - <alloc[2182bb758b4b3781]::vec::Vec<u8> as core[df12db4294e9bfd3]::io::write::Write>::write_fmt
[INFO] [stdout]    3:     0x6513e53c2776 - std[70759c8f55707aa4]::panicking::default_hook::{closure#0}
[INFO] [stdout]    4:     0x6513e53dfad9 - std[70759c8f55707aa4]::panicking::default_hook
[INFO] [stdout]    5:     0x6513e53733f0 - test[9d35eded1c95d3be]::test_main_inner::<test[9d35eded1c95d3be]::test_main_static::{closure#0}>::{closure#0}
[INFO] [stdout]    6:     0x6513e53dfc92 - std[70759c8f55707aa4]::panicking::panic_with_hook
[INFO] [stdout]    7:     0x6513e53c2822 - std[70759c8f55707aa4]::panicking::panic_handler::{closure#0}
[INFO] [stdout]    8:     0x6513e53bb489 - std[70759c8f55707aa4]::sys::backtrace::__rust_end_short_backtrace::<std[70759c8f55707aa4]::panicking::panic_handler::{closure#0}, !>
[INFO] [stdout]    9:     0x6513e53c341d - __rustc[8fa7c3cbc660c2b3]::rust_begin_unwind
[INFO] [stdout]   10:     0x6513e53fd44c - core[df12db4294e9bfd3]::panicking::panic_fmt
[INFO] [stdout]   11:     0x6513e53fd3c3 - core[df12db4294e9bfd3]::panicking::assert_failed_inner
[INFO] [stdout]   12:     0x6513e53634e9 - core[df12db4294e9bfd3]::panicking::assert_failed::<core[df12db4294e9bfd3]::option::Option<&str>, core[df12db4294e9bfd3]::option::Option<&str>>
[INFO] [stdout]   13:     0x6513e535d2ca - <mcp_floors_surface[580dc1b97637264]::evidence_floors_on_self_repo_terminates_with_floors_ok::{closure#0} as core[df12db4294e9bfd3]::ops::function::FnOnce<()>>::call_once
[INFO] [stdout]   14:     0x6513e53666db - test[9d35eded1c95d3be]::__rust_begin_short_backtrace::<core[df12db4294e9bfd3]::result::Result<(), alloc[2182bb758b4b3781]::string::String>, fn() -> core[df12db4294e9bfd3]::result::Result<(), alloc[2182bb758b4b3781]::string::String>>
[INFO] [stdout]   15:     0x6513e5373d45 - test[9d35eded1c95d3be]::run_test::{closure#0}
[INFO] [stdout]   16:     0x6513e536d604 - std[70759c8f55707aa4]::sys::backtrace::__rust_begin_short_backtrace::<test[9d35eded1c95d3be]::run_test::{closure#1}, ()>
[INFO] [stdout]   17:     0x6513e5376ea2 - <std[70759c8f55707aa4]::thread::lifecycle::spawn_unchecked<test[9d35eded1c95d3be]::run_test::{closure#1}, ()>::{closure#1} as core[df12db4294e9bfd3]::ops::function::FnOnce<()>>::call_once::{shim:vtable#0}
[INFO] [stdout]   18:     0x6513e53e7359 - <std[70759c8f55707aa4]::sys::thread::unix::Thread>::new::thread_start
[INFO] [stdout]   19:     0x7940e1645dfa - <unknown>
[INFO] [stdout]   20:     0x7940e16d93d4 - clone
[INFO] [stdout]   21:                0x0 - <unknown>
[INFO] [stdout] 
[INFO] [stdout] ---- evidence_floors_missing_workspace_path_emits_fallback_signal stdout ----
[INFO] [stdout] 
[INFO] [stdout] thread 'evidence_floors_missing_workspace_path_emits_fallback_signal' (2648) panicked at tests/mcp_floors_surface.rs:109:5:
[INFO] [stdout] assertion `left == right` failed: first diagnostic must be the fallback signal; got {"code":"MCP_VERSION_PROBE_FAILED","message":"evidence-mcp could not probe cargo-evidence version: cargo evidence --version exited 101. Tool responses may reflect an unintended CLI version.","severity":"warning","subcommand":"mcp"}
[INFO] [stdout]   left: Some("MCP_VERSION_PROBE_FAILED")
[INFO] [stdout]  right: Some("MCP_WORKSPACE_FALLBACK")
[INFO] [stdout] stack backtrace:
[INFO] [stdout]    0:     0x6513e53e7c71 - <<std[70759c8f55707aa4]::sys::backtrace::BacktraceLock>::print::DisplayBacktrace as core[df12db4294e9bfd3]::fmt::Display>::fmt
[INFO] [stdout]    1:     0x6513e53fcd1a - core[df12db4294e9bfd3]::fmt::write
[INFO] [stdout]    2:     0x6513e53ec50c - <alloc[2182bb758b4b3781]::vec::Vec<u8> as core[df12db4294e9bfd3]::io::write::Write>::write_fmt
[INFO] [stdout]    3:     0x6513e53c2776 - std[70759c8f55707aa4]::panicking::default_hook::{closure#0}
[INFO] [stdout]    4:     0x6513e53dfad9 - std[70759c8f55707aa4]::panicking::default_hook
[INFO] [stdout]    5:     0x6513e53733f0 - test[9d35eded1c95d3be]::test_main_inner::<test[9d35eded1c95d3be]::test_main_static::{closure#0}>::{closure#0}
[INFO] [stdout]    6:     0x6513e53dfc92 - std[70759c8f55707aa4]::panicking::panic_with_hook
[INFO] [stdout]    7:     0x6513e53c2822 - std[70759c8f55707aa4]::panicking::panic_handler::{closure#0}
[INFO] [stdout]    8:     0x6513e53bb489 - std[70759c8f55707aa4]::sys::backtrace::__rust_end_short_backtrace::<std[70759c8f55707aa4]::panicking::panic_handler::{closure#0}, !>
[INFO] [stdout]    9:     0x6513e53c341d - __rustc[8fa7c3cbc660c2b3]::rust_begin_unwind
[INFO] [stdout]   10:     0x6513e53fd44c - core[df12db4294e9bfd3]::panicking::panic_fmt
[INFO] [stdout]   11:     0x6513e53fd3c3 - core[df12db4294e9bfd3]::panicking::assert_failed_inner
[INFO] [stdout]   12:     0x6513e53634e9 - core[df12db4294e9bfd3]::panicking::assert_failed::<core[df12db4294e9bfd3]::option::Option<&str>, core[df12db4294e9bfd3]::option::Option<&str>>
[INFO] [stdout]   13:     0x6513e535ee31 - <mcp_floors_surface[580dc1b97637264]::evidence_floors_missing_workspace_path_emits_fallback_signal::{closure#0} as core[df12db4294e9bfd3]::ops::function::FnOnce<()>>::call_once
[INFO] [stdout]   14:     0x6513e53666db - test[9d35eded1c95d3be]::__rust_begin_short_backtrace::<core[df12db4294e9bfd3]::result::Result<(), alloc[2182bb758b4b3781]::string::String>, fn() -> core[df12db4294e9bfd3]::result::Result<(), alloc[2182bb758b4b3781]::string::String>>
[INFO] [stdout]   15:     0x6513e5373d45 - test[9d35eded1c95d3be]::run_test::{closure#0}
[INFO] [stdout]   16:     0x6513e536d604 - std[70759c8f55707aa4]::sys::backtrace::__rust_begin_short_backtrace::<test[9d35eded1c95d3be]::run_test::{closure#1}, ()>
[INFO] [stdout]   17:     0x6513e5376ea2 - <std[70759c8f55707aa4]::thread::lifecycle::spawn_unchecked<test[9d35eded1c95d3be]::run_test::{closure#1}, ()>::{closure#1} as core[df12db4294e9bfd3]::ops::function::FnOnce<()>>::call_once::{shim:vtable#0}
[INFO] [stdout]   18:     0x6513e53e7359 - <std[70759c8f55707aa4]::sys::thread::unix::Thread>::new::thread_start
[INFO] [stdout]   19:     0x7940e1645dfa - <unknown>
[INFO] [stdout]   20:     0x7940e16d93d4 - clone
[INFO] [stdout]   21:                0x0 - <unknown>
[INFO] [stdout] 
[INFO] [stdout] ---- evidence_floors_below_floor_terminates_with_floors_fail stdout ----
[INFO] [stdout] 
[INFO] [stdout] thread 'evidence_floors_below_floor_terminates_with_floors_fail' (2647) panicked at tests/mcp_floors_surface.rs:178:5:
[INFO] [stdout] assertion `left == right` failed: expected FLOORS_FAIL terminal; structured={"diagnostics":[{"code":"MCP_VERSION_PROBE_FAILED","message":"evidence-mcp could not probe cargo-evidence version: cargo evidence --version exited 101. Tool responses may reflect an unintended CLI version.","severity":"warning","subcommand":"mcp"}],"exit_code":101,"success":false,"summary":{"MCP_VERSION_PROBE_FAILED":1},"terminal":"MCP_NO_OUTPUT"}
[INFO] [stdout]   left: Some("MCP_NO_OUTPUT")
[INFO] [stdout]  right: Some("FLOORS_FAIL")
[INFO] [stdout] stack backtrace:
[INFO] [stdout]    0:     0x6513e53e7c71 - <<std[70759c8f55707aa4]::sys::backtrace::BacktraceLock>::print::DisplayBacktrace as core[df12db4294e9bfd3]::fmt::Display>::fmt
[INFO] [stdout]    1:     0x6513e53fcd1a - core[df12db4294e9bfd3]::fmt::write
[INFO] [stdout]    2:     0x6513e53ec50c - <alloc[2182bb758b4b3781]::vec::Vec<u8> as core[df12db4294e9bfd3]::io::write::Write>::write_fmt
[INFO] [stdout]    3:     0x6513e53c2776 - std[70759c8f55707aa4]::panicking::default_hook::{closure#0}
[INFO] [stdout]    4:     0x6513e53dfad9 - std[70759c8f55707aa4]::panicking::default_hook
[INFO] [stdout]    5:     0x6513e53733f0 - test[9d35eded1c95d3be]::test_main_inner::<test[9d35eded1c95d3be]::test_main_static::{closure#0}>::{closure#0}
[INFO] [stdout]    6:     0x6513e53dfc92 - std[70759c8f55707aa4]::panicking::panic_with_hook
[INFO] [stdout]    7:     0x6513e53c2822 - std[70759c8f55707aa4]::panicking::panic_handler::{closure#0}
[INFO] [stdout]    8:     0x6513e53bb489 - std[70759c8f55707aa4]::sys::backtrace::__rust_end_short_backtrace::<std[70759c8f55707aa4]::panicking::panic_handler::{closure#0}, !>
[INFO] [stdout]    9:     0x6513e53c341d - __rustc[8fa7c3cbc660c2b3]::rust_begin_unwind
[INFO] [stdout]   10:     0x6513e53fd44c - core[df12db4294e9bfd3]::panicking::panic_fmt
[INFO] [stdout]   11:     0x6513e53fd3c3 - core[df12db4294e9bfd3]::panicking::assert_failed_inner
[INFO] [stdout]   12:     0x6513e53634e9 - core[df12db4294e9bfd3]::panicking::assert_failed::<core[df12db4294e9bfd3]::option::Option<&str>, core[df12db4294e9bfd3]::option::Option<&str>>
[INFO] [stdout]   13:     0x6513e535e137 - <mcp_floors_surface[580dc1b97637264]::evidence_floors_below_floor_terminates_with_floors_fail::{closure#0} as core[df12db4294e9bfd3]::ops::function::FnOnce<()>>::call_once
[INFO] [stdout]   14:     0x6513e53666db - test[9d35eded1c95d3be]::__rust_begin_short_backtrace::<core[df12db4294e9bfd3]::result::Result<(), alloc[2182bb758b4b3781]::string::String>, fn() -> core[df12db4294e9bfd3]::result::Result<(), alloc[2182bb758b4b3781]::string::String>>
[INFO] [stdout]   15:     0x6513e5373d45 - test[9d35eded1c95d3be]::run_test::{closure#0}
[INFO] [stdout]   16:     0x6513e536d604 - std[70759c8f55707aa4]::sys::backtrace::__rust_begin_short_backtrace::<test[9d35eded1c95d3be]::run_test::{closure#1}, ()>
[INFO] [stdout]   17:     0x6513e5376ea2 - <std[70759c8f55707aa4]::thread::lifecycle::spawn_unchecked<test[9d35eded1c95d3be]::run_test::{closure#1}, ()>::{closure#1} as core[df12db4294e9bfd3]::ops::function::FnOnce<()>>::call_once::{shim:vtable#0}
[INFO] [stdout]   18:     0x6513e53e7359 - <std[70759c8f55707aa4]::sys::thread::unix::Thread>::new::thread_start
[INFO] [stdout]   19:     0x7940e1645dfa - <unknown>
[INFO] [stdout]   20:     0x7940e16d93d4 - clone
[INFO] [stdout]   21:                0x0 - <unknown>
[INFO] [stdout] 
[INFO] [stdout] 
[INFO] [stdout] failures:
[INFO] [stdout]     evidence_floors_below_floor_terminates_with_floors_fail
[INFO] [stdout]     evidence_floors_missing_workspace_path_emits_fallback_signal
[INFO] [stdout]     evidence_floors_on_self_repo_terminates_with_floors_ok
[INFO] [stdout] 
[INFO] [stdout] test result: FAILED. 1 passed; 3 failed; 0 ignored; 0 measured; 0 filtered out; finished in 0.28s
[INFO] [stdout] 
[INFO] running `Command { std: "docker" "inspect" "45319b96e4805124eae1ef61cda462a5a6b862cd4687d4677905927b26ffc811", kill_on_drop: false }`
[INFO] running `Command { std: "docker" "rm" "-f" "45319b96e4805124eae1ef61cda462a5a6b862cd4687d4677905927b26ffc811", kill_on_drop: false }`
[INFO] [stdout] 45319b96e4805124eae1ef61cda462a5a6b862cd4687d4677905927b26ffc811
