[INFO] fetching crate evidence-core 0.1.5...
[INFO] testing evidence-core-0.1.5 against 1.100.0-beta.1+cargoflags=--release for beta-release-1.100-2
[INFO] extracting crate evidence-core 0.1.5 into /workspace/builds/worker-6-tc2/source
[INFO] started tweaking crates.io crate evidence-core 0.1.5
[INFO] removed 0 missing tests
[INFO] finished tweaking crates.io crate evidence-core 0.1.5
[INFO] tweaked toml for crates.io crate evidence-core 0.1.5 written to /workspace/builds/worker-6-tc2/source/Cargo.toml
[INFO] validating manifest of crates.io crate evidence-core 0.1.5 on toolchain 1.100.0-beta.1
[INFO] running `Command { std: CARGO_HOME="/workspace/cargo-home" RUSTUP_HOME="/workspace/rustup-home" "/workspace/cargo-home/bin/cargo" "+1.100.0-beta.1" "metadata" "--manifest-path" "Cargo.toml" "--no-deps", kill_on_drop: false }`
[INFO] crate crates.io crate evidence-core 0.1.5 already has a lockfile, it will not be regenerated
[INFO] running `Command { std: CARGO_HOME="/workspace/cargo-home" RUSTUP_HOME="/workspace/rustup-home" "/workspace/cargo-home/bin/cargo" "+1.100.0-beta.1" "fetch" "--manifest-path" "Cargo.toml", kill_on_drop: false }`
[INFO] [stderr] warning: `package.homepage` is redundant with `package.repository`
[INFO] [stderr]   --> Cargo.toml:87:12
[INFO] [stderr]    |
[INFO] [stderr] 87 | homepage = "https://github.com/luofang34/Evidence"
[INFO] [stderr]    |            ^^^^^^^^^^^^^^^^^^^^^^^^^^^^^^^^^^^^^^^
[INFO] [stderr] ...
[INFO] [stderr] 92 | repository = "https://github.com/luofang34/Evidence"
[INFO] [stderr]    |              ---------------------------------------
[INFO] [stderr]    |
[INFO] [stderr]    = note: `cargo::redundant_homepage` is set to `warn` by default
[INFO] [stderr] help: consider removing `package.homepage`
[INFO] [stderr] warning: `evidence-core` (manifest) generated 1 warning
[INFO] running `Command { std: "docker" "create" "-v" "/var/lib/crater-agent-workspace/builds/worker-6-tc2/source:/opt/rustwide/workdir:ro,Z" "-v" "/var/lib/crater-agent-workspace/builds/worker-6-tc2/target:/opt/rustwide/target:rw,Z" "-v" "/var/lib/crater-agent-workspace/cargo-home:/opt/rustwide/cargo-home:ro,Z" "-v" "/var/lib/crater-agent-workspace/rustup-home:/opt/rustwide/rustup-home:ro,Z" "-m" "1610612736" "--network" "none" "ghcr.io/rust-lang/crates-build-env/linux@sha256:77db811e55d90add9212f6832c23229e3de5f1c1f9905e8cb07319ea15df73ac" "sleep" "infinity", kill_on_drop: false }`
[INFO] [stdout] 0e7b000e7f85c485eff3a82b40404ee8566ea500c74e9132b14bca5b8fb8d896
[INFO] running `Command { std: "docker" "start" "0e7b000e7f85c485eff3a82b40404ee8566ea500c74e9132b14bca5b8fb8d896", kill_on_drop: false }`
[INFO] running `Command { std: "docker" "inspect" "0e7b000e7f85c485eff3a82b40404ee8566ea500c74e9132b14bca5b8fb8d896", kill_on_drop: false }`
[INFO] running `Command { std: "docker" "exec" "-e" "SOURCE_DIR=/opt/rustwide/workdir" "-e" "CARGO_HOME=/opt/rustwide/cargo-home" "-e" "RUSTUP_HOME=/opt/rustwide/rustup-home" "-e" "CARGO_TARGET_DIR=/opt/rustwide/target" "-w" "/opt/rustwide/workdir" "--user" "0:0" "0e7b000e7f85c485eff3a82b40404ee8566ea500c74e9132b14bca5b8fb8d896" "/opt/rustwide/cargo-home/bin/cargo" "+1.100.0-beta.1" "metadata" "--no-deps" "--format-version=1", kill_on_drop: false }`
[INFO] running `Command { std: "docker" "inspect" "0e7b000e7f85c485eff3a82b40404ee8566ea500c74e9132b14bca5b8fb8d896", kill_on_drop: false }`
[INFO] running `Command { std: "docker" "exec" "-e" "SOURCE_DIR=/opt/rustwide/workdir" "-e" "CARGO_HOME=/opt/rustwide/cargo-home" "-e" "RUSTUP_HOME=/opt/rustwide/rustup-home" "-e" "CARGO_TARGET_DIR=/opt/rustwide/target" "-e" "CARGO_INCREMENTAL=0" "-e" "RUST_BACKTRACE=full" "-e" "RUSTFLAGS=--cap-lints=warn" "-e" "RUSTDOCFLAGS=--cap-lints=warn" "-w" "/opt/rustwide/workdir" "--user" "0:0" "0e7b000e7f85c485eff3a82b40404ee8566ea500c74e9132b14bca5b8fb8d896" "/opt/rustwide/cargo-home/bin/cargo" "+1.100.0-beta.1" "build" "--frozen" "--message-format=json" "--release", kill_on_drop: false }`
[INFO] [stderr] warning: `package.homepage` is redundant with `package.repository`
[INFO] [stderr]   --> Cargo.toml:87:12
[INFO] [stderr]    |
[INFO] [stderr] 87 | homepage = "https://github.com/luofang34/Evidence"
[INFO] [stderr]    |            ^^^^^^^^^^^^^^^^^^^^^^^^^^^^^^^^^^^^^^^
[INFO] [stderr] ...
[INFO] [stderr] 92 | repository = "https://github.com/luofang34/Evidence"
[INFO] [stderr]    |              ---------------------------------------
[INFO] [stderr]    |
[INFO] [stderr]    = note: `cargo::redundant_homepage` is set to `warn` by default
[INFO] [stderr] help: consider removing `package.homepage`
[INFO] [stderr] warning: `evidence-core` (manifest) generated 1 warning
[INFO] [stderr]    Compiling proc-macro2 v1.0.106
[INFO] [stderr]    Compiling quote v1.0.45
[INFO] [stderr]    Compiling unicode-ident v1.0.24
[INFO] [stderr]    Compiling version_check v0.9.5
[INFO] [stderr]    Compiling cfg-if v1.0.4
[INFO] [stderr]    Compiling serde_core v1.0.228
[INFO] [stderr]    Compiling libc v0.2.185
[INFO] [stderr]    Compiling autocfg v1.5.0
[INFO] [stderr]    Compiling typenum v1.20.0
[INFO] [stderr]    Compiling serde v1.0.228
[INFO] [stderr]    Compiling litemap v0.8.2
[INFO] [stderr]    Compiling writeable v0.6.3
[INFO] [stderr]    Compiling memchr v2.8.0
[INFO] [stderr]    Compiling smallvec v1.15.1
[INFO] [stderr]    Compiling icu_properties_data v2.2.0
[INFO] [stderr]    Compiling icu_normalizer_data v2.2.0
[INFO] [stderr]    Compiling utf8_iter v1.0.4
[INFO] [stderr]    Compiling ref-cast v1.0.25
[INFO] [stderr]    Compiling parking_lot_core v0.9.12
[INFO] [stderr]    Compiling zerocopy v0.8.48
[INFO] [stderr]    Compiling getrandom v0.3.4
[INFO] [stderr]    Compiling zmij v1.0.21
[INFO] [stderr]    Compiling once_cell v1.21.4
[INFO] [stderr]    Compiling semver v1.0.28
[INFO] [stderr]    Compiling regex-syntax v0.8.10
[INFO] [stderr]    Compiling serde_json v1.0.149
[INFO] [stderr]    Compiling lock_api v0.4.14
[INFO] [stderr]    Compiling num-traits v0.2.19
[INFO] [stderr]    Compiling rustc_version v0.4.1
[INFO] [stderr]    Compiling generic-array v0.14.7
[INFO] [stderr]    Compiling ahash v0.8.12
[INFO] [stderr]    Compiling cpufeatures v0.2.17
[INFO] [stderr]    Compiling itoa v1.0.18
[INFO] [stderr]    Compiling borrow-or-share v0.2.4
[INFO] [stderr]    Compiling getrandom v0.4.2
[INFO] [stderr]    Compiling unicode-general-category v1.1.0
[INFO] [stderr]    Compiling aho-corasick v1.1.4
[INFO] [stderr]    Compiling curve25519-dalek v4.1.3
[INFO] [stderr]    Compiling equivalent v1.0.2
[INFO] [stderr]    Compiling bit-vec v0.8.0
[INFO] [stderr]    Compiling foldhash v0.2.0
[INFO] [stderr]    Compiling allocator-api2 v0.2.21
[INFO] [stderr]    Compiling percent-encoding v2.3.2
[INFO] [stderr]    Compiling subtle v2.6.1
[INFO] [stderr]    Compiling zeroize v1.8.2
[INFO] [stderr]    Compiling bit-set v0.8.0
[INFO] [stderr]    Compiling const-oid v0.10.2
[INFO] [stderr]    Compiling hashbrown v0.16.1
[INFO] [stderr]    Compiling signature v2.2.0
[INFO] [stderr]    Compiling hybrid-array v0.4.10
[INFO] [stderr]    Compiling micromap v0.3.0
[INFO] [stderr]    Compiling outref v0.5.2
[INFO] [stderr]    Compiling vsimd v0.8.0
[INFO] [stderr]    Compiling thiserror v2.0.18
[INFO] [stderr]    Compiling syn v2.0.117
[INFO] [stderr]    Compiling lazy_static v1.5.0
[INFO] [stderr]    Compiling winnow v1.0.1
[INFO] [stderr]    Compiling num-integer v0.1.46
[INFO] [stderr]    Compiling num-complex v0.4.6
[INFO] [stderr]    Compiling ed25519 v2.2.3
[INFO] [stderr]    Compiling tracing-core v0.1.36
[INFO] [stderr]    Compiling uuid-simd v0.8.0
[INFO] [stderr]    Compiling crypto-common v0.2.1
[INFO] [stderr]    Compiling num-bigint v0.4.6
[INFO] [stderr]    Compiling num-iter v0.1.45
[INFO] [stderr]    Compiling parking_lot v0.12.5
[INFO] [stderr]    Compiling getrandom v0.2.17
[INFO] [stderr]    Compiling crypto-common v0.1.7
[INFO] [stderr]    Compiling block-buffer v0.10.4
[INFO] [stderr]    Compiling block-buffer v0.12.0
[INFO] [stderr]    Compiling toml_parser v1.1.2+spec-1.1.0
[INFO] [stderr]    Compiling same-file v1.0.6
[INFO] [stderr]    Compiling digest v0.10.7
[INFO] [stderr]    Compiling num-cmp v0.1.0
[INFO] [stderr]    Compiling rand_core v0.6.4
[INFO] [stderr]    Compiling evidence-core v0.1.5 (/opt/rustwide/workdir)
[INFO] [stderr]    Compiling pin-project-lite v0.2.17
[INFO] [stderr]    Compiling cpufeatures v0.3.0
[INFO] [stderr]    Compiling data-encoding v2.10.0
[INFO] [stderr]    Compiling iana-time-zone v0.1.65
[INFO] [stderr]    Compiling toml_writer v1.1.1+spec-1.1.0
[INFO] [stderr]    Compiling regex-automata v0.4.14
[INFO] [stderr]    Compiling sha2 v0.10.9
[INFO] [stderr]    Compiling bytecount v0.6.9
[INFO] [stderr]    Compiling digest v0.11.2
[INFO] [stderr]    Compiling sha2 v0.11.0
[INFO] [stderr]    Compiling uuid v1.23.1
[INFO] [stderr]    Compiling walkdir v2.5.0
[INFO] [stderr]    Compiling hex v0.4.3
[INFO] [stderr]    Compiling serde_spanned v1.1.1
[INFO] [stderr]    Compiling toml_datetime v1.1.1+spec-1.1.0
[INFO] [stderr]    Compiling toml v1.1.2+spec-1.1.0
[INFO] [stderr]    Compiling num-rational v0.4.2
[INFO] [stderr]    Compiling num v0.4.3
[INFO] [stderr]    Compiling fraction v0.15.3
[INFO] [stderr]    Compiling synstructure v0.13.2
[INFO] [stderr]    Compiling zerofrom-derive v0.1.7
[INFO] [stderr]    Compiling yoke-derive v0.8.2
[INFO] [stderr]    Compiling zerovec-derive v0.11.3
[INFO] [stderr]    Compiling displaydoc v0.2.5
[INFO] [stderr]    Compiling serde_derive v1.0.228
[INFO] [stderr]    Compiling ref-cast-impl v1.0.25
[INFO] [stderr]    Compiling curve25519-dalek-derive v0.1.1
[INFO] [stderr]    Compiling thiserror-impl v2.0.18
[INFO] [stderr]    Compiling tracing-attributes v0.1.31
[INFO] [stderr]    Compiling zerofrom v0.1.7
[INFO] [stderr]    Compiling yoke v0.8.2
[INFO] [stderr]    Compiling tracing v0.1.44
[INFO] [stderr]    Compiling regex v1.12.3
[INFO] [stderr]    Compiling fancy-regex v0.17.0
[INFO] [stderr]    Compiling zerovec v0.11.6
[INFO] [stderr]    Compiling zerotrie v0.2.4
[INFO] [stderr]    Compiling ed25519-dalek v2.2.0
[INFO] [stderr]    Compiling tinystr v0.8.3
[INFO] [stderr]    Compiling potential_utf v0.1.5
[INFO] [stderr]    Compiling icu_locale_core v2.2.0
[INFO] [stderr]    Compiling icu_collections v2.2.0
[INFO] [stderr]    Compiling icu_provider v2.2.0
[INFO] [stderr]    Compiling icu_properties v2.2.0
[INFO] [stderr]    Compiling icu_normalizer v2.2.0
[INFO] [stderr]    Compiling fluent-uri v0.4.1
[INFO] [stderr]    Compiling email_address v0.2.9
[INFO] [stderr]    Compiling chrono v0.4.44
[INFO] [stderr]    Compiling referencing v0.46.2
[INFO] [stderr]    Compiling idna_adapter v1.2.1
[INFO] [stderr]    Compiling idna v1.1.0
[INFO] [stderr]    Compiling jsonschema v0.46.2
[INFO] [stderr]     Finished `release` profile [optimized] target(s) in 1m 52s
[INFO] running `Command { std: "docker" "inspect" "0e7b000e7f85c485eff3a82b40404ee8566ea500c74e9132b14bca5b8fb8d896", kill_on_drop: false }`
[INFO] running `Command { std: "docker" "exec" "-e" "SOURCE_DIR=/opt/rustwide/workdir" "-e" "CARGO_HOME=/opt/rustwide/cargo-home" "-e" "RUSTUP_HOME=/opt/rustwide/rustup-home" "-e" "CARGO_TARGET_DIR=/opt/rustwide/target" "-e" "CARGO_INCREMENTAL=0" "-e" "RUST_BACKTRACE=full" "-e" "RUSTFLAGS=--cap-lints=warn" "-e" "RUSTDOCFLAGS=--cap-lints=warn" "-w" "/opt/rustwide/workdir" "--user" "0:0" "0e7b000e7f85c485eff3a82b40404ee8566ea500c74e9132b14bca5b8fb8d896" "/opt/rustwide/cargo-home/bin/cargo" "+1.100.0-beta.1" "test" "--frozen" "--no-run" "--message-format=json" "--release", kill_on_drop: false }`
[INFO] [stderr] warning: `package.homepage` is redundant with `package.repository`
[INFO] [stderr]   --> Cargo.toml:87:12
[INFO] [stderr]    |
[INFO] [stderr] 87 | homepage = "https://github.com/luofang34/Evidence"
[INFO] [stderr]    |            ^^^^^^^^^^^^^^^^^^^^^^^^^^^^^^^^^^^^^^^
[INFO] [stderr] ...
[INFO] [stderr] 92 | repository = "https://github.com/luofang34/Evidence"
[INFO] [stderr]    |              ---------------------------------------
[INFO] [stderr]    |
[INFO] [stderr]    = note: `cargo::redundant_homepage` is set to `warn` by default
[INFO] [stderr] help: consider removing `package.homepage`
[INFO] [stderr] warning: `evidence-core` (manifest) generated 1 warning
[INFO] [stderr]    Compiling rustix v1.1.4
[INFO] [stderr]    Compiling linux-raw-sys v0.12.1
[INFO] [stderr]    Compiling bitflags v2.11.1
[INFO] [stderr]    Compiling evidence-core v0.1.5 (/opt/rustwide/workdir)
[INFO] [stderr]    Compiling fastrand v2.4.1
[INFO] [stderr]    Compiling tempfile v3.27.0
[INFO] [stderr]     Finished `release` profile [optimized] target(s) in 1m 01s
[INFO] running `Command { std: "docker" "inspect" "0e7b000e7f85c485eff3a82b40404ee8566ea500c74e9132b14bca5b8fb8d896", kill_on_drop: false }`
[INFO] running `Command { std: "docker" "exec" "-e" "SOURCE_DIR=/opt/rustwide/workdir" "-e" "CARGO_HOME=/opt/rustwide/cargo-home" "-e" "RUSTUP_HOME=/opt/rustwide/rustup-home" "-e" "CARGO_TARGET_DIR=/opt/rustwide/target" "-e" "CARGO_INCREMENTAL=0" "-e" "RUST_BACKTRACE=full" "-e" "RUSTFLAGS=--cap-lints=warn" "-e" "RUSTDOCFLAGS=--cap-lints=warn" "-w" "/opt/rustwide/workdir" "--user" "0:0" "0e7b000e7f85c485eff3a82b40404ee8566ea500c74e9132b14bca5b8fb8d896" "/opt/rustwide/cargo-home/bin/cargo" "+1.100.0-beta.1" "test" "--frozen" "--release", kill_on_drop: false }`
[INFO] [stderr] warning: `package.homepage` is redundant with `package.repository`
[INFO] [stderr]   --> Cargo.toml:87:12
[INFO] [stderr]    |
[INFO] [stderr] 87 | homepage = "https://github.com/luofang34/Evidence"
[INFO] [stderr]    |            ^^^^^^^^^^^^^^^^^^^^^^^^^^^^^^^^^^^^^^^
[INFO] [stderr] ...
[INFO] [stderr] 92 | repository = "https://github.com/luofang34/Evidence"
[INFO] [stderr]    |              ---------------------------------------
[INFO] [stderr]    |
[INFO] [stderr]    = note: `cargo::redundant_homepage` is set to `warn` by default
[INFO] [stderr] help: consider removing `package.homepage`
[INFO] [stderr] warning: `evidence-core` (manifest) generated 1 warning
[INFO] [stderr]    Compiling evidence-core v0.1.5 (/opt/rustwide/workdir)
[INFO] [stderr]     Finished `release` profile [optimized] target(s) in 55.86s
[INFO] [stderr]      Running unittests src/lib.rs (/opt/rustwide/target/release/build/evidence-core/1bbe5fc9cbfd8dae/out/evidence_core-1bbe5fc9cbfd8dae)
[INFO] [stdout] 
[INFO] [stdout] running 248 tests
[INFO] [stdout] test boundary_check::tests::in_scope_build_rs_fires_violation ... ok
[INFO] [stdout] test boundary_check::tests::in_scope_build_rs_with_links_surfaces_links_in_message ... ok
[INFO] [stdout] test boundary_check::tests::no_violations_when_in_scope_depends_only_on_external_crates ... ok
[INFO] [stdout] test boundary_check::tests::out_of_scope_proc_macro_does_not_fire ... ok
[INFO] [stdout] test boundary_check::tests::dal_a_mcdc_check_fires_on_dal_a_without_tool ... ok
[INFO] [stdout] test boundary_check::tests::dal_a_mcdc_check_passes_when_no_dal_a_in_scope ... ok
[INFO] [stdout] test boundary_check::tests::typos_in_in_scope_are_reported ... ok
[INFO] [stdout] test boundary_check::tests::dal_a_mcdc_error_message_lists_crates_and_cites_upstream ... ok
[INFO] [stdout] test bundle::capture::tests::test_normalize_captured_text_mixed_content ... ok
[INFO] [stdout] test boundary_check::tests::in_scope_proc_macro_fires_violation ... ok
[INFO] [stdout] test boundary_check::tests::no_violations_when_every_workspace_dep_is_in_scope ... ok
[INFO] [stdout] test boundary_check::tests::flags_direct_workspace_dep_not_in_scope ... ok
[INFO] [stdout] test boundary_check::tests::clean_workspace_passes_forbid_build_rs ... ok
[INFO] [stdout] test bundle::builder_coverage::tests::aggregate_branches_bva_zero_zero_single_file_returns_zero ... ok
[INFO] [stdout] test bundle::capture::tests::test_normalize_captured_text_empty_input ... ok
[INFO] [stdout] test bundle::capture::tests::test_normalize_captured_text_trailing_cr_without_lf ... ok
[INFO] [stdout] test boundary_check::tests::clean_workspace_passes_forbid_proc_macros ... ok
[INFO] [stdout] test bundle::capture::tests::test_normalize_captured_text_passes_lone_lf_through ... ok
[INFO] [stdout] test boundary_check::tests::flags_transitive_workspace_dep_not_in_scope ... ok
[INFO] [stdout] test bundle::capture::tests::test_normalize_captured_text_preserves_lone_cr ... ok
[INFO] [stdout] test bundle::builder_coverage::tests::aggregate_branches_reads_branches_not_lines ... ok
[INFO] [stdout] test bundle::capture::tests::test_normalize_captured_text_converts_crlf_to_lf ... ok
[INFO] [stdout] test boundary_check::tests::diamond_dep_is_deduplicated ... ok
[INFO] [stdout] test bundle::command_failure::tests::tail_stderr_shorter_than_cap_is_unchanged ... ok
[INFO] [stdout] test bundle::index::tests::test_evidence_index_fields ... ok
[INFO] [stdout] test boundary_check::tests::dal_a_mcdc_check_passes_when_auxiliary_tool_set ... ok
[INFO] [stdout] test bundle::command_failure::tests::tail_stderr_empty_input_empty_tail ... ok
[INFO] [stdout] test bundle::command_failure::tests::tail_stderr_keeps_last_twenty_lines ... ok
[INFO] [stdout] test bundle::signing::tests::read_signing_key_rejects_non_hex_input ... ok
[INFO] [stdout] test bundle::command::tests::test_command_record_fields ... ok
[INFO] [stdout] test bundle::command_failure::tests::roundtrip_json ... ok
[INFO] [stdout] test bundle::builder_coverage::tests::aggregate_lines_sums_line_field_only ... ok
[INFO] [stdout] test bundle::command_failure::tests::stderr_tail_lines_cap_pinned_at_twenty ... ok
[INFO] [stdout] test bundle::builder_coverage::tests::aggregate_branches_robustness_all_none_returns_zero ... ok
[INFO] [stdout] test boundary_check::tests::out_of_scope_build_rs_does_not_fire ... ok
[INFO] [stdout] test bundle::outcome_record::tests::jsonl_roundtrip ... ok
[INFO] [stdout] test bundle::outcome_record::tests::write_outcomes_jsonl_end_to_end ... ok
[INFO] [stdout] test bundle::outcome_record::tests::failing_record_preserves_multiline_failure_message ... ok
[INFO] [stdout] test bundle::signing::tests::generate_signing_key_returns_distinct_keys ... ok
[INFO] [stdout] test bundle::test_summary::detailed::tests::parse_failure_block_captures_message ... ok
[INFO] [stdout] test bundle::test_summary::detailed::tests::parse_captures_multiple_failure_blocks_independently ... ok
[INFO] [stdout] test bundle::test_summary::detailed::tests::parse_tolerates_missing_failure_block ... ok
[INFO] [stdout] test bundle::signing::tests::read_write_verifying_key_round_trip ... ok
[INFO] [stdout] test bundle::signing::tests::verify_rejects_signature_made_with_different_key ... ok
[INFO] [stdout] test bundle::signing::tests::sign_and_verify_round_trip ... ok
[INFO] [stdout] test bundle::test_summary::detailed::tests::parse_detailed_returns_none_on_empty ... ok
[INFO] [stdout] test bundle::signing::tests::read_signing_key_rejects_short_input ... ok
[INFO] [stdout] test bundle::signing::tests::read_write_signing_key_round_trip ... ok
[INFO] [stdout] test bundle::test_summary::tests::test_parse_cargo_test_output_handles_crlf_line_endings ... ok
[INFO] [stdout] test bundle::test_summary::tests::test_parse_cargo_test_output_failed ... ok
[INFO] [stdout] test bundle::signing::tests::verify_rejects_sha256sums_tamper ... ok
[INFO] [stdout] test bundle::signing::tests::verify_rejects_index_json_tamper ... ok
[INFO] [stdout] test bundle::signing::tests::sign_bundle_overwrites_existing_signature ... ok
[INFO] [stdout] test bundle::test_summary::tests::test_parse_cargo_test_output_no_match ... ok
[INFO] [stdout] test compliance::generator::tests::test_compliance_report_dal_d_with_tests ... ok
[INFO] [stdout] test compliance::report::tests::objective_status_kind_serializes_to_expected_strings ... ok
[INFO] [stdout] test cargo_metadata::tests::projection_parse_failure_returns_typed_error ... ok
[INFO] [stdout] test compliance::status::tests::a7_10_is_always_notmet_with_rationale ... ok
[INFO] [stdout] test bundle::time::tests::test_utc_compact_stamp_format ... ok
[INFO] [stdout] test cargo_metadata::tests::projection_is_deterministic ... ok
[INFO] [stdout] test compliance::status::tests::a7_1_2_normal_passing_tests_is_partial ... ok
[INFO] [stdout] test compliance::status::tests::a7_1_2_robustness_failing_tests_is_notmet ... ok
[INFO] [stdout] test cargo_metadata::tests::check_proc_macros_in_projection_fires_on_in_scope_only ... ok
[INFO] [stdout] test compliance::generator::tests::test_compliance_report_dal_a_no_evidence ... ok
[INFO] [stdout] test compliance::objective::tests::test_applicability_dal_a ... ok
[INFO] [stdout] test compliance::status::tests::a7_3_4_robustness_aggregate_only_is_partial ... ok
[INFO] [stdout] test compliance::objective::tests::test_applicability_dal_d_relaxed ... ok
[INFO] [stdout] test compliance::objectives_table::tests::test_objective_count ... ok
[INFO] [stdout] test cargo_metadata::tests::projection_round_trip ... ok
[INFO] [stdout] test compliance::status::tests::a7_1_2_bva_missing_data_is_notmet_with_no_results_note ... ok
[INFO] [stdout] test compliance::status::tests::test_a3_a4_a5_a6_default_to_manual_review_at_dal_a ... ok
[INFO] [stdout] test cargo_metadata::tests::check_build_rs_in_projection_fires_on_in_scope_only ... ok
[INFO] [stdout] test compliance::status::tests::a7_5_robustness_failing_tests_is_notmet ... ok
[INFO] [stdout] test compliance::report::tests::test_compliance_report_serialization ... ok
[INFO] [stdout] test compliance::status::tests::test_failing_tests_mark_all_a7_objectives_not_met ... ok
[INFO] [stdout] test coverage::llvm_cov_json::tests::branch_level_populates_branches_field_statement_leaves_none ... ok
[INFO] [stdout] test compliance::status::tests::test_passing_tests_earn_a7_partial_or_met ... ok
[INFO] [stdout] test coverage::llvm_cov_json::tests::files_outside_workspace_are_dropped ... ok
[INFO] [stdout] test compliance::status::tests::test_missing_tests_passed_data_marks_a7_not_met ... ok
[INFO] [stdout] test compliance::status::tests::a7_3_4_bva_failing_tests_override_outcomes_is_notmet ... ok
[INFO] [stdout] test bundle::test_summary::tests::test_parse_cargo_test_output_ok ... ok
[INFO] [stdout] test coverage::llvm_cov_json::tests::wrong_type_field_rejected ... ok
[INFO] [stdout] test coverage::llvm_cov_json::tests::zero_branches_file_parses_as_some_zero_zero ... ok
[INFO] [stdout] test coverage::llvm_cov_json::tests::reserved_levels_emit_empty_measurements ... ok
[INFO] [stdout] test compliance::status::tests::a7_3_4_normal_per_test_outcomes_present_is_met ... ok
[INFO] [stdout] test compliance::objective::tests::test_mcdc_only_dal_a ... ok
[INFO] [stdout] test coverage::llvm_cov_json::tests::parses_trivial_export ... ok
[INFO] [stdout] test compliance::status::tests::a7_7_bva_llr_only_references_no_stdout ... ok
[INFO] [stdout] test coverage::report::tests::pre_branch_split_bundle_deserializes_with_none ... ok
[INFO] [stdout] test compliance::status::tests::a7_3_upgrades_to_met_with_per_test_outcomes ... ok
[INFO] [stdout] test compliance::status::tests::a7_5_normal_passing_tests_is_met ... ok
[INFO] [stdout] test coverage::thresholds::tests::aggregate_branches_bva_all_covered_is_hundred ... ok
[INFO] [stdout] test compliance::status::tests::summary_buckets_cover_every_applicable_objective ... ok
[INFO] [stdout] test coverage::llvm_cov_json::tests::all_branches_covered_preserves_equal_counts ... ok
[INFO] [stdout] test coverage::thresholds::tests::aggregate_branches_robustness_none_file_contributes_nothing ... ok
[INFO] [stdout] test coverage::thresholds::tests::aggregate_lines_bva_forty_two_over_hundred_is_exact ... ok
[INFO] [stdout] test coverage::report::tests::coverage_level_serializes_to_snake_case ... ok
[INFO] [stdout] test coverage::thresholds::tests::aggregate_branches_normal_two_files_sum_to_half ... ok
[INFO] [stdout] test coverage::report::tests::branch_level_file_with_decisions_roundtrips ... ok
[INFO] [stdout] test coverage::report::tests::branches_none_is_omitted_not_null_in_json ... ok
[INFO] [stdout] test coverage::report::tests::coverage_report_roundtrips_json ... ok
[INFO] [stdout] test coverage::thresholds::tests::aggregate_branches_robustness_all_none_returns_zero ... ok
[INFO] [stdout] test coverage::report::tests::empty_decisions_and_conditions_serialize_as_empty_arrays ... ok
[INFO] [stdout] test coverage::thresholds::tests::aggregate_branches_robustness_empty_per_file_returns_zero ... ok
[INFO] [stdout] test coverage::thresholds::tests::aggregate_branches_bva_zero_zero_single_file_returns_zero ... ok
[INFO] [stdout] test coverage::thresholds::tests::threshold_robustness_none_threshold_skips_check ... ok
[INFO] [stdout] test coverage::thresholds::tests::aggregate_lines_robustness_empty_per_file_returns_zero ... ok
[INFO] [stdout] test compliance::status::tests::a7_6_normal_full_evidence_is_partial ... ok
[INFO] [stdout] test coverage::thresholds::tests::threshold_normal_branch_below_dalb_statement_above ... ok
[INFO] [stdout] test coverage::llvm_cov_json::tests::invalid_json_rejected ... ok
[INFO] [stdout] test coverage::thresholds::tests::aggregate_lines_bva_one_over_one_is_hundred ... ok
[INFO] [stdout] test coverage::thresholds::tests::aggregate_lines_bva_zero_over_one_is_zero ... ok
[INFO] [stdout] test coverage::llvm_cov_json::tests::normalizes_absolute_paths_to_workspace_relative ... ok
[INFO] [stdout] test compliance::status::tests::a7_6_robustness_trace_validation_failed_is_notmet ... ok
[INFO] [stdout] test coverage::thresholds::tests::aggregate_branches_ignores_line_counts_at_branch_level ... ok
[INFO] [stdout] test diagnostic::tests::fix_hint_serializes_with_kind_tag ... ok
[INFO] [stdout] test coverage::thresholds::tests::aggregate_lines_normal_three_files_weighted_average ... ok
[INFO] [stdout] test coverage::thresholds::tests::threshold_integration_high_lines_low_branches_fires_branch_only ... ok
[INFO] [stdout] test diagnostic::tests::diagnostic_subcommand_field_round_trips_when_set ... ok
[INFO] [stdout] test diagnostic::tests::diagnostic_round_trip_with_location_and_fix_hint ... ok
[INFO] [stdout] test diagnostic::tests::severity_rejects_unknown_variant ... ok
[INFO] [stdout] test env::capture::prerelease_tests::empty_and_plain_version_are_release ... ok
[INFO] [stdout] test env::capture::tests::test_in_nix_shell_detection ... ok
[INFO] [stdout] test env::capture::prerelease_tests::trailing_dash_counts_as_prerelease ... ok
[INFO] [stdout] test diagnostic::tests::to_diagnostic_default_impl_wires_every_field ... ok
[INFO] [stdout] test diagnostic::tests::fix_hint_unknown_kind_falls_back_to_other ... ok
[INFO] [stdout] test env::host::tests::test_host_linux_roundtrip ... ok
[INFO] [stdout] test diagnostic::tests::severity_round_trip_known_variants ... ok
[INFO] [stdout] test diagnostic::tests::location_default_is_empty_object ... ok
[INFO] [stdout] test diagnostic::tests::terminal_codes_all_end_in_reserved_suffix ... ok
[INFO] [stdout] test coverage::thresholds::tests::threshold_bva_just_below_fires ... ok
[INFO] [stdout] test env::capture::prerelease_tests::classifies_semver_shapes ... ok
[INFO] [stdout] test env::host::tests::test_host_macos_roundtrip ... ok
[INFO] [stdout] test env::host::tests::test_host_optional_fields_omitted_when_none ... ok
[INFO] [stdout] test env::host::tests::test_host_windows_roundtrip ... ok
[INFO] [stdout] test coverage::thresholds::tests::aggregate_lines_robustness_single_file_zero_total_returns_zero ... ok
[INFO] [stdout] test floors::tests::floors_config_deserializes_empty_with_defaults ... ok
[INFO] [stdout] test env::fingerprint::tests::test_env_fingerprint_fields ... ok
[INFO] [stdout] test env::fingerprint::tests::tool_prerelease_explicit_true_roundtrips ... ok
[INFO] [stdout] test floors::tests::floors_config_deserializes_full_shape ... ok
[INFO] [stdout] test env::fingerprint::tests::tool_prerelease_absent_field_defaults_to_false ... ok
[INFO] [stdout] test coverage::thresholds::tests::threshold_bva_exact_equality_passes ... ok
[INFO] [stdout] test coverage::thresholds::tests::threshold_robustness_measurement_absent_no_violation ... ok
[INFO] [stdout] test diagnostic::tests::diagnostic_skips_optional_fields_when_none ... ok
[INFO] [stdout] test diagnostic::tests::fix_hint_assign_uuid_round_trips ... ok
[INFO] [stdout] test floors::tests::count_library_panics_catches_bare_panic_outside_strings ... ok
[INFO] [stdout] test floors::tests::load_or_missing_distinguishes_not_found_from_parse_error ... ok
[INFO] [stdout] test floors::tests::count_library_panics_excludes_sibling_tests_rs ... ok
[INFO] [stdout] test floors::tests::count_library_panics_ignores_occurrences_inside_raw_strings ... ok
[INFO] [stdout] test floors::walker::tests::strip_cfg_test_modules_removes_nested_braces ... ok
[INFO] [stdout] test floors::walker::tests::needle_outside_string_literal_rejects_plain_quoted_occurrence ... ok
[INFO] [stdout] test floors::tests::current_measurements_satisfy_committed_floors ... FAILED
[INFO] [stdout] test floors::tests::load_rejects_unknown_future_schema_version ... ok
[INFO] [stdout] test floors::tests::measurements_on_empty_workspace_report_zero_gracefully ... ok
[INFO] [stdout] test floors::tests::floors_equal_current_no_slack ... FAILED
[INFO] [stdout] test hash::tests::test_hash_file_into_nonexistent ... ok
[INFO] [stdout] test hash::tests::test_sha256_empty ... ok
[INFO] [stdout] test floors::walker::tests::needle_outside_string_literal_rejects_raw_string_occurrence ... ok
[INFO] [stdout] test floors::tests::per_crate_measurements_splits_by_crate ... ok
[INFO] [stdout] test floors::walker::tests::needle_outside_string_literal_accepts_bare_macro_call ... ok
[INFO] [stdout] test floors::walker::tests::needle_outside_string_literal_accepts_for_loop_over_r_prefix ... ok
[INFO] [stdout] test floors::tests::count_library_panics_ignores_occurrences_inside_string_literals ... ok
[INFO] [stdout] test git::tests::test_git_snapshot_fields ... ok
[INFO] [stdout] test policy::boundary::tests::test_boundary_config_with_dal_section ... ok
[INFO] [stdout] test policy::boundary::tests::unimplemented_enabled_rules_empty_when_all_disabled ... ok
[INFO] [stdout] test policy::dal::tests::test_dal_display_parse ... ok
[INFO] [stdout] test policy::dal::tests::test_dal_ordering ... ok
[INFO] [stdout] test policy::boundary::tests::test_boundary_config_without_dal_section ... ok
[INFO] [stdout] test rules::tests::cli_and_mcp_hand_emitted_sets_are_disjoint ... ok
[INFO] [stdout] test rules::tests::cli_hand_emitted_set_is_disjoint_from_terminals ... ok
[INFO] [stdout] test policy::profile::tests::test_profile_parse ... ok
[INFO] [stdout] test policy::evidence::tests::test_evidence_policy_dal_c_relaxed_llr ... ok
[INFO] [stdout] test rules::tests::mcp_hand_emitted_codes_carry_mcp_prefix ... ok
[INFO] [stdout] test rules::tests::rules_codes_are_unique ... ok
[INFO] [stdout] test rules::tests::rules_domain_matches_prefix ... ok
[INFO] [stdout] test rules::tests::mcp_hand_emitted_set_is_disjoint_from_terminals ... ok
[INFO] [stdout] test policy::boundary::tests::unimplemented_enabled_rules_empty_for_default_empty_config ... ok
[INFO] [stdout] test policy::dal::tests::coverage_thresholds_by_dal ... ok
[INFO] [stdout] test policy::evidence::tests::test_evidence_policy_dal_b_decision_coverage ... ok
[INFO] [stdout] test rules::tests::terminal_entries_end_in_reserved_suffix ... ok
[INFO] [stdout] test hash::tests::test_sha256_basic ... ok
[INFO] [stdout] test schema::tests::diagnostic_schema_is_not_a_bundle_file_target ... ok
[INFO] [stdout] test policy::dal::tests::test_dal_config_default ... ok
[INFO] [stdout] test policy::dal::tests::test_dal_default_is_d ... ok
[INFO] [stdout] test policy::evidence::tests::test_evidence_policy_dal_a_all_strict ... ok
[INFO] [stdout] test policy::boundary::tests::unimplemented_enabled_rules_is_empty_for_every_combination ... ok
[INFO] [stdout] test policy::evidence::tests::test_evidence_policy_dal_d_minimal ... ok
[INFO] [stdout] test policy::profile::tests::test_profile_display ... ok
[INFO] [stdout] test rules::tests::rules_is_alphabetically_sorted ... ok
[INFO] [stdout] test trace::requirement_report::builders::tests::aggregate_empty_children_is_pass ... ok
[INFO] [stdout] test trace::requirement_report::builders::tests::ends_with_fn_handles_qualified_and_unqualified ... ok
[INFO] [stdout] test rules::tests::rules_json_parses_round_trip ... ok
[INFO] [stdout] test schema::tests::schema_for_filename_recognizes_known_names ... ok
[INFO] [stdout] test trace::entries::tests::test_hlr_entry_fields ... ok
[INFO] [stdout] test trace::entries::tests::test_llr_entry_fields ... ok
[INFO] [stdout] test trace::requirement_report::tests::req_status_severity_matches_intent ... ok
[INFO] [stdout] test trace::selector_check::tests::rejects_unrelated_name ... ok
[INFO] [stdout] test trace::selector_check::tests::accepts_attr_cluster_separated_by_blank_line ... ok
[INFO] [stdout] test trace::selector_check::tests::accepts_pub_fn ... ok
[INFO] [stdout] test trace::selector_check::tests::prefix_anchors_the_search_to_the_right_crate ... ok
[INFO] [stdout] test trace::surfaces::tests::known_surfaces_is_unique ... ok
[INFO] [stdout] test trace::test_backlinks::tests::empty_module_path_uses_bare_name ... ok
[INFO] [stdout] test trace::selector_check::tests::matches_basic_test_fn ... ok
[INFO] [stdout] test trace::test_backlinks::tests::multiple_entries_dedupe_union ... ok
[INFO] [stdout] test trace::test_backlinks::tests::no_match_leaves_uids_empty ... ok
[INFO] [stdout] test trace::test_backlinks::tests::sibling_module_is_not_a_prefix_match ... ok
[INFO] [stdout] test trace::uuid::tests::assign_valid_uuids_derived_rewrites_invalid ... ok
[INFO] [stdout] test trace::selector_check::tests::prefix_matches_hyphenated_crate_dir_when_selector_uses_underscore ... ok
[INFO] [stdout] test trace::surfaces::tests::contracts_start_index_is_consistent ... ok
[INFO] [stdout] test trace::surfaces::tests::known_surfaces_is_sorted ... ok
[INFO] [stdout] test trace::test_backlinks::tests::prefix_match_populates_uids ... ok
[INFO] [stdout] test trace::uuid::tests::merge_remap_non_overlapping_keys_combine_cleanly ... ok
[INFO] [stdout] test trace::validation::link_errors::tests::every_variant_code_is_unique ... ok
[INFO] [stdout] test trace::uuid::tests::assign_valid_uuids_hlr_fills_missing_and_invalid ... ok
[INFO] [stdout] test trace::uuid::tests::merge_remap_panics_on_cross_layer_collision - should panic ... ok
[INFO] [stdout] test trace::uuid::tests::needs_new_uuid_accepts_only_valid_uuids ... ok
[INFO] [stdout] test trace::validation::link_errors::tests::every_variant_renders_non_empty ... ok
[INFO] [stdout] test verify::bundle::tests::missing_cargo_metadata_fires_metadata_missing ... ok
[INFO] [stdout] test trace::entries::tests::test_hlr_entry_traces_to_defaults_to_empty ... ok
[INFO] [stdout] test trace::requirement_report::tests::req_status_code_regex_and_suffix_rules ... ok
[INFO] [stdout] test trace::selector_check::tests::rejects_non_test_fn ... ok
[INFO] [stdout] test verify::bundle::tests::recheck_skipped_when_policy_is_default ... ok
[INFO] [stdout] test verify::bundle::tests::recheck_passes_on_clean_projection ... ok
[INFO] [stdout] test trace::uuid::tests::rewrite_traces_to_noop_when_no_match ... ok
[INFO] [stdout] test trace::test_backlinks::tests::exact_match_populates_uids ... ok
[INFO] [stdout] test verify::errors::tests::test_verify_result_methods ... ok
[INFO] [stdout] test verify::completeness::tests::unrelated_cargo_subcommand_does_not_fire_invariant ... ok
[INFO] [stdout] test verify::bundle::tests::recheck_skipped_when_dal_map_is_empty ... ok
[INFO] [stdout] test verify::bundle::tests::tampered_cargo_metadata_fires_proc_macro_recheck ... ok
[INFO] [stdout] test verify::bundle::tests::tampered_cargo_metadata_fires_recheck ... ok
[INFO] [stdout] test schema::tests::hashes_schema_accepts_valid_hex ... ok
[INFO] [stdout] test schema::tests::hashes_schema_rejects_non_hex ... ok
[INFO] [stdout] test schema::tests::env_schema_rejects_bad_host_os ... ok
[INFO] [stdout] test verify::paths::tests::test_is_safe_bundle_path_rejects_absolute ... ok
[INFO] [stdout] test verify::llr_selectors::tests::llr_with_no_matching_test_outcome_fires_unresolved ... ok
[INFO] [stdout] test verify::llr_selectors::tests::llr_with_empty_uid_is_skipped_not_false_fired ... ok
[INFO] [stdout] test verify::completeness::tests::commands_owning_test_summary_is_exactly_cargo_test_workspace ... ok
[INFO] [stdout] test trace::uuid::tests::rewrite_traces_to_applies_remap ... ok
[INFO] [stdout] test schema::tests::embedded_schemas_compile ... ok
[INFO] [stdout] test verify::llr_selectors::tests::review_only_llr_is_not_checked ... ok
[INFO] [stdout] test verify::llr_selectors::tests::llr_present_in_requirement_uids_passes ... ok
[INFO] [stdout] test verify::paths::tests::test_is_safe_bundle_path_rejects_backslash_prefix ... ok
[INFO] [stdout] test verify::llr_selectors::tests::absent_test_outcomes_skips_check ... ok
[INFO] [stdout] test verify::paths::tests::test_is_safe_bundle_path_valid ... ok
[INFO] [stdout] test verify::paths::tests::test_required_files_list ... ok
[INFO] [stdout] test verify::runtime_error::tests::read_verify_key_code_and_location ... ok
[INFO] [stdout] test verify::paths::tests::test_is_safe_bundle_path_rejects_traversal ... ok
[INFO] [stdout] test floors::tests::count_tests_finds_at_least_one ... ok
[INFO] [stdout] 
[INFO] [stdout] failures:
[INFO] [stdout] 
[INFO] [stdout] ---- floors::tests::current_measurements_satisfy_committed_floors stdout ----
[INFO] [stdout] 
[INFO] [stdout] thread 'floors::tests::current_measurements_satisfy_committed_floors' (4879) panicked at src/floors/tests.rs:36:29:
[INFO] [stdout] load /opt/cert/floors.toml: reading /opt/cert/floors.toml: No such file or directory (os error 2)
[INFO] [stdout] stack backtrace:
[INFO] [stdout]    0:     0x58545fe25031 - <<std[617be2ca0a6fd877]::sys::backtrace::BacktraceLock>::print::DisplayBacktrace as core[a373ad73a504971]::fmt::Display>::fmt
[INFO] [stdout]    1:     0x58545fe3d47a - core[a373ad73a504971]::fmt::write
[INFO] [stdout]    2:     0x58545fe2963c - <alloc[2e1b2a31b91974c5]::vec::Vec<u8> as core[a373ad73a504971]::io::write::Write>::write_fmt
[INFO] [stdout]    3:     0x58545fdfed16 - std[617be2ca0a6fd877]::panicking::default_hook::{closure#0}
[INFO] [stdout]    4:     0x58545fe1c259 - std[617be2ca0a6fd877]::panicking::default_hook
[INFO] [stdout]    5:     0x58545fd8c240 - test[aada8e7e76ba119b]::test_main_inner::{closure#0}
[INFO] [stdout]    6:     0x58545fe1c412 - std[617be2ca0a6fd877]::panicking::panic_with_hook
[INFO] [stdout]    7:     0x58545fdfedc2 - std[617be2ca0a6fd877]::panicking::panic_handler::{closure#0}
[INFO] [stdout]    8:     0x58545fdf7759 - std[617be2ca0a6fd877]::sys::backtrace::__rust_end_short_backtrace::<std[617be2ca0a6fd877]::panicking::panic_handler::{closure#0}, !>
[INFO] [stdout]    9:     0x58545fdff9cd - __rustc[ea4f61d10b84890b]::rust_begin_unwind
[INFO] [stdout]   10:     0x58545fe3dc9c - core[a373ad73a504971]::panicking::panic_fmt
[INFO] [stdout]   11:     0x58545fadb494 - evidence_core[95e704f91284c111]::floors::tests::current_measurements_satisfy_committed_floors::{closure#0}
[INFO] [stdout]   12:     0x58545fae6d56 - <evidence_core[95e704f91284c111]::floors::tests::current_measurements_satisfy_committed_floors::{closure#0} as core[a373ad73a504971]::ops::function::FnOnce<()>>::call_once
[INFO] [stdout]   13:     0x58545fd7f68b - test[aada8e7e76ba119b]::__rust_begin_short_backtrace::<core[a373ad73a504971]::result::Result<(), alloc[2e1b2a31b91974c5]::string::String>, fn() -> core[a373ad73a504971]::result::Result<(), alloc[2e1b2a31b91974c5]::string::String>>
[INFO] [stdout]   14:     0x58545fd8c865 - test[aada8e7e76ba119b]::run_test::{closure#0}
[INFO] [stdout]   15:     0x58545fd86154 - std[617be2ca0a6fd877]::sys::backtrace::__rust_begin_short_backtrace::<test[aada8e7e76ba119b]::run_test::{closure#1}, ()>
[INFO] [stdout]   16:     0x58545fd8f8f2 - <std[617be2ca0a6fd877]::thread::lifecycle::spawn_unchecked<test[aada8e7e76ba119b]::run_test::{closure#1}, ()>::{closure#1} as core[a373ad73a504971]::ops::function::FnOnce<()>>::call_once::{shim:vtable#0}
[INFO] [stdout]   17:     0x58545fe2400f - <std[617be2ca0a6fd877]::sys::thread::unix::Thread>::new::thread_start
[INFO] [stdout]   18:     0x7f325f609dfa - <unknown>
[INFO] [stdout]   19:     0x7f325f69d3d4 - clone
[INFO] [stdout]   20:                0x0 - <unknown>
[INFO] [stdout] 
[INFO] [stdout] ---- floors::tests::floors_equal_current_no_slack stdout ----
[INFO] [stdout] 
[INFO] [stdout] thread 'floors::tests::floors_equal_current_no_slack' (4882) panicked at src/floors/tests.rs:129:29:
[INFO] [stdout] load /opt/cert/floors.toml: reading /opt/cert/floors.toml: No such file or directory (os error 2)
[INFO] [stdout] stack backtrace:
[INFO] [stdout]    0:     0x58545fe25031 - <<std[617be2ca0a6fd877]::sys::backtrace::BacktraceLock>::print::DisplayBacktrace as core[a373ad73a504971]::fmt::Display>::fmt
[INFO] [stdout]    1:     0x58545fe3d47a - core[a373ad73a504971]::fmt::write
[INFO] [stdout]    2:     0x58545fe2963c - <alloc[2e1b2a31b91974c5]::vec::Vec<u8> as core[a373ad73a504971]::io::write::Write>::write_fmt
[INFO] [stdout]    3:     0x58545fdfed16 - std[617be2ca0a6fd877]::panicking::default_hook::{closure#0}
[INFO] [stdout]    4:     0x58545fe1c259 - std[617be2ca0a6fd877]::panicking::default_hook
[INFO] [stdout]    5:     0x58545fd8c240 - test[aada8e7e76ba119b]::test_main_inner::{closure#0}
[INFO] [stdout]    6:     0x58545fe1c412 - std[617be2ca0a6fd877]::panicking::panic_with_hook
[INFO] [stdout]    7:     0x58545fdfedc2 - std[617be2ca0a6fd877]::panicking::panic_handler::{closure#0}
[INFO] [stdout]    8:     0x58545fdf7759 - std[617be2ca0a6fd877]::sys::backtrace::__rust_end_short_backtrace::<std[617be2ca0a6fd877]::panicking::panic_handler::{closure#0}, !>
[INFO] [stdout]    9:     0x58545fdff9cd - __rustc[ea4f61d10b84890b]::rust_begin_unwind
[INFO] [stdout]   10:     0x58545fe3dc9c - core[a373ad73a504971]::panicking::panic_fmt
[INFO] [stdout]   11:     0x58545fadb414 - evidence_core[95e704f91284c111]::floors::tests::floors_equal_current_no_slack::{closure#0}
[INFO] [stdout]   12:     0x58545fae39a0 - <evidence_core[95e704f91284c111]::floors::tests::floors_equal_current_no_slack::{closure#0} as core[a373ad73a504971]::ops::function::FnOnce<()>>::call_once
[INFO] [stdout]   13:     0x58545fd7f68b - test[aada8e7e76ba119b]::__rust_begin_short_backtrace::<core[a373ad73a504971]::result::Result<(), alloc[2e1b2a31b91974c5]::string::String>, fn() -> core[a373ad73a504971]::result::Result<(), alloc[2e1b2a31b91974c5]::string::String>>
[INFO] [stdout]   14:     0x58545fd8c865 - test[aada8e7e76ba119b]::run_test::{closure#0}
[INFO] [stdout]   15:     0x58545fd86154 - std[617be2ca0a6fd877]::sys::backtrace::__rust_begin_short_backtrace::<test[aada8e7e76ba119b]::run_test::{closure#1}, ()>
[INFO] [stdout]   16:     0x58545fd8f8f2 - <std[617be2ca0a6fd877]::thread::lifecycle::spawn_unchecked<test[aada8e7e76ba119b]::run_test::{closure#1}, ()>::{closure#1} as core[a373ad73a504971]::ops::function::FnOnce<()>>::call_once::{shim:vtable#0}
[INFO] [stdout]   17:     0x58545fe2400f - <std[617be2ca0a6fd877]::sys::thread::unix::Thread>::new::thread_start
[INFO] [stdout]   18:     0x7f325f609dfa - <unknown>
[INFO] [stdout]   19:     0x7f325f69d3d4 - clone
[INFO] [stdout]   20:                0x0 - <unknown>
[INFO] [stdout] 
[INFO] [stdout] 
[INFO] [stdout] failures:
[INFO] [stdout]     floors::tests::current_measurements_satisfy_committed_floors
[INFO] [stdout]     floors::tests::floors_equal_current_no_slack
[INFO] [stdout] 
[INFO] [stdout] test result: FAILED. 246 passed; 2 failed; 0 ignored; 0 measured; 0 filtered out; finished in 12.23s
[INFO] [stdout] 
[INFO] [stderr] error: test failed, to rerun pass `--lib`
[INFO] running `Command { std: "docker" "inspect" "0e7b000e7f85c485eff3a82b40404ee8566ea500c74e9132b14bca5b8fb8d896", kill_on_drop: false }`
[INFO] running `Command { std: "docker" "rm" "-f" "0e7b000e7f85c485eff3a82b40404ee8566ea500c74e9132b14bca5b8fb8d896", kill_on_drop: false }`
[INFO] [stdout] 0e7b000e7f85c485eff3a82b40404ee8566ea500c74e9132b14bca5b8fb8d896
