[INFO] fetching crate evfmt 0.3.0...
[INFO] testing evfmt-0.3.0 against 1.100.0-beta.1+cargoflags=--release for beta-release-1.100-2
[INFO] extracting crate evfmt 0.3.0 into /workspace/builds/worker-2-tc2/source
[INFO] started tweaking crates.io crate evfmt 0.3.0
[INFO] removed 0 missing tests
[INFO] finished tweaking crates.io crate evfmt 0.3.0
[INFO] tweaked toml for crates.io crate evfmt 0.3.0 written to /workspace/builds/worker-2-tc2/source/Cargo.toml
[INFO] validating manifest of crates.io crate evfmt 0.3.0 on toolchain 1.100.0-beta.1
[INFO] running `Command { std: CARGO_HOME="/workspace/cargo-home" RUSTUP_HOME="/workspace/rustup-home" "/workspace/cargo-home/bin/cargo" "+1.100.0-beta.1" "metadata" "--manifest-path" "Cargo.toml" "--no-deps", kill_on_drop: false }`
[INFO] crate crates.io crate evfmt 0.3.0 already has a lockfile, it will not be regenerated
[INFO] running `Command { std: CARGO_HOME="/workspace/cargo-home" RUSTUP_HOME="/workspace/rustup-home" "/workspace/cargo-home/bin/cargo" "+1.100.0-beta.1" "fetch" "--manifest-path" "Cargo.toml", kill_on_drop: false }`
[INFO] [stderr] warning: `package.homepage` is redundant with `package.repository`
[INFO] [stderr]   --> Cargo.toml:80:12
[INFO] [stderr]    |
[INFO] [stderr] 80 | homepage = "https://github.com/favonia/evfmt"
[INFO] [stderr]    |            ^^^^^^^^^^^^^^^^^^^^^^^^^^^^^^^^^^
[INFO] [stderr] ...
[INFO] [stderr] 85 | repository = "https://github.com/favonia/evfmt"
[INFO] [stderr]    |              ----------------------------------
[INFO] [stderr]    |
[INFO] [stderr]    = note: `cargo::redundant_homepage` is set to `warn` by default
[INFO] [stderr] help: consider removing `package.homepage`
[INFO] [stderr] warning: `evfmt` (manifest) generated 1 warning
[INFO] running `Command { std: "docker" "create" "-v" "/var/lib/crater-agent-workspace/builds/worker-2-tc2/source:/opt/rustwide/workdir:ro,Z" "-v" "/var/lib/crater-agent-workspace/builds/worker-2-tc2/target:/opt/rustwide/target:rw,Z" "-v" "/var/lib/crater-agent-workspace/cargo-home:/opt/rustwide/cargo-home:ro,Z" "-v" "/var/lib/crater-agent-workspace/rustup-home:/opt/rustwide/rustup-home:ro,Z" "-m" "1610612736" "--network" "none" "ghcr.io/rust-lang/crates-build-env/linux@sha256:77db811e55d90add9212f6832c23229e3de5f1c1f9905e8cb07319ea15df73ac" "sleep" "infinity", kill_on_drop: false }`
[INFO] [stdout] b42c356fb6b38827e6a13134e998835ec69008d1608b4830c96ba6880106daa6
[INFO] running `Command { std: "docker" "start" "b42c356fb6b38827e6a13134e998835ec69008d1608b4830c96ba6880106daa6", kill_on_drop: false }`
[INFO] running `Command { std: "docker" "inspect" "b42c356fb6b38827e6a13134e998835ec69008d1608b4830c96ba6880106daa6", kill_on_drop: false }`
[INFO] running `Command { std: "docker" "exec" "-e" "SOURCE_DIR=/opt/rustwide/workdir" "-e" "CARGO_HOME=/opt/rustwide/cargo-home" "-e" "RUSTUP_HOME=/opt/rustwide/rustup-home" "-e" "CARGO_TARGET_DIR=/opt/rustwide/target" "-w" "/opt/rustwide/workdir" "--user" "0:0" "b42c356fb6b38827e6a13134e998835ec69008d1608b4830c96ba6880106daa6" "/opt/rustwide/cargo-home/bin/cargo" "+1.100.0-beta.1" "metadata" "--no-deps" "--format-version=1", kill_on_drop: false }`
[INFO] running `Command { std: "docker" "inspect" "b42c356fb6b38827e6a13134e998835ec69008d1608b4830c96ba6880106daa6", kill_on_drop: false }`
[INFO] running `Command { std: "docker" "exec" "-e" "SOURCE_DIR=/opt/rustwide/workdir" "-e" "CARGO_HOME=/opt/rustwide/cargo-home" "-e" "RUSTUP_HOME=/opt/rustwide/rustup-home" "-e" "CARGO_TARGET_DIR=/opt/rustwide/target" "-e" "CARGO_INCREMENTAL=0" "-e" "RUST_BACKTRACE=full" "-e" "RUSTFLAGS=--cap-lints=warn" "-e" "RUSTDOCFLAGS=--cap-lints=warn" "-w" "/opt/rustwide/workdir" "--user" "0:0" "b42c356fb6b38827e6a13134e998835ec69008d1608b4830c96ba6880106daa6" "/opt/rustwide/cargo-home/bin/cargo" "+1.100.0-beta.1" "build" "--frozen" "--message-format=json" "--release", kill_on_drop: false }`
[INFO] [stderr] warning: `package.homepage` is redundant with `package.repository`
[INFO] [stderr]   --> Cargo.toml:80:12
[INFO] [stderr]    |
[INFO] [stderr] 80 | homepage = "https://github.com/favonia/evfmt"
[INFO] [stderr]    |            ^^^^^^^^^^^^^^^^^^^^^^^^^^^^^^^^^^
[INFO] [stderr] ...
[INFO] [stderr] 85 | repository = "https://github.com/favonia/evfmt"
[INFO] [stderr]    |              ----------------------------------
[INFO] [stderr]    |
[INFO] [stderr]    = note: `cargo::redundant_homepage` is set to `warn` by default
[INFO] [stderr] help: consider removing `package.homepage`
[INFO] [stderr] warning: `evfmt` (manifest) generated 1 warning
[INFO] [stderr]    Compiling libc v0.2.185
[INFO] [stderr]    Compiling regex-syntax v0.8.10
[INFO] [stderr]    Compiling aho-corasick v1.1.4
[INFO] [stderr]    Compiling bstr v1.12.1
[INFO] [stderr]    Compiling log v0.4.29
[INFO] [stderr]    Compiling evfmt v0.3.0 (/opt/rustwide/workdir)
[INFO] [stderr]    Compiling crossbeam-epoch v0.9.20
[INFO] [stderr]    Compiling xattr v1.6.1
[INFO] [stderr]    Compiling crossbeam-deque v0.8.6
[INFO] [stderr]    Compiling getrandom v0.4.2
[INFO] [stderr]    Compiling tempfile v3.27.0
[INFO] [stderr]    Compiling regex-automata v0.4.14
[INFO] [stderr]    Compiling globset v0.4.18
[INFO] [stderr]    Compiling ignore v0.4.25
[INFO] [stderr]     Finished `release` profile [optimized] target(s) in 22.03s
[INFO] running `Command { std: "docker" "inspect" "b42c356fb6b38827e6a13134e998835ec69008d1608b4830c96ba6880106daa6", kill_on_drop: false }`
[INFO] running `Command { std: "docker" "exec" "-e" "SOURCE_DIR=/opt/rustwide/workdir" "-e" "CARGO_HOME=/opt/rustwide/cargo-home" "-e" "RUSTUP_HOME=/opt/rustwide/rustup-home" "-e" "CARGO_TARGET_DIR=/opt/rustwide/target" "-e" "CARGO_INCREMENTAL=0" "-e" "RUST_BACKTRACE=full" "-e" "RUSTFLAGS=--cap-lints=warn" "-e" "RUSTDOCFLAGS=--cap-lints=warn" "-w" "/opt/rustwide/workdir" "--user" "0:0" "b42c356fb6b38827e6a13134e998835ec69008d1608b4830c96ba6880106daa6" "/opt/rustwide/cargo-home/bin/cargo" "+1.100.0-beta.1" "test" "--frozen" "--no-run" "--message-format=json" "--release", kill_on_drop: false }`
[INFO] [stderr] warning: `package.homepage` is redundant with `package.repository`
[INFO] [stderr]   --> Cargo.toml:80:12
[INFO] [stderr]    |
[INFO] [stderr] 80 | homepage = "https://github.com/favonia/evfmt"
[INFO] [stderr]    |            ^^^^^^^^^^^^^^^^^^^^^^^^^^^^^^^^^^
[INFO] [stderr] ...
[INFO] [stderr] 85 | repository = "https://github.com/favonia/evfmt"
[INFO] [stderr]    |              ----------------------------------
[INFO] [stderr]    |
[INFO] [stderr]    = note: `cargo::redundant_homepage` is set to `warn` by default
[INFO] [stderr] help: consider removing `package.homepage`
[INFO] [stderr] warning: `evfmt` (manifest) generated 1 warning
[INFO] [stderr]    Compiling libc v0.2.185
[INFO] [stderr]    Compiling regex-automata v0.4.14
[INFO] [stderr]    Compiling doc-comment v0.3.4
[INFO] [stderr]    Compiling assert_cmd v2.2.0
[INFO] [stderr]    Compiling float-cmp v0.10.0
[INFO] [stderr]    Compiling ucd-parse v0.1.13
[INFO] [stderr]    Compiling getrandom v0.4.2
[INFO] [stderr]    Compiling getrandom v0.3.4
[INFO] [stderr]    Compiling wait-timeout v0.2.1
[INFO] [stderr]    Compiling tempfile v3.27.0
[INFO] [stderr]    Compiling rand_core v0.9.5
[INFO] [stderr]    Compiling rusty-fork v0.3.1
[INFO] [stderr]    Compiling rand v0.9.4
[INFO] [stderr]    Compiling rand_chacha v0.9.0
[INFO] [stderr]    Compiling rand_xorshift v0.4.0
[INFO] [stderr]    Compiling proptest v1.11.0
[INFO] [stderr]    Compiling bstr v1.12.1
[INFO] [stderr]    Compiling regex v1.12.3
[INFO] [stderr]    Compiling globset v0.4.18
[INFO] [stderr]    Compiling predicates v3.1.4
[INFO] [stderr]    Compiling ignore v0.4.25
[INFO] [stderr]    Compiling globwalk v0.9.1
[INFO] [stderr]    Compiling evfmt v0.3.0 (/opt/rustwide/workdir)
[INFO] [stderr]    Compiling assert_fs v1.1.3
[INFO] [stderr]     Finished `release` profile [optimized] target(s) in 26.15s
[INFO] running `Command { std: "docker" "inspect" "b42c356fb6b38827e6a13134e998835ec69008d1608b4830c96ba6880106daa6", kill_on_drop: false }`
[INFO] running `Command { std: "docker" "exec" "-e" "SOURCE_DIR=/opt/rustwide/workdir" "-e" "CARGO_HOME=/opt/rustwide/cargo-home" "-e" "RUSTUP_HOME=/opt/rustwide/rustup-home" "-e" "CARGO_TARGET_DIR=/opt/rustwide/target" "-e" "CARGO_INCREMENTAL=0" "-e" "RUST_BACKTRACE=full" "-e" "RUSTFLAGS=--cap-lints=warn" "-e" "RUSTDOCFLAGS=--cap-lints=warn" "-w" "/opt/rustwide/workdir" "--user" "0:0" "b42c356fb6b38827e6a13134e998835ec69008d1608b4830c96ba6880106daa6" "/opt/rustwide/cargo-home/bin/cargo" "+1.100.0-beta.1" "test" "--frozen" "--release", kill_on_drop: false }`
[INFO] [stderr] warning: `package.homepage` is redundant with `package.repository`
[INFO] [stderr]   --> Cargo.toml:80:12
[INFO] [stderr]    |
[INFO] [stderr] 80 | homepage = "https://github.com/favonia/evfmt"
[INFO] [stderr]    |            ^^^^^^^^^^^^^^^^^^^^^^^^^^^^^^^^^^
[INFO] [stderr] ...
[INFO] [stderr] 85 | repository = "https://github.com/favonia/evfmt"
[INFO] [stderr]    |              ----------------------------------
[INFO] [stderr]    |
[INFO] [stderr]    = note: `cargo::redundant_homepage` is set to `warn` by default
[INFO] [stderr] help: consider removing `package.homepage`
[INFO] [stderr] warning: `evfmt` (manifest) generated 1 warning
[INFO] [stderr]     Finished `release` profile [optimized] target(s) in 0.10s
[INFO] [stderr]      Running unittests src/lib.rs (/opt/rustwide/target/release/build/evfmt/80a4188dbfab828a/out/evfmt-80a4188dbfab828a)
[INFO] [stdout] 
[INFO] [stdout] running 133 tests
[INFO] [stdout] test analysis::tests::combo_leading_zwj_run_does_not_attach_to_following_emoji ... ok
[INFO] [stdout] test analysis::tests::emoji_modifier_extra_selector_after_legacy_emoji_selector_is_unsanctioned ... ok
[INFO] [stdout] test analysis::tests::fixed_repair_has_empty_decision_vector ... ok
[INFO] [stdout] test analysis::tests::emoji_modifier_extra_selector_after_text_selector_is_unsanctioned ... ok
[INFO] [stdout] test analysis::tests::flag_finding_is_created_for_each_selector_source_independently ... ok
[INFO] [stdout] test analysis::tests::multi_emoji_zwj_keycap_component_uses_component_policy ... ok
[INFO] [stdout] test analysis::tests::emoji_modifier_on_non_modifier_base_is_an_additional_defect ... ok
[INFO] [stdout] test analysis::tests::emoji_modifier_sanctioned_text_selector_is_preserved ... ok
[INFO] [stdout] test analysis::tests::flag_without_any_selector_source_has_no_finding ... ok
[INFO] [stdout] test analysis::tests::links_only_zwj_sequence_without_selectors_is_canonical ... ok
[INFO] [stdout] test analysis::tests::flag_without_selectors_is_canonical ... ok
[INFO] [stdout] test analysis::tests::multi_emoji_zwj_sequence_cleans_trailing_link_selector_without_component_repair ... ok
[INFO] [stdout] test analysis::tests::emoji_modifier_legacy_emoji_selector_is_defective ... ok
[INFO] [stdout] test analysis::tests::multi_emoji_zwj_sequence_keeps_explicit_text_component_request ... ok
[INFO] [stdout] test analysis::tests::combo_dangling_zwj_after_canonical_singleton_only_cleans_link_selectors ... ok
[INFO] [stdout] test analysis::tests::combo_dangling_zwj_after_one_emoji_uses_singleton_policy ... ok
[INFO] [stdout] test analysis::tests::flag_selector_on_either_indicator_is_removed ... ok
[INFO] [stdout] test analysis::tests::multi_emoji_zwj_sequence_resolves_bare_components_with_component_policy ... ok
[INFO] [stdout] test analysis::tests::single_emoji_keycap_wrapper_keeps_singleton_text_keycap_semantics ... ok
[INFO] [stdout] test analysis::tests::multi_emoji_zwj_sequence_repairs_flag_component_selectors ... ok
[INFO] [stdout] test analysis::tests::multi_emoji_zwj_sequence_repairs_noncanonical_joined_component_by_policy ... ok
[INFO] [stdout] test analysis::tests::multi_emoji_zwj_sequence_cleans_joined_link_selector_without_component_repair ... ok
[INFO] [stdout] test analysis::tests::single_emoji_keycap_wrapper_repairs_without_dropping_link ... ok
[INFO] [stdout] test analysis::tests::single_emoji_keycap_wrapper_reports_trailing_link_selector_cleanup ... ok
[INFO] [stdout] test analysis::tests::single_emoji_zwj_wrapper_uses_singleton_resolution_but_preserves_link ... ok
[INFO] [stdout] test analysis::tests::links_only_zwj_sequence_strips_link_selectors ... ok
[INFO] [stdout] test analysis::tests::standalone_bare_singleton_uses_plain_presentation_resolution ... ok
[INFO] [stdout] test analysis::tests::tag_modifier_on_emoji_default_base_counts_extra_selectors_as_unsanctioned ... ok
[INFO] [stdout] test analysis::tests::standalone_bare_singleton_can_default_to_text_resolution ... ok
[INFO] [stdout] test analysis::tests::multi_emoji_zwj_sequence_removes_unsupported_component_selector ... ok
[INFO] [stdout] test analysis::tests::tag_modifier_bare_text_default_base_counts_forced_emoji_presentation ... ok
[INFO] [stdout] test analysis::tests::tag_modifier_extra_selector_after_forced_emoji_presentation_is_unsanctioned ... ok
[INFO] [stdout] test analysis::tests::tag_modifier_extra_selector_after_text_conflict_is_unsanctioned ... ok
[INFO] [stdout] test analysis::tests::policy_redundant_selector_with_extra_selector_keeps_policy_accounting ... ok
[INFO] [stdout] test analysis::tests::empty_non_canonicality_is_empty_in_const_context ... ok
[INFO] [stdout] test analysis::tests::tag_modifier_text_selector_counts_conflict_and_forced_emoji_presentation ... ok
[INFO] [stdout] test analysis::tests::multi_emoji_zwj_sequence_exposes_multiple_component_decision_slots ... ok
[INFO] [stdout] test analysis::tests::multi_emoji_zwj_sequence_keeps_mixed_component_non_canonicality_counts ... ok
[INFO] [stdout] test analysis::tests::tag_modifier_on_emoji_default_base_counts_text_selector_as_conflicting ... ok
[INFO] [stdout] test analysis::tests::unsanctioned_singleton_context_cleans_base_and_modification_selectors ... ok
[INFO] [stdout] test analysis::tests::tag_modifier_on_emoji_default_base_counts_emoji_selector_as_redundant ... ok
[INFO] [stdout] test analysis::tests::combo_true_zwj_sequence_uses_component_local_cleanup ... ok
[INFO] [stdout] test analysis::tests::tag_modifier_on_text_default_base_accepts_emoji_selector ... ok
[INFO] [stdout] test analysis::tests::tag_modifier_on_emoji_default_base_does_not_add_base_selector ... ok
[INFO] [stdout] test formatter::tests::plain_ascii_is_unchanged ... ok
[INFO] [stdout] test analysis::tests::modifier_base_without_variation_sequence_data_counts_selector_as_unsanctioned ... ok
[INFO] [stdout] test analysis::tests::tag_modifier_trailing_selector_is_cleaned ... ok
[INFO] [stdout] test analysis::tests::zwj_flag_component_without_selectors_is_canonical ... ok
[INFO] [stdout] test formatter::tests::emoji_modifier_context_preserves_sanctioned_text_presentation ... ok
[INFO] [stdout] test formatter::tests::keycap_cleanup_follows_current_sequence_contract ... ok
[INFO] [stdout] test formatter::tests::keycap_policy_uses_first_modification_only ... ok
[INFO] [stdout] test formatter::tests::unsanctioned_selectors_are_removed ... ok
[INFO] [stdout] test formatter::tests::standalone_text_default_non_ascii_default_policy_resolves_bare_to_text ... ok
[INFO] [stdout] test policy_key_set::tests::test_add_none_is_identity ... ok
[INFO] [stdout] test formatter::tests::zwj_cleanup_uses_component_local_rules ... ok
[INFO] [stdout] test policy_key_set::tests::test_all_bits_matches_public_all_set ... ok
[INFO] [stdout] test policy_key_set::tests::test_all_matches_named_domains ... ok
[INFO] [stdout] test policy_key_set::tests::test_all_matches_singleton_union_for_full_universe ... ok
[INFO] [stdout] test policy_key_set::tests::test_contains_none ... ok
[INFO] [stdout] test policy_key_set::tests::test_default_is_empty ... ok
[INFO] [stdout] test policy_key_set::tests::test_display_examples ... ok
[INFO] [stdout] test formatter::tests::standalone_emoji_default_non_ascii_default_policy_prefers_bare_emoji_side ... ok
[INFO] [stdout] test formatter::tests::mixed_content_formats_only_structural_items ... ok
[INFO] [stdout] test policy_key_set::tests::test_contains_all ... ok
[INFO] [stdout] test formatter::tests::extra_selector_after_meaningful_selector_is_removed ... ok
[INFO] [stdout] test policy_key_set::tests::test_bitand_assign_intersects_in_place ... ok
[INFO] [stdout] test policy_key_set::tests::test_named_ascii ... ok
[INFO] [stdout] test policy_key_set::tests::test_named_bits_matches_public_named_sets ... ok
[INFO] [stdout] test policy_key_set::tests::test_named_emoji_defaults ... ok
[INFO] [stdout] test policy_key_set::tests::test_add_singletons ... ok
[INFO] [stdout] test policy_key_set::tests::test_display_multiple_code_points_in_table_order ... ok
[INFO] [stdout] test formatter::tests::exhaustive_standalone_variation_sequence_policy_table ... ok
[INFO] [stdout] test policy_key_set::tests::test_named_entry_matches_each_named_set ... ok
[INFO] [stdout] test policy_key_set::tests::test_operator_symmetric_difference ... ok
[INFO] [stdout] test policy_key_set::tests::test_named_keycap_domains ... ok
[INFO] [stdout] test formatter::tests::standalone_ascii_default_policy_prefers_bare_text_side ... ok
[INFO] [stdout] test policy_key_set::tests::test_named_set_matches_reject_nonmembers ... ok
[INFO] [stdout] test policy_key_set::tests::test_operator_assignments ... ok
[INFO] [stdout] test policy_key_set::tests::test_operator_intersection ... ok
[INFO] [stdout] test policy_key_set::tests::test_named_text_defaults ... ok
[INFO] [stdout] test policy_key_set::tests::test_operator_not_complements_within_universe ... ok
[INFO] [stdout] test policy_key_set::tests::test_operator_difference ... ok
[INFO] [stdout] test formatter::tests::prop_no_analysis_findings_in_output ... ok
[INFO] [stdout] test formatter::tests::keycap_policy_can_select_bare_text_or_emoji_outputs ... ok
[INFO] [stdout] test formatter::tests::prop_finding_lengths_match_non_canonicality_counts ... ok
[INFO] [stdout] test formatter::tests::prop_only_modifies_selectors ... ok
[INFO] [stdout] test policy_key_set::tests::test_operator_union ... ok
[INFO] [stdout] test scanner::tests::iterator_returns_already_prepared_item_before_scanning_more ... ok
[INFO] [stdout] test policy_key_set::tests::test_remove_all_clears_set ... ok
[INFO] [stdout] test policy_key_set::tests::test_remove_ascii_from_all ... ok
[INFO] [stdout] test scanner::tests::scanner_emits_no_empty_items_around_structural_boundaries ... ok
[INFO] [stdout] test scanner::tests::scanner_exposes_stable_item_boundaries ... ok
[INFO] [stdout] test scanner::tests::scanner_is_lossless_for_representative_inputs ... ok
[INFO] [stdout] test scanner::tests::emoji_sequence_in_progress_is_empty_only_before_parts_are_added ... ok
[INFO] [stdout] test scanner::tests::presentation_from_selector_only_accepts_vs15_and_vs16 ... ok
[INFO] [stdout] test policy_key_set::tests::test_sub_assign_removes_in_place ... ok
[INFO] [stdout] test policy_key_set::tests::test_singleton_ignores_non_universe_chars ... ok
[INFO] [stdout] test scanner::tests::permissive_modifier_and_flag_cases_match_formatter_contract ... ok
[INFO] [stdout] test scanner::tests::keycap_forms_match_formatter_contract ... ok
[INFO] [stdout] test scanner::tests::test_conformance_rgi_keycaps_are_fully_qualified ... ok
[INFO] [stdout] test policy_key_set::tests::test_remove_multiple_named_sets ... ok
[INFO] [stdout] test scanner::tests::prepare_next_item_stops_after_emitting_pending_sequence ... ok
[INFO] [stdout] test scanner::tests::tag_run_consumer_advances_over_tag_runs ... ok
[INFO] [stdout] test formatter::tests::prop_idempotent ... ok
[INFO] [stdout] test scanner::tests::test_conformance_zwj_structure ... ok
[INFO] [stdout] test unicode::tests::test_copyright_is_text_default ... ok
[INFO] [stdout] test unicode::tests::test_emoji_modifier_base_property ... ok
[INFO] [stdout] test scanner::tests::test_conformance_keycap_bases ... ok
[INFO] [stdout] test scanner::tests::unpaired_regional_indicator_scans_as_singleton_stem ... ok
[INFO] [stdout] test scanner::tests::zwj_related_selector_cases_match_formatter_contract ... ok
[INFO] [stdout] test unicode::tests::test_emoji_only_character_has_no_default_side ... ok
[INFO] [stdout] test scanner::tests::test_conformance_zwj_text_default_has_fe0f ... ok
[INFO] [stdout] test unicode::tests::test_emoji_modifier_property ... ok
[INFO] [stdout] test unicode::tests::in_char_table_finds_first_middle_and_last_entries ... ok
[INFO] [stdout] test unicode::tests::test_emoji_property ... ok
[INFO] [stdout] test unicode::tests::test_letter_a_has_no_variation_sequence ... ok
[INFO] [stdout] test unicode::tests::test_modification_suffixes_have_no_variation_sequences ... ok
[INFO] [stdout] test unicode::tests::test_keycap_bases_have_text_default_variation_sequences ... ok
[INFO] [stdout] test unicode::tests::test_sparkles_is_emoji_default ... ok
[INFO] [stdout] test unicode::tests::test_variation_sequence_chars_contains_known_entries ... ok
[INFO] [stdout] test unicode::tests::test_watch_is_emoji_default ... ok
[INFO] [stdout] test unicode::tests::test_tag ... ok
[INFO] [stdout] test unicode::tests::test_keycap_base ... ok
[INFO] [stdout] test unicode::tests::test_number_sign_has_variation_sequence ... ok
[INFO] [stdout] test unicode::tests::test_ri_property ... ok
[INFO] [stdout] test unicode::tests::test_conformance_variation_sequences ... ok
[INFO] [stdout] test scanner::tests::test_conformance_all_sequences_scan_as_one_canonical_item ... ok
[INFO] [stdout] test scanner::tests::test_conformance_all_rgi_emoji_are_preserved ... ok
[INFO] [stdout] test unicode::tests::test_conformance_emoji ... ok
[INFO] [stdout] test unicode::tests::test_conformance_ri ... ok
[INFO] [stdout] test unicode::tests::test_conformance_emoji_modifier ... ok
[INFO] [stdout] test unicode::tests::test_conformance_emoji_modifier_base ... ok
[INFO] [stdout] test unicode::tests::test_conformance_emoji_presentation ... ok
[INFO] [stdout] 
[INFO] [stdout] test result: ok. 133 passed; 0 failed; 0 ignored; 0 measured; 0 filtered out; finished in 0.08s
[INFO] [stdout] 
[INFO] [stderr]      Running unittests src/main.rs (/opt/rustwide/target/release/build/evfmt/5d1b9fb31eafab6f/out/evfmt-5d1b9fb31eafab6f)
[INFO] [stdout] 
[INFO] [stdout] running 22 tests
[INFO] [stdout] test cli_args::tests::operations_are_extracted_in_cli_order_across_option_groups ... ok
[INFO] [stdout] test cli_args::tests::check_command_parses_shared_files_without_check_flag ... ok
[INFO] [stdout] test cli_args::tests::repeated_operations_keep_repetition_order ... ok
[INFO] [stdout] test cli_args::tests::format_command_accepts_check_as_a_file_name ... ok
[INFO] [stdout] test cli_run::tests::atomic_rewrite_reports_no_change_for_canonical_input ... ok
[INFO] [stdout] test cli_args::tests::format_command_parses_files ... ok
[INFO] [stdout] test cli_run::tests::exit_status_codes_match_cli_contract ... ok
[INFO] [stdout] test cli_run::tests::ignore_lists_reject_invalid_labels ... ok
[INFO] [stdout] test cli_run::tests::edit_distance_supports_suggestions_threshold ... ok
[INFO] [stdout] test cli_run::tests::policy_operations_apply_to_their_target_in_order ... ok
[INFO] [stdout] test cli_run::tests::ignore_operations_apply_left_to_right ... ok
[INFO] [stdout] test cli_run::tests::ignore_settings_apply_label_updates ... ok
[INFO] [stdout] test cli_run::tests::policy_key_set_lists_parse_shortcuts_and_comma_lists ... ok
[INFO] [stdout] test cli_run::tests::atomic_rewrite_reports_read_errors_from_rewrite_pass ... ok
[INFO] [stdout] test cli_args::tests::root_command_lists_subcommands ... ok
[INFO] [stdout] test cli_run::tests::flag_names_match_public_options ... ok
[INFO] [stdout] test cli_run::tests::format_lines_reports_writer_errors ... ok
[INFO] [stdout] test cli_run::tests::ignore_lists_parse_shortcuts_and_labels ... ok
[INFO] [stdout] test cli_run::tests::policy_key_set_items_report_specific_errors ... ok
[INFO] [stdout] test cli_run::tests::policy_key_set_lists_reject_invalid_shortcut_usage ... ok
[INFO] [stdout] test cli_run::tests::update_kind_helpers_classify_operation_ids ... ok
[INFO] [stdout] test cli_run::tests::runtime_settings_start_with_documented_policy_defaults ... ok
[INFO] [stderr]      Running tests/cli.rs (/opt/rustwide/target/release/build/evfmt/7e19b2b60d62787c/out/cli-7e19b2b60d62787c)
[INFO] [stdout] 
[INFO] [stdout] test result: ok. 22 passed; 0 failed; 0 ignored; 0 measured; 0 filtered out; finished in 0.11s
[INFO] [stdout] 
[INFO] [stdout] 
[INFO] [stdout] running 67 tests
[INFO] [stdout] test add_bare_as_text_can_force_explicit_text_selector ... ok
[INFO] [stdout] test check_stdin_canonical_does_not_echo_stdout ... ok
[INFO] [stdout] test check_invalid_utf8_after_changed_line_exits_2 ... ok
[INFO] [stdout] test all_shortcut_applies_to_add_and_remove_ignore ... ok
[INFO] [stdout] test check_reports_unreadable_file ... ok
[INFO] [stdout] test all_and_none_policy_set_shortcuts_must_appear_alone ... ok
[INFO] [stdout] test check_mode_with_directory ... ok
[INFO] [stdout] test bare_as_text_operations_apply_left_to_right ... ok
[INFO] [stdout] test empty_policy_set_list_is_rejected_before_any_file_is_rewritten ... ok
[INFO] [stdout] test dash_path_names_file_named_dash ... ok
[INFO] [stdout] test check_help_describes_stateful_options ... ok
[INFO] [stdout] test check_without_files_reads_stdin ... ok
[INFO] [stdout] test check_subcommand_accepts_check_as_file_name ... ok
[INFO] [stdout] test evfmtignore_skips_matched_files ... ok
[INFO] [stdout] test file_formatting_preserves_crlf ... ok
[INFO] [stdout] test clearing_bare_as_text_and_prefer_bare_force_ascii_to_emoji ... ok
[INFO] [stdout] test check_reports_file_stdin_file_operands_in_order ... ok
[INFO] [stdout] test format_reports_unreadable_file ... ok
[INFO] [stdout] test format_already_canonical_unchanged ... ok
[INFO] [stdout] test directory_walk_formats_recursively ... ok
[INFO] [stdout] test format_invalid_utf8_after_changed_line_does_not_rewrite_file ... ok
[INFO] [stdout] test format_keeps_bare_emoji_default_characters_bare_by_default ... ok
[INFO] [stdout] test format_help_describes_stateful_options ... ok
[INFO] [stdout] test format_preserves_extended_attributes_when_supported ... ok
[INFO] [stdout] test format_subcommand_accepts_check_as_file_name ... ok
[INFO] [stdout] test format_preserves_mode_bits ... ok
[INFO] [stdout] test format_processes_file_stdin_file_operands ... ok
[INFO] [stdout] test format_rewrites_file ... ok
[INFO] [stdout] test invalid_code_point_item_is_rejected ... ok
[INFO] [stdout] test ignore_labels_apply_left_to_right ... ok
[INFO] [stdout] test ineligible_character_items_are_rejected ... ok
[INFO] [stdout] test left_to_right_prefer_bare_operations_are_respected ... ok
[INFO] [stdout] test keycap_policy_items_apply_to_keycap_character_positions ... ok
[INFO] [stdout] test check_stdin_non_canonical_exits_1_without_stdout ... ok
[INFO] [stdout] test format_warns_when_extended_attributes_cannot_be_preserved ... ok
[INFO] [stdout] test format_without_files_reads_stdin ... ok
[INFO] [stdout] test invalid_utf8_exits_2 ... ok
[INFO] [stdout] test add_prefer_bare_accepts_naked_single_with_selector ... ok
[INFO] [stdout] test hidden_files_skipped ... ok
[INFO] [stdout] test check_non_canonical_exits_1 ... ok
[INFO] [stdout] test ineligible_bare_as_text_items_are_rejected ... ok
[INFO] [stdout] test gitignore_skips_matched_files ... ok
[INFO] [stdout] test mixed_file_and_directory_operands ... ok
[INFO] [stdout] test empty_directory_succeeds ... ok
[INFO] [stdout] test remove_prefer_bare_can_force_ascii_to_text ... ok
[INFO] [stdout] test check_canonical_exits_0 ... ok
[INFO] [stdout] test remove_ignore_evfmt_overrides_evfmtignore ... ok
[INFO] [stdout] test remove_ignore_git_overrides_gitignore ... ok
[INFO] [stdout] test root_help_lists_subcommands ... ok
[INFO] [stdout] test invalid_keycap_policy_item_is_rejected ... ok
[INFO] [stdout] test none_is_rejected_for_add_operations ... ok
[INFO] [stdout] test repeated_dash_reads_same_stdin_stream_to_eof ... ok
[INFO] [stdout] test rewrite_reports_temp_file_create_error_when_directory_unwritable ... FAILED
[INFO] [stdout] test unknown_ignore_label_reports_suggestion ... ok
[INFO] [stdout] test set_ignore_none_then_add_hidden_reenables_only_hidden_filtering ... ok
[INFO] [stdout] test option_like_file_requires_separator_in_format_mode ... ok
[INFO] [stdout] test option_like_file_allowed_after_separator_in_format_mode ... ok
[INFO] [stdout] test stdin_read_error_exits_2 ... ok
[INFO] [stdout] test usage_errors_are_reported_in_cli_order ... ok
[INFO] [stdout] test stdin_stdout_via_dash ... ok
[INFO] [stdout] test stdin_preserves_missing_final_newline ... ok
[INFO] [stdout] test stdin_stdout_canonical_passthrough ... ok
[INFO] [stdout] test unknown_preset_reports_suggestion ... ok
[INFO] [stdout] test set_prefer_bare_keeps_rights_mark_bare ... ok
[INFO] [stdout] test partial_failure_exits_2 ... ok
[INFO] [stdout] test unknown_unprefixed_policy_preset_reports_suggestion ... ok
[INFO] [stderr] error: test failed, to rerun pass `--test cli`
[INFO] [stdout] test root_without_subcommand_exits_2 ... ok
[INFO] [stdout] 
[INFO] [stdout] failures:
[INFO] [stdout] 
[INFO] [stdout] ---- rewrite_reports_temp_file_create_error_when_directory_unwritable stdout ----
[INFO] [stdout] 
[INFO] [stdout] thread 'rewrite_reports_temp_file_create_error_when_directory_unwritable' (1505) panicked at /rustc/e3feeb59cd1bdd011a2bfcc0747b55125d9b8527/library/core/src/ops/function.rs:250:5:
[INFO] [stdout] Unexpected return code, failed var == 2
[INFO] [stdout] └── var: 0
[INFO] [stdout] 
[INFO] [stdout] command=`"/opt/rustwide/target/release/evfmt" "format" "/tmp/.tmpNIDgAr/locked/test.txt"`
[INFO] [stdout] code=0
[INFO] [stdout] stdout=""
[INFO] [stdout] stderr=""
[INFO] [stdout] 
[INFO] [stdout] stack backtrace:
[INFO] [stdout]    0:     0x615ef7e9ed51 - <<std[617be2ca0a6fd877]::sys::backtrace::BacktraceLock>::print::DisplayBacktrace as core[a373ad73a504971]::fmt::Display>::fmt
[INFO] [stdout]    1:     0x615ef7eb597a - core[a373ad73a504971]::fmt::write
[INFO] [stdout]    2:     0x615ef7ea464c - <alloc[2e1b2a31b91974c5]::vec::Vec<u8> as core[a373ad73a504971]::io::write::Write>::write_fmt
[INFO] [stdout]    3:     0x615ef7e79056 - std[617be2ca0a6fd877]::panicking::default_hook::{closure#0}
[INFO] [stdout]    4:     0x615ef7e967f9 - std[617be2ca0a6fd877]::panicking::default_hook
[INFO] [stdout]    5:     0x615ef7e132e0 - test[aada8e7e76ba119b]::test_main_inner::{closure#0}
[INFO] [stdout]    6:     0x615ef7e969b2 - std[617be2ca0a6fd877]::panicking::panic_with_hook
[INFO] [stdout]    7:     0x615ef7e79102 - std[617be2ca0a6fd877]::panicking::panic_handler::{closure#0}
[INFO] [stdout]    8:     0x615ef7e71b69 - std[617be2ca0a6fd877]::sys::backtrace::__rust_end_short_backtrace::<std[617be2ca0a6fd877]::panicking::panic_handler::{closure#0}, !>
[INFO] [stdout]    9:     0x615ef7e79dcd - __rustc[ea4f61d10b84890b]::rust_begin_unwind
[INFO] [stdout]   10:     0x615ef7eb612c - core[a373ad73a504971]::panicking::panic_fmt
[INFO] [stdout]   11:     0x615ef7e01544 - <assert_cmd[b7294f4c5a94116c]::assert::AssertError>::panic::<assert_cmd[b7294f4c5a94116c]::assert::Assert>
[INFO] [stdout]   12:     0x615ef7e012f4 - <cli[aff3f691aeec26d7]::rewrite_reports_temp_file_create_error_when_directory_unwritable::{closure#0} as core[a373ad73a504971]::ops::function::FnOnce<()>>::call_once
[INFO] [stdout]   13:     0x615ef7e0672b - test[aada8e7e76ba119b]::__rust_begin_short_backtrace::<core[a373ad73a504971]::result::Result<(), alloc[2e1b2a31b91974c5]::string::String>, fn() -> core[a373ad73a504971]::result::Result<(), alloc[2e1b2a31b91974c5]::string::String>>
[INFO] [stdout]   14:     0x615ef7e13905 - test[aada8e7e76ba119b]::run_test::{closure#0}
[INFO] [stdout]   15:     0x615ef7e0d1f4 - std[617be2ca0a6fd877]::sys::backtrace::__rust_begin_short_backtrace::<test[aada8e7e76ba119b]::run_test::{closure#1}, ()>
[INFO] [stdout]   16:     0x615ef7e16992 - <std[617be2ca0a6fd877]::thread::lifecycle::spawn_unchecked<test[aada8e7e76ba119b]::run_test::{closure#1}, ()>::{closure#1} as core[a373ad73a504971]::ops::function::FnOnce<()>>::call_once::{shim:vtable#0}
[INFO] [stdout]   17:     0x615ef7e9e21f - <std[617be2ca0a6fd877]::sys::thread::unix::Thread>::new::thread_start
[INFO] [stdout]   18:     0x7253ed130dfa - <unknown>
[INFO] [stdout]   19:     0x7253ed1c43d4 - clone
[INFO] [stdout]   20:                0x0 - <unknown>
[INFO] [stdout] 
[INFO] [stdout] 
[INFO] [stdout] failures:
[INFO] [stdout]     rewrite_reports_temp_file_create_error_when_directory_unwritable
[INFO] [stdout] 
[INFO] [stdout] test result: FAILED. 66 passed; 1 failed; 0 ignored; 0 measured; 0 filtered out; finished in 0.09s
[INFO] [stdout] 
[INFO] running `Command { std: "docker" "inspect" "b42c356fb6b38827e6a13134e998835ec69008d1608b4830c96ba6880106daa6", kill_on_drop: false }`
[INFO] running `Command { std: "docker" "rm" "-f" "b42c356fb6b38827e6a13134e998835ec69008d1608b4830c96ba6880106daa6", kill_on_drop: false }`
[INFO] [stdout] b42c356fb6b38827e6a13134e998835ec69008d1608b4830c96ba6880106daa6
