[INFO] fetching crate eventsourcingdb-es 0.2.0...
[INFO] testing eventsourcingdb-es-0.2.0 against 1.99.0-beta.8+cargoflags=--release for beta-release-1.100-2
[INFO] extracting crate eventsourcingdb-es 0.2.0 into /workspace/builds/worker-1-tc1/source
[INFO] started tweaking crates.io crate eventsourcingdb-es 0.2.0
[INFO] finished tweaking crates.io crate eventsourcingdb-es 0.2.0
[INFO] tweaked toml for crates.io crate eventsourcingdb-es 0.2.0 written to /workspace/builds/worker-1-tc1/source/Cargo.toml
[INFO] validating manifest of crates.io crate eventsourcingdb-es 0.2.0 on toolchain 1.99.0-beta.8
[INFO] running `Command { std: CARGO_HOME="/workspace/cargo-home" RUSTUP_HOME="/workspace/rustup-home" "/workspace/cargo-home/bin/cargo" "+1.99.0-beta.8" "metadata" "--manifest-path" "Cargo.toml" "--no-deps", kill_on_drop: false }`
[INFO] crate crates.io crate eventsourcingdb-es 0.2.0 already has a lockfile, it will not be regenerated
[INFO] running `Command { std: CARGO_HOME="/workspace/cargo-home" RUSTUP_HOME="/workspace/rustup-home" "/workspace/cargo-home/bin/cargo" "+1.99.0-beta.8" "fetch" "--manifest-path" "Cargo.toml", kill_on_drop: false }`
[INFO] [stderr]     Updating crates.io index
[INFO] [stderr]  Downloading crates ...
[INFO] [stderr]   Downloaded eventsourcingdb v2.0.1
[INFO] [stderr]   Downloaded cqrs-es v0.5.0
[INFO] running `Command { std: "docker" "create" "-v" "/var/lib/crater-agent-workspace/builds/worker-1-tc1/source:/opt/rustwide/workdir:ro,Z" "-v" "/var/lib/crater-agent-workspace/builds/worker-1-tc1/target:/opt/rustwide/target:rw,Z" "-v" "/var/lib/crater-agent-workspace/cargo-home:/opt/rustwide/cargo-home:ro,Z" "-v" "/var/lib/crater-agent-workspace/rustup-home:/opt/rustwide/rustup-home:ro,Z" "-m" "1610612736" "--network" "none" "ghcr.io/rust-lang/crates-build-env/linux@sha256:77db811e55d90add9212f6832c23229e3de5f1c1f9905e8cb07319ea15df73ac" "sleep" "infinity", kill_on_drop: false }`
[INFO] [stdout] 49d7ddd7525dc9d5879efe4e023003550d8efe16b7d96397758b962c5ad88f93
[INFO] running `Command { std: "docker" "start" "49d7ddd7525dc9d5879efe4e023003550d8efe16b7d96397758b962c5ad88f93", kill_on_drop: false }`
[INFO] running `Command { std: "docker" "inspect" "49d7ddd7525dc9d5879efe4e023003550d8efe16b7d96397758b962c5ad88f93", kill_on_drop: false }`
[INFO] running `Command { std: "docker" "exec" "-e" "SOURCE_DIR=/opt/rustwide/workdir" "-e" "CARGO_HOME=/opt/rustwide/cargo-home" "-e" "RUSTUP_HOME=/opt/rustwide/rustup-home" "-e" "CARGO_TARGET_DIR=/opt/rustwide/target" "-w" "/opt/rustwide/workdir" "--user" "0:0" "49d7ddd7525dc9d5879efe4e023003550d8efe16b7d96397758b962c5ad88f93" "/opt/rustwide/cargo-home/bin/cargo" "+1.99.0-beta.8" "metadata" "--no-deps" "--format-version=1", kill_on_drop: false }`
[INFO] running `Command { std: "docker" "inspect" "49d7ddd7525dc9d5879efe4e023003550d8efe16b7d96397758b962c5ad88f93", kill_on_drop: false }`
[INFO] running `Command { std: "docker" "exec" "-e" "SOURCE_DIR=/opt/rustwide/workdir" "-e" "CARGO_HOME=/opt/rustwide/cargo-home" "-e" "RUSTUP_HOME=/opt/rustwide/rustup-home" "-e" "CARGO_TARGET_DIR=/opt/rustwide/target" "-e" "CARGO_INCREMENTAL=0" "-e" "RUST_BACKTRACE=full" "-e" "RUSTFLAGS=--cap-lints=warn" "-e" "RUSTDOCFLAGS=--cap-lints=warn" "-w" "/opt/rustwide/workdir" "--user" "0:0" "49d7ddd7525dc9d5879efe4e023003550d8efe16b7d96397758b962c5ad88f93" "/opt/rustwide/cargo-home/bin/cargo" "+1.99.0-beta.8" "build" "--frozen" "--message-format=json" "--release", kill_on_drop: false }`
[INFO] [stderr]    Compiling memchr v2.8.1
[INFO] [stderr]    Compiling displaydoc v0.2.6
[INFO] [stderr]    Compiling serde_derive v1.0.228
[INFO] [stderr]    Compiling futures-macro v0.3.32
[INFO] [stderr]    Compiling zerofrom v0.1.8
[INFO] [stderr]    Compiling aws-lc-rs v1.17.0
[INFO] [stderr]    Compiling http-body v1.0.1
[INFO] [stderr]    Compiling cc v1.2.63
[INFO] [stderr]    Compiling tokio v1.52.3
[INFO] [stderr]    Compiling rustls-pki-types v1.14.1
[INFO] [stderr]    Compiling serde_json v1.0.150
[INFO] [stderr]    Compiling rustls v0.23.40
[INFO] [stderr]    Compiling base64ct v1.8.3
[INFO] [stderr]    Compiling const-oid v0.9.6
[INFO] [stderr]    Compiling parking_lot_core v0.9.12
[INFO] [stderr]    Compiling ref-cast-impl v1.0.25
[INFO] [stderr]    Compiling yoke v0.8.3
[INFO] [stderr]    Compiling bitflags v2.13.0
[INFO] [stderr]    Compiling log v0.4.32
[INFO] [stderr]    Compiling ahash v0.8.12
[INFO] [stderr]    Compiling http-body-util v0.1.3
[INFO] [stderr]    Compiling zerocopy v0.8.52
[INFO] [stderr]    Compiling zerovec v0.11.6
[INFO] [stderr]    Compiling getrandom v0.3.4
[INFO] [stderr]    Compiling curve25519-dalek v4.1.3
[INFO] [stderr]    Compiling zerotrie v0.2.4
[INFO] [stderr]    Compiling num-iter v0.1.45
[INFO] [stderr]    Compiling pem-rfc7468 v0.7.0
[INFO] [stderr]    Compiling num-complex v0.4.6
[INFO] [stderr]    Compiling bit-vec v0.8.0
[INFO] [stderr]    Compiling ref-cast v1.0.25
[INFO] [stderr]    Compiling borrow-or-share v0.2.4
[INFO] [stderr]    Compiling rustls-native-certs v0.8.4
[INFO] [stderr]    Compiling parking_lot v0.12.5
[INFO] [stderr]    Compiling thiserror-impl v2.0.18
[INFO] [stderr]    Compiling curve25519-dalek-derive v0.1.1
[INFO] [stderr]    Compiling der v0.7.10
[INFO] [stderr]    Compiling bit-set v0.8.0
[INFO] [stderr]    Compiling uuid v1.23.3
[INFO] [stderr]    Compiling tinystr v0.8.3
[INFO] [stderr]    Compiling potential_utf v0.1.5
[INFO] [stderr]    Compiling icu_locale_core v2.2.0
[INFO] [stderr]    Compiling cmake v0.1.58
[INFO] [stderr]    Compiling icu_collections v2.2.0
[INFO] [stderr]    Compiling futures-util v0.3.32
[INFO] [stderr]    Compiling aho-corasick v1.1.4
[INFO] [stderr]    Compiling num v0.4.3
[INFO] [stderr]    Compiling signature v2.2.0
[INFO] [stderr]    Compiling fraction v0.15.4
[INFO] [stderr]    Compiling uuid-simd v0.8.0
[INFO] [stderr]    Compiling typed-builder-macro v0.23.2
[INFO] [stderr]    Compiling num-cmp v0.1.0
[INFO] [stderr]    Compiling aws-lc-sys v0.41.0
[INFO] [stderr]    Compiling spki v0.7.3
[INFO] [stderr]    Compiling rand_core v0.6.4
[INFO] [stderr]    Compiling async-trait v0.1.89
[INFO] [stderr]    Compiling pkcs8 v0.10.2
[INFO] [stderr]    Compiling thiserror v2.0.18
[INFO] [stderr]    Compiling hashbrown v0.14.5
[INFO] [stderr]    Compiling ed25519 v2.2.3
[INFO] [stderr]    Compiling icu_provider v2.2.0
[INFO] [stderr]    Compiling regex-automata v0.4.14
[INFO] [stderr]    Compiling icu_properties v2.2.0
[INFO] [stderr]    Compiling icu_normalizer v2.2.0
[INFO] [stderr]    Compiling typed-builder v0.23.2
[INFO] [stderr]    Compiling ed25519-dalek v2.2.0
[INFO] [stderr]    Compiling dashmap v6.2.1
[INFO] [stderr]    Compiling serde v1.0.228
[INFO] [stderr]    Compiling fluent-uri v0.3.2
[INFO] [stderr]    Compiling serde_urlencoded v0.7.1
[INFO] [stderr]    Compiling email_address v0.2.9
[INFO] [stderr]    Compiling chrono v0.4.45
[INFO] [stderr]    Compiling idna_adapter v1.2.2
[INFO] [stderr]    Compiling idna v1.1.0
[INFO] [stderr]    Compiling futures-executor v0.3.32
[INFO] [stderr]    Compiling futures v0.3.32
[INFO] [stderr]    Compiling url v2.5.8
[INFO] [stderr]    Compiling referencing v0.33.0
[INFO] [stderr]    Compiling tokio-util v0.7.18
[INFO] [stderr]    Compiling tower v0.5.3
[INFO] [stderr]    Compiling tokio-stream v0.1.18
[INFO] [stderr]    Compiling cqrs-es v0.5.0
[INFO] [stderr]    Compiling h2 v0.4.14
[INFO] [stderr]    Compiling tower-http v0.6.11
[INFO] [stderr]    Compiling regex v1.12.4
[INFO] [stderr]    Compiling fancy-regex v0.16.2
[INFO] [stderr]    Compiling hyper v1.10.1
[INFO] [stderr]    Compiling hyper-util v0.1.20
[INFO] [stderr]    Compiling reqwest v0.12.28
[INFO] [stderr]    Compiling jsonschema v0.33.0
[INFO] [stderr]    Compiling rustls-webpki v0.103.13
[INFO] [stderr]    Compiling tokio-rustls v0.26.4
[INFO] [stderr]    Compiling rustls-platform-verifier v0.7.0
[INFO] [stderr]    Compiling hyper-rustls v0.27.9
[INFO] [stderr]    Compiling reqwest v0.13.4
[INFO] [stderr]    Compiling eventsourcingdb v2.0.1
[INFO] [stderr]    Compiling eventsourcingdb-es v0.2.0 (/opt/rustwide/workdir)
[INFO] [stderr]     Finished `release` profile [optimized] target(s) in 2m 50s
[INFO] running `Command { std: "docker" "inspect" "49d7ddd7525dc9d5879efe4e023003550d8efe16b7d96397758b962c5ad88f93", kill_on_drop: false }`
[INFO] running `Command { std: "docker" "exec" "-e" "SOURCE_DIR=/opt/rustwide/workdir" "-e" "CARGO_HOME=/opt/rustwide/cargo-home" "-e" "RUSTUP_HOME=/opt/rustwide/rustup-home" "-e" "CARGO_TARGET_DIR=/opt/rustwide/target" "-e" "CARGO_INCREMENTAL=0" "-e" "RUST_BACKTRACE=full" "-e" "RUSTFLAGS=--cap-lints=warn" "-e" "RUSTDOCFLAGS=--cap-lints=warn" "-w" "/opt/rustwide/workdir" "--user" "0:0" "49d7ddd7525dc9d5879efe4e023003550d8efe16b7d96397758b962c5ad88f93" "/opt/rustwide/cargo-home/bin/cargo" "+1.99.0-beta.8" "test" "--frozen" "--no-run" "--message-format=json" "--release", kill_on_drop: false }`
[INFO] [stderr]    Compiling eventsourcingdb-es v0.2.0 (/opt/rustwide/workdir)
[INFO] [stderr]     Finished `release` profile [optimized] target(s) in 6.62s
[INFO] running `Command { std: "docker" "inspect" "49d7ddd7525dc9d5879efe4e023003550d8efe16b7d96397758b962c5ad88f93", kill_on_drop: false }`
[INFO] running `Command { std: "docker" "exec" "-e" "SOURCE_DIR=/opt/rustwide/workdir" "-e" "CARGO_HOME=/opt/rustwide/cargo-home" "-e" "RUSTUP_HOME=/opt/rustwide/rustup-home" "-e" "CARGO_TARGET_DIR=/opt/rustwide/target" "-e" "CARGO_INCREMENTAL=0" "-e" "RUST_BACKTRACE=full" "-e" "RUSTFLAGS=--cap-lints=warn" "-e" "RUSTDOCFLAGS=--cap-lints=warn" "-w" "/opt/rustwide/workdir" "--user" "0:0" "49d7ddd7525dc9d5879efe4e023003550d8efe16b7d96397758b962c5ad88f93" "/opt/rustwide/cargo-home/bin/cargo" "+1.99.0-beta.8" "test" "--frozen" "--release", kill_on_drop: false }`
[INFO] [stderr]     Finished `release` profile [optimized] target(s) in 0.23s
[INFO] [stderr]      Running unittests src/lib.rs (/opt/rustwide/target/release/deps/eventsourcingdb_es-e28a809667245c5d)
[INFO] [stdout] 
[INFO] [stdout] running 17 tests
[INFO] [stdout] test view_repository::tests::test_view_repository_load_with_context_missing_returns_none ... ok
[INFO] [stdout] test mappers::tests::test_map_type_to_reverse_domain_name ... ok
[INFO] [stdout] test view_repository::tests::test_view_repository ... ok
[INFO] [stdout] test mappers::tests::test_map_subject_to_aggregate_type_and_id ... ok
[INFO] [stdout] test mappers::tests::test_map_aggregate_type_to_subject ... ok
[INFO] [stdout] test view_repository::tests::test_view_repository_load_missing_returns_none ... ok
[INFO] [stdout] test view_repository::tests::test_view_repository_update_view_overwrites_existing_entry ... ok
[INFO] [stdout] test view_repository::tests::test_view_repository_load_with_context_roundtrip ... ok
[INFO] [stdout] test mappers::tests::test_map_reverse_domain_name_to_type ... ok
[INFO] [stdout] test event_repository::tests::test_event_repository_get_snapshot_returns_none ... ok
[INFO] [stdout] test event_repository::tests::test_event_repository_insert_events_empty_is_noop ... ok
[INFO] [stdout] test event_repository::tests::test_event_repository_inserts_successfully ... FAILED
[INFO] [stdout] test event_repository::tests::test_event_repository_get_last_events_filters_sequence ... FAILED
[INFO] [stdout] test event_repository::tests::test_event_repository_replay_stream_aggregate_instance ... FAILED
[INFO] [stdout] test event_repository::tests::test_event_repository_persist_ignores_snapshot_update_and_persists_events ... FAILED
[INFO] [stdout] test event_repository::tests::test_event_repository_stream_all_events_excludes_other_aggregate_type_subjects ... FAILED
[INFO] [stdout] test event_repository::tests::test_event_repository_replay_stream_all_aggregate_type ... FAILED
[INFO] [stdout] 
[INFO] [stdout] failures:
[INFO] [stdout] 
[INFO] [stdout] ---- event_repository::tests::test_event_repository_inserts_successfully stdout ----
[INFO] [stdout] 
[INFO] [stdout] thread 'event_repository::tests::test_event_repository_inserts_successfully' (3022) panicked at src/event_repository.rs:311:14:
[INFO] [stdout] called `Result::unwrap()` on an `Err` value: UnknownError(ReqwestError(reqwest::Error { kind: Request, url: "http://localhost:3000/api/v1/read-events", source: hyper_util::client::legacy::Error(Connect, ConnectError("tcp connect error", 127.0.0.1:3000, Os { code: 111, kind: ConnectionRefused, message: "Connection refused" })) }))
[INFO] [stdout] stack backtrace:
[INFO] [stdout]    0:     0x6184b8bf9e21 - <<std[70759c8f55707aa4]::sys::backtrace::BacktraceLock>::print::DisplayBacktrace as core[df12db4294e9bfd3]::fmt::Display>::fmt
[INFO] [stdout]    1:     0x6184b8c115aa - core[df12db4294e9bfd3]::fmt::write
[INFO] [stdout]    2:     0x6184b8bfeddc - <alloc[2182bb758b4b3781]::vec::Vec<u8> as core[df12db4294e9bfd3]::io::write::Write>::write_fmt
[INFO] [stdout]    3:     0x6184b8bd4616 - std[70759c8f55707aa4]::panicking::default_hook::{closure#0}
[INFO] [stdout]    4:     0x6184b8bf15b9 - std[70759c8f55707aa4]::panicking::default_hook
[INFO] [stdout]    5:     0x6184b86b6450 - test[9d35eded1c95d3be]::test_main_inner::<test[9d35eded1c95d3be]::test_main_static::{closure#0}>::{closure#0}
[INFO] [stdout]    6:     0x6184b8bf18e2 - std[70759c8f55707aa4]::panicking::panic_with_hook
[INFO] [stdout]    7:     0x6184b8bd46c2 - std[70759c8f55707aa4]::panicking::panic_handler::{closure#0}
[INFO] [stdout]    8:     0x6184b8bcd2c9 - std[70759c8f55707aa4]::sys::backtrace::__rust_end_short_backtrace::<std[70759c8f55707aa4]::panicking::panic_handler::{closure#0}, !>
[INFO] [stdout]    9:     0x6184b8bd54ad - __rustc[8fa7c3cbc660c2b3]::rust_begin_unwind
[INFO] [stdout]   10:     0x6184b8c11d8c - core[df12db4294e9bfd3]::panicking::panic_fmt
[INFO] [stdout]   11:     0x6184b8c11b62 - core[df12db4294e9bfd3]::result::unwrap_failed
[INFO] [stdout]   12:     0x6184b866e0c8 - eventsourcingdb_es[50d2fa7247f13539]::event_repository::tests::test_event_repository_inserts_successfully::{closure#0}
[INFO] [stdout]   13:     0x6184b8676f93 - <tokio[c734fa19d33728cc]::runtime::scheduler::current_thread::Context>::enter::<core[df12db4294e9bfd3]::task::poll::Poll<()>, <tokio[c734fa19d33728cc]::runtime::scheduler::current_thread::CoreGuard>::block_on<core[df12db4294e9bfd3]::pin::Pin<&mut core[df12db4294e9bfd3]::pin::Pin<&mut dyn core[df12db4294e9bfd3]::future::future::Future<Output = ()>>>>::{closure#0}::{closure#0}>
[INFO] [stdout]   14:     0x6184b868670c - <tokio[c734fa19d33728cc]::runtime::context::scoped::Scoped<tokio[c734fa19d33728cc]::runtime::scheduler::Context>>::set::<<tokio[c734fa19d33728cc]::runtime::scheduler::current_thread::CoreGuard>::enter<<tokio[c734fa19d33728cc]::runtime::scheduler::current_thread::CoreGuard>::block_on<core[df12db4294e9bfd3]::pin::Pin<&mut core[df12db4294e9bfd3]::pin::Pin<&mut dyn core[df12db4294e9bfd3]::future::future::Future<Output = ()>>>>::{closure#0}, core[df12db4294e9bfd3]::option::Option<()>>::{closure#0}, (alloc[2182bb758b4b3781]::boxed::Box<tokio[c734fa19d33728cc]::runtime::scheduler::current_thread::Core>, core[df12db4294e9bfd3]::option::Option<()>)>
[INFO] [stdout]   15:     0x6184b8677f75 - <tokio[c734fa19d33728cc]::runtime::scheduler::current_thread::CoreGuard>::block_on::<core[df12db4294e9bfd3]::pin::Pin<&mut core[df12db4294e9bfd3]::pin::Pin<&mut dyn core[df12db4294e9bfd3]::future::future::Future<Output = ()>>>>
[INFO] [stdout]   16:     0x6184b8695158 - tokio[c734fa19d33728cc]::runtime::context::runtime::enter_runtime::<<tokio[c734fa19d33728cc]::runtime::scheduler::current_thread::CurrentThread>::block_on<core[df12db4294e9bfd3]::pin::Pin<&mut dyn core[df12db4294e9bfd3]::future::future::Future<Output = ()>>>::{closure#0}, ()>
[INFO] [stdout]   17:     0x6184b8676b8b - <tokio[c734fa19d33728cc]::runtime::runtime::Runtime>::block_on::<core[df12db4294e9bfd3]::pin::Pin<&mut dyn core[df12db4294e9bfd3]::future::future::Future<Output = ()>>>
[INFO] [stdout]   18:     0x6184b8673028 - eventsourcingdb_es[50d2fa7247f13539]::event_repository::tests::test_event_repository_inserts_successfully
[INFO] [stdout]   19:     0x6184b86a3309 - <eventsourcingdb_es[50d2fa7247f13539]::event_repository::tests::test_event_repository_inserts_successfully::{closure#0} as core[df12db4294e9bfd3]::ops::function::FnOnce<()>>::call_once
[INFO] [stdout]   20:     0x6184b86a973b - test[9d35eded1c95d3be]::__rust_begin_short_backtrace::<core[df12db4294e9bfd3]::result::Result<(), alloc[2182bb758b4b3781]::string::String>, fn() -> core[df12db4294e9bfd3]::result::Result<(), alloc[2182bb758b4b3781]::string::String>>
[INFO] [stdout]   21:     0x6184b86b6da5 - test[9d35eded1c95d3be]::run_test::{closure#0}
[INFO] [stdout]   22:     0x6184b86b0664 - std[70759c8f55707aa4]::sys::backtrace::__rust_begin_short_backtrace::<test[9d35eded1c95d3be]::run_test::{closure#1}, ()>
[INFO] [stdout]   23:     0x6184b86b9f02 - <std[70759c8f55707aa4]::thread::lifecycle::spawn_unchecked<test[9d35eded1c95d3be]::run_test::{closure#1}, ()>::{closure#1} as core[df12db4294e9bfd3]::ops::function::FnOnce<()>>::call_once::{shim:vtable#0}
[INFO] [stdout]   24:     0x6184b8bf9349 - <std[70759c8f55707aa4]::sys::thread::unix::Thread>::new::thread_start
[INFO] [stdout]   25:     0x7dbca34d6dfa - <unknown>
[INFO] [stdout]   26:     0x7dbca356a3d4 - clone
[INFO] [stdout]   27:                0x0 - <unknown>
[INFO] [stdout] 
[INFO] [stdout] ---- event_repository::tests::test_event_repository_get_last_events_filters_sequence stdout ----
[INFO] [stdout] 
[INFO] [stdout] thread 'event_repository::tests::test_event_repository_get_last_events_filters_sequence' (3019) panicked at src/event_repository.rs:430:14:
[INFO] [stdout] called `Result::unwrap()` on an `Err` value: UnknownError(ReqwestError(reqwest::Error { kind: Request, url: "http://localhost:3000/api/v1/read-events", source: hyper_util::client::legacy::Error(Connect, ConnectError("tcp connect error", 127.0.0.1:3000, Os { code: 111, kind: ConnectionRefused, message: "Connection refused" })) }))
[INFO] [stdout] stack backtrace:
[INFO] [stdout]    0:     0x6184b8bf9e21 - <<std[70759c8f55707aa4]::sys::backtrace::BacktraceLock>::print::DisplayBacktrace as core[df12db4294e9bfd3]::fmt::Display>::fmt
[INFO] [stdout]    1:     0x6184b8c115aa - core[df12db4294e9bfd3]::fmt::write
[INFO] [stdout]    2:     0x6184b8bfeddc - <alloc[2182bb758b4b3781]::vec::Vec<u8> as core[df12db4294e9bfd3]::io::write::Write>::write_fmt
[INFO] [stdout]    3:     0x6184b8bd4616 - std[70759c8f55707aa4]::panicking::default_hook::{closure#0}
[INFO] [stdout]    4:     0x6184b8bf15b9 - std[70759c8f55707aa4]::panicking::default_hook
[INFO] [stdout]    5:     0x6184b86b6450 - test[9d35eded1c95d3be]::test_main_inner::<test[9d35eded1c95d3be]::test_main_static::{closure#0}>::{closure#0}
[INFO] [stdout]    6:     0x6184b8bf18e2 - std[70759c8f55707aa4]::panicking::panic_with_hook
[INFO] [stdout]    7:     0x6184b8bd46c2 - std[70759c8f55707aa4]::panicking::panic_handler::{closure#0}
[INFO] [stdout]    8:     0x6184b8bcd2c9 - std[70759c8f55707aa4]::sys::backtrace::__rust_end_short_backtrace::<std[70759c8f55707aa4]::panicking::panic_handler::{closure#0}, !>
[INFO] [stdout]    9:     0x6184b8bd54ad - __rustc[8fa7c3cbc660c2b3]::rust_begin_unwind
[INFO] [stdout]   10:     0x6184b8c11d8c - core[df12db4294e9bfd3]::panicking::panic_fmt
[INFO] [stdout]   11:     0x6184b8c11b62 - core[df12db4294e9bfd3]::result::unwrap_failed
[INFO] [stdout]   12:     0x6184b866f700 - eventsourcingdb_es[50d2fa7247f13539]::event_repository::tests::test_event_repository_get_last_events_filters_sequence::{closure#0}
[INFO] [stdout]   13:     0x6184b8676f93 - <tokio[c734fa19d33728cc]::runtime::scheduler::current_thread::Context>::enter::<core[df12db4294e9bfd3]::task::poll::Poll<()>, <tokio[c734fa19d33728cc]::runtime::scheduler::current_thread::CoreGuard>::block_on<core[df12db4294e9bfd3]::pin::Pin<&mut core[df12db4294e9bfd3]::pin::Pin<&mut dyn core[df12db4294e9bfd3]::future::future::Future<Output = ()>>>>::{closure#0}::{closure#0}>
[INFO] [stdout]   14:     0x6184b868670c - <tokio[c734fa19d33728cc]::runtime::context::scoped::Scoped<tokio[c734fa19d33728cc]::runtime::scheduler::Context>>::set::<<tokio[c734fa19d33728cc]::runtime::scheduler::current_thread::CoreGuard>::enter<<tokio[c734fa19d33728cc]::runtime::scheduler::current_thread::CoreGuard>::block_on<core[df12db4294e9bfd3]::pin::Pin<&mut core[df12db4294e9bfd3]::pin::Pin<&mut dyn core[df12db4294e9bfd3]::future::future::Future<Output = ()>>>>::{closure#0}, core[df12db4294e9bfd3]::option::Option<()>>::{closure#0}, (alloc[2182bb758b4b3781]::boxed::Box<tokio[c734fa19d33728cc]::runtime::scheduler::current_thread::Core>, core[df12db4294e9bfd3]::option::Option<()>)>
[INFO] [stdout]   15:     0x6184b8677f75 - <tokio[c734fa19d33728cc]::runtime::scheduler::current_thread::CoreGuard>::block_on::<core[df12db4294e9bfd3]::pin::Pin<&mut core[df12db4294e9bfd3]::pin::Pin<&mut dyn core[df12db4294e9bfd3]::future::future::Future<Output = ()>>>>
[INFO] [stdout]   16:     0x6184b8695158 - tokio[c734fa19d33728cc]::runtime::context::runtime::enter_runtime::<<tokio[c734fa19d33728cc]::runtime::scheduler::current_thread::CurrentThread>::block_on<core[df12db4294e9bfd3]::pin::Pin<&mut dyn core[df12db4294e9bfd3]::future::future::Future<Output = ()>>>::{closure#0}, ()>
[INFO] [stdout]   17:     0x6184b8676b8b - <tokio[c734fa19d33728cc]::runtime::runtime::Runtime>::block_on::<core[df12db4294e9bfd3]::pin::Pin<&mut dyn core[df12db4294e9bfd3]::future::future::Future<Output = ()>>>
[INFO] [stdout]   18:     0x6184b86733e8 - eventsourcingdb_es[50d2fa7247f13539]::event_repository::tests::test_event_repository_get_last_events_filters_sequence
[INFO] [stdout]   19:     0x6184b86a3369 - <eventsourcingdb_es[50d2fa7247f13539]::event_repository::tests::test_event_repository_get_last_events_filters_sequence::{closure#0} as core[df12db4294e9bfd3]::ops::function::FnOnce<()>>::call_once
[INFO] [stdout]   20:     0x6184b86a973b - test[9d35eded1c95d3be]::__rust_begin_short_backtrace::<core[df12db4294e9bfd3]::result::Result<(), alloc[2182bb758b4b3781]::string::String>, fn() -> core[df12db4294e9bfd3]::result::Result<(), alloc[2182bb758b4b3781]::string::String>>
[INFO] [stdout]   21:     0x6184b86b6da5 - test[9d35eded1c95d3be]::run_test::{closure#0}
[INFO] [stdout]   22:     0x6184b86b0664 - std[70759c8f55707aa4]::sys::backtrace::__rust_begin_short_backtrace::<test[9d35eded1c95d3be]::run_test::{closure#1}, ()>
[INFO] [stdout]   23:     0x6184b86b9f02 - <std[70759c8f55707aa4]::thread::lifecycle::spawn_unchecked<test[9d35eded1c95d3be]::run_test::{closure#1}, ()>::{closure#1} as core[df12db4294e9bfd3]::ops::function::FnOnce<()>>::call_once::{shim:vtable#0}
[INFO] [stdout]   24:     0x6184b8bf9349 - <std[70759c8f55707aa4]::sys::thread::unix::Thread>::new::thread_start
[INFO] [stdout]   25:     0x7dbca34d6dfa - <unknown>
[INFO] [stdout]   26:     0x7dbca356a3d4 - clone
[INFO] [stdout]   27:                0x0 - <unknown>
[INFO] [stdout] 
[INFO] [stdout] ---- event_repository::tests::test_event_repository_replay_stream_aggregate_instance stdout ----
[INFO] [stdout] 
[INFO] [stdout] thread 'event_repository::tests::test_event_repository_replay_stream_aggregate_instance' (3024) panicked at src/event_repository.rs:363:49:
[INFO] [stdout] called `Result::unwrap()` on an `Err` value: UnknownError(ReqwestError(reqwest::Error { kind: Request, url: "http://localhost:3000/api/v1/write-events", source: hyper_util::client::legacy::Error(Connect, ConnectError("tcp connect error", 127.0.0.1:3000, Os { code: 111, kind: ConnectionRefused, message: "Connection refused" })) }))
[INFO] [stdout] stack backtrace:
[INFO] [stdout]    0:     0x6184b8bf9e21 - <<std[70759c8f55707aa4]::sys::backtrace::BacktraceLock>::print::DisplayBacktrace as core[df12db4294e9bfd3]::fmt::Display>::fmt
[INFO] [stdout]    1:     0x6184b8c115aa - core[df12db4294e9bfd3]::fmt::write
[INFO] [stdout]    2:     0x6184b8bfeddc - <alloc[2182bb758b4b3781]::vec::Vec<u8> as core[df12db4294e9bfd3]::io::write::Write>::write_fmt
[INFO] [stdout]    3:     0x6184b8bd4616 - std[70759c8f55707aa4]::panicking::default_hook::{closure#0}
[INFO] [stdout]    4:     0x6184b8bf15b9 - std[70759c8f55707aa4]::panicking::default_hook
[INFO] [stdout]    5:     0x6184b86b6450 - test[9d35eded1c95d3be]::test_main_inner::<test[9d35eded1c95d3be]::test_main_static::{closure#0}>::{closure#0}
[INFO] [stdout]    6:     0x6184b8bf18e2 - std[70759c8f55707aa4]::panicking::panic_with_hook
[INFO] [stdout]    7:     0x6184b8bd46c2 - std[70759c8f55707aa4]::panicking::panic_handler::{closure#0}
[INFO] [stdout]    8:     0x6184b8bcd2c9 - std[70759c8f55707aa4]::sys::backtrace::__rust_end_short_backtrace::<std[70759c8f55707aa4]::panicking::panic_handler::{closure#0}, !>
[INFO] [stdout]    9:     0x6184b8bd54ad - __rustc[8fa7c3cbc660c2b3]::rust_begin_unwind
[INFO] [stdout]   10:     0x6184b8c11d8c - core[df12db4294e9bfd3]::panicking::panic_fmt
[INFO] [stdout]   11:     0x6184b8c11b62 - core[df12db4294e9bfd3]::result::unwrap_failed
[INFO] [stdout]   12:     0x6184b86700b9 - eventsourcingdb_es[50d2fa7247f13539]::event_repository::tests::test_event_repository_replay_stream_aggregate_instance::{closure#0}
[INFO] [stdout]   13:     0x6184b8676f93 - <tokio[c734fa19d33728cc]::runtime::scheduler::current_thread::Context>::enter::<core[df12db4294e9bfd3]::task::poll::Poll<()>, <tokio[c734fa19d33728cc]::runtime::scheduler::current_thread::CoreGuard>::block_on<core[df12db4294e9bfd3]::pin::Pin<&mut core[df12db4294e9bfd3]::pin::Pin<&mut dyn core[df12db4294e9bfd3]::future::future::Future<Output = ()>>>>::{closure#0}::{closure#0}>
[INFO] [stdout]   14:     0x6184b868670c - <tokio[c734fa19d33728cc]::runtime::context::scoped::Scoped<tokio[c734fa19d33728cc]::runtime::scheduler::Context>>::set::<<tokio[c734fa19d33728cc]::runtime::scheduler::current_thread::CoreGuard>::enter<<tokio[c734fa19d33728cc]::runtime::scheduler::current_thread::CoreGuard>::block_on<core[df12db4294e9bfd3]::pin::Pin<&mut core[df12db4294e9bfd3]::pin::Pin<&mut dyn core[df12db4294e9bfd3]::future::future::Future<Output = ()>>>>::{closure#0}, core[df12db4294e9bfd3]::option::Option<()>>::{closure#0}, (alloc[2182bb758b4b3781]::boxed::Box<tokio[c734fa19d33728cc]::runtime::scheduler::current_thread::Core>, core[df12db4294e9bfd3]::option::Option<()>)>
[INFO] [stdout]   15:     0x6184b8677f75 - <tokio[c734fa19d33728cc]::runtime::scheduler::current_thread::CoreGuard>::block_on::<core[df12db4294e9bfd3]::pin::Pin<&mut core[df12db4294e9bfd3]::pin::Pin<&mut dyn core[df12db4294e9bfd3]::future::future::Future<Output = ()>>>>
[INFO] [stdout]   16:     0x6184b8695158 - tokio[c734fa19d33728cc]::runtime::context::runtime::enter_runtime::<<tokio[c734fa19d33728cc]::runtime::scheduler::current_thread::CurrentThread>::block_on<core[df12db4294e9bfd3]::pin::Pin<&mut dyn core[df12db4294e9bfd3]::future::future::Future<Output = ()>>>::{closure#0}, ()>
[INFO] [stdout]   17:     0x6184b8676b8b - <tokio[c734fa19d33728cc]::runtime::runtime::Runtime>::block_on::<core[df12db4294e9bfd3]::pin::Pin<&mut dyn core[df12db4294e9bfd3]::future::future::Future<Output = ()>>>
[INFO] [stdout]   18:     0x6184b8673528 - eventsourcingdb_es[50d2fa7247f13539]::event_repository::tests::test_event_repository_replay_stream_aggregate_instance
[INFO] [stdout]   19:     0x6184b86a3389 - <eventsourcingdb_es[50d2fa7247f13539]::event_repository::tests::test_event_repository_replay_stream_aggregate_instance::{closure#0} as core[df12db4294e9bfd3]::ops::function::FnOnce<()>>::call_once
[INFO] [stdout]   20:     0x6184b86a973b - test[9d35eded1c95d3be]::__rust_begin_short_backtrace::<core[df12db4294e9bfd3]::result::Result<(), alloc[2182bb758b4b3781]::string::String>, fn() -> core[df12db4294e9bfd3]::result::Result<(), alloc[2182bb758b4b3781]::string::String>>
[INFO] [stdout]   21:     0x6184b86b6da5 - test[9d35eded1c95d3be]::run_test::{closure#0}
[INFO] [stdout]   22:     0x6184b86b0664 - std[70759c8f55707aa4]::sys::backtrace::__rust_begin_short_backtrace::<test[9d35eded1c95d3be]::run_test::{closure#1}, ()>
[INFO] [stdout]   23:     0x6184b86b9f02 - <std[70759c8f55707aa4]::thread::lifecycle::spawn_unchecked<test[9d35eded1c95d3be]::run_test::{closure#1}, ()>::{closure#1} as core[df12db4294e9bfd3]::ops::function::FnOnce<()>>::call_once::{shim:vtable#0}
[INFO] [stdout]   24:     0x6184b8bf9349 - <std[70759c8f55707aa4]::sys::thread::unix::Thread>::new::thread_start
[INFO] [stdout]   25:     0x7dbca34d6dfa - <unknown>
[INFO] [stdout]   26:     0x7dbca356a3d4 - clone
[INFO] [stdout]   27:                0x0 - <unknown>
[INFO] [stdout] 
[INFO] [stdout] ---- event_repository::tests::test_event_repository_persist_ignores_snapshot_update_and_persists_events stdout ----
[INFO] [stdout] 
[INFO] [stdout] thread 'event_repository::tests::test_event_repository_persist_ignores_snapshot_update_and_persists_events' (3023) panicked at src/event_repository.rs:504:14:
[INFO] [stdout] called `Result::unwrap()` on an `Err` value: UnknownError(ReqwestError(reqwest::Error { kind: Request, url: "http://localhost:3000/api/v1/read-events", source: hyper_util::client::legacy::Error(Connect, ConnectError("tcp connect error", 127.0.0.1:3000, Os { code: 111, kind: ConnectionRefused, message: "Connection refused" })) }))
[INFO] [stdout] stack backtrace:
[INFO] [stdout]    0:     0x6184b8bf9e21 - <<std[70759c8f55707aa4]::sys::backtrace::BacktraceLock>::print::DisplayBacktrace as core[df12db4294e9bfd3]::fmt::Display>::fmt
[INFO] [stdout]    1:     0x6184b8c115aa - core[df12db4294e9bfd3]::fmt::write
[INFO] [stdout]    2:     0x6184b8bfeddc - <alloc[2182bb758b4b3781]::vec::Vec<u8> as core[df12db4294e9bfd3]::io::write::Write>::write_fmt
[INFO] [stdout]    3:     0x6184b8bd4616 - std[70759c8f55707aa4]::panicking::default_hook::{closure#0}
[INFO] [stdout]    4:     0x6184b8bf15b9 - std[70759c8f55707aa4]::panicking::default_hook
[INFO] [stdout]    5:     0x6184b86b6450 - test[9d35eded1c95d3be]::test_main_inner::<test[9d35eded1c95d3be]::test_main_static::{closure#0}>::{closure#0}
[INFO] [stdout]    6:     0x6184b8bf18e2 - std[70759c8f55707aa4]::panicking::panic_with_hook
[INFO] [stdout]    7:     0x6184b8bd46c2 - std[70759c8f55707aa4]::panicking::panic_handler::{closure#0}
[INFO] [stdout]    8:     0x6184b8bcd2c9 - std[70759c8f55707aa4]::sys::backtrace::__rust_end_short_backtrace::<std[70759c8f55707aa4]::panicking::panic_handler::{closure#0}, !>
[INFO] [stdout]    9:     0x6184b8bd54ad - __rustc[8fa7c3cbc660c2b3]::rust_begin_unwind
[INFO] [stdout]   10:     0x6184b8c11d8c - core[df12db4294e9bfd3]::panicking::panic_fmt
[INFO] [stdout]   11:     0x6184b8c11b62 - core[df12db4294e9bfd3]::result::unwrap_failed
[INFO] [stdout]   12:     0x6184b86719c0 - eventsourcingdb_es[50d2fa7247f13539]::event_repository::tests::test_event_repository_persist_ignores_snapshot_update_and_persists_events::{closure#0}
[INFO] [stdout]   13:     0x6184b8676f93 - <tokio[c734fa19d33728cc]::runtime::scheduler::current_thread::Context>::enter::<core[df12db4294e9bfd3]::task::poll::Poll<()>, <tokio[c734fa19d33728cc]::runtime::scheduler::current_thread::CoreGuard>::block_on<core[df12db4294e9bfd3]::pin::Pin<&mut core[df12db4294e9bfd3]::pin::Pin<&mut dyn core[df12db4294e9bfd3]::future::future::Future<Output = ()>>>>::{closure#0}::{closure#0}>
[INFO] [stdout]   14:     0x6184b868670c - <tokio[c734fa19d33728cc]::runtime::context::scoped::Scoped<tokio[c734fa19d33728cc]::runtime::scheduler::Context>>::set::<<tokio[c734fa19d33728cc]::runtime::scheduler::current_thread::CoreGuard>::enter<<tokio[c734fa19d33728cc]::runtime::scheduler::current_thread::CoreGuard>::block_on<core[df12db4294e9bfd3]::pin::Pin<&mut core[df12db4294e9bfd3]::pin::Pin<&mut dyn core[df12db4294e9bfd3]::future::future::Future<Output = ()>>>>::{closure#0}, core[df12db4294e9bfd3]::option::Option<()>>::{closure#0}, (alloc[2182bb758b4b3781]::boxed::Box<tokio[c734fa19d33728cc]::runtime::scheduler::current_thread::Core>, core[df12db4294e9bfd3]::option::Option<()>)>
[INFO] [stdout]   15:     0x6184b8677f75 - <tokio[c734fa19d33728cc]::runtime::scheduler::current_thread::CoreGuard>::block_on::<core[df12db4294e9bfd3]::pin::Pin<&mut core[df12db4294e9bfd3]::pin::Pin<&mut dyn core[df12db4294e9bfd3]::future::future::Future<Output = ()>>>>
[INFO] [stdout]   16:     0x6184b8695158 - tokio[c734fa19d33728cc]::runtime::context::runtime::enter_runtime::<<tokio[c734fa19d33728cc]::runtime::scheduler::current_thread::CurrentThread>::block_on<core[df12db4294e9bfd3]::pin::Pin<&mut dyn core[df12db4294e9bfd3]::future::future::Future<Output = ()>>>::{closure#0}, ()>
[INFO] [stdout]   17:     0x6184b8676b8b - <tokio[c734fa19d33728cc]::runtime::runtime::Runtime>::block_on::<core[df12db4294e9bfd3]::pin::Pin<&mut dyn core[df12db4294e9bfd3]::future::future::Future<Output = ()>>>
[INFO] [stdout]   18:     0x6184b86737a8 - eventsourcingdb_es[50d2fa7247f13539]::event_repository::tests::test_event_repository_persist_ignores_snapshot_update_and_persists_events
[INFO] [stdout]   19:     0x6184b86a33c9 - <eventsourcingdb_es[50d2fa7247f13539]::event_repository::tests::test_event_repository_persist_ignores_snapshot_update_and_persists_events::{closure#0} as core[df12db4294e9bfd3]::ops::function::FnOnce<()>>::call_once
[INFO] [stdout]   20:     0x6184b86a973b - test[9d35eded1c95d3be]::__rust_begin_short_backtrace::<core[df12db4294e9bfd3]::result::Result<(), alloc[2182bb758b4b3781]::string::String>, fn() -> core[df12db4294e9bfd3]::result::Result<(), alloc[2182bb758b4b3781]::string::String>>
[INFO] [stdout]   21:     0x6184b86b6da5 - test[9d35eded1c95d3be]::run_test::{closure#0}
[INFO] [stdout]   22:     0x6184b86b0664 - std[70759c8f55707aa4]::sys::backtrace::__rust_begin_short_backtrace::<test[9d35eded1c95d3be]::run_test::{closure#1}, ()>
[INFO] [stdout]   23:     0x6184b86b9f02 - <std[70759c8f55707aa4]::thread::lifecycle::spawn_unchecked<test[9d35eded1c95d3be]::run_test::{closure#1}, ()>::{closure#1} as core[df12db4294e9bfd3]::ops::function::FnOnce<()>>::call_once::{shim:vtable#0}
[INFO] [stdout]   24:     0x6184b8bf9349 - <std[70759c8f55707aa4]::sys::thread::unix::Thread>::new::thread_start
[INFO] [stdout]   25:     0x7dbca34d6dfa - <unknown>
[INFO] [stdout]   26:     0x7dbca356a3d4 - clone
[INFO] [stdout]   27:                0x0 - <unknown>
[INFO] [stdout] 
[INFO] [stdout] ---- event_repository::tests::test_event_repository_stream_all_events_excludes_other_aggregate_type_subjects stdout ----
[INFO] [stdout] 
[INFO] [stdout] thread 'event_repository::tests::test_event_repository_stream_all_events_excludes_other_aggregate_type_subjects' (3026) panicked at src/event_repository.rs:550:14:
[INFO] [stdout] called `Result::unwrap()` on an `Err` value: UnknownError(ReqwestError(reqwest::Error { kind: Request, url: "http://localhost:3000/api/v1/write-events", source: hyper_util::client::legacy::Error(Connect, ConnectError("tcp connect error", 127.0.0.1:3000, Os { code: 111, kind: ConnectionRefused, message: "Connection refused" })) }))
[INFO] [stdout] stack backtrace:
[INFO] [stdout]    0:     0x6184b8bf9e21 - <<std[70759c8f55707aa4]::sys::backtrace::BacktraceLock>::print::DisplayBacktrace as core[df12db4294e9bfd3]::fmt::Display>::fmt
[INFO] [stdout]    1:     0x6184b8c115aa - core[df12db4294e9bfd3]::fmt::write
[INFO] [stdout]    2:     0x6184b8bfeddc - <alloc[2182bb758b4b3781]::vec::Vec<u8> as core[df12db4294e9bfd3]::io::write::Write>::write_fmt
[INFO] [stdout]    3:     0x6184b8bd4616 - std[70759c8f55707aa4]::panicking::default_hook::{closure#0}
[INFO] [stdout]    4:     0x6184b8bf15b9 - std[70759c8f55707aa4]::panicking::default_hook
[INFO] [stdout]    5:     0x6184b86b6450 - test[9d35eded1c95d3be]::test_main_inner::<test[9d35eded1c95d3be]::test_main_static::{closure#0}>::{closure#0}
[INFO] [stdout]    6:     0x6184b8bf18e2 - std[70759c8f55707aa4]::panicking::panic_with_hook
[INFO] [stdout]    7:     0x6184b8bd46c2 - std[70759c8f55707aa4]::panicking::panic_handler::{closure#0}
[INFO] [stdout]    8:     0x6184b8bcd2c9 - std[70759c8f55707aa4]::sys::backtrace::__rust_end_short_backtrace::<std[70759c8f55707aa4]::panicking::panic_handler::{closure#0}, !>
[INFO] [stdout]    9:     0x6184b8bd54ad - __rustc[8fa7c3cbc660c2b3]::rust_begin_unwind
[INFO] [stdout]   10:     0x6184b8c11d8c - core[df12db4294e9bfd3]::panicking::panic_fmt
[INFO] [stdout]   11:     0x6184b8c11b62 - core[df12db4294e9bfd3]::result::unwrap_failed
[INFO] [stdout]   12:     0x6184b86725fb - eventsourcingdb_es[50d2fa7247f13539]::event_repository::tests::test_event_repository_stream_all_events_excludes_other_aggregate_type_subjects::{closure#0}
[INFO] [stdout]   13:     0x6184b8676f93 - <tokio[c734fa19d33728cc]::runtime::scheduler::current_thread::Context>::enter::<core[df12db4294e9bfd3]::task::poll::Poll<()>, <tokio[c734fa19d33728cc]::runtime::scheduler::current_thread::CoreGuard>::block_on<core[df12db4294e9bfd3]::pin::Pin<&mut core[df12db4294e9bfd3]::pin::Pin<&mut dyn core[df12db4294e9bfd3]::future::future::Future<Output = ()>>>>::{closure#0}::{closure#0}>
[INFO] [stdout]   14:     0x6184b868670c - <tokio[c734fa19d33728cc]::runtime::context::scoped::Scoped<tokio[c734fa19d33728cc]::runtime::scheduler::Context>>::set::<<tokio[c734fa19d33728cc]::runtime::scheduler::current_thread::CoreGuard>::enter<<tokio[c734fa19d33728cc]::runtime::scheduler::current_thread::CoreGuard>::block_on<core[df12db4294e9bfd3]::pin::Pin<&mut core[df12db4294e9bfd3]::pin::Pin<&mut dyn core[df12db4294e9bfd3]::future::future::Future<Output = ()>>>>::{closure#0}, core[df12db4294e9bfd3]::option::Option<()>>::{closure#0}, (alloc[2182bb758b4b3781]::boxed::Box<tokio[c734fa19d33728cc]::runtime::scheduler::current_thread::Core>, core[df12db4294e9bfd3]::option::Option<()>)>
[INFO] [stdout]   15:     0x6184b8677f75 - <tokio[c734fa19d33728cc]::runtime::scheduler::current_thread::CoreGuard>::block_on::<core[df12db4294e9bfd3]::pin::Pin<&mut core[df12db4294e9bfd3]::pin::Pin<&mut dyn core[df12db4294e9bfd3]::future::future::Future<Output = ()>>>>
[INFO] [stdout]   16:     0x6184b8695158 - tokio[c734fa19d33728cc]::runtime::context::runtime::enter_runtime::<<tokio[c734fa19d33728cc]::runtime::scheduler::current_thread::CurrentThread>::block_on<core[df12db4294e9bfd3]::pin::Pin<&mut dyn core[df12db4294e9bfd3]::future::future::Future<Output = ()>>>::{closure#0}, ()>
[INFO] [stdout]   17:     0x6184b8676b8b - <tokio[c734fa19d33728cc]::runtime::runtime::Runtime>::block_on::<core[df12db4294e9bfd3]::pin::Pin<&mut dyn core[df12db4294e9bfd3]::future::future::Future<Output = ()>>>
[INFO] [stdout]   18:     0x6184b86738e8 - eventsourcingdb_es[50d2fa7247f13539]::event_repository::tests::test_event_repository_stream_all_events_excludes_other_aggregate_type_subjects
[INFO] [stdout]   19:     0x6184b86a33e9 - <eventsourcingdb_es[50d2fa7247f13539]::event_repository::tests::test_event_repository_stream_all_events_excludes_other_aggregate_type_subjects::{closure#0} as core[df12db4294e9bfd3]::ops::function::FnOnce<()>>::call_once
[INFO] [stdout]   20:     0x6184b86a973b - test[9d35eded1c95d3be]::__rust_begin_short_backtrace::<core[df12db4294e9bfd3]::result::Result<(), alloc[2182bb758b4b3781]::string::String>, fn() -> core[df12db4294e9bfd3]::result::Result<(), alloc[2182bb758b4b3781]::string::String>>
[INFO] [stdout]   21:     0x6184b86b6da5 - test[9d35eded1c95d3be]::run_test::{closure#0}
[INFO] [stdout]   22:     0x6184b86b0664 - std[70759c8f55707aa4]::sys::backtrace::__rust_begin_short_backtrace::<test[9d35eded1c95d3be]::run_test::{closure#1}, ()>
[INFO] [stdout]   23:     0x6184b86b9f02 - <std[70759c8f55707aa4]::thread::lifecycle::spawn_unchecked<test[9d35eded1c95d3be]::run_test::{closure#1}, ()>::{closure#1} as core[df12db4294e9bfd3]::ops::function::FnOnce<()>>::call_once::{shim:vtable#0}
[INFO] [stdout]   24:     0x6184b8bf9349 - <std[70759c8f55707aa4]::sys::thread::unix::Thread>::new::thread_start
[INFO] [stdout]   25:     0x7dbca34d6dfa - <unknown>
[INFO] [stdout]   26:     0x7dbca356a3d4 - clone
[INFO] [stdout]   27:                0x0 - <unknown>
[INFO] [stdout] 
[INFO] [stdout] ---- event_repository::tests::test_event_repository_replay_stream_all_aggregate_type stdout ----
[INFO] [stdout] 
[INFO] [stdout] thread 'event_repository::tests::test_event_repository_replay_stream_all_aggregate_type' (3025) panicked at src/event_repository.rs:396:53:
[INFO] [stdout] called `Result::unwrap()` on an `Err` value: UnknownError(ReqwestError(reqwest::Error { kind: Request, url: "http://localhost:3000/api/v1/write-events", source: hyper_util::client::legacy::Error(Connect, ConnectError("tcp connect error", 127.0.0.1:3000, Os { code: 111, kind: ConnectionRefused, message: "Connection refused" })) }))
[INFO] [stdout] stack backtrace:
[INFO] [stdout]    0:     0x6184b8bf9e21 - <<std[70759c8f55707aa4]::sys::backtrace::BacktraceLock>::print::DisplayBacktrace as core[df12db4294e9bfd3]::fmt::Display>::fmt
[INFO] [stdout]    1:     0x6184b8c115aa - core[df12db4294e9bfd3]::fmt::write
[INFO] [stdout]    2:     0x6184b8bfeddc - <alloc[2182bb758b4b3781]::vec::Vec<u8> as core[df12db4294e9bfd3]::io::write::Write>::write_fmt
[INFO] [stdout]    3:     0x6184b8bd4616 - std[70759c8f55707aa4]::panicking::default_hook::{closure#0}
[INFO] [stdout]    4:     0x6184b8bf15b9 - std[70759c8f55707aa4]::panicking::default_hook
[INFO] [stdout]    5:     0x6184b86b6450 - test[9d35eded1c95d3be]::test_main_inner::<test[9d35eded1c95d3be]::test_main_static::{closure#0}>::{closure#0}
[INFO] [stdout]    6:     0x6184b8bf18e2 - std[70759c8f55707aa4]::panicking::panic_with_hook
[INFO] [stdout]    7:     0x6184b8bd46c2 - std[70759c8f55707aa4]::panicking::panic_handler::{closure#0}
[INFO] [stdout]    8:     0x6184b8bcd2c9 - std[70759c8f55707aa4]::sys::backtrace::__rust_end_short_backtrace::<std[70759c8f55707aa4]::panicking::panic_handler::{closure#0}, !>
[INFO] [stdout]    9:     0x6184b8bd54ad - __rustc[8fa7c3cbc660c2b3]::rust_begin_unwind
[INFO] [stdout]   10:     0x6184b8c11d8c - core[df12db4294e9bfd3]::panicking::panic_fmt
[INFO] [stdout]   11:     0x6184b8c11b62 - core[df12db4294e9bfd3]::result::unwrap_failed
[INFO] [stdout]   12:     0x6184b8670cdd - eventsourcingdb_es[50d2fa7247f13539]::event_repository::tests::test_event_repository_replay_stream_all_aggregate_type::{closure#0}
[INFO] [stdout]   13:     0x6184b8676f93 - <tokio[c734fa19d33728cc]::runtime::scheduler::current_thread::Context>::enter::<core[df12db4294e9bfd3]::task::poll::Poll<()>, <tokio[c734fa19d33728cc]::runtime::scheduler::current_thread::CoreGuard>::block_on<core[df12db4294e9bfd3]::pin::Pin<&mut core[df12db4294e9bfd3]::pin::Pin<&mut dyn core[df12db4294e9bfd3]::future::future::Future<Output = ()>>>>::{closure#0}::{closure#0}>
[INFO] [stdout]   14:     0x6184b868670c - <tokio[c734fa19d33728cc]::runtime::context::scoped::Scoped<tokio[c734fa19d33728cc]::runtime::scheduler::Context>>::set::<<tokio[c734fa19d33728cc]::runtime::scheduler::current_thread::CoreGuard>::enter<<tokio[c734fa19d33728cc]::runtime::scheduler::current_thread::CoreGuard>::block_on<core[df12db4294e9bfd3]::pin::Pin<&mut core[df12db4294e9bfd3]::pin::Pin<&mut dyn core[df12db4294e9bfd3]::future::future::Future<Output = ()>>>>::{closure#0}, core[df12db4294e9bfd3]::option::Option<()>>::{closure#0}, (alloc[2182bb758b4b3781]::boxed::Box<tokio[c734fa19d33728cc]::runtime::scheduler::current_thread::Core>, core[df12db4294e9bfd3]::option::Option<()>)>
[INFO] [stdout]   15:     0x6184b8677f75 - <tokio[c734fa19d33728cc]::runtime::scheduler::current_thread::CoreGuard>::block_on::<core[df12db4294e9bfd3]::pin::Pin<&mut core[df12db4294e9bfd3]::pin::Pin<&mut dyn core[df12db4294e9bfd3]::future::future::Future<Output = ()>>>>
[INFO] [stdout]   16:     0x6184b8695158 - tokio[c734fa19d33728cc]::runtime::context::runtime::enter_runtime::<<tokio[c734fa19d33728cc]::runtime::scheduler::current_thread::CurrentThread>::block_on<core[df12db4294e9bfd3]::pin::Pin<&mut dyn core[df12db4294e9bfd3]::future::future::Future<Output = ()>>>::{closure#0}, ()>
[INFO] [stdout]   17:     0x6184b8676b8b - <tokio[c734fa19d33728cc]::runtime::runtime::Runtime>::block_on::<core[df12db4294e9bfd3]::pin::Pin<&mut dyn core[df12db4294e9bfd3]::future::future::Future<Output = ()>>>
[INFO] [stdout]   18:     0x6184b8673668 - eventsourcingdb_es[50d2fa7247f13539]::event_repository::tests::test_event_repository_replay_stream_all_aggregate_type
[INFO] [stdout]   19:     0x6184b86a33a9 - <eventsourcingdb_es[50d2fa7247f13539]::event_repository::tests::test_event_repository_replay_stream_all_aggregate_type::{closure#0} as core[df12db4294e9bfd3]::ops::function::FnOnce<()>>::call_once
[INFO] [stdout]   20:     0x6184b86a973b - test[9d35eded1c95d3be]::__rust_begin_short_backtrace::<core[df12db4294e9bfd3]::result::Result<(), alloc[2182bb758b4b3781]::string::String>, fn() -> core[df12db4294e9bfd3]::result::Result<(), alloc[2182bb758b4b3781]::string::String>>
[INFO] [stdout]   21:     0x6184b86b6da5 - test[9d35eded1c95d3be]::run_test::{closure#0}
[INFO] [stdout]   22:     0x6184b86b0664 - std[70759c8f55707aa4]::sys::backtrace::__rust_begin_short_backtrace::<test[9d35eded1c95d3be]::run_test::{closure#1}, ()>
[INFO] [stdout]   23:     0x6184b86b9f02 - <std[70759c8f55707aa4]::thread::lifecycle::spawn_unchecked<test[9d35eded1c95d3be]::run_test::{closure#1}, ()>::{closure#1} as core[df12db4294e9bfd3]::ops::function::FnOnce<()>>::call_once::{shim:vtable#0}
[INFO] [stdout]   24:     0x6184b8bf9349 - <std[70759c8f55707aa4]::sys::thread::unix::Thread>::new::thread_start
[INFO] [stdout]   25:     0x7dbca34d6dfa - <unknown>
[INFO] [stdout]   26:     0x7dbca356a3d4 - clone
[INFO] [stdout]   27:                0x0 - <unknown>
[INFO] [stdout] 
[INFO] [stdout] 
[INFO] [stdout] failures:
[INFO] [stdout]     event_repository::tests::test_event_repository_get_last_events_filters_sequence
[INFO] [stdout]     event_repository::tests::test_event_repository_inserts_successfully
[INFO] [stdout]     event_repository::tests::test_event_repository_persist_ignores_snapshot_update_and_persists_events
[INFO] [stdout]     event_repository::tests::test_event_repository_replay_stream_aggregate_instance
[INFO] [stdout]     event_repository::tests::test_event_repository_replay_stream_all_aggregate_type
[INFO] [stdout]     event_repository::tests::test_event_repository_stream_all_events_excludes_other_aggregate_type_subjects
[INFO] [stdout] 
[INFO] [stdout] test result: FAILED. 11 passed; 6 failed; 0 ignored; 0 measured; 0 filtered out; finished in 0.12s
[INFO] [stdout] 
[INFO] [stderr] error: test failed, to rerun pass `--lib`
[INFO] running `Command { std: "docker" "inspect" "49d7ddd7525dc9d5879efe4e023003550d8efe16b7d96397758b962c5ad88f93", kill_on_drop: false }`
[INFO] running `Command { std: "docker" "rm" "-f" "49d7ddd7525dc9d5879efe4e023003550d8efe16b7d96397758b962c5ad88f93", kill_on_drop: false }`
[INFO] [stdout] 49d7ddd7525dc9d5879efe4e023003550d8efe16b7d96397758b962c5ad88f93
