[INFO] fetching crate eventsauce-store-dynamodb 0.1.0...
[INFO] testing eventsauce-store-dynamodb-0.1.0 against 1.100.0-beta.1+cargoflags=--release for beta-release-1.100-2
[INFO] extracting crate eventsauce-store-dynamodb 0.1.0 into /workspace/builds/worker-4-tc2/source
[INFO] started tweaking crates.io crate eventsauce-store-dynamodb 0.1.0
[INFO] removed 0 missing tests
[INFO] finished tweaking crates.io crate eventsauce-store-dynamodb 0.1.0
[INFO] tweaked toml for crates.io crate eventsauce-store-dynamodb 0.1.0 written to /workspace/builds/worker-4-tc2/source/Cargo.toml
[INFO] validating manifest of crates.io crate eventsauce-store-dynamodb 0.1.0 on toolchain 1.100.0-beta.1
[INFO] running `Command { std: CARGO_HOME="/workspace/cargo-home" RUSTUP_HOME="/workspace/rustup-home" "/workspace/cargo-home/bin/cargo" "+1.100.0-beta.1" "metadata" "--manifest-path" "Cargo.toml" "--no-deps", kill_on_drop: false }`
[INFO] crate crates.io crate eventsauce-store-dynamodb 0.1.0 already has a lockfile, it will not be regenerated
[INFO] running `Command { std: CARGO_HOME="/workspace/cargo-home" RUSTUP_HOME="/workspace/rustup-home" "/workspace/cargo-home/bin/cargo" "+1.100.0-beta.1" "fetch" "--manifest-path" "Cargo.toml", kill_on_drop: false }`
[INFO] running `Command { std: "docker" "create" "-v" "/var/lib/crater-agent-workspace/builds/worker-4-tc2/source:/opt/rustwide/workdir:ro,Z" "-v" "/var/lib/crater-agent-workspace/builds/worker-4-tc2/target:/opt/rustwide/target:rw,Z" "-v" "/var/lib/crater-agent-workspace/cargo-home:/opt/rustwide/cargo-home:ro,Z" "-v" "/var/lib/crater-agent-workspace/rustup-home:/opt/rustwide/rustup-home:ro,Z" "-m" "1610612736" "--network" "none" "ghcr.io/rust-lang/crates-build-env/linux@sha256:77db811e55d90add9212f6832c23229e3de5f1c1f9905e8cb07319ea15df73ac" "sleep" "infinity", kill_on_drop: false }`
[INFO] [stdout] caf64e8d117e19cc5fc12b5c6dc233a064907aea98f808386a1c191527d431ef
[INFO] running `Command { std: "docker" "start" "caf64e8d117e19cc5fc12b5c6dc233a064907aea98f808386a1c191527d431ef", kill_on_drop: false }`
[INFO] running `Command { std: "docker" "inspect" "caf64e8d117e19cc5fc12b5c6dc233a064907aea98f808386a1c191527d431ef", kill_on_drop: false }`
[INFO] running `Command { std: "docker" "exec" "-e" "SOURCE_DIR=/opt/rustwide/workdir" "-e" "CARGO_HOME=/opt/rustwide/cargo-home" "-e" "RUSTUP_HOME=/opt/rustwide/rustup-home" "-e" "CARGO_TARGET_DIR=/opt/rustwide/target" "-w" "/opt/rustwide/workdir" "--user" "0:0" "caf64e8d117e19cc5fc12b5c6dc233a064907aea98f808386a1c191527d431ef" "/opt/rustwide/cargo-home/bin/cargo" "+1.100.0-beta.1" "metadata" "--no-deps" "--format-version=1", kill_on_drop: false }`
[INFO] running `Command { std: "docker" "inspect" "caf64e8d117e19cc5fc12b5c6dc233a064907aea98f808386a1c191527d431ef", kill_on_drop: false }`
[INFO] running `Command { std: "docker" "exec" "-e" "SOURCE_DIR=/opt/rustwide/workdir" "-e" "CARGO_HOME=/opt/rustwide/cargo-home" "-e" "RUSTUP_HOME=/opt/rustwide/rustup-home" "-e" "CARGO_TARGET_DIR=/opt/rustwide/target" "-e" "CARGO_INCREMENTAL=0" "-e" "RUST_BACKTRACE=full" "-e" "RUSTFLAGS=--cap-lints=warn" "-e" "RUSTDOCFLAGS=--cap-lints=warn" "-w" "/opt/rustwide/workdir" "--user" "0:0" "caf64e8d117e19cc5fc12b5c6dc233a064907aea98f808386a1c191527d431ef" "/opt/rustwide/cargo-home/bin/cargo" "+1.100.0-beta.1" "build" "--frozen" "--message-format=json" "--release", kill_on_drop: false }`
[INFO] [stderr]    Compiling find-msvc-tools v0.1.11
[INFO] [stderr]    Compiling futures-task v0.3.34
[INFO] [stderr]    Compiling http v1.5.0
[INFO] [stderr]    Compiling either v1.18.0
[INFO] [stderr]    Compiling mio v1.2.3
[INFO] [stderr]    Compiling jobserver v0.1.35
[INFO] [stderr]    Compiling num-traits v0.2.19
[INFO] [stderr]    Compiling time v0.3.55
[INFO] [stderr]    Compiling outref v0.5.2
[INFO] [stderr]    Compiling vsimd v0.8.0
[INFO] [stderr]    Compiling syn v2.0.119
[INFO] [stderr]    Compiling syn v3.0.4
[INFO] [stderr]    Compiling smallvec v1.16.0
[INFO] [stderr]    Compiling getrandom v0.2.17
[INFO] [stderr]    Compiling futures-util v0.3.34
[INFO] [stderr]    Compiling rustls-pki-types v1.15.1
[INFO] [stderr]    Compiling hybrid-array v0.4.14
[INFO] [stderr]    Compiling rustls v0.23.43
[INFO] [stderr]    Compiling rustls v0.21.12
[INFO] [stderr]    Compiling cmov v0.5.4
[INFO] [stderr]    Compiling socket2 v0.5.10
[INFO] [stderr]    Compiling ipnet v2.12.1
[INFO] [stderr]    Compiling bytes-utils v0.1.4
[INFO] [stderr]    Compiling cc v1.4.4
[INFO] [stderr]    Compiling tower v0.5.3
[INFO] [stderr]    Compiling ctutils v0.4.2
[INFO] [stderr]    Compiling aws-types v1.6.0
[INFO] [stderr]    Compiling cpufeatures v0.3.1
[INFO] [stderr]    Compiling tokio v1.53.1
[INFO] [stderr]    Compiling rustls-native-certs v0.8.4
[INFO] [stderr]    Compiling uuid v1.26.0
[INFO] [stderr]    Compiling base64-simd v0.8.0
[INFO] [stderr]    Compiling serde v1.0.229
[INFO] [stderr]    Compiling crypto-common v0.2.2
[INFO] [stderr]    Compiling block-buffer v0.12.1
[INFO] [stderr]    Compiling http-body v1.1.0
[INFO] [stderr]    Compiling num-integer v0.1.47
[INFO] [stderr]    Compiling http-body-util v0.1.5
[INFO] [stderr]    Compiling cmake v0.1.58
[INFO] [stderr]    Compiling ring v0.17.14
[INFO] [stderr]    Compiling aws-lc-sys v0.45.0
[INFO] [stderr]    Compiling digest v0.11.3
[INFO] [stderr]    Compiling hmac v0.13.0
[INFO] [stderr]    Compiling sha2 v0.11.0
[INFO] [stderr]    Compiling zerovec-derive v0.11.6
[INFO] [stderr]    Compiling displaydoc v0.2.7
[INFO] [stderr]    Compiling thiserror-impl v2.0.20
[INFO] [stderr]    Compiling synstructure v0.13.2
[INFO] [stderr]    Compiling thiserror v2.0.20
[INFO] [stderr]    Compiling tracing-attributes v0.1.31
[INFO] [stderr]    Compiling zerofrom-derive v0.1.7
[INFO] [stderr]    Compiling yoke-derive v0.8.2
[INFO] [stderr]    Compiling tokio-util v0.7.19
[INFO] [stderr]    Compiling aws-smithy-async v1.3.0
[INFO] [stderr]    Compiling aws-smithy-runtime-api-macros v1.1.0
[INFO] [stderr]    Compiling eventsauce-macros v0.1.0
[INFO] [stderr]    Compiling aws-smithy-types v1.6.3
[INFO] [stderr]    Compiling eventsauce v0.1.0
[INFO] [stderr]    Compiling zerofrom v0.1.8
[INFO] [stderr]    Compiling tracing v0.1.44
[INFO] [stderr]    Compiling yoke v0.8.3
[INFO] [stderr]    Compiling zerovec v0.11.8
[INFO] [stderr]    Compiling zerotrie v0.2.5
[INFO] [stderr]    Compiling h2 v0.4.19
[INFO] [stderr]    Compiling h2 v0.3.27
[INFO] [stderr]    Compiling aws-smithy-runtime-api v1.16.0
[INFO] [stderr]    Compiling tinystr v0.8.4
[INFO] [stderr]    Compiling potential_utf v0.1.6
[INFO] [stderr]    Compiling icu_collections v2.3.0
[INFO] [stderr]    Compiling icu_locale_core v2.3.0
[INFO] [stderr]    Compiling aws-smithy-schema v0.2.0
[INFO] [stderr]    Compiling aws-credential-types v1.3.0
[INFO] [stderr]    Compiling aws-smithy-http v0.64.0
[INFO] [stderr]    Compiling aws-smithy-observability v0.3.0
[INFO] [stderr]    Compiling icu_provider v2.3.1
[INFO] [stderr]    Compiling aws-sigv4 v1.5.1
[INFO] [stderr]    Compiling icu_properties v2.3.0
[INFO] [stderr]    Compiling icu_normalizer v2.3.0
[INFO] [stderr]    Compiling aws-smithy-json v0.63.0
[INFO] [stderr]    Compiling hyper v1.11.1
[INFO] [stderr]    Compiling hyper v0.14.32
[INFO] [stderr]    Compiling idna_adapter v1.2.2
[INFO] [stderr]    Compiling idna v1.1.0
[INFO] [stderr]    Compiling rustls-webpki v0.101.7
[INFO] [stderr]    Compiling sct v0.7.1
[INFO] [stderr]    Compiling hyper-util v0.1.20
[INFO] [stderr]    Compiling url v2.5.8
[INFO] [stderr]    Compiling tokio-rustls v0.24.1
[INFO] [stderr]    Compiling hyper-rustls v0.24.2
[INFO] [stderr]    Compiling aws-lc-rs v1.18.1
[INFO] [stderr]    Compiling rustls-webpki v0.103.15
[INFO] [stderr]    Compiling tokio-rustls v0.26.5
[INFO] [stderr]    Compiling hyper-rustls v0.27.9
[INFO] [stderr]    Compiling aws-smithy-http-client v1.4.0
[INFO] [stderr]    Compiling aws-smithy-runtime v1.14.0
[INFO] [stderr]    Compiling aws-runtime v1.9.2
[INFO] [stderr]    Compiling aws-sdk-dynamodb v1.123.0
[INFO] [stderr]    Compiling eventsauce-store-dynamodb v0.1.0 (/opt/rustwide/workdir)
[INFO] [stderr]     Finished `release` profile [optimized] target(s) in 3m 25s
[INFO] running `Command { std: "docker" "inspect" "caf64e8d117e19cc5fc12b5c6dc233a064907aea98f808386a1c191527d431ef", kill_on_drop: false }`
[INFO] running `Command { std: "docker" "exec" "-e" "SOURCE_DIR=/opt/rustwide/workdir" "-e" "CARGO_HOME=/opt/rustwide/cargo-home" "-e" "RUSTUP_HOME=/opt/rustwide/rustup-home" "-e" "CARGO_TARGET_DIR=/opt/rustwide/target" "-e" "CARGO_INCREMENTAL=0" "-e" "RUST_BACKTRACE=full" "-e" "RUSTFLAGS=--cap-lints=warn" "-e" "RUSTDOCFLAGS=--cap-lints=warn" "-w" "/opt/rustwide/workdir" "--user" "0:0" "caf64e8d117e19cc5fc12b5c6dc233a064907aea98f808386a1c191527d431ef" "/opt/rustwide/cargo-home/bin/cargo" "+1.100.0-beta.1" "test" "--frozen" "--no-run" "--message-format=json" "--release", kill_on_drop: false }`
[INFO] [stderr]    Compiling syn v3.0.4
[INFO] [stderr]    Compiling deranged v0.5.8
[INFO] [stderr]    Compiling uuid v1.26.0
[INFO] [stderr]    Compiling xmlparser v0.13.6
[INFO] [stderr]    Compiling eventsauce-macros v0.1.0
[INFO] [stderr]    Compiling generic-array v0.14.7
[INFO] [stderr]    Compiling serde_json v1.0.151
[INFO] [stderr]    Compiling crypto-common v0.1.7
[INFO] [stderr]    Compiling block-buffer v0.10.4
[INFO] [stderr]    Compiling digest v0.10.7
[INFO] [stderr]    Compiling sha1 v0.10.7
[INFO] [stderr]    Compiling time v0.3.55
[INFO] [stderr]    Compiling tokio-macros v2.7.2
[INFO] [stderr]    Compiling zerovec-derive v0.11.6
[INFO] [stderr]    Compiling displaydoc v0.2.7
[INFO] [stderr]    Compiling thiserror-impl v2.0.20
[INFO] [stderr]    Compiling serde_derive v1.0.229
[INFO] [stderr]    Compiling tokio v1.53.1
[INFO] [stderr]    Compiling zerotrie v0.2.5
[INFO] [stderr]    Compiling thiserror v2.0.20
[INFO] [stderr]    Compiling zerovec v0.11.8
[INFO] [stderr]    Compiling eventsauce v0.1.0
[INFO] [stderr]    Compiling tinystr v0.8.4
[INFO] [stderr]    Compiling potential_utf v0.1.6
[INFO] [stderr]    Compiling icu_collections v2.3.0
[INFO] [stderr]    Compiling icu_locale_core v2.3.0
[INFO] [stderr]    Compiling icu_provider v2.3.1
[INFO] [stderr]    Compiling icu_properties v2.3.0
[INFO] [stderr]    Compiling icu_normalizer v2.3.0
[INFO] [stderr]    Compiling serde v1.0.229
[INFO] [stderr]    Compiling idna_adapter v1.2.2
[INFO] [stderr]    Compiling idna v1.1.0
[INFO] [stderr]    Compiling url v2.5.8
[INFO] [stderr]    Compiling tokio-util v0.7.19
[INFO] [stderr]    Compiling aws-smithy-async v1.3.0
[INFO] [stderr]    Compiling tokio-rustls v0.24.1
[INFO] [stderr]    Compiling tokio-rustls v0.26.5
[INFO] [stderr]    Compiling aws-smithy-types v1.6.3
[INFO] [stderr]    Compiling h2 v0.4.19
[INFO] [stderr]    Compiling h2 v0.3.27
[INFO] [stderr]    Compiling aws-smithy-runtime-api v1.16.0
[INFO] [stderr]    Compiling aws-smithy-schema v0.2.0
[INFO] [stderr]    Compiling aws-smithy-http v0.64.0
[INFO] [stderr]    Compiling aws-credential-types v1.3.0
[INFO] [stderr]    Compiling aws-smithy-observability v0.3.0
[INFO] [stderr]    Compiling aws-sigv4 v1.5.1
[INFO] [stderr]    Compiling aws-types v1.6.0
[INFO] [stderr]    Compiling aws-smithy-json v0.63.0
[INFO] [stderr]    Compiling hyper v0.14.32
[INFO] [stderr]    Compiling aws-smithy-xml v0.62.0
[INFO] [stderr]    Compiling hyper v1.11.1
[INFO] [stderr]    Compiling aws-smithy-query v0.62.0
[INFO] [stderr]    Compiling hyper-util v0.1.20
[INFO] [stderr]    Compiling hyper-rustls v0.27.9
[INFO] [stderr]    Compiling hyper-rustls v0.24.2
[INFO] [stderr]    Compiling aws-smithy-http-client v1.4.0
[INFO] [stderr]    Compiling aws-smithy-runtime v1.14.0
[INFO] [stderr]    Compiling aws-runtime v1.9.2
[INFO] [stderr]    Compiling aws-sdk-sso v1.109.0
[INFO] [stderr]    Compiling aws-sdk-dynamodb v1.123.0
[INFO] [stderr]    Compiling aws-sdk-ssooidc v1.111.0
[INFO] [stderr]    Compiling aws-sdk-sts v1.114.0
[INFO] [stderr]    Compiling aws-config v1.12.0
[INFO] [stderr]    Compiling eventsauce-store-dynamodb v0.1.0 (/opt/rustwide/workdir)
[INFO] [stderr]     Finished `release` profile [optimized] target(s) in 3m 20s
[INFO] running `Command { std: "docker" "inspect" "caf64e8d117e19cc5fc12b5c6dc233a064907aea98f808386a1c191527d431ef", kill_on_drop: false }`
[INFO] running `Command { std: "docker" "exec" "-e" "SOURCE_DIR=/opt/rustwide/workdir" "-e" "CARGO_HOME=/opt/rustwide/cargo-home" "-e" "RUSTUP_HOME=/opt/rustwide/rustup-home" "-e" "CARGO_TARGET_DIR=/opt/rustwide/target" "-e" "CARGO_INCREMENTAL=0" "-e" "RUST_BACKTRACE=full" "-e" "RUSTFLAGS=--cap-lints=warn" "-e" "RUSTDOCFLAGS=--cap-lints=warn" "-w" "/opt/rustwide/workdir" "--user" "0:0" "caf64e8d117e19cc5fc12b5c6dc233a064907aea98f808386a1c191527d431ef" "/opt/rustwide/cargo-home/bin/cargo" "+1.100.0-beta.1" "test" "--frozen" "--release", kill_on_drop: false }`
[INFO] [stderr]     Finished `release` profile [optimized] target(s) in 0.34s
[INFO] [stderr]      Running unittests lib.rs (/opt/rustwide/target/release/build/eventsauce-store-dynamodb/15a8dfeec446e539/out/eventsauce_store_dynamodb-15a8dfeec446e539)
[INFO] [stdout] 
[INFO] [stdout] running 0 tests
[INFO] [stdout] 
[INFO] [stdout] test result: ok. 0 passed; 0 failed; 0 ignored; 0 measured; 0 filtered out; finished in 0.00s
[INFO] [stdout] 
[INFO] [stderr]      Running tests/dynamodb_store_tests.rs (/opt/rustwide/target/release/build/eventsauce-store-dynamodb/3844ce1b8c07a167/out/dynamodb_store_tests-3844ce1b8c07a167)
[INFO] [stdout] 
[INFO] [stdout] running 6 tests
[INFO] [stdout] test test_dynamodb_store_can_persist_and_retrieve_user_aggregate ... FAILED
[INFO] [stdout] test test_dynamodb_store_correctly_detects_sequence_number_gap ... FAILED
[INFO] [stdout] test test_dynamodb_store_correctly_detects_sequence_number_duplicates ... FAILED
[INFO] [stdout] test test_dynamodb_store_can_retrieve_user_aggregate_from_events_alone ... FAILED
[INFO] [stdout] test test_dynamodb_store_correctly_detects_contention_when_persisting ... FAILED
[INFO] [stdout] test test_dynamodb_store_concurrency_safe_persist_recovers_from_contention ... FAILED
[INFO] [stdout] 
[INFO] [stdout] failures:
[INFO] [stdout] 
[INFO] [stdout] ---- test_dynamodb_store_can_persist_and_retrieve_user_aggregate stdout ----
[INFO] [stdout] 
[INFO] [stdout] thread 'test_dynamodb_store_can_persist_and_retrieve_user_aggregate' (4755) panicked at tests/dynamodb_store_tests.rs:20:32:
[INFO] [stdout] called `Result::unwrap()` on an `Err` value: Unavailable("dispatch failure")
[INFO] [stdout] stack backtrace:
[INFO] [stdout]    0:     0x599edf9b52a1 - <<std[617be2ca0a6fd877]::sys::backtrace::BacktraceLock>::print::DisplayBacktrace as core[a373ad73a504971]::fmt::Display>::fmt
[INFO] [stdout]    1:     0x599edf9cecfa - core[a373ad73a504971]::fmt::write
[INFO] [stdout]    2:     0x599edf9ba36c - <alloc[2e1b2a31b91974c5]::vec::Vec<u8> as core[a373ad73a504971]::io::write::Write>::write_fmt
[INFO] [stdout]    3:     0x599edf98f0b6 - std[617be2ca0a6fd877]::panicking::default_hook::{closure#0}
[INFO] [stdout]    4:     0x599edf9ac5e9 - std[617be2ca0a6fd877]::panicking::default_hook
[INFO] [stdout]    5:     0x599edf292c20 - test[aada8e7e76ba119b]::test_main_inner::{closure#0}
[INFO] [stdout]    6:     0x599edf9ac912 - std[617be2ca0a6fd877]::panicking::panic_with_hook
[INFO] [stdout]    7:     0x599edf98f162 - std[617be2ca0a6fd877]::panicking::panic_handler::{closure#0}
[INFO] [stdout]    8:     0x599edf987929 - std[617be2ca0a6fd877]::sys::backtrace::__rust_end_short_backtrace::<std[617be2ca0a6fd877]::panicking::panic_handler::{closure#0}, !>
[INFO] [stdout]    9:     0x599edf9900bd - __rustc[ea4f61d10b84890b]::rust_begin_unwind
[INFO] [stdout]   10:     0x599edf9cf45c - core[a373ad73a504971]::panicking::panic_fmt
[INFO] [stdout]   11:     0x599edf9cf232 - core[a373ad73a504971]::result::unwrap_failed
[INFO] [stdout]   12:     0x599edf04d340 - dynamodb_store_tests[19922846a2ad2e3]::test_dynamodb_store_can_persist_and_retrieve_user_aggregate::{closure#0}
[INFO] [stdout]   13:     0x599edf0b4aa3 - <tokio[e6110357b74d1a07]::runtime::scheduler::current_thread::Context>::enter::<core[a373ad73a504971]::task::poll::Poll<()>, <tokio[e6110357b74d1a07]::runtime::scheduler::current_thread::CoreGuard>::block_on<core[a373ad73a504971]::pin::Pin<&mut core[a373ad73a504971]::pin::Pin<&mut dyn core[a373ad73a504971]::future::future::Future<Output = ()>>>>::{closure#0}::{closure#0}>
[INFO] [stdout]   14:     0x599edf0c691c - <tokio[e6110357b74d1a07]::runtime::context::scoped::Scoped<tokio[e6110357b74d1a07]::runtime::scheduler::Context>>::set::<<tokio[e6110357b74d1a07]::runtime::scheduler::current_thread::CoreGuard>::enter<<tokio[e6110357b74d1a07]::runtime::scheduler::current_thread::CoreGuard>::block_on<core[a373ad73a504971]::pin::Pin<&mut core[a373ad73a504971]::pin::Pin<&mut dyn core[a373ad73a504971]::future::future::Future<Output = ()>>>>::{closure#0}, core[a373ad73a504971]::option::Option<()>>::{closure#0}, (alloc[2e1b2a31b91974c5]::boxed::Box<tokio[e6110357b74d1a07]::runtime::scheduler::current_thread::Core>, core[a373ad73a504971]::option::Option<()>)>
[INFO] [stdout]   15:     0x599edf0b4c47 - <tokio[e6110357b74d1a07]::runtime::scheduler::current_thread::CoreGuard>::block_on::<core[a373ad73a504971]::pin::Pin<&mut core[a373ad73a504971]::pin::Pin<&mut dyn core[a373ad73a504971]::future::future::Future<Output = ()>>>>
[INFO] [stdout]   16:     0x599edf0c38bd - tokio[e6110357b74d1a07]::runtime::context::runtime::enter_runtime::<<tokio[e6110357b74d1a07]::runtime::scheduler::current_thread::CurrentThread>::block_on<core[a373ad73a504971]::pin::Pin<&mut dyn core[a373ad73a504971]::future::future::Future<Output = ()>>>::{closure#0}, ()>
[INFO] [stdout]   17:     0x599edf0c0503 - <tokio[e6110357b74d1a07]::runtime::runtime::Runtime>::block_on::<core[a373ad73a504971]::pin::Pin<&mut dyn core[a373ad73a504971]::future::future::Future<Output = ()>>>
[INFO] [stdout]   18:     0x599edf0652bc - <dynamodb_store_tests[19922846a2ad2e3]::test_dynamodb_store_can_persist_and_retrieve_user_aggregate::{closure#0} as core[a373ad73a504971]::ops::function::FnOnce<()>>::call_once
[INFO] [stdout]   19:     0x599edf28606b - test[aada8e7e76ba119b]::__rust_begin_short_backtrace::<core[a373ad73a504971]::result::Result<(), alloc[2e1b2a31b91974c5]::string::String>, fn() -> core[a373ad73a504971]::result::Result<(), alloc[2e1b2a31b91974c5]::string::String>>
[INFO] [stdout]   20:     0x599edf293245 - test[aada8e7e76ba119b]::run_test::{closure#0}
[INFO] [stdout]   21:     0x599edf28cb34 - std[617be2ca0a6fd877]::sys::backtrace::__rust_begin_short_backtrace::<test[aada8e7e76ba119b]::run_test::{closure#1}, ()>
[INFO] [stdout]   22:     0x599edf2962d2 - <std[617be2ca0a6fd877]::thread::lifecycle::spawn_unchecked<test[aada8e7e76ba119b]::run_test::{closure#1}, ()>::{closure#1} as core[a373ad73a504971]::ops::function::FnOnce<()>>::call_once::{shim:vtable#0}
[INFO] [stdout]   23:     0x599edf9b3eff - <std[617be2ca0a6fd877]::sys::thread::unix::Thread>::new::thread_start
[INFO] [stdout]   24:     0x7734fac09dfa - <unknown>
[INFO] [stdout]   25:     0x7734fac9d3d4 - clone
[INFO] [stdout]   26:                0x0 - <unknown>
[INFO] [stdout] 
[INFO] [stdout] ---- test_dynamodb_store_correctly_detects_sequence_number_gap stdout ----
[INFO] [stdout] 
[INFO] [stdout] thread 'test_dynamodb_store_correctly_detects_sequence_number_gap' (4760) panicked at tests/dynamodb_store_tests.rs:178:31:
[INFO] [stdout] called `Result::unwrap()` on an `Err` value: Unavailable("dispatch failure")
[INFO] [stdout] stack backtrace:
[INFO] [stdout]    0:     0x599edf9b52a1 - <<std[617be2ca0a6fd877]::sys::backtrace::BacktraceLock>::print::DisplayBacktrace as core[a373ad73a504971]::fmt::Display>::fmt
[INFO] [stdout]    1:     0x599edf9cecfa - core[a373ad73a504971]::fmt::write
[INFO] [stdout]    2:     0x599edf9ba36c - <alloc[2e1b2a31b91974c5]::vec::Vec<u8> as core[a373ad73a504971]::io::write::Write>::write_fmt
[INFO] [stdout]    3:     0x599edf98f0b6 - std[617be2ca0a6fd877]::panicking::default_hook::{closure#0}
[INFO] [stdout]    4:     0x599edf9ac5e9 - std[617be2ca0a6fd877]::panicking::default_hook
[INFO] [stdout]    5:     0x599edf292c20 - test[aada8e7e76ba119b]::test_main_inner::{closure#0}
[INFO] [stdout]    6:     0x599edf9ac912 - std[617be2ca0a6fd877]::panicking::panic_with_hook
[INFO] [stdout]    7:     0x599edf98f162 - std[617be2ca0a6fd877]::panicking::panic_handler::{closure#0}
[INFO] [stdout]    8:     0x599edf987929 - std[617be2ca0a6fd877]::sys::backtrace::__rust_end_short_backtrace::<std[617be2ca0a6fd877]::panicking::panic_handler::{closure#0}, !>
[INFO] [stdout]    9:     0x599edf9900bd - __rustc[ea4f61d10b84890b]::rust_begin_unwind
[INFO] [stdout]   10:     0x599edf9cf45c - core[a373ad73a504971]::panicking::panic_fmt
[INFO] [stdout]   11:     0x599edf9cf232 - core[a373ad73a504971]::result::unwrap_failed
[INFO] [stdout]   12:     0x599edf04c528 - dynamodb_store_tests[19922846a2ad2e3]::create_and_persist_user_with_updates::{closure#0}
[INFO] [stdout]   13:     0x599edf04c844 - dynamodb_store_tests[19922846a2ad2e3]::test_dynamodb_store_correctly_detects_sequence_number_gap::{closure#0}
[INFO] [stdout]   14:     0x599edf0b4aa3 - <tokio[e6110357b74d1a07]::runtime::scheduler::current_thread::Context>::enter::<core[a373ad73a504971]::task::poll::Poll<()>, <tokio[e6110357b74d1a07]::runtime::scheduler::current_thread::CoreGuard>::block_on<core[a373ad73a504971]::pin::Pin<&mut core[a373ad73a504971]::pin::Pin<&mut dyn core[a373ad73a504971]::future::future::Future<Output = ()>>>>::{closure#0}::{closure#0}>
[INFO] [stdout]   15:     0x599edf0c691c - <tokio[e6110357b74d1a07]::runtime::context::scoped::Scoped<tokio[e6110357b74d1a07]::runtime::scheduler::Context>>::set::<<tokio[e6110357b74d1a07]::runtime::scheduler::current_thread::CoreGuard>::enter<<tokio[e6110357b74d1a07]::runtime::scheduler::current_thread::CoreGuard>::block_on<core[a373ad73a504971]::pin::Pin<&mut core[a373ad73a504971]::pin::Pin<&mut dyn core[a373ad73a504971]::future::future::Future<Output = ()>>>>::{closure#0}, core[a373ad73a504971]::option::Option<()>>::{closure#0}, (alloc[2e1b2a31b91974c5]::boxed::Box<tokio[e6110357b74d1a07]::runtime::scheduler::current_thread::Core>, core[a373ad73a504971]::option::Option<()>)>
[INFO] [stdout]   16:     0x599edf0b4c47 - <tokio[e6110357b74d1a07]::runtime::scheduler::current_thread::CoreGuard>::block_on::<core[a373ad73a504971]::pin::Pin<&mut core[a373ad73a504971]::pin::Pin<&mut dyn core[a373ad73a504971]::future::future::Future<Output = ()>>>>
[INFO] [stdout]   17:     0x599edf0c38bd - tokio[e6110357b74d1a07]::runtime::context::runtime::enter_runtime::<<tokio[e6110357b74d1a07]::runtime::scheduler::current_thread::CurrentThread>::block_on<core[a373ad73a504971]::pin::Pin<&mut dyn core[a373ad73a504971]::future::future::Future<Output = ()>>>::{closure#0}, ()>
[INFO] [stdout]   18:     0x599edf0c0503 - <tokio[e6110357b74d1a07]::runtime::runtime::Runtime>::block_on::<core[a373ad73a504971]::pin::Pin<&mut dyn core[a373ad73a504971]::future::future::Future<Output = ()>>>
[INFO] [stdout]   19:     0x599edf06514c - <dynamodb_store_tests[19922846a2ad2e3]::test_dynamodb_store_correctly_detects_sequence_number_gap::{closure#0} as core[a373ad73a504971]::ops::function::FnOnce<()>>::call_once
[INFO] [stdout]   20:     0x599edf28606b - test[aada8e7e76ba119b]::__rust_begin_short_backtrace::<core[a373ad73a504971]::result::Result<(), alloc[2e1b2a31b91974c5]::string::String>, fn() -> core[a373ad73a504971]::result::Result<(), alloc[2e1b2a31b91974c5]::string::String>>
[INFO] [stdout]   21:     0x599edf293245 - test[aada8e7e76ba119b]::run_test::{closure#0}
[INFO] [stdout]   22:     0x599edf28cb34 - std[617be2ca0a6fd877]::sys::backtrace::__rust_begin_short_backtrace::<test[aada8e7e76ba119b]::run_test::{closure#1}, ()>
[INFO] [stdout]   23:     0x599edf2962d2 - <std[617be2ca0a6fd877]::thread::lifecycle::spawn_unchecked<test[aada8e7e76ba119b]::run_test::{closure#1}, ()>::{closure#1} as core[a373ad73a504971]::ops::function::FnOnce<()>>::call_once::{shim:vtable#0}
[INFO] [stdout]   24:     0x599edf9b3eff - <std[617be2ca0a6fd877]::sys::thread::unix::Thread>::new::thread_start
[INFO] [stdout]   25:     0x7734fac09dfa - <unknown>
[INFO] [stdout]   26:     0x7734fac9d3d4 - clone
[INFO] [stdout]   27:                0x0 - <unknown>
[INFO] [stdout] 
[INFO] [stdout] ---- test_dynamodb_store_correctly_detects_sequence_number_duplicates stdout ----
[INFO] [stdout] 
[INFO] [stdout] thread 'test_dynamodb_store_correctly_detects_sequence_number_duplicates' (4759) panicked at tests/dynamodb_store_tests.rs:178:31:
[INFO] [stdout] called `Result::unwrap()` on an `Err` value: Unavailable("dispatch failure")
[INFO] [stdout] stack backtrace:
[INFO] [stdout]    0:     0x599edf9b52a1 - <<std[617be2ca0a6fd877]::sys::backtrace::BacktraceLock>::print::DisplayBacktrace as core[a373ad73a504971]::fmt::Display>::fmt
[INFO] [stdout]    1:     0x599edf9cecfa - core[a373ad73a504971]::fmt::write
[INFO] [stdout]    2:     0x599edf9ba36c - <alloc[2e1b2a31b91974c5]::vec::Vec<u8> as core[a373ad73a504971]::io::write::Write>::write_fmt
[INFO] [stdout]    3:     0x599edf98f0b6 - std[617be2ca0a6fd877]::panicking::default_hook::{closure#0}
[INFO] [stdout]    4:     0x599edf9ac5e9 - std[617be2ca0a6fd877]::panicking::default_hook
[INFO] [stdout]    5:     0x599edf292c20 - test[aada8e7e76ba119b]::test_main_inner::{closure#0}
[INFO] [stdout]    6:     0x599edf9ac912 - std[617be2ca0a6fd877]::panicking::panic_with_hook
[INFO] [stdout]    7:     0x599edf98f162 - std[617be2ca0a6fd877]::panicking::panic_handler::{closure#0}
[INFO] [stdout]    8:     0x599edf987929 - std[617be2ca0a6fd877]::sys::backtrace::__rust_end_short_backtrace::<std[617be2ca0a6fd877]::panicking::panic_handler::{closure#0}, !>
[INFO] [stdout]    9:     0x599edf9900bd - __rustc[ea4f61d10b84890b]::rust_begin_unwind
[INFO] [stdout]   10:     0x599edf9cf45c - core[a373ad73a504971]::panicking::panic_fmt
[INFO] [stdout]   11:     0x599edf9cf232 - core[a373ad73a504971]::result::unwrap_failed
[INFO] [stdout]   12:     0x599edf04c528 - dynamodb_store_tests[19922846a2ad2e3]::create_and_persist_user_with_updates::{closure#0}
[INFO] [stdout]   13:     0x599edf04e324 - dynamodb_store_tests[19922846a2ad2e3]::test_dynamodb_store_correctly_detects_sequence_number_duplicates::{closure#0}
[INFO] [stdout]   14:     0x599edf0b4aa3 - <tokio[e6110357b74d1a07]::runtime::scheduler::current_thread::Context>::enter::<core[a373ad73a504971]::task::poll::Poll<()>, <tokio[e6110357b74d1a07]::runtime::scheduler::current_thread::CoreGuard>::block_on<core[a373ad73a504971]::pin::Pin<&mut core[a373ad73a504971]::pin::Pin<&mut dyn core[a373ad73a504971]::future::future::Future<Output = ()>>>>::{closure#0}::{closure#0}>
[INFO] [stdout]   15:     0x599edf0c691c - <tokio[e6110357b74d1a07]::runtime::context::scoped::Scoped<tokio[e6110357b74d1a07]::runtime::scheduler::Context>>::set::<<tokio[e6110357b74d1a07]::runtime::scheduler::current_thread::CoreGuard>::enter<<tokio[e6110357b74d1a07]::runtime::scheduler::current_thread::CoreGuard>::block_on<core[a373ad73a504971]::pin::Pin<&mut core[a373ad73a504971]::pin::Pin<&mut dyn core[a373ad73a504971]::future::future::Future<Output = ()>>>>::{closure#0}, core[a373ad73a504971]::option::Option<()>>::{closure#0}, (alloc[2e1b2a31b91974c5]::boxed::Box<tokio[e6110357b74d1a07]::runtime::scheduler::current_thread::Core>, core[a373ad73a504971]::option::Option<()>)>
[INFO] [stdout]   16:     0x599edf0b4c47 - <tokio[e6110357b74d1a07]::runtime::scheduler::current_thread::CoreGuard>::block_on::<core[a373ad73a504971]::pin::Pin<&mut core[a373ad73a504971]::pin::Pin<&mut dyn core[a373ad73a504971]::future::future::Future<Output = ()>>>>
[INFO] [stdout]   17:     0x599edf0c38bd - tokio[e6110357b74d1a07]::runtime::context::runtime::enter_runtime::<<tokio[e6110357b74d1a07]::runtime::scheduler::current_thread::CurrentThread>::block_on<core[a373ad73a504971]::pin::Pin<&mut dyn core[a373ad73a504971]::future::future::Future<Output = ()>>>::{closure#0}, ()>
[INFO] [stdout]   18:     0x599edf0c0503 - <tokio[e6110357b74d1a07]::runtime::runtime::Runtime>::block_on::<core[a373ad73a504971]::pin::Pin<&mut dyn core[a373ad73a504971]::future::future::Future<Output = ()>>>
[INFO] [stdout]   19:     0x599edf06559c - <dynamodb_store_tests[19922846a2ad2e3]::test_dynamodb_store_correctly_detects_sequence_number_duplicates::{closure#0} as core[a373ad73a504971]::ops::function::FnOnce<()>>::call_once
[INFO] [stdout]   20:     0x599edf28606b - test[aada8e7e76ba119b]::__rust_begin_short_backtrace::<core[a373ad73a504971]::result::Result<(), alloc[2e1b2a31b91974c5]::string::String>, fn() -> core[a373ad73a504971]::result::Result<(), alloc[2e1b2a31b91974c5]::string::String>>
[INFO] [stdout]   21:     0x599edf293245 - test[aada8e7e76ba119b]::run_test::{closure#0}
[INFO] [stdout]   22:     0x599edf28cb34 - std[617be2ca0a6fd877]::sys::backtrace::__rust_begin_short_backtrace::<test[aada8e7e76ba119b]::run_test::{closure#1}, ()>
[INFO] [stdout]   23:     0x599edf2962d2 - <std[617be2ca0a6fd877]::thread::lifecycle::spawn_unchecked<test[aada8e7e76ba119b]::run_test::{closure#1}, ()>::{closure#1} as core[a373ad73a504971]::ops::function::FnOnce<()>>::call_once::{shim:vtable#0}
[INFO] [stdout]   24:     0x599edf9b3eff - <std[617be2ca0a6fd877]::sys::thread::unix::Thread>::new::thread_start
[INFO] [stdout]   25:     0x7734fac09dfa - <unknown>
[INFO] [stdout]   26:     0x7734fac9d3d4 - clone
[INFO] [stdout]   27:                0x0 - <unknown>
[INFO] [stdout] 
[INFO] [stdout] ---- test_dynamodb_store_can_retrieve_user_aggregate_from_events_alone stdout ----
[INFO] [stdout] 
[INFO] [stdout] thread 'test_dynamodb_store_can_retrieve_user_aggregate_from_events_alone' (4756) panicked at tests/dynamodb_store_tests.rs:39:32:
[INFO] [stdout] called `Result::unwrap()` on an `Err` value: Unavailable("dispatch failure")
[INFO] [stdout] stack backtrace:
[INFO] [stdout]    0:     0x599edf9b52a1 - <<std[617be2ca0a6fd877]::sys::backtrace::BacktraceLock>::print::DisplayBacktrace as core[a373ad73a504971]::fmt::Display>::fmt
[INFO] [stdout]    1:     0x599edf9cecfa - core[a373ad73a504971]::fmt::write
[INFO] [stdout]    2:     0x599edf9ba36c - <alloc[2e1b2a31b91974c5]::vec::Vec<u8> as core[a373ad73a504971]::io::write::Write>::write_fmt
[INFO] [stdout]    3:     0x599edf98f0b6 - std[617be2ca0a6fd877]::panicking::default_hook::{closure#0}
[INFO] [stdout]    4:     0x599edf9ac5e9 - std[617be2ca0a6fd877]::panicking::default_hook
[INFO] [stdout]    5:     0x599edf292c20 - test[aada8e7e76ba119b]::test_main_inner::{closure#0}
[INFO] [stdout]    6:     0x599edf9ac912 - std[617be2ca0a6fd877]::panicking::panic_with_hook
[INFO] [stdout]    7:     0x599edf98f162 - std[617be2ca0a6fd877]::panicking::panic_handler::{closure#0}
[INFO] [stdout]    8:     0x599edf987929 - std[617be2ca0a6fd877]::sys::backtrace::__rust_end_short_backtrace::<std[617be2ca0a6fd877]::panicking::panic_handler::{closure#0}, !>
[INFO] [stdout]    9:     0x599edf9900bd - __rustc[ea4f61d10b84890b]::rust_begin_unwind
[INFO] [stdout]   10:     0x599edf9cf45c - core[a373ad73a504971]::panicking::panic_fmt
[INFO] [stdout]   11:     0x599edf9cf232 - core[a373ad73a504971]::result::unwrap_failed
[INFO] [stdout]   12:     0x599edf04f90e - dynamodb_store_tests[19922846a2ad2e3]::test_dynamodb_store_can_retrieve_user_aggregate_from_events_alone::{closure#0}
[INFO] [stdout]   13:     0x599edf0b4aa3 - <tokio[e6110357b74d1a07]::runtime::scheduler::current_thread::Context>::enter::<core[a373ad73a504971]::task::poll::Poll<()>, <tokio[e6110357b74d1a07]::runtime::scheduler::current_thread::CoreGuard>::block_on<core[a373ad73a504971]::pin::Pin<&mut core[a373ad73a504971]::pin::Pin<&mut dyn core[a373ad73a504971]::future::future::Future<Output = ()>>>>::{closure#0}::{closure#0}>
[INFO] [stdout]   14:     0x599edf0c691c - <tokio[e6110357b74d1a07]::runtime::context::scoped::Scoped<tokio[e6110357b74d1a07]::runtime::scheduler::Context>>::set::<<tokio[e6110357b74d1a07]::runtime::scheduler::current_thread::CoreGuard>::enter<<tokio[e6110357b74d1a07]::runtime::scheduler::current_thread::CoreGuard>::block_on<core[a373ad73a504971]::pin::Pin<&mut core[a373ad73a504971]::pin::Pin<&mut dyn core[a373ad73a504971]::future::future::Future<Output = ()>>>>::{closure#0}, core[a373ad73a504971]::option::Option<()>>::{closure#0}, (alloc[2e1b2a31b91974c5]::boxed::Box<tokio[e6110357b74d1a07]::runtime::scheduler::current_thread::Core>, core[a373ad73a504971]::option::Option<()>)>
[INFO] [stdout]   15:     0x599edf0b4c47 - <tokio[e6110357b74d1a07]::runtime::scheduler::current_thread::CoreGuard>::block_on::<core[a373ad73a504971]::pin::Pin<&mut core[a373ad73a504971]::pin::Pin<&mut dyn core[a373ad73a504971]::future::future::Future<Output = ()>>>>
[INFO] [stdout]   16:     0x599edf0c38bd - tokio[e6110357b74d1a07]::runtime::context::runtime::enter_runtime::<<tokio[e6110357b74d1a07]::runtime::scheduler::current_thread::CurrentThread>::block_on<core[a373ad73a504971]::pin::Pin<&mut dyn core[a373ad73a504971]::future::future::Future<Output = ()>>>::{closure#0}, ()>
[INFO] [stdout]   17:     0x599edf0c0503 - <tokio[e6110357b74d1a07]::runtime::runtime::Runtime>::block_on::<core[a373ad73a504971]::pin::Pin<&mut dyn core[a373ad73a504971]::future::future::Future<Output = ()>>>
[INFO] [stdout]   18:     0x599edf06571b - <dynamodb_store_tests[19922846a2ad2e3]::test_dynamodb_store_can_retrieve_user_aggregate_from_events_alone::{closure#0} as core[a373ad73a504971]::ops::function::FnOnce<()>>::call_once
[INFO] [stdout]   19:     0x599edf28606b - test[aada8e7e76ba119b]::__rust_begin_short_backtrace::<core[a373ad73a504971]::result::Result<(), alloc[2e1b2a31b91974c5]::string::String>, fn() -> core[a373ad73a504971]::result::Result<(), alloc[2e1b2a31b91974c5]::string::String>>
[INFO] [stdout]   20:     0x599edf293245 - test[aada8e7e76ba119b]::run_test::{closure#0}
[INFO] [stdout]   21:     0x599edf28cb34 - std[617be2ca0a6fd877]::sys::backtrace::__rust_begin_short_backtrace::<test[aada8e7e76ba119b]::run_test::{closure#1}, ()>
[INFO] [stdout]   22:     0x599edf2962d2 - <std[617be2ca0a6fd877]::thread::lifecycle::spawn_unchecked<test[aada8e7e76ba119b]::run_test::{closure#1}, ()>::{closure#1} as core[a373ad73a504971]::ops::function::FnOnce<()>>::call_once::{shim:vtable#0}
[INFO] [stdout]   23:     0x599edf9b3eff - <std[617be2ca0a6fd877]::sys::thread::unix::Thread>::new::thread_start
[INFO] [stdout]   24:     0x7734fac09dfa - <unknown>
[INFO] [stdout]   25:     0x7734fac9d3d4 - clone
[INFO] [stdout]   26:                0x0 - <unknown>
[INFO] [stdout] 
[INFO] [stdout] ---- test_dynamodb_store_correctly_detects_contention_when_persisting stdout ----
[INFO] [stdout] 
[INFO] [stdout] thread 'test_dynamodb_store_correctly_detects_contention_when_persisting' (4758) panicked at tests/dynamodb_store_tests.rs:57:31:
[INFO] [stdout] called `Result::unwrap()` on an `Err` value: Unavailable("dispatch failure")
[INFO] [stdout] stack backtrace:
[INFO] [stdout]    0:     0x599edf9b52a1 - <<std[617be2ca0a6fd877]::sys::backtrace::BacktraceLock>::print::DisplayBacktrace as core[a373ad73a504971]::fmt::Display>::fmt
[INFO] [stdout]    1:     0x599edf9cecfa - core[a373ad73a504971]::fmt::write
[INFO] [stdout]    2:     0x599edf9ba36c - <alloc[2e1b2a31b91974c5]::vec::Vec<u8> as core[a373ad73a504971]::io::write::Write>::write_fmt
[INFO] [stdout]    3:     0x599edf98f0b6 - std[617be2ca0a6fd877]::panicking::default_hook::{closure#0}
[INFO] [stdout]    4:     0x599edf9ac5e9 - std[617be2ca0a6fd877]::panicking::default_hook
[INFO] [stdout]    5:     0x599edf292c20 - test[aada8e7e76ba119b]::test_main_inner::{closure#0}
[INFO] [stdout]    6:     0x599edf9ac912 - std[617be2ca0a6fd877]::panicking::panic_with_hook
[INFO] [stdout]    7:     0x599edf98f162 - std[617be2ca0a6fd877]::panicking::panic_handler::{closure#0}
[INFO] [stdout]    8:     0x599edf987929 - std[617be2ca0a6fd877]::sys::backtrace::__rust_end_short_backtrace::<std[617be2ca0a6fd877]::panicking::panic_handler::{closure#0}, !>
[INFO] [stdout]    9:     0x599edf9900bd - __rustc[ea4f61d10b84890b]::rust_begin_unwind
[INFO] [stdout]   10:     0x599edf9cf45c - core[a373ad73a504971]::panicking::panic_fmt
[INFO] [stdout]   11:     0x599edf9cf232 - core[a373ad73a504971]::result::unwrap_failed
[INFO] [stdout]   12:     0x599edf04de07 - dynamodb_store_tests[19922846a2ad2e3]::test_dynamodb_store_correctly_detects_contention_when_persisting::{closure#0}
[INFO] [stdout]   13:     0x599edf0b4aa3 - <tokio[e6110357b74d1a07]::runtime::scheduler::current_thread::Context>::enter::<core[a373ad73a504971]::task::poll::Poll<()>, <tokio[e6110357b74d1a07]::runtime::scheduler::current_thread::CoreGuard>::block_on<core[a373ad73a504971]::pin::Pin<&mut core[a373ad73a504971]::pin::Pin<&mut dyn core[a373ad73a504971]::future::future::Future<Output = ()>>>>::{closure#0}::{closure#0}>
[INFO] [stdout]   14:     0x599edf0c691c - <tokio[e6110357b74d1a07]::runtime::context::scoped::Scoped<tokio[e6110357b74d1a07]::runtime::scheduler::Context>>::set::<<tokio[e6110357b74d1a07]::runtime::scheduler::current_thread::CoreGuard>::enter<<tokio[e6110357b74d1a07]::runtime::scheduler::current_thread::CoreGuard>::block_on<core[a373ad73a504971]::pin::Pin<&mut core[a373ad73a504971]::pin::Pin<&mut dyn core[a373ad73a504971]::future::future::Future<Output = ()>>>>::{closure#0}, core[a373ad73a504971]::option::Option<()>>::{closure#0}, (alloc[2e1b2a31b91974c5]::boxed::Box<tokio[e6110357b74d1a07]::runtime::scheduler::current_thread::Core>, core[a373ad73a504971]::option::Option<()>)>
[INFO] [stdout]   15:     0x599edf0b4c47 - <tokio[e6110357b74d1a07]::runtime::scheduler::current_thread::CoreGuard>::block_on::<core[a373ad73a504971]::pin::Pin<&mut core[a373ad73a504971]::pin::Pin<&mut dyn core[a373ad73a504971]::future::future::Future<Output = ()>>>>
[INFO] [stdout]   16:     0x599edf0c38bd - tokio[e6110357b74d1a07]::runtime::context::runtime::enter_runtime::<<tokio[e6110357b74d1a07]::runtime::scheduler::current_thread::CurrentThread>::block_on<core[a373ad73a504971]::pin::Pin<&mut dyn core[a373ad73a504971]::future::future::Future<Output = ()>>>::{closure#0}, ()>
[INFO] [stdout]   17:     0x599edf0c0503 - <tokio[e6110357b74d1a07]::runtime::runtime::Runtime>::block_on::<core[a373ad73a504971]::pin::Pin<&mut dyn core[a373ad73a504971]::future::future::Future<Output = ()>>>
[INFO] [stdout]   18:     0x599edf06542c - <dynamodb_store_tests[19922846a2ad2e3]::test_dynamodb_store_correctly_detects_contention_when_persisting::{closure#0} as core[a373ad73a504971]::ops::function::FnOnce<()>>::call_once
[INFO] [stdout]   19:     0x599edf28606b - test[aada8e7e76ba119b]::__rust_begin_short_backtrace::<core[a373ad73a504971]::result::Result<(), alloc[2e1b2a31b91974c5]::string::String>, fn() -> core[a373ad73a504971]::result::Result<(), alloc[2e1b2a31b91974c5]::string::String>>
[INFO] [stdout]   20:     0x599edf293245 - test[aada8e7e76ba119b]::run_test::{closure#0}
[INFO] [stdout]   21:     0x599edf28cb34 - std[617be2ca0a6fd877]::sys::backtrace::__rust_begin_short_backtrace::<test[aada8e7e76ba119b]::run_test::{closure#1}, ()>
[INFO] [stdout]   22:     0x599edf2962d2 - <std[617be2ca0a6fd877]::thread::lifecycle::spawn_unchecked<test[aada8e7e76ba119b]::run_test::{closure#1}, ()>::{closure#1} as core[a373ad73a504971]::ops::function::FnOnce<()>>::call_once::{shim:vtable#0}
[INFO] [stdout]   23:     0x599edf9b3eff - <std[617be2ca0a6fd877]::sys::thread::unix::Thread>::new::thread_start
[INFO] [stdout]   24:     0x7734fac09dfa - <unknown>
[INFO] [stdout]   25:     0x7734fac9d3d4 - clone
[INFO] [stdout]   26:                0x0 - <unknown>
[INFO] [stdout] 
[INFO] [stdout] ---- test_dynamodb_store_concurrency_safe_persist_recovers_from_contention stdout ----
[INFO] [stdout] 
[INFO] [stdout] thread 'test_dynamodb_store_concurrency_safe_persist_recovers_from_contention' (4757) panicked at tests/dynamodb_store_tests.rs:110:31:
[INFO] [stdout] called `Result::unwrap()` on an `Err` value: Unavailable("dispatch failure")
[INFO] [stdout] stack backtrace:
[INFO] [stdout]    0:     0x599edf9b52a1 - <<std[617be2ca0a6fd877]::sys::backtrace::BacktraceLock>::print::DisplayBacktrace as core[a373ad73a504971]::fmt::Display>::fmt
[INFO] [stdout]    1:     0x599edf9cecfa - core[a373ad73a504971]::fmt::write
[INFO] [stdout]    2:     0x599edf9ba36c - <alloc[2e1b2a31b91974c5]::vec::Vec<u8> as core[a373ad73a504971]::io::write::Write>::write_fmt
[INFO] [stdout]    3:     0x599edf98f0b6 - std[617be2ca0a6fd877]::panicking::default_hook::{closure#0}
[INFO] [stdout]    4:     0x599edf9ac5e9 - std[617be2ca0a6fd877]::panicking::default_hook
[INFO] [stdout]    5:     0x599edf292c20 - test[aada8e7e76ba119b]::test_main_inner::{closure#0}
[INFO] [stdout]    6:     0x599edf9ac912 - std[617be2ca0a6fd877]::panicking::panic_with_hook
[INFO] [stdout]    7:     0x599edf98f162 - std[617be2ca0a6fd877]::panicking::panic_handler::{closure#0}
[INFO] [stdout]    8:     0x599edf987929 - std[617be2ca0a6fd877]::sys::backtrace::__rust_end_short_backtrace::<std[617be2ca0a6fd877]::panicking::panic_handler::{closure#0}, !>
[INFO] [stdout]    9:     0x599edf9900bd - __rustc[ea4f61d10b84890b]::rust_begin_unwind
[INFO] [stdout]   10:     0x599edf9cf45c - core[a373ad73a504971]::panicking::panic_fmt
[INFO] [stdout]   11:     0x599edf9cf232 - core[a373ad73a504971]::result::unwrap_failed
[INFO] [stdout]   12:     0x599edf050fe7 - dynamodb_store_tests[19922846a2ad2e3]::test_dynamodb_store_concurrency_safe_persist_recovers_from_contention::{closure#0}
[INFO] [stdout]   13:     0x599edf0b4aa3 - <tokio[e6110357b74d1a07]::runtime::scheduler::current_thread::Context>::enter::<core[a373ad73a504971]::task::poll::Poll<()>, <tokio[e6110357b74d1a07]::runtime::scheduler::current_thread::CoreGuard>::block_on<core[a373ad73a504971]::pin::Pin<&mut core[a373ad73a504971]::pin::Pin<&mut dyn core[a373ad73a504971]::future::future::Future<Output = ()>>>>::{closure#0}::{closure#0}>
[INFO] [stdout]   14:     0x599edf0c691c - <tokio[e6110357b74d1a07]::runtime::context::scoped::Scoped<tokio[e6110357b74d1a07]::runtime::scheduler::Context>>::set::<<tokio[e6110357b74d1a07]::runtime::scheduler::current_thread::CoreGuard>::enter<<tokio[e6110357b74d1a07]::runtime::scheduler::current_thread::CoreGuard>::block_on<core[a373ad73a504971]::pin::Pin<&mut core[a373ad73a504971]::pin::Pin<&mut dyn core[a373ad73a504971]::future::future::Future<Output = ()>>>>::{closure#0}, core[a373ad73a504971]::option::Option<()>>::{closure#0}, (alloc[2e1b2a31b91974c5]::boxed::Box<tokio[e6110357b74d1a07]::runtime::scheduler::current_thread::Core>, core[a373ad73a504971]::option::Option<()>)>
[INFO] [stdout]   15:     0x599edf0b4c47 - <tokio[e6110357b74d1a07]::runtime::scheduler::current_thread::CoreGuard>::block_on::<core[a373ad73a504971]::pin::Pin<&mut core[a373ad73a504971]::pin::Pin<&mut dyn core[a373ad73a504971]::future::future::Future<Output = ()>>>>
[INFO] [stdout]   16:     0x599edf0c38bd - tokio[e6110357b74d1a07]::runtime::context::runtime::enter_runtime::<<tokio[e6110357b74d1a07]::runtime::scheduler::current_thread::CurrentThread>::block_on<core[a373ad73a504971]::pin::Pin<&mut dyn core[a373ad73a504971]::future::future::Future<Output = ()>>>::{closure#0}, ()>
[INFO] [stdout]   17:     0x599edf0c0503 - <tokio[e6110357b74d1a07]::runtime::runtime::Runtime>::block_on::<core[a373ad73a504971]::pin::Pin<&mut dyn core[a373ad73a504971]::future::future::Future<Output = ()>>>
[INFO] [stdout]   18:     0x599edf06588c - <dynamodb_store_tests[19922846a2ad2e3]::test_dynamodb_store_concurrency_safe_persist_recovers_from_contention::{closure#0} as core[a373ad73a504971]::ops::function::FnOnce<()>>::call_once
[INFO] [stdout]   19:     0x599edf28606b - test[aada8e7e76ba119b]::__rust_begin_short_backtrace::<core[a373ad73a504971]::result::Result<(), alloc[2e1b2a31b91974c5]::string::String>, fn() -> core[a373ad73a504971]::result::Result<(), alloc[2e1b2a31b91974c5]::string::String>>
[INFO] [stdout]   20:     0x599edf293245 - test[aada8e7e76ba119b]::run_test::{closure#0}
[INFO] [stdout]   21:     0x599edf28cb34 - std[617be2ca0a6fd877]::sys::backtrace::__rust_begin_short_backtrace::<test[aada8e7e76ba119b]::run_test::{closure#1}, ()>
[INFO] [stdout]   22:     0x599edf2962d2 - <std[617be2ca0a6fd877]::thread::lifecycle::spawn_unchecked<test[aada8e7e76ba119b]::run_test::{closure#1}, ()>::{closure#1} as core[a373ad73a504971]::ops::function::FnOnce<()>>::call_once::{shim:vtable#0}
[INFO] [stdout]   23:     0x599edf9b3eff - <std[617be2ca0a6fd877]::sys::thread::unix::Thread>::new::thread_start
[INFO] [stdout]   24:     0x7734fac09dfa - <unknown>
[INFO] [stdout]   25:     0x7734fac9d3d4 - clone
[INFO] [stdout]   26:                0x0 - <unknown>
[INFO] [stdout] 
[INFO] [stdout] 
[INFO] [stdout] failures:
[INFO] [stdout]     test_dynamodb_store_can_persist_and_retrieve_user_aggregate
[INFO] [stdout]     test_dynamodb_store_can_retrieve_user_aggregate_from_events_alone
[INFO] [stdout]     test_dynamodb_store_concurrency_safe_persist_recovers_from_contention
[INFO] [stdout]     test_dynamodb_store_correctly_detects_contention_when_persisting
[INFO] [stdout]     test_dynamodb_store_correctly_detects_sequence_number_duplicates
[INFO] [stdout]     test_dynamodb_store_correctly_detects_sequence_number_gap
[INFO] [stdout] 
[INFO] [stdout] test result: FAILED. 0 passed; 6 failed; 0 ignored; 0 measured; 0 filtered out; finished in 2.47s
[INFO] [stdout] 
[INFO] [stderr] error: test failed, to rerun pass `--test dynamodb_store_tests`
[INFO] running `Command { std: "docker" "inspect" "caf64e8d117e19cc5fc12b5c6dc233a064907aea98f808386a1c191527d431ef", kill_on_drop: false }`
[INFO] running `Command { std: "docker" "rm" "-f" "caf64e8d117e19cc5fc12b5c6dc233a064907aea98f808386a1c191527d431ef", kill_on_drop: false }`
[INFO] [stdout] caf64e8d117e19cc5fc12b5c6dc233a064907aea98f808386a1c191527d431ef
