[INFO] fetching crate evento-lock 2.0.0-alpha.35...
[INFO] testing evento-lock-2.0.0-alpha.35 against 1.100.0-beta.1+cargoflags=--release for beta-release-1.100-2
[INFO] extracting crate evento-lock 2.0.0-alpha.35 into /workspace/builds/worker-6-tc2/source
[INFO] started tweaking crates.io crate evento-lock 2.0.0-alpha.35
[INFO] removed 0 missing tests
[INFO] finished tweaking crates.io crate evento-lock 2.0.0-alpha.35
[INFO] tweaked toml for crates.io crate evento-lock 2.0.0-alpha.35 written to /workspace/builds/worker-6-tc2/source/Cargo.toml
[INFO] validating manifest of crates.io crate evento-lock 2.0.0-alpha.35 on toolchain 1.100.0-beta.1
[INFO] running `Command { std: CARGO_HOME="/workspace/cargo-home" RUSTUP_HOME="/workspace/rustup-home" "/workspace/cargo-home/bin/cargo" "+1.100.0-beta.1" "metadata" "--manifest-path" "Cargo.toml" "--no-deps", kill_on_drop: false }`
[INFO] crate crates.io crate evento-lock 2.0.0-alpha.35 already has a lockfile, it will not be regenerated
[INFO] running `Command { std: CARGO_HOME="/workspace/cargo-home" RUSTUP_HOME="/workspace/rustup-home" "/workspace/cargo-home/bin/cargo" "+1.100.0-beta.1" "fetch" "--manifest-path" "Cargo.toml", kill_on_drop: false }`
[INFO] running `Command { std: "docker" "create" "-v" "/var/lib/crater-agent-workspace/builds/worker-6-tc2/source:/opt/rustwide/workdir:ro,Z" "-v" "/var/lib/crater-agent-workspace/builds/worker-6-tc2/target:/opt/rustwide/target:rw,Z" "-v" "/var/lib/crater-agent-workspace/cargo-home:/opt/rustwide/cargo-home:ro,Z" "-v" "/var/lib/crater-agent-workspace/rustup-home:/opt/rustwide/rustup-home:ro,Z" "-m" "1610612736" "--network" "none" "ghcr.io/rust-lang/crates-build-env/linux@sha256:77db811e55d90add9212f6832c23229e3de5f1c1f9905e8cb07319ea15df73ac" "sleep" "infinity", kill_on_drop: false }`
[INFO] [stdout] 06c6deb650605d775cc156e6c9b0a0b40182fbeffcaebff63f2d1a9a5289db76
[INFO] running `Command { std: "docker" "start" "06c6deb650605d775cc156e6c9b0a0b40182fbeffcaebff63f2d1a9a5289db76", kill_on_drop: false }`
[INFO] running `Command { std: "docker" "inspect" "06c6deb650605d775cc156e6c9b0a0b40182fbeffcaebff63f2d1a9a5289db76", kill_on_drop: false }`
[INFO] running `Command { std: "docker" "exec" "-e" "SOURCE_DIR=/opt/rustwide/workdir" "-e" "CARGO_HOME=/opt/rustwide/cargo-home" "-e" "RUSTUP_HOME=/opt/rustwide/rustup-home" "-e" "CARGO_TARGET_DIR=/opt/rustwide/target" "-w" "/opt/rustwide/workdir" "--user" "0:0" "06c6deb650605d775cc156e6c9b0a0b40182fbeffcaebff63f2d1a9a5289db76" "/opt/rustwide/cargo-home/bin/cargo" "+1.100.0-beta.1" "metadata" "--no-deps" "--format-version=1", kill_on_drop: false }`
[INFO] running `Command { std: "docker" "inspect" "06c6deb650605d775cc156e6c9b0a0b40182fbeffcaebff63f2d1a9a5289db76", kill_on_drop: false }`
[INFO] running `Command { std: "docker" "exec" "-e" "SOURCE_DIR=/opt/rustwide/workdir" "-e" "CARGO_HOME=/opt/rustwide/cargo-home" "-e" "RUSTUP_HOME=/opt/rustwide/rustup-home" "-e" "CARGO_TARGET_DIR=/opt/rustwide/target" "-e" "CARGO_INCREMENTAL=0" "-e" "RUST_BACKTRACE=full" "-e" "RUSTFLAGS=--cap-lints=warn" "-e" "RUSTDOCFLAGS=--cap-lints=warn" "-w" "/opt/rustwide/workdir" "--user" "0:0" "06c6deb650605d775cc156e6c9b0a0b40182fbeffcaebff63f2d1a9a5289db76" "/opt/rustwide/cargo-home/bin/cargo" "+1.100.0-beta.1" "build" "--frozen" "--message-format=json" "--release", kill_on_drop: false }`
[INFO] [stderr]    Compiling proc-macro2 v1.0.107
[INFO] [stderr]    Compiling serde_core v1.0.229
[INFO] [stderr]    Compiling quote v1.0.47
[INFO] [stderr]    Compiling syn v3.0.9
[INFO] [stderr]    Compiling serde_json v1.0.154
[INFO] [stderr]    Compiling evento-lock v2.0.0-alpha.35 (/opt/rustwide/workdir)
[INFO] [stderr]     Finished `release` profile [optimized] target(s) in 58.85s
[INFO] running `Command { std: "docker" "inspect" "06c6deb650605d775cc156e6c9b0a0b40182fbeffcaebff63f2d1a9a5289db76", kill_on_drop: false }`
[INFO] running `Command { std: "docker" "exec" "-e" "SOURCE_DIR=/opt/rustwide/workdir" "-e" "CARGO_HOME=/opt/rustwide/cargo-home" "-e" "RUSTUP_HOME=/opt/rustwide/rustup-home" "-e" "CARGO_TARGET_DIR=/opt/rustwide/target" "-e" "CARGO_INCREMENTAL=0" "-e" "RUST_BACKTRACE=full" "-e" "RUSTFLAGS=--cap-lints=warn" "-e" "RUSTDOCFLAGS=--cap-lints=warn" "-w" "/opt/rustwide/workdir" "--user" "0:0" "06c6deb650605d775cc156e6c9b0a0b40182fbeffcaebff63f2d1a9a5289db76" "/opt/rustwide/cargo-home/bin/cargo" "+1.100.0-beta.1" "test" "--frozen" "--no-run" "--message-format=json" "--release", kill_on_drop: false }`
[INFO] [stderr]    Compiling evento-lock v2.0.0-alpha.35 (/opt/rustwide/workdir)
[INFO] [stderr]     Finished `release` profile [optimized] target(s) in 17.13s
[INFO] running `Command { std: "docker" "inspect" "06c6deb650605d775cc156e6c9b0a0b40182fbeffcaebff63f2d1a9a5289db76", kill_on_drop: false }`
[INFO] running `Command { std: "docker" "exec" "-e" "SOURCE_DIR=/opt/rustwide/workdir" "-e" "CARGO_HOME=/opt/rustwide/cargo-home" "-e" "RUSTUP_HOME=/opt/rustwide/rustup-home" "-e" "CARGO_TARGET_DIR=/opt/rustwide/target" "-e" "CARGO_INCREMENTAL=0" "-e" "RUST_BACKTRACE=full" "-e" "RUSTFLAGS=--cap-lints=warn" "-e" "RUSTDOCFLAGS=--cap-lints=warn" "-w" "/opt/rustwide/workdir" "--user" "0:0" "06c6deb650605d775cc156e6c9b0a0b40182fbeffcaebff63f2d1a9a5289db76" "/opt/rustwide/cargo-home/bin/cargo" "+1.100.0-beta.1" "test" "--frozen" "--release", kill_on_drop: false }`
[INFO] [stderr]     Finished `release` profile [optimized] target(s) in 0.05s
[INFO] [stderr]      Running unittests src/lib.rs (/opt/rustwide/target/release/build/evento-lock/0ac1870857e95682/out/evento_lock-0ac1870857e95682)
[INFO] [stdout] 
[INFO] [stdout] running 12 tests
[INFO] [stdout] test scan::tests::events_freeze_what_they_mention_and_views_carry_the_rest ... ok
[INFO] [stdout] test scan::tests::stored_name_keys_the_event ... ok
[INFO] [stdout] test scan::tests::same_view_name_in_sibling_modules ... ok
[INFO] [stdout] test scan::tests::ambiguous_revision_is_refused ... ok
[INFO] [stdout] test scan::tests::test_only_items_are_not_persisted ... ok
[INFO] [stdout] test scan::tests::a_view_may_change_only_with_a_new_revision ... ok
[INFO] [stdout] test scan::tests::frozen_shapes_cannot_change_but_new_ones_can_appear ... ok
[INFO] [stdout] test scan::tests::unpinned_aggregate_uses_the_package_name ... ok
[INFO] [stdout] test scan::tests::revision_follows_the_return_type_across_files ... ok
[INFO] [stdout] test scan::tests::turbofish_names_the_view ... ok
[INFO] [stdout] test scan::tests::views_not_snapshotted_through_the_executor_are_ignored ... ok
[INFO] [stdout] test scan::tests::views_record_the_cursor_and_their_projection_name ... ok
[INFO] [stdout] 
[INFO] [stdout] test result: ok. 12 passed; 0 failed; 0 ignored; 0 measured; 0 filtered out; finished in 0.01s
[INFO] [stdout] 
[INFO] [stderr]      Running tests/bank.rs (/opt/rustwide/target/release/build/evento-lock/3116bec22bb3ad00/out/bank-3116bec22bb3ad00)
[INFO] [stdout] 
[INFO] [stdout] running 1 test
[INFO] [stdout] test bank_persisted_shapes_only_grow ... FAILED
[INFO] [stdout] 
[INFO] [stdout] failures:
[INFO] [stderr] error: test failed, to rerun pass `--test bank`
[INFO] [stdout] 
[INFO] [stdout] ---- bank_persisted_shapes_only_grow stdout ----
[INFO] [stdout] 
[INFO] [stdout] thread 'bank_persisted_shapes_only_grow' (403) panicked at tests/bank.rs:11:10:
[INFO] [stdout] called `Result::unwrap()` on an `Err` value: no package `bank` in the workspace at /opt/rustwide/workdir
[INFO] [stdout] stack backtrace:
[INFO] [stdout]    0:     0x63b927f7d141 - <<std[617be2ca0a6fd877]::sys::backtrace::BacktraceLock>::print::DisplayBacktrace as core[a373ad73a504971]::fmt::Display>::fmt
[INFO] [stdout]    1:     0x63b927f9220a - core[a373ad73a504971]::fmt::write
[INFO] [stdout]    2:     0x63b927f818cc - <alloc[2e1b2a31b91974c5]::vec::Vec<u8> as core[a373ad73a504971]::io::write::Write>::write_fmt
[INFO] [stdout]    3:     0x63b927f584c6 - std[617be2ca0a6fd877]::panicking::default_hook::{closure#0}
[INFO] [stdout]    4:     0x63b927f750b9 - std[617be2ca0a6fd877]::panicking::default_hook
[INFO] [stdout]    5:     0x63b927f10040 - test[aada8e7e76ba119b]::test_main_inner::{closure#0}
[INFO] [stdout]    6:     0x63b927f753e2 - std[617be2ca0a6fd877]::panicking::panic_with_hook
[INFO] [stdout]    7:     0x63b927f58572 - std[617be2ca0a6fd877]::panicking::panic_handler::{closure#0}
[INFO] [stdout]    8:     0x63b927f50b69 - std[617be2ca0a6fd877]::sys::backtrace::__rust_end_short_backtrace::<std[617be2ca0a6fd877]::panicking::panic_handler::{closure#0}, !>
[INFO] [stdout]    9:     0x63b927f5928d - __rustc[ea4f61d10b84890b]::rust_begin_unwind
[INFO] [stdout]   10:     0x63b927f9296c - core[a373ad73a504971]::panicking::panic_fmt
[INFO] [stdout]   11:     0x63b927f92742 - core[a373ad73a504971]::result::unwrap_failed
[INFO] [stdout]   12:     0x63b927d39e2f - <bank[f235566bef5a4afb]::bank_persisted_shapes_only_grow::{closure#0} as core[a373ad73a504971]::ops::function::FnOnce<()>>::call_once
[INFO] [stdout]   13:     0x63b927f0348b - test[aada8e7e76ba119b]::__rust_begin_short_backtrace::<core[a373ad73a504971]::result::Result<(), alloc[2e1b2a31b91974c5]::string::String>, fn() -> core[a373ad73a504971]::result::Result<(), alloc[2e1b2a31b91974c5]::string::String>>
[INFO] [stdout]   14:     0x63b927f10665 - test[aada8e7e76ba119b]::run_test::{closure#0}
[INFO] [stdout]   15:     0x63b927f09f54 - std[617be2ca0a6fd877]::sys::backtrace::__rust_begin_short_backtrace::<test[aada8e7e76ba119b]::run_test::{closure#1}, ()>
[INFO] [stdout]   16:     0x63b927f136f2 - <std[617be2ca0a6fd877]::thread::lifecycle::spawn_unchecked<test[aada8e7e76ba119b]::run_test::{closure#1}, ()>::{closure#1} as core[a373ad73a504971]::ops::function::FnOnce<()>>::call_once::{shim:vtable#0}
[INFO] [stdout]   17:     0x63b927f7c44f - <std[617be2ca0a6fd877]::sys::thread::unix::Thread>::new::thread_start
[INFO] [stdout]   18:     0x7158d3609dfa - <unknown>
[INFO] [stdout]   19:     0x7158d369d3d4 - clone
[INFO] [stdout]   20:                0x0 - <unknown>
[INFO] [stdout] 
[INFO] [stdout] 
[INFO] [stdout] failures:
[INFO] [stdout]     bank_persisted_shapes_only_grow
[INFO] [stdout] 
[INFO] [stdout] test result: FAILED. 0 passed; 1 failed; 0 ignored; 0 measured; 0 filtered out; finished in 0.03s
[INFO] [stdout] 
[INFO] running `Command { std: "docker" "inspect" "06c6deb650605d775cc156e6c9b0a0b40182fbeffcaebff63f2d1a9a5289db76", kill_on_drop: false }`
[INFO] running `Command { std: "docker" "rm" "-f" "06c6deb650605d775cc156e6c9b0a0b40182fbeffcaebff63f2d1a9a5289db76", kill_on_drop: false }`
[INFO] [stdout] 06c6deb650605d775cc156e6c9b0a0b40182fbeffcaebff63f2d1a9a5289db76
