[INFO] fetching crate eventlogs 0.2.1...
[INFO] testing eventlogs-0.2.1 against 1.100.0-beta.1+cargoflags=--release for beta-release-1.100-2
[INFO] extracting crate eventlogs 0.2.1 into /workspace/builds/worker-7-tc2/source
[INFO] started tweaking crates.io crate eventlogs 0.2.1
[INFO] finished tweaking crates.io crate eventlogs 0.2.1
[INFO] tweaked toml for crates.io crate eventlogs 0.2.1 written to /workspace/builds/worker-7-tc2/source/Cargo.toml
[INFO] validating manifest of crates.io crate eventlogs 0.2.1 on toolchain 1.100.0-beta.1
[INFO] running `Command { std: CARGO_HOME="/workspace/cargo-home" RUSTUP_HOME="/workspace/rustup-home" "/workspace/cargo-home/bin/cargo" "+1.100.0-beta.1" "metadata" "--manifest-path" "Cargo.toml" "--no-deps", kill_on_drop: false }`
[INFO] crate crates.io crate eventlogs 0.2.1 already has a lockfile, it will not be regenerated
[INFO] running `Command { std: CARGO_HOME="/workspace/cargo-home" RUSTUP_HOME="/workspace/rustup-home" "/workspace/cargo-home/bin/cargo" "+1.100.0-beta.1" "fetch" "--manifest-path" "Cargo.toml", kill_on_drop: false }`
[INFO] running `Command { std: "docker" "create" "-v" "/var/lib/crater-agent-workspace/builds/worker-7-tc2/source:/opt/rustwide/workdir:ro,Z" "-v" "/var/lib/crater-agent-workspace/builds/worker-7-tc2/target:/opt/rustwide/target:rw,Z" "-v" "/var/lib/crater-agent-workspace/cargo-home:/opt/rustwide/cargo-home:ro,Z" "-v" "/var/lib/crater-agent-workspace/rustup-home:/opt/rustwide/rustup-home:ro,Z" "-m" "1610612736" "--network" "none" "ghcr.io/rust-lang/crates-build-env/linux@sha256:77db811e55d90add9212f6832c23229e3de5f1c1f9905e8cb07319ea15df73ac" "sleep" "infinity", kill_on_drop: false }`
[INFO] [stdout] ce5ee6a0accb0c94ffe6714374fecd51ae07c3a919c710fbe46bdbc8c0a9b080
[INFO] running `Command { std: "docker" "start" "ce5ee6a0accb0c94ffe6714374fecd51ae07c3a919c710fbe46bdbc8c0a9b080", kill_on_drop: false }`
[INFO] running `Command { std: "docker" "inspect" "ce5ee6a0accb0c94ffe6714374fecd51ae07c3a919c710fbe46bdbc8c0a9b080", kill_on_drop: false }`
[INFO] running `Command { std: "docker" "exec" "-e" "SOURCE_DIR=/opt/rustwide/workdir" "-e" "CARGO_HOME=/opt/rustwide/cargo-home" "-e" "RUSTUP_HOME=/opt/rustwide/rustup-home" "-e" "CARGO_TARGET_DIR=/opt/rustwide/target" "-w" "/opt/rustwide/workdir" "--user" "0:0" "ce5ee6a0accb0c94ffe6714374fecd51ae07c3a919c710fbe46bdbc8c0a9b080" "/opt/rustwide/cargo-home/bin/cargo" "+1.100.0-beta.1" "metadata" "--no-deps" "--format-version=1", kill_on_drop: false }`
[INFO] running `Command { std: "docker" "inspect" "ce5ee6a0accb0c94ffe6714374fecd51ae07c3a919c710fbe46bdbc8c0a9b080", kill_on_drop: false }`
[INFO] running `Command { std: "docker" "exec" "-e" "SOURCE_DIR=/opt/rustwide/workdir" "-e" "CARGO_HOME=/opt/rustwide/cargo-home" "-e" "RUSTUP_HOME=/opt/rustwide/rustup-home" "-e" "CARGO_TARGET_DIR=/opt/rustwide/target" "-e" "CARGO_INCREMENTAL=0" "-e" "RUST_BACKTRACE=full" "-e" "RUSTFLAGS=--cap-lints=warn" "-e" "RUSTDOCFLAGS=--cap-lints=warn" "-w" "/opt/rustwide/workdir" "--user" "0:0" "ce5ee6a0accb0c94ffe6714374fecd51ae07c3a919c710fbe46bdbc8c0a9b080" "/opt/rustwide/cargo-home/bin/cargo" "+1.100.0-beta.1" "build" "--frozen" "--message-format=json" "--release", kill_on_drop: false }`
[INFO] [stderr]    Compiling proc-macro2 v1.0.92
[INFO] [stderr]    Compiling unicode-ident v1.0.14
[INFO] [stderr]    Compiling smallvec v1.13.2
[INFO] [stderr]    Compiling pin-project-lite v0.2.15
[INFO] [stderr]    Compiling num-traits v0.2.19
[INFO] [stderr]    Compiling litemap v0.7.4
[INFO] [stderr]    Compiling signal-hook-registry v1.4.2
[INFO] [stderr]    Compiling mio v1.2.2
[INFO] [stderr]    Compiling digest v0.11.3
[INFO] [stderr]    Compiling tinyvec v1.8.0
[INFO] [stderr]    Compiling parking_lot_core v0.9.10
[INFO] [stderr]    Compiling itoa v1.0.14
[INFO] [stderr]    Compiling getrandom v0.4.3
[INFO] [stderr]    Compiling chacha20 v0.10.1
[INFO] [stderr]    Compiling quote v1.0.37
[INFO] [stderr]    Compiling parking_lot v0.12.3
[INFO] [stderr]    Compiling unicode-bidi v0.3.17
[INFO] [stderr]    Compiling rand v0.10.2
[INFO] [stderr]    Compiling md-5 v0.11.0
[INFO] [stderr]    Compiling syn v2.0.90
[INFO] [stderr]    Compiling syn v3.0.4
[INFO] [stderr]    Compiling sha2 v0.11.0
[INFO] [stderr]    Compiling unicode-normalization v0.1.24
[INFO] [stderr]    Compiling hmac v0.13.0
[INFO] [stderr]    Compiling fallible-iterator v0.2.0
[INFO] [stderr]    Compiling siphasher v1.0.3
[INFO] [stderr]    Compiling stringprep v0.1.5
[INFO] [stderr]    Compiling iana-time-zone v0.1.61
[INFO] [stderr]    Compiling phf_shared v0.13.1
[INFO] [stderr]    Compiling postgres-protocol v0.6.12
[INFO] [stderr]    Compiling num-integer v0.1.46
[INFO] [stderr]    Compiling serde_json v1.0.151
[INFO] [stderr]    Compiling num_cpus v1.16.0
[INFO] [stderr]    Compiling getrandom v0.2.15
[INFO] [stderr]    Compiling once_cell v1.20.2
[INFO] [stderr]    Compiling either v1.13.0
[INFO] [stderr]    Compiling itertools v0.13.0
[INFO] [stderr]    Compiling tracing-core v0.1.33
[INFO] [stderr]    Compiling rand_core v0.6.4
[INFO] [stderr]    Compiling num-bigint v0.4.6
[INFO] [stderr]    Compiling phf v0.13.1
[INFO] [stderr]    Compiling whoami v2.1.3
[INFO] [stderr]    Compiling ryu v1.0.18
[INFO] [stderr]    Compiling log v0.4.22
[INFO] [stderr]    Compiling const_format_proc_macros v0.2.34
[INFO] [stderr]    Compiling rand_chacha v0.3.1
[INFO] [stderr]    Compiling rand v0.8.7
[INFO] [stderr]    Compiling const_format v0.2.34
[INFO] [stderr]    Compiling tokio-macros v2.7.2
[INFO] [stderr]    Compiling serde_derive v1.0.229
[INFO] [stderr]    Compiling synstructure v0.13.1
[INFO] [stderr]    Compiling tokio v1.53.1
[INFO] [stderr]    Compiling zerofrom-derive v0.1.5
[INFO] [stderr]    Compiling yoke-derive v0.7.5
[INFO] [stderr]    Compiling zerovec-derive v0.10.3
[INFO] [stderr]    Compiling displaydoc v0.2.5
[INFO] [stderr]    Compiling icu_provider_macros v1.5.0
[INFO] [stderr]    Compiling futures-macro v0.3.31
[INFO] [stderr]    Compiling async-trait v0.1.83
[INFO] [stderr]    Compiling tracing-attributes v0.1.28
[INFO] [stderr]    Compiling futures-util v0.3.31
[INFO] [stderr]    Compiling thiserror-impl v1.0.69
[INFO] [stderr]    Compiling trait-variant v0.1.2
[INFO] [stderr]    Compiling zerofrom v0.1.5
[INFO] [stderr]    Compiling yoke v0.7.5
[INFO] [stderr]    Compiling tracing v0.1.41
[INFO] [stderr]    Compiling zerovec v0.10.4
[INFO] [stderr]    Compiling thiserror v1.0.69
[INFO] [stderr]    Compiling serde v1.0.229
[INFO] [stderr]    Compiling chrono v0.4.39
[INFO] [stderr]    Compiling tinystr v0.7.6
[INFO] [stderr]    Compiling icu_collections v1.5.0
[INFO] [stderr]    Compiling icu_locid v1.5.0
[INFO] [stderr]    Compiling icu_provider v1.5.0
[INFO] [stderr]    Compiling postgres-types v0.2.14
[INFO] [stderr]    Compiling icu_locid_transform v1.5.0
[INFO] [stderr]    Compiling icu_properties v1.5.1
[INFO] [stderr]    Compiling tokio-util v0.7.13
[INFO] [stderr]    Compiling deadpool-runtime v0.1.4
[INFO] [stderr]    Compiling deadpool v0.12.1
[INFO] [stderr]    Compiling combine v4.6.7
[INFO] [stderr]    Compiling tokio-postgres v0.7.18
[INFO] [stderr]    Compiling icu_normalizer v1.5.0
[INFO] [stderr]    Compiling idna_adapter v1.2.0
[INFO] [stderr]    Compiling idna v1.0.3
[INFO] [stderr]    Compiling url v2.5.4
[INFO] [stderr]    Compiling deadpool-postgres v0.14.1
[INFO] [stderr]    Compiling redis v0.27.6
[INFO] [stderr]    Compiling deadpool-redis v0.18.0
[INFO] [stderr]    Compiling eventlogs v0.2.1 (/opt/rustwide/workdir)
[INFO] [stderr]     Finished `release` profile [optimized] target(s) in 2m 21s
[INFO] [stderr] warning: the following packages contain code that will be rejected by a future version of Rust: redis v0.27.6
[INFO] [stderr] note: to see what the problems were, use the option `--future-incompat-report`, or run `cargo report future-incompatibilities --id 3`
[INFO] running `Command { std: "docker" "inspect" "ce5ee6a0accb0c94ffe6714374fecd51ae07c3a919c710fbe46bdbc8c0a9b080", kill_on_drop: false }`
[INFO] running `Command { std: "docker" "exec" "-e" "SOURCE_DIR=/opt/rustwide/workdir" "-e" "CARGO_HOME=/opt/rustwide/cargo-home" "-e" "RUSTUP_HOME=/opt/rustwide/rustup-home" "-e" "CARGO_TARGET_DIR=/opt/rustwide/target" "-e" "CARGO_INCREMENTAL=0" "-e" "RUST_BACKTRACE=full" "-e" "RUSTFLAGS=--cap-lints=warn" "-e" "RUSTDOCFLAGS=--cap-lints=warn" "-w" "/opt/rustwide/workdir" "--user" "0:0" "ce5ee6a0accb0c94ffe6714374fecd51ae07c3a919c710fbe46bdbc8c0a9b080" "/opt/rustwide/cargo-home/bin/cargo" "+1.100.0-beta.1" "test" "--frozen" "--no-run" "--message-format=json" "--release", kill_on_drop: false }`
[INFO] [stderr]    Compiling uuid v1.11.0
[INFO] [stderr]    Compiling eventlogs v0.2.1 (/opt/rustwide/workdir)
[INFO] [stdout] warning: use of deprecated module `std::u32`: all constants in this module replaced by associated constants on the type
[INFO] [stdout]    --> src/stores/fake.rs:156:14
[INFO] [stdout]     |
[INFO] [stdout] 156 |     use std::u32;
[INFO] [stdout]     |              ^^^
[INFO] [stdout]     |
[INFO] [stdout]     = note: `#[warn(deprecated)]` on by default
[INFO] [stdout] 
[INFO] [stdout] 
[INFO] [stdout] warning: use of deprecated constant `std::u32::MAX`: replaced by the `MAX` associated constant on this type
[INFO] [stdout]    --> src/stores/fake.rs:173:54
[INFO] [stdout]     |
[INFO] [stdout] 173 |         let row_stream = store.load(&log_id, 0, u32::MAX).await.unwrap();
[INFO] [stdout]     |                                                      ^^^
[INFO] [stdout] 
[INFO] [stdout] 
[INFO] [stdout] warning: use of deprecated constant `std::u32::MAX`: replaced by the `MAX` associated constant on this type
[INFO] [stdout]    --> src/stores/fake.rs:191:54
[INFO] [stdout]     |
[INFO] [stdout] 191 |         let row_stream = store.load(&log_id, 0, u32::MAX).await.unwrap();
[INFO] [stdout]     |                                                      ^^^
[INFO] [stdout] 
[INFO] [stdout] 
[INFO] [stdout] warning: use of deprecated constant `std::u32::MAX`: replaced by the `MAX` associated constant on this type
[INFO] [stdout]    --> src/stores/fake.rs:284:54
[INFO] [stdout]     |
[INFO] [stdout] 284 |         let row_stream = store.load(&log_id, 0, u32::MAX).await.unwrap();
[INFO] [stdout]     |                                                      ^^^
[INFO] [stdout] 
[INFO] [stdout] 
[INFO] [stderr]     Finished `release` profile [optimized] target(s) in 18.49s
[INFO] [stderr] warning: the following packages contain code that will be rejected by a future version of Rust: redis v0.27.6
[INFO] [stderr] note: to see what the problems were, use the option `--future-incompat-report`, or run `cargo report future-incompatibilities --id 3`
[INFO] running `Command { std: "docker" "inspect" "ce5ee6a0accb0c94ffe6714374fecd51ae07c3a919c710fbe46bdbc8c0a9b080", kill_on_drop: false }`
[INFO] running `Command { std: "docker" "exec" "-e" "SOURCE_DIR=/opt/rustwide/workdir" "-e" "CARGO_HOME=/opt/rustwide/cargo-home" "-e" "RUSTUP_HOME=/opt/rustwide/rustup-home" "-e" "CARGO_TARGET_DIR=/opt/rustwide/target" "-e" "CARGO_INCREMENTAL=0" "-e" "RUST_BACKTRACE=full" "-e" "RUSTFLAGS=--cap-lints=warn" "-e" "RUSTDOCFLAGS=--cap-lints=warn" "-w" "/opt/rustwide/workdir" "--user" "0:0" "ce5ee6a0accb0c94ffe6714374fecd51ae07c3a919c710fbe46bdbc8c0a9b080" "/opt/rustwide/cargo-home/bin/cargo" "+1.100.0-beta.1" "test" "--frozen" "--release", kill_on_drop: false }`
[INFO] [stderr] warning: use of deprecated module `std::u32`: all constants in this module replaced by associated constants on the type
[INFO] [stderr]    --> src/stores/fake.rs:156:14
[INFO] [stderr]     |
[INFO] [stderr] 156 |     use std::u32;
[INFO] [stderr]     |              ^^^
[INFO] [stderr]     |
[INFO] [stderr]     = note: `#[warn(deprecated)]` on by default
[INFO] [stderr] 
[INFO] [stderr] warning: use of deprecated constant `std::u32::MAX`: replaced by the `MAX` associated constant on this type
[INFO] [stderr]    --> src/stores/fake.rs:173:54
[INFO] [stderr]     |
[INFO] [stderr] 173 |         let row_stream = store.load(&log_id, 0, u32::MAX).await.unwrap();
[INFO] [stderr]     |                                                      ^^^
[INFO] [stderr] 
[INFO] [stderr] warning: use of deprecated constant `std::u32::MAX`: replaced by the `MAX` associated constant on this type
[INFO] [stderr]    --> src/stores/fake.rs:191:54
[INFO] [stderr]     |
[INFO] [stderr] 191 |         let row_stream = store.load(&log_id, 0, u32::MAX).await.unwrap();
[INFO] [stderr]     |                                                      ^^^
[INFO] [stderr] 
[INFO] [stderr] warning: use of deprecated constant `std::u32::MAX`: replaced by the `MAX` associated constant on this type
[INFO] [stderr]    --> src/stores/fake.rs:284:54
[INFO] [stderr]     |
[INFO] [stderr] 284 |         let row_stream = store.load(&log_id, 0, u32::MAX).await.unwrap();
[INFO] [stderr]     |                                                      ^^^
[INFO] [stderr] 
[INFO] [stderr] warning: `eventlogs` (lib test) generated 4 warnings
[INFO] [stderr]     Finished `release` profile [optimized] target(s) in 0.15s
[INFO] [stderr] warning: the following packages contain code that will be rejected by a future version of Rust: redis v0.27.6
[INFO] [stderr] note: to see what the problems were, use the option `--future-incompat-report`, or run `cargo report future-incompatibilities --id 3`
[INFO] [stderr]      Running unittests src/lib.rs (/opt/rustwide/target/release/build/eventlogs/62a4d172890860bc/out/eventlogs-62a4d172890860bc)
[INFO] [stdout] 
[INFO] [stdout] running 30 tests
[INFO] [stdout] test ids::tests::round_trip ... ok
[INFO] [stdout] test ids::tests::serializes_as_string ... ok
[INFO] [stdout] test ids::tests::with_entropy_len ... ok
[INFO] [stdout] test stores::fake::tests::append_load ... ok
[INFO] [stdout] test stores::fake::tests::append_multiple_load ... ok
[INFO] [stdout] test ids::tests::invalid_base64_decode_error ... ok
[INFO] [stdout] test ids::tests::prefix_only_too_short ... ok
[INFO] [stdout] test ids::tests::empty_too_short ... ok
[INFO] [stdout] test stores::fake::tests::concurrent_append ... ok
[INFO] [stdout] test ids::tests::deserializes_from_string ... ok
[INFO] [stdout] test stores::fake::tests::idempotent_create ... ok
[INFO] [stdout] test stores::fake::tests::load_limit ... ok
[INFO] [stdout] test stores::fake::tests::idempotent_append ... ok
[INFO] [stdout] test caches::redis::tests::get_not_found ... FAILED
[INFO] [stdout] test stores::postgres::tests::load_limit ... FAILED
[INFO] [stdout] test stores::postgres::tests::idempotent_create ... FAILED
[INFO] [stdout] test tests::create_append_load ... ok
[INFO] [stdout] test tests::create_append_many ... ok
[INFO] [stdout] test tests::create_reduce ... ok
[INFO] [stdout] test stores::postgres::tests::concurrent_append ... FAILED
[INFO] [stdout] test stores::postgres::tests::append_load ... FAILED
[INFO] [stdout] test stores::postgres::tests::idempotent_append ... FAILED
[INFO] [stdout] test tests::log_length_caching_policy ... ok
[INFO] [stdout] test tests::cached_reduction_gets_used ... ok
[INFO] [stdout] test tests::idempotent_create ... ok
[INFO] [stdout] test tests::concurrent_append ... ok
[INFO] [stdout] test tests::log_full ... ok
[INFO] [stdout] test tests::idempotent_append ... ok
[INFO] [stdout] test stores::postgres::tests::append_multiple_load ... FAILED
[INFO] [stdout] test caches::redis::tests::put_get ... FAILED
[INFO] [stderr] error: test failed, to rerun pass `--lib`
[INFO] [stdout] 
[INFO] [stdout] failures:
[INFO] [stdout] 
[INFO] [stdout] ---- caches::redis::tests::get_not_found stdout ----
[INFO] [stdout] 
[INFO] [stdout] thread 'caches::redis::tests::get_not_found' (1542) panicked at src/caches/redis.rs:159:44:
[INFO] [stdout] called `Result::unwrap()` on an `Err` value: DatabaseError(Backend(Connection refused (os error 111)))
[INFO] [stdout] stack backtrace:
[INFO] [stdout]    0:     0x577a3e999061 - <<std[617be2ca0a6fd877]::sys::backtrace::BacktraceLock>::print::DisplayBacktrace as core[a373ad73a504971]::fmt::Display>::fmt
[INFO] [stdout]    1:     0x577a3e9af6ba - core[a373ad73a504971]::fmt::write
[INFO] [stdout]    2:     0x577a3e99d93c - <alloc[2e1b2a31b91974c5]::vec::Vec<u8> as core[a373ad73a504971]::io::write::Write>::write_fmt
[INFO] [stdout]    3:     0x577a3e974326 - std[617be2ca0a6fd877]::panicking::default_hook::{closure#0}
[INFO] [stdout]    4:     0x577a3e990f59 - std[617be2ca0a6fd877]::panicking::default_hook
[INFO] [stdout]    5:     0x577a3e859f80 - test[aada8e7e76ba119b]::test_main_inner::{closure#0}
[INFO] [stdout]    6:     0x577a3e991282 - std[617be2ca0a6fd877]::panicking::panic_with_hook
[INFO] [stdout]    7:     0x577a3e9743d2 - std[617be2ca0a6fd877]::panicking::panic_handler::{closure#0}
[INFO] [stdout]    8:     0x577a3e96d009 - std[617be2ca0a6fd877]::sys::backtrace::__rust_end_short_backtrace::<std[617be2ca0a6fd877]::panicking::panic_handler::{closure#0}, !>
[INFO] [stdout]    9:     0x577a3e9751cd - __rustc[ea4f61d10b84890b]::rust_begin_unwind
[INFO] [stdout]   10:     0x577a3e9afe1c - core[a373ad73a504971]::panicking::panic_fmt
[INFO] [stdout]   11:     0x577a3e9afbf2 - core[a373ad73a504971]::result::unwrap_failed
[INFO] [stdout]   12:     0x577a3e7e6baa - eventlogs[3d0c71672ed5219c]::caches::redis::tests::get_not_found::{closure#0}
[INFO] [stdout]   13:     0x577a3e82f2a3 - <tokio[6f7b0d221f81a368]::runtime::scheduler::current_thread::Context>::enter::<core[a373ad73a504971]::task::poll::Poll<()>, <tokio[6f7b0d221f81a368]::runtime::scheduler::current_thread::CoreGuard>::block_on<core[a373ad73a504971]::pin::Pin<&mut core[a373ad73a504971]::pin::Pin<&mut dyn core[a373ad73a504971]::future::future::Future<Output = ()>>>>::{closure#0}::{closure#0}>
[INFO] [stdout]   14:     0x577a3e80ed6c - <tokio[6f7b0d221f81a368]::runtime::context::scoped::Scoped<tokio[6f7b0d221f81a368]::runtime::scheduler::Context>>::set::<<tokio[6f7b0d221f81a368]::runtime::scheduler::current_thread::CoreGuard>::enter<<tokio[6f7b0d221f81a368]::runtime::scheduler::current_thread::CoreGuard>::block_on<core[a373ad73a504971]::pin::Pin<&mut core[a373ad73a504971]::pin::Pin<&mut dyn core[a373ad73a504971]::future::future::Future<Output = ()>>>>::{closure#0}, core[a373ad73a504971]::option::Option<()>>::{closure#0}, (alloc[2e1b2a31b91974c5]::boxed::Box<tokio[6f7b0d221f81a368]::runtime::scheduler::current_thread::Core>, core[a373ad73a504971]::option::Option<()>)>
[INFO] [stdout]   15:     0x577a3e82f847 - <tokio[6f7b0d221f81a368]::runtime::scheduler::current_thread::CoreGuard>::block_on::<core[a373ad73a504971]::pin::Pin<&mut core[a373ad73a504971]::pin::Pin<&mut dyn core[a373ad73a504971]::future::future::Future<Output = ()>>>>
[INFO] [stdout]   16:     0x577a3e82d63d - tokio[6f7b0d221f81a368]::runtime::context::runtime::enter_runtime::<<tokio[6f7b0d221f81a368]::runtime::scheduler::current_thread::CurrentThread>::block_on<core[a373ad73a504971]::pin::Pin<&mut dyn core[a373ad73a504971]::future::future::Future<Output = ()>>>::{closure#0}, ()>
[INFO] [stdout]   17:     0x577a3e81a3b5 - <tokio[6f7b0d221f81a368]::runtime::runtime::Runtime>::block_on::<core[a373ad73a504971]::pin::Pin<&mut dyn core[a373ad73a504971]::future::future::Future<Output = ()>>>
[INFO] [stdout]   18:     0x577a3e7e896d - <eventlogs[3d0c71672ed5219c]::caches::redis::tests::get_not_found::{closure#0} as core[a373ad73a504971]::ops::function::FnOnce<()>>::call_once
[INFO] [stdout]   19:     0x577a3e84d3cb - test[aada8e7e76ba119b]::__rust_begin_short_backtrace::<core[a373ad73a504971]::result::Result<(), alloc[2e1b2a31b91974c5]::string::String>, fn() -> core[a373ad73a504971]::result::Result<(), alloc[2e1b2a31b91974c5]::string::String>>
[INFO] [stdout]   20:     0x577a3e85a5a5 - test[aada8e7e76ba119b]::run_test::{closure#0}
[INFO] [stdout]   21:     0x577a3e853e94 - std[617be2ca0a6fd877]::sys::backtrace::__rust_begin_short_backtrace::<test[aada8e7e76ba119b]::run_test::{closure#1}, ()>
[INFO] [stdout]   22:     0x577a3e85d632 - <std[617be2ca0a6fd877]::thread::lifecycle::spawn_unchecked<test[aada8e7e76ba119b]::run_test::{closure#1}, ()>::{closure#1} as core[a373ad73a504971]::ops::function::FnOnce<()>>::call_once::{shim:vtable#0}
[INFO] [stdout]   23:     0x577a3e99850f - <std[617be2ca0a6fd877]::sys::thread::unix::Thread>::new::thread_start
[INFO] [stdout]   24:     0x7bb29c62adfa - <unknown>
[INFO] [stdout]   25:     0x7bb29c6be3d4 - clone
[INFO] [stdout]   26:                0x0 - <unknown>
[INFO] [stdout] 
[INFO] [stdout] ---- stores::postgres::tests::load_limit stdout ----
[INFO] [stdout] 
[INFO] [stdout] thread 'stores::postgres::tests::load_limit' (1568) panicked at src/stores/postgres.rs:376:18:
[INFO] [stdout] called `Result::unwrap()` on an `Err` value: DatabaseError { error: Backend(Error { kind: Connect, cause: Some(Os { code: 111, kind: ConnectionRefused, message: "Connection refused" }) }) }
[INFO] [stdout] stack backtrace:
[INFO] [stdout]    0:     0x577a3e999061 - <<std[617be2ca0a6fd877]::sys::backtrace::BacktraceLock>::print::DisplayBacktrace as core[a373ad73a504971]::fmt::Display>::fmt
[INFO] [stdout]    1:     0x577a3e9af6ba - core[a373ad73a504971]::fmt::write
[INFO] [stdout]    2:     0x577a3e99d93c - <alloc[2e1b2a31b91974c5]::vec::Vec<u8> as core[a373ad73a504971]::io::write::Write>::write_fmt
[INFO] [stdout]    3:     0x577a3e974326 - std[617be2ca0a6fd877]::panicking::default_hook::{closure#0}
[INFO] [stdout]    4:     0x577a3e990f59 - std[617be2ca0a6fd877]::panicking::default_hook
[INFO] [stdout]    5:     0x577a3e859f80 - test[aada8e7e76ba119b]::test_main_inner::{closure#0}
[INFO] [stdout]    6:     0x577a3e991282 - std[617be2ca0a6fd877]::panicking::panic_with_hook
[INFO] [stdout]    7:     0x577a3e9743d2 - std[617be2ca0a6fd877]::panicking::panic_handler::{closure#0}
[INFO] [stdout]    8:     0x577a3e96d009 - std[617be2ca0a6fd877]::sys::backtrace::__rust_end_short_backtrace::<std[617be2ca0a6fd877]::panicking::panic_handler::{closure#0}, !>
[INFO] [stdout]    9:     0x577a3e9751cd - __rustc[ea4f61d10b84890b]::rust_begin_unwind
[INFO] [stdout]   10:     0x577a3e9afe1c - core[a373ad73a504971]::panicking::panic_fmt
[INFO] [stdout]   11:     0x577a3e9afbf2 - core[a373ad73a504971]::result::unwrap_failed
[INFO] [stdout]   12:     0x577a3e84876e - eventlogs[3d0c71672ed5219c]::stores::postgres::tests::load_limit::{closure#0}
[INFO] [stdout]   13:     0x577a3e82f2a3 - <tokio[6f7b0d221f81a368]::runtime::scheduler::current_thread::Context>::enter::<core[a373ad73a504971]::task::poll::Poll<()>, <tokio[6f7b0d221f81a368]::runtime::scheduler::current_thread::CoreGuard>::block_on<core[a373ad73a504971]::pin::Pin<&mut core[a373ad73a504971]::pin::Pin<&mut dyn core[a373ad73a504971]::future::future::Future<Output = ()>>>>::{closure#0}::{closure#0}>
[INFO] [stdout]   14:     0x577a3e80ed6c - <tokio[6f7b0d221f81a368]::runtime::context::scoped::Scoped<tokio[6f7b0d221f81a368]::runtime::scheduler::Context>>::set::<<tokio[6f7b0d221f81a368]::runtime::scheduler::current_thread::CoreGuard>::enter<<tokio[6f7b0d221f81a368]::runtime::scheduler::current_thread::CoreGuard>::block_on<core[a373ad73a504971]::pin::Pin<&mut core[a373ad73a504971]::pin::Pin<&mut dyn core[a373ad73a504971]::future::future::Future<Output = ()>>>>::{closure#0}, core[a373ad73a504971]::option::Option<()>>::{closure#0}, (alloc[2e1b2a31b91974c5]::boxed::Box<tokio[6f7b0d221f81a368]::runtime::scheduler::current_thread::Core>, core[a373ad73a504971]::option::Option<()>)>
[INFO] [stdout]   15:     0x577a3e82f847 - <tokio[6f7b0d221f81a368]::runtime::scheduler::current_thread::CoreGuard>::block_on::<core[a373ad73a504971]::pin::Pin<&mut core[a373ad73a504971]::pin::Pin<&mut dyn core[a373ad73a504971]::future::future::Future<Output = ()>>>>
[INFO] [stdout]   16:     0x577a3e82d63d - tokio[6f7b0d221f81a368]::runtime::context::runtime::enter_runtime::<<tokio[6f7b0d221f81a368]::runtime::scheduler::current_thread::CurrentThread>::block_on<core[a373ad73a504971]::pin::Pin<&mut dyn core[a373ad73a504971]::future::future::Future<Output = ()>>>::{closure#0}, ()>
[INFO] [stdout]   17:     0x577a3e81a3b5 - <tokio[6f7b0d221f81a368]::runtime::runtime::Runtime>::block_on::<core[a373ad73a504971]::pin::Pin<&mut dyn core[a373ad73a504971]::future::future::Future<Output = ()>>>
[INFO] [stdout]   18:     0x577a3e84cbfe - <eventlogs[3d0c71672ed5219c]::stores::postgres::tests::load_limit::{closure#0} as core[a373ad73a504971]::ops::function::FnOnce<()>>::call_once
[INFO] [stdout]   19:     0x577a3e84d3cb - test[aada8e7e76ba119b]::__rust_begin_short_backtrace::<core[a373ad73a504971]::result::Result<(), alloc[2e1b2a31b91974c5]::string::String>, fn() -> core[a373ad73a504971]::result::Result<(), alloc[2e1b2a31b91974c5]::string::String>>
[INFO] [stdout]   20:     0x577a3e85a5a5 - test[aada8e7e76ba119b]::run_test::{closure#0}
[INFO] [stdout]   21:     0x577a3e853e94 - std[617be2ca0a6fd877]::sys::backtrace::__rust_begin_short_backtrace::<test[aada8e7e76ba119b]::run_test::{closure#1}, ()>
[INFO] [stdout]   22:     0x577a3e85d632 - <std[617be2ca0a6fd877]::thread::lifecycle::spawn_unchecked<test[aada8e7e76ba119b]::run_test::{closure#1}, ()>::{closure#1} as core[a373ad73a504971]::ops::function::FnOnce<()>>::call_once::{shim:vtable#0}
[INFO] [stdout]   23:     0x577a3e99850f - <std[617be2ca0a6fd877]::sys::thread::unix::Thread>::new::thread_start
[INFO] [stdout]   24:     0x7bb29c62adfa - <unknown>
[INFO] [stdout]   25:     0x7bb29c6be3d4 - clone
[INFO] [stdout]   26:                0x0 - <unknown>
[INFO] [stdout] 
[INFO] [stdout] ---- stores::postgres::tests::idempotent_create stdout ----
[INFO] [stdout] 
[INFO] [stdout] thread 'stores::postgres::tests::idempotent_create' (1563) panicked at src/stores/postgres.rs:286:14:
[INFO] [stdout] called `Result::unwrap()` on an `Err` value: DatabaseError { error: Backend(Error { kind: Connect, cause: Some(Os { code: 111, kind: ConnectionRefused, message: "Connection refused" }) }) }
[INFO] [stdout] stack backtrace:
[INFO] [stdout]    0:     0x577a3e999061 - <<std[617be2ca0a6fd877]::sys::backtrace::BacktraceLock>::print::DisplayBacktrace as core[a373ad73a504971]::fmt::Display>::fmt
[INFO] [stdout]    1:     0x577a3e9af6ba - core[a373ad73a504971]::fmt::write
[INFO] [stdout]    2:     0x577a3e99d93c - <alloc[2e1b2a31b91974c5]::vec::Vec<u8> as core[a373ad73a504971]::io::write::Write>::write_fmt
[INFO] [stdout]    3:     0x577a3e974326 - std[617be2ca0a6fd877]::panicking::default_hook::{closure#0}
[INFO] [stdout]    4:     0x577a3e990f59 - std[617be2ca0a6fd877]::panicking::default_hook
[INFO] [stdout]    5:     0x577a3e859f80 - test[aada8e7e76ba119b]::test_main_inner::{closure#0}
[INFO] [stdout]    6:     0x577a3e991282 - std[617be2ca0a6fd877]::panicking::panic_with_hook
[INFO] [stdout]    7:     0x577a3e9743d2 - std[617be2ca0a6fd877]::panicking::panic_handler::{closure#0}
[INFO] [stdout]    8:     0x577a3e96d009 - std[617be2ca0a6fd877]::sys::backtrace::__rust_end_short_backtrace::<std[617be2ca0a6fd877]::panicking::panic_handler::{closure#0}, !>
[INFO] [stdout]    9:     0x577a3e9751cd - __rustc[ea4f61d10b84890b]::rust_begin_unwind
[INFO] [stdout]   10:     0x577a3e9afe1c - core[a373ad73a504971]::panicking::panic_fmt
[INFO] [stdout]   11:     0x577a3e9afbf2 - core[a373ad73a504971]::result::unwrap_failed
[INFO] [stdout]   12:     0x577a3e84a17c - eventlogs[3d0c71672ed5219c]::stores::postgres::tests::idempotent_create::{closure#0}
[INFO] [stdout]   13:     0x577a3e82f2a3 - <tokio[6f7b0d221f81a368]::runtime::scheduler::current_thread::Context>::enter::<core[a373ad73a504971]::task::poll::Poll<()>, <tokio[6f7b0d221f81a368]::runtime::scheduler::current_thread::CoreGuard>::block_on<core[a373ad73a504971]::pin::Pin<&mut core[a373ad73a504971]::pin::Pin<&mut dyn core[a373ad73a504971]::future::future::Future<Output = ()>>>>::{closure#0}::{closure#0}>
[INFO] [stdout]   14:     0x577a3e80ed6c - <tokio[6f7b0d221f81a368]::runtime::context::scoped::Scoped<tokio[6f7b0d221f81a368]::runtime::scheduler::Context>>::set::<<tokio[6f7b0d221f81a368]::runtime::scheduler::current_thread::CoreGuard>::enter<<tokio[6f7b0d221f81a368]::runtime::scheduler::current_thread::CoreGuard>::block_on<core[a373ad73a504971]::pin::Pin<&mut core[a373ad73a504971]::pin::Pin<&mut dyn core[a373ad73a504971]::future::future::Future<Output = ()>>>>::{closure#0}, core[a373ad73a504971]::option::Option<()>>::{closure#0}, (alloc[2e1b2a31b91974c5]::boxed::Box<tokio[6f7b0d221f81a368]::runtime::scheduler::current_thread::Core>, core[a373ad73a504971]::option::Option<()>)>
[INFO] [stdout]   15:     0x577a3e82f847 - <tokio[6f7b0d221f81a368]::runtime::scheduler::current_thread::CoreGuard>::block_on::<core[a373ad73a504971]::pin::Pin<&mut core[a373ad73a504971]::pin::Pin<&mut dyn core[a373ad73a504971]::future::future::Future<Output = ()>>>>
[INFO] [stdout]   16:     0x577a3e82d63d - tokio[6f7b0d221f81a368]::runtime::context::runtime::enter_runtime::<<tokio[6f7b0d221f81a368]::runtime::scheduler::current_thread::CurrentThread>::block_on<core[a373ad73a504971]::pin::Pin<&mut dyn core[a373ad73a504971]::future::future::Future<Output = ()>>>::{closure#0}, ()>
[INFO] [stdout]   17:     0x577a3e81a3b5 - <tokio[6f7b0d221f81a368]::runtime::runtime::Runtime>::block_on::<core[a373ad73a504971]::pin::Pin<&mut dyn core[a373ad73a504971]::future::future::Future<Output = ()>>>
[INFO] [stdout]   18:     0x577a3e84d17e - <eventlogs[3d0c71672ed5219c]::stores::postgres::tests::idempotent_create::{closure#0} as core[a373ad73a504971]::ops::function::FnOnce<()>>::call_once
[INFO] [stdout]   19:     0x577a3e84d3cb - test[aada8e7e76ba119b]::__rust_begin_short_backtrace::<core[a373ad73a504971]::result::Result<(), alloc[2e1b2a31b91974c5]::string::String>, fn() -> core[a373ad73a504971]::result::Result<(), alloc[2e1b2a31b91974c5]::string::String>>
[INFO] [stdout]   20:     0x577a3e85a5a5 - test[aada8e7e76ba119b]::run_test::{closure#0}
[INFO] [stdout]   21:     0x577a3e853e94 - std[617be2ca0a6fd877]::sys::backtrace::__rust_begin_short_backtrace::<test[aada8e7e76ba119b]::run_test::{closure#1}, ()>
[INFO] [stdout]   22:     0x577a3e85d632 - <std[617be2ca0a6fd877]::thread::lifecycle::spawn_unchecked<test[aada8e7e76ba119b]::run_test::{closure#1}, ()>::{closure#1} as core[a373ad73a504971]::ops::function::FnOnce<()>>::call_once::{shim:vtable#0}
[INFO] [stdout]   23:     0x577a3e99850f - <std[617be2ca0a6fd877]::sys::thread::unix::Thread>::new::thread_start
[INFO] [stdout]   24:     0x7bb29c62adfa - <unknown>
[INFO] [stdout]   25:     0x7bb29c6be3d4 - clone
[INFO] [stdout]   26:                0x0 - <unknown>
[INFO] [stdout] 
[INFO] [stdout] ---- stores::postgres::tests::concurrent_append stdout ----
[INFO] [stdout] 
[INFO] [stdout] thread 'stores::postgres::tests::concurrent_append' (1561) panicked at src/stores/postgres.rs:310:14:
[INFO] [stdout] called `Result::unwrap()` on an `Err` value: DatabaseError { error: Backend(Error { kind: Connect, cause: Some(Os { code: 111, kind: ConnectionRefused, message: "Connection refused" }) }) }
[INFO] [stdout] stack backtrace:
[INFO] [stdout]    0:     0x577a3e999061 - <<std[617be2ca0a6fd877]::sys::backtrace::BacktraceLock>::print::DisplayBacktrace as core[a373ad73a504971]::fmt::Display>::fmt
[INFO] [stdout]    1:     0x577a3e9af6ba - core[a373ad73a504971]::fmt::write
[INFO] [stdout]    2:     0x577a3e99d93c - <alloc[2e1b2a31b91974c5]::vec::Vec<u8> as core[a373ad73a504971]::io::write::Write>::write_fmt
[INFO] [stdout]    3:     0x577a3e974326 - std[617be2ca0a6fd877]::panicking::default_hook::{closure#0}
[INFO] [stdout]    4:     0x577a3e990f59 - std[617be2ca0a6fd877]::panicking::default_hook
[INFO] [stdout]    5:     0x577a3e859f80 - test[aada8e7e76ba119b]::test_main_inner::{closure#0}
[INFO] [stdout]    6:     0x577a3e991282 - std[617be2ca0a6fd877]::panicking::panic_with_hook
[INFO] [stdout]    7:     0x577a3e9743d2 - std[617be2ca0a6fd877]::panicking::panic_handler::{closure#0}
[INFO] [stdout]    8:     0x577a3e96d009 - std[617be2ca0a6fd877]::sys::backtrace::__rust_end_short_backtrace::<std[617be2ca0a6fd877]::panicking::panic_handler::{closure#0}, !>
[INFO] [stdout]    9:     0x577a3e9751cd - __rustc[ea4f61d10b84890b]::rust_begin_unwind
[INFO] [stdout]   10:     0x577a3e9afe1c - core[a373ad73a504971]::panicking::panic_fmt
[INFO] [stdout]   11:     0x577a3e9afbf2 - core[a373ad73a504971]::result::unwrap_failed
[INFO] [stdout]   12:     0x577a3e849133 - eventlogs[3d0c71672ed5219c]::stores::postgres::tests::concurrent_append::{closure#0}
[INFO] [stdout]   13:     0x577a3e82f2a3 - <tokio[6f7b0d221f81a368]::runtime::scheduler::current_thread::Context>::enter::<core[a373ad73a504971]::task::poll::Poll<()>, <tokio[6f7b0d221f81a368]::runtime::scheduler::current_thread::CoreGuard>::block_on<core[a373ad73a504971]::pin::Pin<&mut core[a373ad73a504971]::pin::Pin<&mut dyn core[a373ad73a504971]::future::future::Future<Output = ()>>>>::{closure#0}::{closure#0}>
[INFO] [stdout]   14:     0x577a3e80ed6c - <tokio[6f7b0d221f81a368]::runtime::context::scoped::Scoped<tokio[6f7b0d221f81a368]::runtime::scheduler::Context>>::set::<<tokio[6f7b0d221f81a368]::runtime::scheduler::current_thread::CoreGuard>::enter<<tokio[6f7b0d221f81a368]::runtime::scheduler::current_thread::CoreGuard>::block_on<core[a373ad73a504971]::pin::Pin<&mut core[a373ad73a504971]::pin::Pin<&mut dyn core[a373ad73a504971]::future::future::Future<Output = ()>>>>::{closure#0}, core[a373ad73a504971]::option::Option<()>>::{closure#0}, (alloc[2e1b2a31b91974c5]::boxed::Box<tokio[6f7b0d221f81a368]::runtime::scheduler::current_thread::Core>, core[a373ad73a504971]::option::Option<()>)>
[INFO] [stdout]   15:     0x577a3e82f847 - <tokio[6f7b0d221f81a368]::runtime::scheduler::current_thread::CoreGuard>::block_on::<core[a373ad73a504971]::pin::Pin<&mut core[a373ad73a504971]::pin::Pin<&mut dyn core[a373ad73a504971]::future::future::Future<Output = ()>>>>
[INFO] [stdout]   16:     0x577a3e82d63d - tokio[6f7b0d221f81a368]::runtime::context::runtime::enter_runtime::<<tokio[6f7b0d221f81a368]::runtime::scheduler::current_thread::CurrentThread>::block_on<core[a373ad73a504971]::pin::Pin<&mut dyn core[a373ad73a504971]::future::future::Future<Output = ()>>>::{closure#0}, ()>
[INFO] [stdout]   17:     0x577a3e81a3b5 - <tokio[6f7b0d221f81a368]::runtime::runtime::Runtime>::block_on::<core[a373ad73a504971]::pin::Pin<&mut dyn core[a373ad73a504971]::future::future::Future<Output = ()>>>
[INFO] [stdout]   18:     0x577a3e84cebe - <eventlogs[3d0c71672ed5219c]::stores::postgres::tests::concurrent_append::{closure#0} as core[a373ad73a504971]::ops::function::FnOnce<()>>::call_once
[INFO] [stdout]   19:     0x577a3e84d3cb - test[aada8e7e76ba119b]::__rust_begin_short_backtrace::<core[a373ad73a504971]::result::Result<(), alloc[2e1b2a31b91974c5]::string::String>, fn() -> core[a373ad73a504971]::result::Result<(), alloc[2e1b2a31b91974c5]::string::String>>
[INFO] [stdout]   20:     0x577a3e85a5a5 - test[aada8e7e76ba119b]::run_test::{closure#0}
[INFO] [stdout]   21:     0x577a3e853e94 - std[617be2ca0a6fd877]::sys::backtrace::__rust_begin_short_backtrace::<test[aada8e7e76ba119b]::run_test::{closure#1}, ()>
[INFO] [stdout]   22:     0x577a3e85d632 - <std[617be2ca0a6fd877]::thread::lifecycle::spawn_unchecked<test[aada8e7e76ba119b]::run_test::{closure#1}, ()>::{closure#1} as core[a373ad73a504971]::ops::function::FnOnce<()>>::call_once::{shim:vtable#0}
[INFO] [stdout]   23:     0x577a3e99850f - <std[617be2ca0a6fd877]::sys::thread::unix::Thread>::new::thread_start
[INFO] [stdout]   24:     0x7bb29c62adfa - <unknown>
[INFO] [stdout]   25:     0x7bb29c6be3d4 - clone
[INFO] [stdout]   26:                0x0 - <unknown>
[INFO] [stdout] 
[INFO] [stdout] ---- stores::postgres::tests::append_load stdout ----
[INFO] [stdout] 
[INFO] [stdout] thread 'stores::postgres::tests::append_load' (1559) panicked at src/stores/postgres.rs:244:14:
[INFO] [stdout] called `Result::unwrap()` on an `Err` value: DatabaseError { error: Backend(Error { kind: Connect, cause: Some(Os { code: 111, kind: ConnectionRefused, message: "Connection refused" }) }) }
[INFO] [stdout] stack backtrace:
[INFO] [stdout]    0:     0x577a3e999061 - <<std[617be2ca0a6fd877]::sys::backtrace::BacktraceLock>::print::DisplayBacktrace as core[a373ad73a504971]::fmt::Display>::fmt
[INFO] [stdout]    1:     0x577a3e9af6ba - core[a373ad73a504971]::fmt::write
[INFO] [stdout]    2:     0x577a3e99d93c - <alloc[2e1b2a31b91974c5]::vec::Vec<u8> as core[a373ad73a504971]::io::write::Write>::write_fmt
[INFO] [stdout]    3:     0x577a3e974326 - std[617be2ca0a6fd877]::panicking::default_hook::{closure#0}
[INFO] [stdout]    4:     0x577a3e990f59 - std[617be2ca0a6fd877]::panicking::default_hook
[INFO] [stdout]    5:     0x577a3e859f80 - test[aada8e7e76ba119b]::test_main_inner::{closure#0}
[INFO] [stdout]    6:     0x577a3e991282 - std[617be2ca0a6fd877]::panicking::panic_with_hook
[INFO] [stdout]    7:     0x577a3e9743d2 - std[617be2ca0a6fd877]::panicking::panic_handler::{closure#0}
[INFO] [stdout]    8:     0x577a3e96d009 - std[617be2ca0a6fd877]::sys::backtrace::__rust_end_short_backtrace::<std[617be2ca0a6fd877]::panicking::panic_handler::{closure#0}, !>
[INFO] [stdout]    9:     0x577a3e9751cd - __rustc[ea4f61d10b84890b]::rust_begin_unwind
[INFO] [stdout]   10:     0x577a3e9afe1c - core[a373ad73a504971]::panicking::panic_fmt
[INFO] [stdout]   11:     0x577a3e9afbf2 - core[a373ad73a504971]::result::unwrap_failed
[INFO] [stdout]   12:     0x577a3e848c27 - eventlogs[3d0c71672ed5219c]::stores::postgres::tests::append_load::{closure#0}
[INFO] [stdout]   13:     0x577a3e82f2a3 - <tokio[6f7b0d221f81a368]::runtime::scheduler::current_thread::Context>::enter::<core[a373ad73a504971]::task::poll::Poll<()>, <tokio[6f7b0d221f81a368]::runtime::scheduler::current_thread::CoreGuard>::block_on<core[a373ad73a504971]::pin::Pin<&mut core[a373ad73a504971]::pin::Pin<&mut dyn core[a373ad73a504971]::future::future::Future<Output = ()>>>>::{closure#0}::{closure#0}>
[INFO] [stdout]   14:     0x577a3e80ed6c - <tokio[6f7b0d221f81a368]::runtime::context::scoped::Scoped<tokio[6f7b0d221f81a368]::runtime::scheduler::Context>>::set::<<tokio[6f7b0d221f81a368]::runtime::scheduler::current_thread::CoreGuard>::enter<<tokio[6f7b0d221f81a368]::runtime::scheduler::current_thread::CoreGuard>::block_on<core[a373ad73a504971]::pin::Pin<&mut core[a373ad73a504971]::pin::Pin<&mut dyn core[a373ad73a504971]::future::future::Future<Output = ()>>>>::{closure#0}, core[a373ad73a504971]::option::Option<()>>::{closure#0}, (alloc[2e1b2a31b91974c5]::boxed::Box<tokio[6f7b0d221f81a368]::runtime::scheduler::current_thread::Core>, core[a373ad73a504971]::option::Option<()>)>
[INFO] [stdout]   15:     0x577a3e82f847 - <tokio[6f7b0d221f81a368]::runtime::scheduler::current_thread::CoreGuard>::block_on::<core[a373ad73a504971]::pin::Pin<&mut core[a373ad73a504971]::pin::Pin<&mut dyn core[a373ad73a504971]::future::future::Future<Output = ()>>>>
[INFO] [stdout]   16:     0x577a3e82d63d - tokio[6f7b0d221f81a368]::runtime::context::runtime::enter_runtime::<<tokio[6f7b0d221f81a368]::runtime::scheduler::current_thread::CurrentThread>::block_on<core[a373ad73a504971]::pin::Pin<&mut dyn core[a373ad73a504971]::future::future::Future<Output = ()>>>::{closure#0}, ()>
[INFO] [stdout]   17:     0x577a3e81a3b5 - <tokio[6f7b0d221f81a368]::runtime::runtime::Runtime>::block_on::<core[a373ad73a504971]::pin::Pin<&mut dyn core[a373ad73a504971]::future::future::Future<Output = ()>>>
[INFO] [stdout]   18:     0x577a3e84cd5e - <eventlogs[3d0c71672ed5219c]::stores::postgres::tests::append_load::{closure#0} as core[a373ad73a504971]::ops::function::FnOnce<()>>::call_once
[INFO] [stdout]   19:     0x577a3e84d3cb - test[aada8e7e76ba119b]::__rust_begin_short_backtrace::<core[a373ad73a504971]::result::Result<(), alloc[2e1b2a31b91974c5]::string::String>, fn() -> core[a373ad73a504971]::result::Result<(), alloc[2e1b2a31b91974c5]::string::String>>
[INFO] [stdout]   20:     0x577a3e85a5a5 - test[aada8e7e76ba119b]::run_test::{closure#0}
[INFO] [stdout]   21:     0x577a3e853e94 - std[617be2ca0a6fd877]::sys::backtrace::__rust_begin_short_backtrace::<test[aada8e7e76ba119b]::run_test::{closure#1}, ()>
[INFO] [stdout]   22:     0x577a3e85d632 - <std[617be2ca0a6fd877]::thread::lifecycle::spawn_unchecked<test[aada8e7e76ba119b]::run_test::{closure#1}, ()>::{closure#1} as core[a373ad73a504971]::ops::function::FnOnce<()>>::call_once::{shim:vtable#0}
[INFO] [stdout]   23:     0x577a3e99850f - <std[617be2ca0a6fd877]::sys::thread::unix::Thread>::new::thread_start
[INFO] [stdout]   24:     0x7bb29c62adfa - <unknown>
[INFO] [stdout]   25:     0x7bb29c6be3d4 - clone
[INFO] [stdout]   26:                0x0 - <unknown>
[INFO] [stdout] 
[INFO] [stdout] ---- stores::postgres::tests::idempotent_append stdout ----
[INFO] [stdout] 
[INFO] [stdout] thread 'stores::postgres::tests::idempotent_append' (1562) panicked at src/stores/postgres.rs:343:14:
[INFO] [stdout] called `Result::unwrap()` on an `Err` value: DatabaseError { error: Backend(Error { kind: Connect, cause: Some(Os { code: 111, kind: ConnectionRefused, message: "Connection refused" }) }) }
[INFO] [stdout] stack backtrace:
[INFO] [stdout]    0:     0x577a3e999061 - <<std[617be2ca0a6fd877]::sys::backtrace::BacktraceLock>::print::DisplayBacktrace as core[a373ad73a504971]::fmt::Display>::fmt
[INFO] [stdout]    1:     0x577a3e9af6ba - core[a373ad73a504971]::fmt::write
[INFO] [stdout]    2:     0x577a3e99d93c - <alloc[2e1b2a31b91974c5]::vec::Vec<u8> as core[a373ad73a504971]::io::write::Write>::write_fmt
[INFO] [stdout]    3:     0x577a3e974326 - std[617be2ca0a6fd877]::panicking::default_hook::{closure#0}
[INFO] [stdout]    4:     0x577a3e990f59 - std[617be2ca0a6fd877]::panicking::default_hook
[INFO] [stdout]    5:     0x577a3e859f80 - test[aada8e7e76ba119b]::test_main_inner::{closure#0}
[INFO] [stdout]    6:     0x577a3e991282 - std[617be2ca0a6fd877]::panicking::panic_with_hook
[INFO] [stdout]    7:     0x577a3e9743d2 - std[617be2ca0a6fd877]::panicking::panic_handler::{closure#0}
[INFO] [stdout]    8:     0x577a3e96d009 - std[617be2ca0a6fd877]::sys::backtrace::__rust_end_short_backtrace::<std[617be2ca0a6fd877]::panicking::panic_handler::{closure#0}, !>
[INFO] [stdout]    9:     0x577a3e9751cd - __rustc[ea4f61d10b84890b]::rust_begin_unwind
[INFO] [stdout]   10:     0x577a3e9afe1c - core[a373ad73a504971]::panicking::panic_fmt
[INFO] [stdout]   11:     0x577a3e9afbf2 - core[a373ad73a504971]::result::unwrap_failed
[INFO] [stdout]   12:     0x577a3e8499f6 - eventlogs[3d0c71672ed5219c]::stores::postgres::tests::idempotent_append::{closure#0}
[INFO] [stdout]   13:     0x577a3e82f2a3 - <tokio[6f7b0d221f81a368]::runtime::scheduler::current_thread::Context>::enter::<core[a373ad73a504971]::task::poll::Poll<()>, <tokio[6f7b0d221f81a368]::runtime::scheduler::current_thread::CoreGuard>::block_on<core[a373ad73a504971]::pin::Pin<&mut core[a373ad73a504971]::pin::Pin<&mut dyn core[a373ad73a504971]::future::future::Future<Output = ()>>>>::{closure#0}::{closure#0}>
[INFO] [stdout]   14:     0x577a3e80ed6c - <tokio[6f7b0d221f81a368]::runtime::context::scoped::Scoped<tokio[6f7b0d221f81a368]::runtime::scheduler::Context>>::set::<<tokio[6f7b0d221f81a368]::runtime::scheduler::current_thread::CoreGuard>::enter<<tokio[6f7b0d221f81a368]::runtime::scheduler::current_thread::CoreGuard>::block_on<core[a373ad73a504971]::pin::Pin<&mut core[a373ad73a504971]::pin::Pin<&mut dyn core[a373ad73a504971]::future::future::Future<Output = ()>>>>::{closure#0}, core[a373ad73a504971]::option::Option<()>>::{closure#0}, (alloc[2e1b2a31b91974c5]::boxed::Box<tokio[6f7b0d221f81a368]::runtime::scheduler::current_thread::Core>, core[a373ad73a504971]::option::Option<()>)>
[INFO] [stdout]   15:     0x577a3e82f847 - <tokio[6f7b0d221f81a368]::runtime::scheduler::current_thread::CoreGuard>::block_on::<core[a373ad73a504971]::pin::Pin<&mut core[a373ad73a504971]::pin::Pin<&mut dyn core[a373ad73a504971]::future::future::Future<Output = ()>>>>
[INFO] [stdout]   16:     0x577a3e82d63d - tokio[6f7b0d221f81a368]::runtime::context::runtime::enter_runtime::<<tokio[6f7b0d221f81a368]::runtime::scheduler::current_thread::CurrentThread>::block_on<core[a373ad73a504971]::pin::Pin<&mut dyn core[a373ad73a504971]::future::future::Future<Output = ()>>>::{closure#0}, ()>
[INFO] [stdout]   17:     0x577a3e81a3b5 - <tokio[6f7b0d221f81a368]::runtime::runtime::Runtime>::block_on::<core[a373ad73a504971]::pin::Pin<&mut dyn core[a373ad73a504971]::future::future::Future<Output = ()>>>
[INFO] [stdout]   18:     0x577a3e84d01e - <eventlogs[3d0c71672ed5219c]::stores::postgres::tests::idempotent_append::{closure#0} as core[a373ad73a504971]::ops::function::FnOnce<()>>::call_once
[INFO] [stdout]   19:     0x577a3e84d3cb - test[aada8e7e76ba119b]::__rust_begin_short_backtrace::<core[a373ad73a504971]::result::Result<(), alloc[2e1b2a31b91974c5]::string::String>, fn() -> core[a373ad73a504971]::result::Result<(), alloc[2e1b2a31b91974c5]::string::String>>
[INFO] [stdout]   20:     0x577a3e85a5a5 - test[aada8e7e76ba119b]::run_test::{closure#0}
[INFO] [stdout]   21:     0x577a3e853e94 - std[617be2ca0a6fd877]::sys::backtrace::__rust_begin_short_backtrace::<test[aada8e7e76ba119b]::run_test::{closure#1}, ()>
[INFO] [stdout]   22:     0x577a3e85d632 - <std[617be2ca0a6fd877]::thread::lifecycle::spawn_unchecked<test[aada8e7e76ba119b]::run_test::{closure#1}, ()>::{closure#1} as core[a373ad73a504971]::ops::function::FnOnce<()>>::call_once::{shim:vtable#0}
[INFO] [stdout]   23:     0x577a3e99850f - <std[617be2ca0a6fd877]::sys::thread::unix::Thread>::new::thread_start
[INFO] [stdout]   24:     0x7bb29c62adfa - <unknown>
[INFO] [stdout]   25:     0x7bb29c6be3d4 - clone
[INFO] [stdout]   26:                0x0 - <unknown>
[INFO] [stdout] 
[INFO] [stdout] ---- stores::postgres::tests::append_multiple_load stdout ----
[INFO] [stdout] 
[INFO] [stdout] thread 'stores::postgres::tests::append_multiple_load' (1560) panicked at src/stores/postgres.rs:257:14:
[INFO] [stdout] called `Result::unwrap()` on an `Err` value: DatabaseError { error: Backend(Error { kind: Connect, cause: Some(Os { code: 111, kind: ConnectionRefused, message: "Connection refused" }) }) }
[INFO] [stdout] stack backtrace:
[INFO] [stdout]    0:     0x577a3e999061 - <<std[617be2ca0a6fd877]::sys::backtrace::BacktraceLock>::print::DisplayBacktrace as core[a373ad73a504971]::fmt::Display>::fmt
[INFO] [stdout]    1:     0x577a3e9af6ba - core[a373ad73a504971]::fmt::write
[INFO] [stdout]    2:     0x577a3e99d93c - <alloc[2e1b2a31b91974c5]::vec::Vec<u8> as core[a373ad73a504971]::io::write::Write>::write_fmt
[INFO] [stdout]    3:     0x577a3e974326 - std[617be2ca0a6fd877]::panicking::default_hook::{closure#0}
[INFO] [stdout]    4:     0x577a3e990f59 - std[617be2ca0a6fd877]::panicking::default_hook
[INFO] [stdout]    5:     0x577a3e859f80 - test[aada8e7e76ba119b]::test_main_inner::{closure#0}
[INFO] [stdout]    6:     0x577a3e991282 - std[617be2ca0a6fd877]::panicking::panic_with_hook
[INFO] [stdout]    7:     0x577a3e9743d2 - std[617be2ca0a6fd877]::panicking::panic_handler::{closure#0}
[INFO] [stdout]    8:     0x577a3e96d009 - std[617be2ca0a6fd877]::sys::backtrace::__rust_end_short_backtrace::<std[617be2ca0a6fd877]::panicking::panic_handler::{closure#0}, !>
[INFO] [stdout]    9:     0x577a3e9751cd - __rustc[ea4f61d10b84890b]::rust_begin_unwind
[INFO] [stdout]   10:     0x577a3e9afe1c - core[a373ad73a504971]::panicking::panic_fmt
[INFO] [stdout]   11:     0x577a3e9afbf2 - core[a373ad73a504971]::result::unwrap_failed
[INFO] [stdout]   12:     0x577a3e84a827 - eventlogs[3d0c71672ed5219c]::stores::postgres::tests::append_multiple_load::{closure#0}
[INFO] [stdout]   13:     0x577a3e82f2a3 - <tokio[6f7b0d221f81a368]::runtime::scheduler::current_thread::Context>::enter::<core[a373ad73a504971]::task::poll::Poll<()>, <tokio[6f7b0d221f81a368]::runtime::scheduler::current_thread::CoreGuard>::block_on<core[a373ad73a504971]::pin::Pin<&mut core[a373ad73a504971]::pin::Pin<&mut dyn core[a373ad73a504971]::future::future::Future<Output = ()>>>>::{closure#0}::{closure#0}>
[INFO] [stdout]   14:     0x577a3e80ed6c - <tokio[6f7b0d221f81a368]::runtime::context::scoped::Scoped<tokio[6f7b0d221f81a368]::runtime::scheduler::Context>>::set::<<tokio[6f7b0d221f81a368]::runtime::scheduler::current_thread::CoreGuard>::enter<<tokio[6f7b0d221f81a368]::runtime::scheduler::current_thread::CoreGuard>::block_on<core[a373ad73a504971]::pin::Pin<&mut core[a373ad73a504971]::pin::Pin<&mut dyn core[a373ad73a504971]::future::future::Future<Output = ()>>>>::{closure#0}, core[a373ad73a504971]::option::Option<()>>::{closure#0}, (alloc[2e1b2a31b91974c5]::boxed::Box<tokio[6f7b0d221f81a368]::runtime::scheduler::current_thread::Core>, core[a373ad73a504971]::option::Option<()>)>
[INFO] [stdout]   15:     0x577a3e82f847 - <tokio[6f7b0d221f81a368]::runtime::scheduler::current_thread::CoreGuard>::block_on::<core[a373ad73a504971]::pin::Pin<&mut core[a373ad73a504971]::pin::Pin<&mut dyn core[a373ad73a504971]::future::future::Future<Output = ()>>>>
[INFO] [stdout]   16:     0x577a3e82d63d - tokio[6f7b0d221f81a368]::runtime::context::runtime::enter_runtime::<<tokio[6f7b0d221f81a368]::runtime::scheduler::current_thread::CurrentThread>::block_on<core[a373ad73a504971]::pin::Pin<&mut dyn core[a373ad73a504971]::future::future::Future<Output = ()>>>::{closure#0}, ()>
[INFO] [stdout]   17:     0x577a3e81a3b5 - <tokio[6f7b0d221f81a368]::runtime::runtime::Runtime>::block_on::<core[a373ad73a504971]::pin::Pin<&mut dyn core[a373ad73a504971]::future::future::Future<Output = ()>>>
[INFO] [stdout]   18:     0x577a3e84d2de - <eventlogs[3d0c71672ed5219c]::stores::postgres::tests::append_multiple_load::{closure#0} as core[a373ad73a504971]::ops::function::FnOnce<()>>::call_once
[INFO] [stdout]   19:     0x577a3e84d3cb - test[aada8e7e76ba119b]::__rust_begin_short_backtrace::<core[a373ad73a504971]::result::Result<(), alloc[2e1b2a31b91974c5]::string::String>, fn() -> core[a373ad73a504971]::result::Result<(), alloc[2e1b2a31b91974c5]::string::String>>
[INFO] [stdout]   20:     0x577a3e85a5a5 - test[aada8e7e76ba119b]::run_test::{closure#0}
[INFO] [stdout]   21:     0x577a3e853e94 - std[617be2ca0a6fd877]::sys::backtrace::__rust_begin_short_backtrace::<test[aada8e7e76ba119b]::run_test::{closure#1}, ()>
[INFO] [stdout]   22:     0x577a3e85d632 - <std[617be2ca0a6fd877]::thread::lifecycle::spawn_unchecked<test[aada8e7e76ba119b]::run_test::{closure#1}, ()>::{closure#1} as core[a373ad73a504971]::ops::function::FnOnce<()>>::call_once::{shim:vtable#0}
[INFO] [stdout]   23:     0x577a3e99850f - <std[617be2ca0a6fd877]::sys::thread::unix::Thread>::new::thread_start
[INFO] [stdout]   24:     0x7bb29c62adfa - <unknown>
[INFO] [stdout]   25:     0x7bb29c6be3d4 - clone
[INFO] [stdout]   26:                0x0 - <unknown>
[INFO] [stdout] 
[INFO] [stdout] ---- caches::redis::tests::put_get stdout ----
[INFO] [stdout] 
[INFO] [stdout] thread 'caches::redis::tests::put_get' (1543) panicked at src/caches/redis.rs:150:37:
[INFO] [stdout] called `Result::unwrap()` on an `Err` value: DatabaseError(Backend(Connection refused (os error 111)))
[INFO] [stdout] stack backtrace:
[INFO] [stdout]    0:     0x577a3e999061 - <<std[617be2ca0a6fd877]::sys::backtrace::BacktraceLock>::print::DisplayBacktrace as core[a373ad73a504971]::fmt::Display>::fmt
[INFO] [stdout]    1:     0x577a3e9af6ba - core[a373ad73a504971]::fmt::write
[INFO] [stdout]    2:     0x577a3e99d93c - <alloc[2e1b2a31b91974c5]::vec::Vec<u8> as core[a373ad73a504971]::io::write::Write>::write_fmt
[INFO] [stdout]    3:     0x577a3e974326 - std[617be2ca0a6fd877]::panicking::default_hook::{closure#0}
[INFO] [stdout]    4:     0x577a3e990f59 - std[617be2ca0a6fd877]::panicking::default_hook
[INFO] [stdout]    5:     0x577a3e859f80 - test[aada8e7e76ba119b]::test_main_inner::{closure#0}
[INFO] [stdout]    6:     0x577a3e991282 - std[617be2ca0a6fd877]::panicking::panic_with_hook
[INFO] [stdout]    7:     0x577a3e9743d2 - std[617be2ca0a6fd877]::panicking::panic_handler::{closure#0}
[INFO] [stdout]    8:     0x577a3e96d009 - std[617be2ca0a6fd877]::sys::backtrace::__rust_end_short_backtrace::<std[617be2ca0a6fd877]::panicking::panic_handler::{closure#0}, !>
[INFO] [stdout]    9:     0x577a3e9751cd - __rustc[ea4f61d10b84890b]::rust_begin_unwind
[INFO] [stdout]   10:     0x577a3e9afe1c - core[a373ad73a504971]::panicking::panic_fmt
[INFO] [stdout]   11:     0x577a3e9afbf2 - core[a373ad73a504971]::result::unwrap_failed
[INFO] [stdout]   12:     0x577a3e7e789b - eventlogs[3d0c71672ed5219c]::caches::redis::tests::put_get::{closure#0}
[INFO] [stdout]   13:     0x577a3e82f2a3 - <tokio[6f7b0d221f81a368]::runtime::scheduler::current_thread::Context>::enter::<core[a373ad73a504971]::task::poll::Poll<()>, <tokio[6f7b0d221f81a368]::runtime::scheduler::current_thread::CoreGuard>::block_on<core[a373ad73a504971]::pin::Pin<&mut core[a373ad73a504971]::pin::Pin<&mut dyn core[a373ad73a504971]::future::future::Future<Output = ()>>>>::{closure#0}::{closure#0}>
[INFO] [stdout]   14:     0x577a3e80ed6c - <tokio[6f7b0d221f81a368]::runtime::context::scoped::Scoped<tokio[6f7b0d221f81a368]::runtime::scheduler::Context>>::set::<<tokio[6f7b0d221f81a368]::runtime::scheduler::current_thread::CoreGuard>::enter<<tokio[6f7b0d221f81a368]::runtime::scheduler::current_thread::CoreGuard>::block_on<core[a373ad73a504971]::pin::Pin<&mut core[a373ad73a504971]::pin::Pin<&mut dyn core[a373ad73a504971]::future::future::Future<Output = ()>>>>::{closure#0}, core[a373ad73a504971]::option::Option<()>>::{closure#0}, (alloc[2e1b2a31b91974c5]::boxed::Box<tokio[6f7b0d221f81a368]::runtime::scheduler::current_thread::Core>, core[a373ad73a504971]::option::Option<()>)>
[INFO] [stdout]   15:     0x577a3e82f847 - <tokio[6f7b0d221f81a368]::runtime::scheduler::current_thread::CoreGuard>::block_on::<core[a373ad73a504971]::pin::Pin<&mut core[a373ad73a504971]::pin::Pin<&mut dyn core[a373ad73a504971]::future::future::Future<Output = ()>>>>
[INFO] [stdout]   16:     0x577a3e82d63d - tokio[6f7b0d221f81a368]::runtime::context::runtime::enter_runtime::<<tokio[6f7b0d221f81a368]::runtime::scheduler::current_thread::CurrentThread>::block_on<core[a373ad73a504971]::pin::Pin<&mut dyn core[a373ad73a504971]::future::future::Future<Output = ()>>>::{closure#0}, ()>
[INFO] [stdout]   17:     0x577a3e81a3b5 - <tokio[6f7b0d221f81a368]::runtime::runtime::Runtime>::block_on::<core[a373ad73a504971]::pin::Pin<&mut dyn core[a373ad73a504971]::future::future::Future<Output = ()>>>
[INFO] [stdout]   18:     0x577a3e7e8acd - <eventlogs[3d0c71672ed5219c]::caches::redis::tests::put_get::{closure#0} as core[a373ad73a504971]::ops::function::FnOnce<()>>::call_once
[INFO] [stdout]   19:     0x577a3e84d3cb - test[aada8e7e76ba119b]::__rust_begin_short_backtrace::<core[a373ad73a504971]::result::Result<(), alloc[2e1b2a31b91974c5]::string::String>, fn() -> core[a373ad73a504971]::result::Result<(), alloc[2e1b2a31b91974c5]::string::String>>
[INFO] [stdout]   20:     0x577a3e85a5a5 - test[aada8e7e76ba119b]::run_test::{closure#0}
[INFO] [stdout]   21:     0x577a3e853e94 - std[617be2ca0a6fd877]::sys::backtrace::__rust_begin_short_backtrace::<test[aada8e7e76ba119b]::run_test::{closure#1}, ()>
[INFO] [stdout]   22:     0x577a3e85d632 - <std[617be2ca0a6fd877]::thread::lifecycle::spawn_unchecked<test[aada8e7e76ba119b]::run_test::{closure#1}, ()>::{closure#1} as core[a373ad73a504971]::ops::function::FnOnce<()>>::call_once::{shim:vtable#0}
[INFO] [stdout]   23:     0x577a3e99850f - <std[617be2ca0a6fd877]::sys::thread::unix::Thread>::new::thread_start
[INFO] [stdout]   24:     0x7bb29c62adfa - <unknown>
[INFO] [stdout]   25:     0x7bb29c6be3d4 - clone
[INFO] [stdout]   26:                0x0 - <unknown>
[INFO] [stdout] 
[INFO] [stdout] 
[INFO] [stdout] failures:
[INFO] [stdout]     caches::redis::tests::get_not_found
[INFO] [stdout]     caches::redis::tests::put_get
[INFO] [stdout]     stores::postgres::tests::append_load
[INFO] [stdout]     stores::postgres::tests::append_multiple_load
[INFO] [stdout]     stores::postgres::tests::concurrent_append
[INFO] [stdout]     stores::postgres::tests::idempotent_append
[INFO] [stdout]     stores::postgres::tests::idempotent_create
[INFO] [stdout]     stores::postgres::tests::load_limit
[INFO] [stdout] 
[INFO] [stdout] test result: FAILED. 22 passed; 8 failed; 0 ignored; 0 measured; 0 filtered out; finished in 0.04s
[INFO] [stdout] 
[INFO] running `Command { std: "docker" "inspect" "ce5ee6a0accb0c94ffe6714374fecd51ae07c3a919c710fbe46bdbc8c0a9b080", kill_on_drop: false }`
[INFO] running `Command { std: "docker" "rm" "-f" "ce5ee6a0accb0c94ffe6714374fecd51ae07c3a919c710fbe46bdbc8c0a9b080", kill_on_drop: false }`
[INFO] [stdout] ce5ee6a0accb0c94ffe6714374fecd51ae07c3a919c710fbe46bdbc8c0a9b080
