[INFO] fetching crate eventide-macros 0.1.2...
[INFO] testing eventide-macros-0.1.2 against 1.99.0-beta.8+cargoflags=--release for beta-release-1.100-2
[INFO] extracting crate eventide-macros 0.1.2 into /workspace/builds/worker-6-tc1/source
[INFO] started tweaking crates.io crate eventide-macros 0.1.2
[INFO] removed 0 missing tests
[INFO] finished tweaking crates.io crate eventide-macros 0.1.2
[INFO] tweaked toml for crates.io crate eventide-macros 0.1.2 written to /workspace/builds/worker-6-tc1/source/Cargo.toml
[INFO] validating manifest of crates.io crate eventide-macros 0.1.2 on toolchain 1.99.0-beta.8
[INFO] running `Command { std: CARGO_HOME="/workspace/cargo-home" RUSTUP_HOME="/workspace/rustup-home" "/workspace/cargo-home/bin/cargo" "+1.99.0-beta.8" "metadata" "--manifest-path" "Cargo.toml" "--no-deps", kill_on_drop: false }`
[INFO] crate crates.io crate eventide-macros 0.1.2 already has a lockfile, it will not be regenerated
[INFO] running `Command { std: CARGO_HOME="/workspace/cargo-home" RUSTUP_HOME="/workspace/rustup-home" "/workspace/cargo-home/bin/cargo" "+1.99.0-beta.8" "fetch" "--manifest-path" "Cargo.toml", kill_on_drop: false }`
[INFO] [stderr]  Downloading crates ...
[INFO] [stderr]   Downloaded target-triple v0.1.4
[INFO] [stderr]   Downloaded trybuild v1.0.111
[INFO] running `Command { std: "docker" "create" "-v" "/var/lib/crater-agent-workspace/builds/worker-6-tc1/source:/opt/rustwide/workdir:ro,Z" "-v" "/var/lib/crater-agent-workspace/builds/worker-6-tc1/target:/opt/rustwide/target:rw,Z" "-v" "/var/lib/crater-agent-workspace/cargo-home:/opt/rustwide/cargo-home:ro,Z" "-v" "/var/lib/crater-agent-workspace/rustup-home:/opt/rustwide/rustup-home:ro,Z" "-m" "1610612736" "--network" "none" "ghcr.io/rust-lang/crates-build-env/linux@sha256:77db811e55d90add9212f6832c23229e3de5f1c1f9905e8cb07319ea15df73ac" "sleep" "infinity", kill_on_drop: false }`
[INFO] [stdout] 300d5faeef4914c0729add5686504433ef90d4e9e6093fec58cd66295b92e3a9
[INFO] running `Command { std: "docker" "start" "300d5faeef4914c0729add5686504433ef90d4e9e6093fec58cd66295b92e3a9", kill_on_drop: false }`
[INFO] running `Command { std: "docker" "inspect" "300d5faeef4914c0729add5686504433ef90d4e9e6093fec58cd66295b92e3a9", kill_on_drop: false }`
[INFO] running `Command { std: "docker" "exec" "-e" "SOURCE_DIR=/opt/rustwide/workdir" "-e" "CARGO_HOME=/opt/rustwide/cargo-home" "-e" "RUSTUP_HOME=/opt/rustwide/rustup-home" "-e" "CARGO_TARGET_DIR=/opt/rustwide/target" "-w" "/opt/rustwide/workdir" "--user" "0:0" "300d5faeef4914c0729add5686504433ef90d4e9e6093fec58cd66295b92e3a9" "/opt/rustwide/cargo-home/bin/cargo" "+1.99.0-beta.8" "metadata" "--no-deps" "--format-version=1", kill_on_drop: false }`
[INFO] running `Command { std: "docker" "inspect" "300d5faeef4914c0729add5686504433ef90d4e9e6093fec58cd66295b92e3a9", kill_on_drop: false }`
[INFO] running `Command { std: "docker" "exec" "-e" "SOURCE_DIR=/opt/rustwide/workdir" "-e" "CARGO_HOME=/opt/rustwide/cargo-home" "-e" "RUSTUP_HOME=/opt/rustwide/rustup-home" "-e" "CARGO_TARGET_DIR=/opt/rustwide/target" "-e" "CARGO_INCREMENTAL=0" "-e" "RUST_BACKTRACE=full" "-e" "RUSTFLAGS=--cap-lints=warn" "-e" "RUSTDOCFLAGS=--cap-lints=warn" "-w" "/opt/rustwide/workdir" "--user" "0:0" "300d5faeef4914c0729add5686504433ef90d4e9e6093fec58cd66295b92e3a9" "/opt/rustwide/cargo-home/bin/cargo" "+1.99.0-beta.8" "build" "--frozen" "--message-format=json" "--release", kill_on_drop: false }`
[INFO] [stderr]    Compiling proc-macro2 v1.0.101
[INFO] [stderr]    Compiling hashbrown v0.17.0
[INFO] [stderr]    Compiling winnow v1.0.2
[INFO] [stderr]    Compiling indexmap v2.14.0
[INFO] [stderr]    Compiling quote v1.0.40
[INFO] [stderr]    Compiling syn v2.0.106
[INFO] [stderr]    Compiling toml_parser v1.1.2+spec-1.1.0
[INFO] [stderr]    Compiling toml_edit v0.25.11+spec-1.1.0
[INFO] [stderr]    Compiling proc-macro-crate v3.5.0
[INFO] [stderr]    Compiling eventide-macros v0.1.2 (/opt/rustwide/workdir)
[INFO] [stderr]     Finished `release` profile [optimized] target(s) in 10.35s
[INFO] running `Command { std: "docker" "inspect" "300d5faeef4914c0729add5686504433ef90d4e9e6093fec58cd66295b92e3a9", kill_on_drop: false }`
[INFO] running `Command { std: "docker" "exec" "-e" "SOURCE_DIR=/opt/rustwide/workdir" "-e" "CARGO_HOME=/opt/rustwide/cargo-home" "-e" "RUSTUP_HOME=/opt/rustwide/rustup-home" "-e" "CARGO_TARGET_DIR=/opt/rustwide/target" "-e" "CARGO_INCREMENTAL=0" "-e" "RUST_BACKTRACE=full" "-e" "RUSTFLAGS=--cap-lints=warn" "-e" "RUSTDOCFLAGS=--cap-lints=warn" "-w" "/opt/rustwide/workdir" "--user" "0:0" "300d5faeef4914c0729add5686504433ef90d4e9e6093fec58cd66295b92e3a9" "/opt/rustwide/cargo-home/bin/cargo" "+1.99.0-beta.8" "test" "--frozen" "--no-run" "--message-format=json" "--release", kill_on_drop: false }`
[INFO] [stderr]    Compiling libc v0.2.176
[INFO] [stderr]    Compiling serde_core v1.0.228
[INFO] [stderr]    Compiling serde_derive v1.0.228
[INFO] [stderr]    Compiling serde_json v1.0.145
[INFO] [stderr]    Compiling target-triple v0.1.4
[INFO] [stderr]    Compiling winnow v1.0.2
[INFO] [stderr]    Compiling proc-macro2 v1.0.101
[INFO] [stderr]    Compiling winnow v0.7.13
[INFO] [stderr]    Compiling toml_writer v1.0.3
[INFO] [stderr]    Compiling memchr v2.7.6
[INFO] [stderr]    Compiling unicode-ident v1.0.19
[INFO] [stderr]    Compiling hashbrown v0.17.0
[INFO] [stderr]    Compiling serde_spanned v1.0.2
[INFO] [stderr]    Compiling toml_datetime v0.7.2
[INFO] [stderr]    Compiling getrandom v0.3.3
[INFO] [stderr]    Compiling termcolor v1.4.1
[INFO] [stderr]    Compiling toml_datetime v1.1.1+spec-1.1.0
[INFO] [stderr]    Compiling eventide-macros v0.1.2 (/opt/rustwide/workdir)
[INFO] [stderr]    Compiling glob v0.3.3
[INFO] [stderr]    Compiling quote v1.0.40
[INFO] [stderr]    Compiling syn v2.0.106
[INFO] [stderr]    Compiling indexmap v2.14.0
[INFO] [stderr]    Compiling toml_parser v1.1.2+spec-1.1.0
[INFO] [stderr]    Compiling serde v1.0.228
[INFO] [stderr]    Compiling toml v0.9.7
[INFO] [stderr]    Compiling toml_edit v0.25.11+spec-1.1.0
[INFO] [stderr]    Compiling uuid v1.18.1
[INFO] [stderr]    Compiling proc-macro-crate v3.5.0
[INFO] [stderr]    Compiling trybuild v1.0.111
[INFO] [stderr]     Finished `release` profile [optimized] target(s) in 51.27s
[INFO] running `Command { std: "docker" "inspect" "300d5faeef4914c0729add5686504433ef90d4e9e6093fec58cd66295b92e3a9", kill_on_drop: false }`
[INFO] running `Command { std: "docker" "exec" "-e" "SOURCE_DIR=/opt/rustwide/workdir" "-e" "CARGO_HOME=/opt/rustwide/cargo-home" "-e" "RUSTUP_HOME=/opt/rustwide/rustup-home" "-e" "CARGO_TARGET_DIR=/opt/rustwide/target" "-e" "CARGO_INCREMENTAL=0" "-e" "RUST_BACKTRACE=full" "-e" "RUSTFLAGS=--cap-lints=warn" "-e" "RUSTDOCFLAGS=--cap-lints=warn" "-w" "/opt/rustwide/workdir" "--user" "0:0" "300d5faeef4914c0729add5686504433ef90d4e9e6093fec58cd66295b92e3a9" "/opt/rustwide/cargo-home/bin/cargo" "+1.99.0-beta.8" "test" "--frozen" "--release", kill_on_drop: false }`
[INFO] [stderr]     Finished `release` profile [optimized] target(s) in 0.07s
[INFO] [stderr]      Running unittests src/lib.rs (/opt/rustwide/target/release/deps/eventide_macros-f5496b16cdade4f7)
[INFO] [stderr]      Running tests/trybuild.rs (/opt/rustwide/target/release/deps/trybuild-5b2e559fb8444dd6)
[INFO] [stdout] 
[INFO] [stdout] running 0 tests
[INFO] [stdout] 
[INFO] [stdout] test result: ok. 0 passed; 0 failed; 0 ignored; 0 measured; 0 filtered out; finished in 0.00s
[INFO] [stdout] 
[INFO] [stdout] 
[INFO] [stdout] running 1 test
[INFO] [stderr]    Compiling proc-macro2 v1.0.101
[INFO] [stderr]    Compiling unicode-ident v1.0.19
[INFO] [stderr]    Compiling serde_core v1.0.228
[INFO] [stderr]    Compiling libc v0.2.176
[INFO] [stderr]    Compiling winnow v1.0.2
[INFO] [stderr]    Compiling hashbrown v0.17.0
[INFO] [stderr]    Compiling equivalent v1.0.2
[INFO] [stderr]    Compiling serde v1.0.228
[INFO] [stderr]    Compiling getrandom v0.3.3
[INFO] [stderr]    Compiling toml_datetime v1.1.1+spec-1.1.0
[INFO] [stderr]    Compiling cfg-if v1.0.3
[INFO] [stderr]    Compiling indexmap v2.14.0
[INFO] [stderr]    Compiling quote v1.0.40
[INFO] [stderr]    Compiling syn v2.0.106
[INFO] [stderr]    Compiling toml_parser v1.1.2+spec-1.1.0
[INFO] [stderr]    Compiling toml_edit v0.25.11+spec-1.1.0
[INFO] [stderr]    Compiling proc-macro-crate v3.5.0
[INFO] [stderr]    Compiling serde_derive v1.0.228
[INFO] [stderr]    Compiling eventide-macros v0.1.2 (/opt/rustwide/workdir)
[INFO] [stderr]    Compiling uuid v1.18.1
[INFO] [stderr]    Compiling eventide-macros-tests v0.0.0 (/opt/rustwide/target/tests/trybuild/eventide-macros)
[INFO] [stderr]     Finished `dev` profile [unoptimized + debuginfo] target(s) in 20.13s
[INFO] [stderr] 
[INFO] [stderr] 
[INFO] [stderr] test tests/ui/aggregate_basic.rs ... error
[INFO] [stderr] ┈┈┈┈┈┈┈┈┈┈┈┈┈┈┈┈┈┈┈┈┈┈┈┈┈┈┈┈┈┈┈┈┈┈┈┈┈┈┈┈┈┈┈┈┈┈┈┈┈┈┈┈┈┈┈┈┈┈┈┈
[INFO] [stderr] error[E0433]: cannot find `eventide_domain` in the list of imported crates
[INFO] [stderr]  --> tests/ui/aggregate_basic.rs:4:1
[INFO] [stderr]   |
[INFO] [stderr] 4 | #[entity(id = String)]
[INFO] [stderr]   | ^^^^^^^^^^^^^^^^^^^^^^ could not find `eventide_domain` in the list of imported crates
[INFO] [stderr]   |
[INFO] [stderr]   = note: this error originates in the attribute macro `entity` (in Nightly builds, run with -Z macro-backtrace for more info)
[INFO] [stderr] 
[INFO] [stderr] error: cannot find attribute `serde` in this scope
[INFO] [stderr]  --> tests/ui/aggregate_basic.rs:4:1
[INFO] [stderr]   |
[INFO] [stderr] 4 | #[entity(id = String)]
[INFO] [stderr]   | ^^^^^^^^^^^^^^^^^^^^^^
[INFO] [stderr]   |
[INFO] [stderr]   = note: `serde` is in scope, but it is a crate, not an attribute
[INFO] [stderr]   = note: this error originates in the attribute macro `entity` (in Nightly builds, run with -Z macro-backtrace for more info)
[INFO] [stderr] help: `serde` is an attribute that can be used by the derive macros `Deserialize` and `Serialize`, you might be missing a `derive` attribute
[INFO] [stderr]   |
[INFO] [stderr] 6 + #[derive(Deserialize, Serialize)]
[INFO] [stderr] 7 | struct Account {
[INFO] [stderr]   |
[INFO] [stderr] ┈┈┈┈┈┈┈┈┈┈┈┈┈┈┈┈┈┈┈┈┈┈┈┈┈┈┈┈┈┈┈┈┈┈┈┈┈┈┈┈┈┈┈┈┈┈┈┈┈┈┈┈┈┈┈┈┈┈┈┈
[INFO] [stderr] 
[INFO] [stderr] test tests/ui/entity_id_basic.rs ... error
[INFO] [stderr] ┈┈┈┈┈┈┈┈┈┈┈┈┈┈┈┈┈┈┈┈┈┈┈┈┈┈┈┈┈┈┈┈┈┈┈┈┈┈┈┈┈┈┈┈┈┈┈┈┈┈┈┈┈┈┈┈┈┈┈┈
[INFO] [stderr] error[E0433]: cannot find `eventide_domain` in the list of imported crates
[INFO] [stderr]  --> tests/ui/entity_id_basic.rs:4:1
[INFO] [stderr]   |
[INFO] [stderr] 4 | #[entity_id]
[INFO] [stderr]   | ^^^^^^^^^^^^ could not find `eventide_domain` in the list of imported crates
[INFO] [stderr]   |
[INFO] [stderr]   = note: this error originates in the attribute macro `entity_id` (in Nightly builds, run with -Z macro-backtrace for more info)
[INFO] [stderr] 
[INFO] [stderr] error[E0433]: cannot find `eventide_domain` in the list of imported crates
[INFO] [stderr]  --> tests/ui/entity_id_basic.rs:7:1
[INFO] [stderr]   |
[INFO] [stderr] 7 | #[entity_id(debug = false)]
[INFO] [stderr]   | ^^^^^^^^^^^^^^^^^^^^^^^^^^^ could not find `eventide_domain` in the list of imported crates
[INFO] [stderr]   |
[INFO] [stderr]   = note: this error originates in the attribute macro `entity_id` (in Nightly builds, run with -Z macro-backtrace for more info)
[INFO] [stderr] 
[INFO] [stderr] error: cannot find attribute `serde` in this scope
[INFO] [stderr]  --> tests/ui/entity_id_basic.rs:4:1
[INFO] [stderr]   |
[INFO] [stderr] 4 | #[entity_id]
[INFO] [stderr]   | ^^^^^^^^^^^^
[INFO] [stderr]   |
[INFO] [stderr]   = note: `serde` is in scope, but it is a crate, not an attribute
[INFO] [stderr]   = note: this error originates in the attribute macro `entity_id` (in Nightly builds, run with -Z macro-backtrace for more info)
[INFO] [stderr] help: `serde` is an attribute that can be used by the derive macros `Deserialize` and `Serialize`, you might be missing a `derive` attribute
[INFO] [stderr]   |
[INFO] [stderr] 5 + #[derive(Deserialize, Serialize)]
[INFO] [stderr] 6 | struct UserId(Uuid);
[INFO] [stderr]   |
[INFO] [stderr] 
[INFO] [stderr] error: cannot find attribute `serde` in this scope
[INFO] [stderr]  --> tests/ui/entity_id_basic.rs:7:1
[INFO] [stderr]   |
[INFO] [stderr] 7 | #[entity_id(debug = false)]
[INFO] [stderr]   | ^^^^^^^^^^^^^^^^^^^^^^^^^^^
[INFO] [stderr]   |
[INFO] [stderr]   = note: `serde` is in scope, but it is a crate, not an attribute
[INFO] [stderr]   = note: this error originates in the attribute macro `entity_id` (in Nightly builds, run with -Z macro-backtrace for more info)
[INFO] [stderr] help: `serde` is an attribute that can be used by the derive macros `Deserialize` and `Serialize`, you might be missing a `derive` attribute
[INFO] [stderr]   |
[INFO] [stderr] 8 + #[derive(Deserialize, Serialize)]
[INFO] [stderr] 9 | struct ProfileId(Uuid);
[INFO] [stderr]   |
[INFO] [stderr] ┈┈┈┈┈┈┈┈┈┈┈┈┈┈┈┈┈┈┈┈┈┈┈┈┈┈┈┈┈┈┈┈┈┈┈┈┈┈┈┈┈┈┈┈┈┈┈┈┈┈┈┈┈┈┈┈┈┈┈┈
[INFO] [stderr] 
[INFO] [stderr] test tests/ui/event_all_variants.rs ... error
[INFO] [stderr] ┈┈┈┈┈┈┈┈┈┈┈┈┈┈┈┈┈┈┈┈┈┈┈┈┈┈┈┈┈┈┈┈┈┈┈┈┈┈┈┈┈┈┈┈┈┈┈┈┈┈┈┈┈┈┈┈┈┈┈┈
[INFO] [stderr] error[E0433]: cannot find module or crate `eventide_domain` in this scope
[INFO] [stderr]  --> tests/ui/event_all_variants.rs:1:5
[INFO] [stderr]   |
[INFO] [stderr] 1 | use eventide_domain::domain_event::DomainEvent;
[INFO] [stderr]   |     ^^^^^^^^^^^^^^^ use of unresolved module or unlinked crate `eventide_domain`
[INFO] [stderr]   |
[INFO] [stderr]   = help: if you wanted to use a crate named `eventide_domain`, use `cargo add eventide_domain` to add it to your `Cargo.toml`
[INFO] [stderr] 
[INFO] [stderr] error[E0433]: cannot find module or crate `eventide_domain` in this scope
[INFO] [stderr]  --> tests/ui/event_all_variants.rs:2:5
[INFO] [stderr]   |
[INFO] [stderr] 2 | use eventide_domain::value_object::Version;
[INFO] [stderr]   |     ^^^^^^^^^^^^^^^ use of unresolved module or unlinked crate `eventide_domain`
[INFO] [stderr]   |
[INFO] [stderr]   = help: if you wanted to use a crate named `eventide_domain`, use `cargo add eventide_domain` to add it to your `Cargo.toml`
[INFO] [stderr] 
[INFO] [stderr] error[E0433]: cannot find `eventide_domain` in the list of imported crates
[INFO] [stderr]  --> tests/ui/event_all_variants.rs:6:1
[INFO] [stderr]   |
[INFO] [stderr] 6 | #[domain_event(id = String)]
[INFO] [stderr]   | ^^^^^^^^^^^^^^^^^^^^^^^^^^^^ could not find `eventide_domain` in the list of imported crates
[INFO] [stderr]   |
[INFO] [stderr]   = note: this error originates in the attribute macro `domain_event` (in Nightly builds, run with -Z macro-backtrace for more info)
[INFO] [stderr] 
[INFO] [stderr] error[E0433]: cannot find `eventide_domain` in the list of imported crates
[INFO] [stderr]   --> tests/ui/event_all_variants.rs:13:1
[INFO] [stderr]    |
[INFO] [stderr] 13 | #[domain_event(id = String)]
[INFO] [stderr]    | ^^^^^^^^^^^^^^^^^^^^^^^^^^^^ could not find `eventide_domain` in the list of imported crates
[INFO] [stderr]    |
[INFO] [stderr]    = note: this error originates in the attribute macro `domain_event` (in Nightly builds, run with -Z macro-backtrace for more info)
[INFO] [stderr] 
[INFO] [stderr] error[E0433]: cannot find `eventide_domain` in the list of imported crates
[INFO] [stderr]   --> tests/ui/event_all_variants.rs:19:1
[INFO] [stderr]    |
[INFO] [stderr] 19 | #[domain_event(id = String)]
[INFO] [stderr]    | ^^^^^^^^^^^^^^^^^^^^^^^^^^^^ could not find `eventide_domain` in the list of imported crates
[INFO] [stderr]    |
[INFO] [stderr]    = note: this error originates in the attribute macro `domain_event` (in Nightly builds, run with -Z macro-backtrace for more info)
[INFO] [stderr] 
[INFO] [stderr] error[E0433]: cannot find `eventide_domain` in the list of imported crates
[INFO] [stderr]   --> tests/ui/event_all_variants.rs:25:1
[INFO] [stderr]    |
[INFO] [stderr] 25 | #[domain_event(id = String)]
[INFO] [stderr]    | ^^^^^^^^^^^^^^^^^^^^^^^^^^^^ could not find `eventide_domain` in the list of imported crates
[INFO] [stderr]    |
[INFO] [stderr]    = note: this error originates in the attribute macro `domain_event` (in Nightly builds, run with -Z macro-backtrace for more info)
[INFO] [stderr] 
[INFO] [stderr] error[E0433]: cannot find `eventide_domain` in the list of imported crates
[INFO] [stderr]   --> tests/ui/event_all_variants.rs:33:1
[INFO] [stderr]    |
[INFO] [stderr] 33 | #[domain_event(id = String)]
[INFO] [stderr]    | ^^^^^^^^^^^^^^^^^^^^^^^^^^^^ could not find `eventide_domain` in the list of imported crates
[INFO] [stderr]    |
[INFO] [stderr]    = note: this error originates in the attribute macro `domain_event` (in Nightly builds, run with -Z macro-backtrace for more info)
[INFO] [stderr] 
[INFO] [stderr] error: cannot find attribute `serde` in this scope
[INFO] [stderr]  --> tests/ui/event_all_variants.rs:6:1
[INFO] [stderr]   |
[INFO] [stderr] 6 | #[domain_event(id = String)]
[INFO] [stderr]   | ^^^^^^^^^^^^^^^^^^^^^^^^^^^^
[INFO] [stderr]   |
[INFO] [stderr]   = note: `serde` is in scope, but it is a crate, not an attribute
[INFO] [stderr]   = note: this error originates in the attribute macro `domain_event` (in Nightly builds, run with -Z macro-backtrace for more info)
[INFO] [stderr] 
[INFO] [stderr] error: cannot find attribute `serde` in this scope
[INFO] [stderr]   --> tests/ui/event_all_variants.rs:13:1
[INFO] [stderr]    |
[INFO] [stderr] 13 | #[domain_event(id = String)]
[INFO] [stderr]    | ^^^^^^^^^^^^^^^^^^^^^^^^^^^^
[INFO] [stderr]    |
[INFO] [stderr]    = note: `serde` is in scope, but it is a crate, not an attribute
[INFO] [stderr]    = note: this error originates in the attribute macro `domain_event` (in Nightly builds, run with -Z macro-backtrace for more info)
[INFO] [stderr] 
[INFO] [stderr] error: cannot find attribute `serde` in this scope
[INFO] [stderr]   --> tests/ui/event_all_variants.rs:19:1
[INFO] [stderr]    |
[INFO] [stderr] 19 | #[domain_event(id = String)]
[INFO] [stderr]    | ^^^^^^^^^^^^^^^^^^^^^^^^^^^^
[INFO] [stderr]    |
[INFO] [stderr]    = note: `serde` is in scope, but it is a crate, not an attribute
[INFO] [stderr]    = note: this error originates in the attribute macro `domain_event` (in Nightly builds, run with -Z macro-backtrace for more info)
[INFO] [stderr] 
[INFO] [stderr] error: cannot find attribute `serde` in this scope
[INFO] [stderr]   --> tests/ui/event_all_variants.rs:25:1
[INFO] [stderr]    |
[INFO] [stderr] 25 | #[domain_event(id = String)]
[INFO] [stderr]    | ^^^^^^^^^^^^^^^^^^^^^^^^^^^^
[INFO] [stderr]    |
[INFO] [stderr]    = note: `serde` is in scope, but it is a crate, not an attribute
[INFO] [stderr]    = note: this error originates in the attribute macro `domain_event` (in Nightly builds, run with -Z macro-backtrace for more info)
[INFO] [stderr] 
[INFO] [stderr] error: cannot find attribute `serde` in this scope
[INFO] [stderr]   --> tests/ui/event_all_variants.rs:33:1
[INFO] [stderr]    |
[INFO] [stderr] 33 | #[domain_event(id = String)]
[INFO] [stderr]    | ^^^^^^^^^^^^^^^^^^^^^^^^^^^^
[INFO] [stderr]    |
[INFO] [stderr]    = note: `serde` is in scope, but it is a crate, not an attribute
[INFO] [stderr]    = note: this error originates in the attribute macro `domain_event` (in Nightly builds, run with -Z macro-backtrace for more info)
[INFO] [stderr] ┈┈┈┈┈┈┈┈┈┈┈┈┈┈┈┈┈┈┈┈┈┈┈┈┈┈┈┈┈┈┈┈┈┈┈┈┈┈┈┈┈┈┈┈┈┈┈┈┈┈┈┈┈┈┈┈┈┈┈┈
[INFO] [stderr] 
[INFO] [stderr] test tests/ui/event_basic.rs ... error
[INFO] [stderr] ┈┈┈┈┈┈┈┈┈┈┈┈┈┈┈┈┈┈┈┈┈┈┈┈┈┈┈┈┈┈┈┈┈┈┈┈┈┈┈┈┈┈┈┈┈┈┈┈┈┈┈┈┈┈┈┈┈┈┈┈
[INFO] [stderr] error[E0433]: cannot find `eventide_domain` in the list of imported crates
[INFO] [stderr]  --> tests/ui/event_basic.rs:4:1
[INFO] [stderr]   |
[INFO] [stderr] 4 | #[domain_event(version = 1)]
[INFO] [stderr]   | ^^^^^^^^^^^^^^^^^^^^^^^^^^^^ could not find `eventide_domain` in the list of imported crates
[INFO] [stderr]   |
[INFO] [stderr]   = note: this error originates in the attribute macro `domain_event` (in Nightly builds, run with -Z macro-backtrace for more info)
[INFO] [stderr] 
[INFO] [stderr] error: cannot find attribute `serde` in this scope
[INFO] [stderr]  --> tests/ui/event_basic.rs:4:1
[INFO] [stderr]   |
[INFO] [stderr] 4 | #[domain_event(version = 1)]
[INFO] [stderr]   | ^^^^^^^^^^^^^^^^^^^^^^^^^^^^
[INFO] [stderr]   |
[INFO] [stderr]   = note: `serde` is in scope, but it is a crate, not an attribute
[INFO] [stderr]   = note: this error originates in the attribute macro `domain_event` (in Nightly builds, run with -Z macro-backtrace for more info)
[INFO] [stderr] help: `serde` is an attribute that can be used by the derive macros `Deserialize` and `Serialize`, you might be missing a `derive` attribute
[INFO] [stderr]   |
[INFO] [stderr] 6 + #[derive(Deserialize, Serialize)]
[INFO] [stderr] 7 | enum BankEvent {
[INFO] [stderr]   |
[INFO] [stderr] ┈┈┈┈┈┈┈┈┈┈┈┈┈┈┈┈┈┈┈┈┈┈┈┈┈┈┈┈┈┈┈┈┈┈┈┈┈┈┈┈┈┈┈┈┈┈┈┈┈┈┈┈┈┈┈┈┈┈┈┈
[INFO] [stderr] 
[INFO] [stderr] test tests/ui/event_default.rs ... error
[INFO] [stderr] ┈┈┈┈┈┈┈┈┈┈┈┈┈┈┈┈┈┈┈┈┈┈┈┈┈┈┈┈┈┈┈┈┈┈┈┈┈┈┈┈┈┈┈┈┈┈┈┈┈┈┈┈┈┈┈┈┈┈┈┈
[INFO] [stderr] error[E0433]: cannot find `eventide_domain` in the list of imported crates
[INFO] [stderr]  --> tests/ui/event_default.rs:4:1
[INFO] [stderr]   |
[INFO] [stderr] 4 | #[domain_event(version = 1)]
[INFO] [stderr]   | ^^^^^^^^^^^^^^^^^^^^^^^^^^^^ could not find `eventide_domain` in the list of imported crates
[INFO] [stderr]   |
[INFO] [stderr]   = note: this error originates in the attribute macro `domain_event` (in Nightly builds, run with -Z macro-backtrace for more info)
[INFO] [stderr] 
[INFO] [stderr] error: cannot find attribute `serde` in this scope
[INFO] [stderr]  --> tests/ui/event_default.rs:4:1
[INFO] [stderr]   |
[INFO] [stderr] 4 | #[domain_event(version = 1)]
[INFO] [stderr]   | ^^^^^^^^^^^^^^^^^^^^^^^^^^^^
[INFO] [stderr]   |
[INFO] [stderr]   = note: `serde` is in scope, but it is a crate, not an attribute
[INFO] [stderr]   = note: this error originates in the attribute macro `domain_event` (in Nightly builds, run with -Z macro-backtrace for more info)
[INFO] [stderr] help: `serde` is an attribute that can be used by the derive macros `Deserialize` and `Serialize`, you might be missing a `derive` attribute
[INFO] [stderr]   |
[INFO] [stderr] 6 + #[derive(Deserialize, Serialize)]
[INFO] [stderr] 7 | enum UserEvent {
[INFO] [stderr]   |
[INFO] [stderr] ┈┈┈┈┈┈┈┈┈┈┈┈┈┈┈┈┈┈┈┈┈┈┈┈┈┈┈┈┈┈┈┈┈┈┈┈┈┈┈┈┈┈┈┈┈┈┈┈┈┈┈┈┈┈┈┈┈┈┈┈
[INFO] [stderr] 
[INFO] [stderr] test tests/ui/value_object_basic.rs ... error
[INFO] [stderr] ┈┈┈┈┈┈┈┈┈┈┈┈┈┈┈┈┈┈┈┈┈┈┈┈┈┈┈┈┈┈┈┈┈┈┈┈┈┈┈┈┈┈┈┈┈┈┈┈┈┈┈┈┈┈┈┈┈┈┈┈
[INFO] [stderr] error[E0433]: cannot find `eventide_domain` in the list of imported crates
[INFO] [stdout] test ui ... FAILED
[INFO] [stderr]  --> tests/ui/value_object_basic.rs:3:1
[INFO] [stdout] 
[INFO] [stderr]   |
[INFO] [stdout] failures:
[INFO] [stderr] 3 | #[value_object]
[INFO] [stdout] 
[INFO] [stderr]   | ^^^^^^^^^^^^^^^ could not find `eventide_domain` in the list of imported crates
[INFO] [stdout] ---- ui stdout ----
[INFO] [stderr]   |
[INFO] [stdout] 
[INFO] [stderr]   = note: this error originates in the attribute macro `value_object` (in Nightly builds, run with -Z macro-backtrace for more info)
[INFO] [stdout] thread 'ui' (1050) panicked at /opt/rustwide/cargo-home/registry/src/index.crates.io-1949cf8c6b5b557f/trybuild-1.0.111/src/run.rs:102:13:
[INFO] [stderr] 
[INFO] [stdout] 6 of 6 tests failed
[INFO] [stderr] error[E0433]: cannot find `eventide_domain` in the list of imported crates
[INFO] [stdout] stack backtrace:
[INFO] [stderr]  --> tests/ui/value_object_basic.rs:8:1
[INFO] [stdout]    0:     0x644d707f1c71 - <<std[70759c8f55707aa4]::sys::backtrace::BacktraceLock>::print::DisplayBacktrace as core[df12db4294e9bfd3]::fmt::Display>::fmt
[INFO] [stderr]   |
[INFO] [stdout]    1:     0x644d708082fa - core[df12db4294e9bfd3]::fmt::write
[INFO] [stderr] 8 | #[value_object(debug = false)]
[INFO] [stdout]    2:     0x644d707f673c - <alloc[2182bb758b4b3781]::vec::Vec<u8> as core[df12db4294e9bfd3]::io::write::Write>::write_fmt
[INFO] [stderr]   | ^^^^^^^^^^^^^^^^^^^^^^^^^^^^^^ could not find `eventide_domain` in the list of imported crates
[INFO] [stdout]    3:     0x644d707cb156 - std[70759c8f55707aa4]::panicking::default_hook::{closure#0}
[INFO] [stderr]   |
[INFO] [stdout]    4:     0x644d707e92e9 - std[70759c8f55707aa4]::panicking::default_hook
[INFO] [stderr]   = note: this error originates in the attribute macro `value_object` (in Nightly builds, run with -Z macro-backtrace for more info)
[INFO] [stdout]    5:     0x644d707825c0 - test[9d35eded1c95d3be]::test_main_inner::<test[9d35eded1c95d3be]::test_main_static::{closure#0}>::{closure#0}
[INFO] [stderr] 
[INFO] [stdout]    6:     0x644d707e94a2 - std[70759c8f55707aa4]::panicking::panic_with_hook
[INFO] [stderr] error[E0433]: cannot find `eventide_domain` in the list of imported crates
[INFO] [stdout]    7:     0x644d707cb202 - std[70759c8f55707aa4]::panicking::panic_handler::{closure#0}
[INFO] [stderr]   --> tests/ui/value_object_basic.rs:11:1
[INFO] [stdout]    8:     0x644d707c3ac9 - std[70759c8f55707aa4]::sys::backtrace::__rust_end_short_backtrace::<std[70759c8f55707aa4]::panicking::panic_handler::{closure#0}, !>
[INFO] [stderr]    |
[INFO] [stdout]    9:     0x644d707cbdfd - __rustc[8fa7c3cbc660c2b3]::rust_begin_unwind
[INFO] [stderr] 11 | #[value_object]
[INFO] [stdout]   10:     0x644d70808a6c - core[df12db4294e9bfd3]::panicking::panic_fmt
[INFO] [stderr]    | ^^^^^^^^^^^^^^^ could not find `eventide_domain` in the list of imported crates
[INFO] [stdout]   11:     0x644d706d481b - <trybuild[81a19c7be9935fff]::Runner>::run
[INFO] [stderr]    |
[INFO] [stdout]   12:     0x644d706d7a50 - <trybuild[81a19c7be9935fff]::TestCases as core[df12db4294e9bfd3]::ops::drop::Drop>::drop
[INFO] [stderr]    = note: this error originates in the attribute macro `value_object` (in Nightly builds, run with -Z macro-backtrace for more info)
[INFO] [stdout]   13:     0x644d706ce218 - trybuild[31f720527b16ac85]::ui
[INFO] [stderr] 
[INFO] [stdout]   14:     0x644d706ce419 - <trybuild[31f720527b16ac85]::ui::{closure#0} as core[df12db4294e9bfd3]::ops::function::FnOnce<()>>::call_once
[INFO] [stderr] error: cannot find attribute `serde` in this scope
[INFO] [stdout]   15:     0x644d707758ab - test[9d35eded1c95d3be]::__rust_begin_short_backtrace::<core[df12db4294e9bfd3]::result::Result<(), alloc[2182bb758b4b3781]::string::String>, fn() -> core[df12db4294e9bfd3]::result::Result<(), alloc[2182bb758b4b3781]::string::String>>
[INFO] [stderr]  --> tests/ui/value_object_basic.rs:3:1
[INFO] [stdout]   16:     0x644d70782f15 - test[9d35eded1c95d3be]::run_test::{closure#0}
[INFO] [stderr]   |
[INFO] [stdout]   17:     0x644d7077c7d4 - std[70759c8f55707aa4]::sys::backtrace::__rust_begin_short_backtrace::<test[9d35eded1c95d3be]::run_test::{closure#1}, ()>
[INFO] [stderr] 3 | #[value_object]
[INFO] [stdout]   18:     0x644d70786072 - <std[70759c8f55707aa4]::thread::lifecycle::spawn_unchecked<test[9d35eded1c95d3be]::run_test::{closure#1}, ()>::{closure#1} as core[df12db4294e9bfd3]::ops::function::FnOnce<()>>::call_once::{shim:vtable#0}
[INFO] [stderr]   | ^^^^^^^^^^^^^^^
[INFO] [stdout]   19:     0x644d707f0f29 - <std[70759c8f55707aa4]::sys::thread::unix::Thread>::new::thread_start
[INFO] [stderr]   |
[INFO] [stdout]   20:     0x7f5eb550bdfa - <unknown>
[INFO] [stderr]   = note: `serde` is in scope, but it is a crate, not an attribute
[INFO] [stdout]   21:     0x7f5eb559f3d4 - clone
[INFO] [stderr]   = note: this error originates in the attribute macro `value_object` (in Nightly builds, run with -Z macro-backtrace for more info)
[INFO] [stdout]   22:                0x0 - <unknown>
[INFO] [stderr] 
[INFO] [stdout] 
[INFO] [stderr] error: cannot find attribute `serde` in this scope
[INFO] [stdout] 
[INFO] [stderr]  --> tests/ui/value_object_basic.rs:8:1
[INFO] [stdout] failures:
[INFO] [stderr]   |
[INFO] [stdout]     ui
[INFO] [stderr] 8 | #[value_object(debug = false)]
[INFO] [stdout] 
[INFO] [stderr]   | ^^^^^^^^^^^^^^^^^^^^^^^^^^^^^^
[INFO] [stdout] test result: FAILED. 0 passed; 1 failed; 0 ignored; 0 measured; 0 filtered out; finished in 21.90s
[INFO] [stderr]   |
[INFO] [stdout] 
[INFO] [stderr]   = note: `serde` is in scope, but it is a crate, not an attribute
[INFO] [stderr]   = note: this error originates in the attribute macro `value_object` (in Nightly builds, run with -Z macro-backtrace for more info)
[INFO] [stderr] 
[INFO] [stderr] error: cannot find attribute `serde` in this scope
[INFO] [stderr]   --> tests/ui/value_object_basic.rs:11:1
[INFO] [stderr]    |
[INFO] [stderr] 11 | #[value_object]
[INFO] [stderr]    | ^^^^^^^^^^^^^^^
[INFO] [stderr]    |
[INFO] [stderr]    = note: `serde` is in scope, but it is a crate, not an attribute
[INFO] [stderr]    = note: this error originates in the attribute macro `value_object` (in Nightly builds, run with -Z macro-backtrace for more info)
[INFO] [stderr] ┈┈┈┈┈┈┈┈┈┈┈┈┈┈┈┈┈┈┈┈┈┈┈┈┈┈┈┈┈┈┈┈┈┈┈┈┈┈┈┈┈┈┈┈┈┈┈┈┈┈┈┈┈┈┈┈┈┈┈┈
[INFO] [stderr] 
[INFO] [stderr] 
[INFO] [stderr] 
[INFO] [stderr] error: test failed, to rerun pass `--test trybuild`
[INFO] running `Command { std: "docker" "inspect" "300d5faeef4914c0729add5686504433ef90d4e9e6093fec58cd66295b92e3a9", kill_on_drop: false }`
[INFO] running `Command { std: "docker" "rm" "-f" "300d5faeef4914c0729add5686504433ef90d4e9e6093fec58cd66295b92e3a9", kill_on_drop: false }`
[INFO] [stdout] 300d5faeef4914c0729add5686504433ef90d4e9e6093fec58cd66295b92e3a9
