[INFO] fetching crate evdev-rs-tokio 0.4.0...
[INFO] testing evdev-rs-tokio-0.4.0 against 1.99.0-beta.8+cargoflags=--release for beta-release-1.100-2
[INFO] extracting crate evdev-rs-tokio 0.4.0 into /workspace/builds/worker-7-tc1/source
[INFO] started tweaking crates.io crate evdev-rs-tokio 0.4.0
[INFO] finished tweaking crates.io crate evdev-rs-tokio 0.4.0
[INFO] tweaked toml for crates.io crate evdev-rs-tokio 0.4.0 written to /workspace/builds/worker-7-tc1/source/Cargo.toml
[INFO] validating manifest of crates.io crate evdev-rs-tokio 0.4.0 on toolchain 1.99.0-beta.8
[INFO] running `Command { std: CARGO_HOME="/workspace/cargo-home" RUSTUP_HOME="/workspace/rustup-home" "/workspace/cargo-home/bin/cargo" "+1.99.0-beta.8" "metadata" "--manifest-path" "Cargo.toml" "--no-deps", kill_on_drop: false }`
[INFO] crate crates.io crate evdev-rs-tokio 0.4.0 already has a lockfile, it will not be regenerated
[INFO] running `Command { std: CARGO_HOME="/workspace/cargo-home" RUSTUP_HOME="/workspace/rustup-home" "/workspace/cargo-home/bin/cargo" "+1.99.0-beta.8" "fetch" "--manifest-path" "Cargo.toml", kill_on_drop: false }`
[INFO] [stderr]     Updating crates.io index
[INFO] [stderr]  Downloading crates ...
[INFO] [stderr]   Downloaded tokio-macros v1.1.0
[INFO] [stderr]   Downloaded proc-macro2 v1.0.24
[INFO] [stderr]   Downloaded signal-hook-registry v1.3.0
[INFO] [stderr]   Downloaded hermit-abi v0.1.18
[INFO] [stderr]   Downloaded lock_api v0.4.2
[INFO] [stderr]   Downloaded pin-project-lite v0.2.6
[INFO] [stderr]   Downloaded redox_syscall v0.2.5
[INFO] [stderr]   Downloaded bytes v1.0.1
[INFO] [stderr]   Downloaded mio v0.7.11
[INFO] [stderr]   Downloaded syn v1.0.65
[INFO] [stderr]   Downloaded tokio v1.4.0
[INFO] [stderr]   Downloaded libc v0.2.91
[INFO] [stderr]   Downloaded evdev-sys v0.2.1
[INFO] running `Command { std: "docker" "create" "-v" "/var/lib/crater-agent-workspace/builds/worker-7-tc1/source:/opt/rustwide/workdir:ro,Z" "-v" "/var/lib/crater-agent-workspace/builds/worker-7-tc1/target:/opt/rustwide/target:rw,Z" "-v" "/var/lib/crater-agent-workspace/cargo-home:/opt/rustwide/cargo-home:ro,Z" "-v" "/var/lib/crater-agent-workspace/rustup-home:/opt/rustwide/rustup-home:ro,Z" "-m" "1610612736" "--network" "none" "ghcr.io/rust-lang/crates-build-env/linux@sha256:77db811e55d90add9212f6832c23229e3de5f1c1f9905e8cb07319ea15df73ac" "sleep" "infinity", kill_on_drop: false }`
[INFO] [stdout] a4836b2133ae6e17adbc0efc592c6642dce8a07ec33cbe2e5619c969476e3312
[INFO] running `Command { std: "docker" "start" "a4836b2133ae6e17adbc0efc592c6642dce8a07ec33cbe2e5619c969476e3312", kill_on_drop: false }`
[INFO] running `Command { std: "docker" "inspect" "a4836b2133ae6e17adbc0efc592c6642dce8a07ec33cbe2e5619c969476e3312", kill_on_drop: false }`
[INFO] running `Command { std: "docker" "exec" "-e" "SOURCE_DIR=/opt/rustwide/workdir" "-e" "CARGO_HOME=/opt/rustwide/cargo-home" "-e" "RUSTUP_HOME=/opt/rustwide/rustup-home" "-e" "CARGO_TARGET_DIR=/opt/rustwide/target" "-w" "/opt/rustwide/workdir" "--user" "0:0" "a4836b2133ae6e17adbc0efc592c6642dce8a07ec33cbe2e5619c969476e3312" "/opt/rustwide/cargo-home/bin/cargo" "+1.99.0-beta.8" "metadata" "--no-deps" "--format-version=1", kill_on_drop: false }`
[INFO] running `Command { std: "docker" "inspect" "a4836b2133ae6e17adbc0efc592c6642dce8a07ec33cbe2e5619c969476e3312", kill_on_drop: false }`
[INFO] running `Command { std: "docker" "exec" "-e" "SOURCE_DIR=/opt/rustwide/workdir" "-e" "CARGO_HOME=/opt/rustwide/cargo-home" "-e" "RUSTUP_HOME=/opt/rustwide/rustup-home" "-e" "CARGO_TARGET_DIR=/opt/rustwide/target" "-e" "CARGO_INCREMENTAL=0" "-e" "RUST_BACKTRACE=full" "-e" "RUSTFLAGS=--cap-lints=warn" "-e" "RUSTDOCFLAGS=--cap-lints=warn" "-w" "/opt/rustwide/workdir" "--user" "0:0" "a4836b2133ae6e17adbc0efc592c6642dce8a07ec33cbe2e5619c969476e3312" "/opt/rustwide/cargo-home/bin/cargo" "+1.99.0-beta.8" "build" "--frozen" "--message-format=json" "--release", kill_on_drop: false }`
[INFO] [stderr]    Compiling libc v0.2.91
[INFO] [stderr]    Compiling proc-macro2 v1.0.24
[INFO] [stderr]    Compiling unicode-xid v0.2.1
[INFO] [stderr]    Compiling log v0.4.14
[INFO] [stderr]    Compiling syn v1.0.65
[INFO] [stderr]    Compiling scopeguard v1.1.0
[INFO] [stderr]    Compiling smallvec v1.6.1
[INFO] [stderr]    Compiling cc v1.0.67
[INFO] [stderr]    Compiling memchr v2.3.4
[INFO] [stderr]    Compiling bitflags v1.2.1
[INFO] [stderr]    Compiling once_cell v1.7.2
[INFO] [stderr]    Compiling pin-project-lite v0.2.6
[INFO] [stderr]    Compiling bytes v1.0.1
[INFO] [stderr]    Compiling instant v0.1.9
[INFO] [stderr]    Compiling tokio v1.4.0
[INFO] [stderr]    Compiling lock_api v0.4.2
[INFO] [stderr]    Compiling quote v1.0.9
[INFO] [stderr]    Compiling evdev-sys v0.2.1
[INFO] [stderr]    Compiling parking_lot_core v0.8.3
[INFO] [stderr]    Compiling num_cpus v1.13.0
[INFO] [stderr]    Compiling signal-hook-registry v1.3.0
[INFO] [stderr]    Compiling mio v0.7.11
[INFO] [stderr]    Compiling parking_lot v0.11.1
[INFO] [stderr]    Compiling tokio-macros v1.1.0
[INFO] [stderr]    Compiling evdev-rs-tokio v0.4.0 (/opt/rustwide/workdir)
[INFO] [stderr]     Finished `release` profile [optimized] target(s) in 17.35s
[INFO] running `Command { std: "docker" "inspect" "a4836b2133ae6e17adbc0efc592c6642dce8a07ec33cbe2e5619c969476e3312", kill_on_drop: false }`
[INFO] running `Command { std: "docker" "exec" "-e" "SOURCE_DIR=/opt/rustwide/workdir" "-e" "CARGO_HOME=/opt/rustwide/cargo-home" "-e" "RUSTUP_HOME=/opt/rustwide/rustup-home" "-e" "CARGO_TARGET_DIR=/opt/rustwide/target" "-e" "CARGO_INCREMENTAL=0" "-e" "RUST_BACKTRACE=full" "-e" "RUSTFLAGS=--cap-lints=warn" "-e" "RUSTDOCFLAGS=--cap-lints=warn" "-w" "/opt/rustwide/workdir" "--user" "0:0" "a4836b2133ae6e17adbc0efc592c6642dce8a07ec33cbe2e5619c969476e3312" "/opt/rustwide/cargo-home/bin/cargo" "+1.99.0-beta.8" "test" "--frozen" "--no-run" "--message-format=json" "--release", kill_on_drop: false }`
[INFO] [stderr]    Compiling evdev-rs-tokio v0.4.0 (/opt/rustwide/workdir)
[INFO] [stderr]     Finished `release` profile [optimized] target(s) in 2.52s
[INFO] running `Command { std: "docker" "inspect" "a4836b2133ae6e17adbc0efc592c6642dce8a07ec33cbe2e5619c969476e3312", kill_on_drop: false }`
[INFO] running `Command { std: "docker" "exec" "-e" "SOURCE_DIR=/opt/rustwide/workdir" "-e" "CARGO_HOME=/opt/rustwide/cargo-home" "-e" "RUSTUP_HOME=/opt/rustwide/rustup-home" "-e" "CARGO_TARGET_DIR=/opt/rustwide/target" "-e" "CARGO_INCREMENTAL=0" "-e" "RUST_BACKTRACE=full" "-e" "RUSTFLAGS=--cap-lints=warn" "-e" "RUSTDOCFLAGS=--cap-lints=warn" "-w" "/opt/rustwide/workdir" "--user" "0:0" "a4836b2133ae6e17adbc0efc592c6642dce8a07ec33cbe2e5619c969476e3312" "/opt/rustwide/cargo-home/bin/cargo" "+1.99.0-beta.8" "test" "--frozen" "--release", kill_on_drop: false }`
[INFO] [stderr]     Finished `release` profile [optimized] target(s) in 0.06s
[INFO] [stderr]      Running unittests src/lib.rs (/opt/rustwide/target/release/deps/evdev_rs_tokio-293c9859af3df2e7)
[INFO] [stdout] 
[INFO] [stdout] running 0 tests
[INFO] [stdout] 
[INFO] [stdout] test result: ok. 0 passed; 0 failed; 0 ignored; 0 measured; 0 filtered out; finished in 0.00s
[INFO] [stdout] 
[INFO] [stderr]      Running tests/all.rs (/opt/rustwide/target/release/deps/all-53d087ede4753a52)
[INFO] [stdout] 
[INFO] [stdout] running 18 tests
[INFO] [stdout] test device_get_uniq ... ok
[INFO] [stdout] test device_get_phys ... ok
[INFO] [stdout] test device_get_product_id ... ok
[INFO] [stdout] test device_get_name ... ok
[INFO] [stdout] test device_get_version ... ok
[INFO] [stdout] test device_get_bustype ... ok
[INFO] [stdout] test device_get_vendor_id ... ok
[INFO] [stdout] test test_timeval ... ok
[INFO] [stdout] test check_event_name ... ok
[INFO] [stdout] test context_change_file ... FAILED
[INFO] [stdout] test device_get_absinfo ... FAILED
[INFO] [stdout] test context_create_with_file ... FAILED
[INFO] [stdout] test context_grab ... FAILED
[INFO] [stdout] test device_has_property ... FAILED
[INFO] [stdout] test device_get_value ... FAILED
[INFO] [stdout] test context_create ... ok
[INFO] [stdout] test device_has_syn ... FAILED
[INFO] [stdout] test context_set_file ... FAILED
[INFO] [stdout] 
[INFO] [stdout] failures:
[INFO] [stdout] 
[INFO] [stdout] ---- context_change_file stdout ----
[INFO] [stdout] 
[INFO] [stdout] thread 'context_change_file' (764) panicked at tests/all.rs:27:52:
[INFO] [stdout] called `Result::unwrap()` on an `Err` value: Os { code: 2, kind: NotFound, message: "No such file or directory" }
[INFO] [stdout] stack backtrace:
[INFO] [stdout]    0:     0x5a14ca6e9e31 - <<std[70759c8f55707aa4]::sys::backtrace::BacktraceLock>::print::DisplayBacktrace as core[df12db4294e9bfd3]::fmt::Display>::fmt
[INFO] [stdout]    1:     0x5a14ca6fe45a - core[df12db4294e9bfd3]::fmt::write
[INFO] [stdout]    2:     0x5a14ca6ee4ec - <alloc[2182bb758b4b3781]::vec::Vec<u8> as core[df12db4294e9bfd3]::io::write::Write>::write_fmt
[INFO] [stdout]    3:     0x5a14ca6c5da6 - std[70759c8f55707aa4]::panicking::default_hook::{closure#0}
[INFO] [stdout]    4:     0x5a14ca6e2369 - std[70759c8f55707aa4]::panicking::default_hook
[INFO] [stdout]    5:     0x5a14ca6568b0 - test[9d35eded1c95d3be]::test_main_inner::<test[9d35eded1c95d3be]::test_main_static::{closure#0}>::{closure#0}
[INFO] [stdout]    6:     0x5a14ca6e2522 - std[70759c8f55707aa4]::panicking::panic_with_hook
[INFO] [stdout]    7:     0x5a14ca6c5e52 - std[70759c8f55707aa4]::panicking::panic_handler::{closure#0}
[INFO] [stdout]    8:     0x5a14ca6beba9 - std[70759c8f55707aa4]::sys::backtrace::__rust_end_short_backtrace::<std[70759c8f55707aa4]::panicking::panic_handler::{closure#0}, !>
[INFO] [stdout]    9:     0x5a14ca6c6a4d - __rustc[8fa7c3cbc660c2b3]::rust_begin_unwind
[INFO] [stdout]   10:     0x5a14ca6febbc - core[df12db4294e9bfd3]::panicking::panic_fmt
[INFO] [stdout]   11:     0x5a14ca6fe992 - core[df12db4294e9bfd3]::result::unwrap_failed
[INFO] [stdout]   12:     0x5a14ca62f0aa - <std[70759c8f55707aa4]::thread::local::LocalKey<core[df12db4294e9bfd3]::cell::Cell<tokio[cc2357e7734d0160]::coop::Budget>>>::with::<tokio[cc2357e7734d0160]::coop::with_budget<core[df12db4294e9bfd3]::task::poll::Poll<()>, <tokio[cc2357e7734d0160]::park::thread::CachedParkThread>::block_on<all[cbd9a57629eaa41d]::context_change_file::{closure#0}>::{closure#0}>::{closure#0}, core[df12db4294e9bfd3]::task::poll::Poll<()>>
[INFO] [stdout]   13:     0x5a14ca645f21 - <tokio[cc2357e7734d0160]::park::thread::CachedParkThread>::block_on::<all[cbd9a57629eaa41d]::context_change_file::{closure#0}>
[INFO] [stdout]   14:     0x5a14ca64228b - <tokio[cc2357e7734d0160]::runtime::thread_pool::ThreadPool>::block_on::<all[cbd9a57629eaa41d]::context_change_file::{closure#0}>
[INFO] [stdout]   15:     0x5a14ca635cfd - <tokio[cc2357e7734d0160]::runtime::Runtime>::block_on::<all[cbd9a57629eaa41d]::context_change_file::{closure#0}>
[INFO] [stdout]   16:     0x5a14ca63bb50 - <all[cbd9a57629eaa41d]::context_change_file::{closure#0} as core[df12db4294e9bfd3]::ops::function::FnOnce<()>>::call_once
[INFO] [stdout]   17:     0x5a14ca649b9b - test[9d35eded1c95d3be]::__rust_begin_short_backtrace::<core[df12db4294e9bfd3]::result::Result<(), alloc[2182bb758b4b3781]::string::String>, fn() -> core[df12db4294e9bfd3]::result::Result<(), alloc[2182bb758b4b3781]::string::String>>
[INFO] [stdout]   18:     0x5a14ca657205 - test[9d35eded1c95d3be]::run_test::{closure#0}
[INFO] [stdout]   19:     0x5a14ca650ac4 - std[70759c8f55707aa4]::sys::backtrace::__rust_begin_short_backtrace::<test[9d35eded1c95d3be]::run_test::{closure#1}, ()>
[INFO] [stdout]   20:     0x5a14ca65a362 - <std[70759c8f55707aa4]::thread::lifecycle::spawn_unchecked<test[9d35eded1c95d3be]::run_test::{closure#1}, ()>::{closure#1} as core[df12db4294e9bfd3]::ops::function::FnOnce<()>>::call_once::{shim:vtable#0}
[INFO] [stdout]   21:     0x5a14ca6e96d9 - <std[70759c8f55707aa4]::sys::thread::unix::Thread>::new::thread_start
[INFO] [stdout]   22:     0x79a90f8e9dfa - <unknown>
[INFO] [stdout]   23:     0x79a90f97d3d4 - clone
[INFO] [stdout]   24:                0x0 - <unknown>
[INFO] [stdout] 
[INFO] [stdout] ---- device_get_absinfo stdout ----
[INFO] [stdout] 
[INFO] [stdout] thread 'device_get_absinfo' (769) panicked at tests/all.rs:106:51:
[INFO] [stdout] called `Result::unwrap()` on an `Err` value: Os { code: 2, kind: NotFound, message: "No such file or directory" }
[INFO] [stdout] stack backtrace:
[INFO] [stdout]    0:     0x5a14ca6e9e31 - <<std[70759c8f55707aa4]::sys::backtrace::BacktraceLock>::print::DisplayBacktrace as core[df12db4294e9bfd3]::fmt::Display>::fmt
[INFO] [stdout]    1:     0x5a14ca6fe45a - core[df12db4294e9bfd3]::fmt::write
[INFO] [stdout]    2:     0x5a14ca6ee4ec - <alloc[2182bb758b4b3781]::vec::Vec<u8> as core[df12db4294e9bfd3]::io::write::Write>::write_fmt
[INFO] [stdout]    3:     0x5a14ca6c5da6 - std[70759c8f55707aa4]::panicking::default_hook::{closure#0}
[INFO] [stdout]    4:     0x5a14ca6e2369 - std[70759c8f55707aa4]::panicking::default_hook
[INFO] [stdout]    5:     0x5a14ca6568b0 - test[9d35eded1c95d3be]::test_main_inner::<test[9d35eded1c95d3be]::test_main_static::{closure#0}>::{closure#0}
[INFO] [stdout]    6:     0x5a14ca6e2522 - std[70759c8f55707aa4]::panicking::panic_with_hook
[INFO] [stdout]    7:     0x5a14ca6c5e52 - std[70759c8f55707aa4]::panicking::panic_handler::{closure#0}
[INFO] [stdout]    8:     0x5a14ca6beba9 - std[70759c8f55707aa4]::sys::backtrace::__rust_end_short_backtrace::<std[70759c8f55707aa4]::panicking::panic_handler::{closure#0}, !>
[INFO] [stdout]    9:     0x5a14ca6c6a4d - __rustc[8fa7c3cbc660c2b3]::rust_begin_unwind
[INFO] [stdout]   10:     0x5a14ca6febbc - core[df12db4294e9bfd3]::panicking::panic_fmt
[INFO] [stdout]   11:     0x5a14ca6fe992 - core[df12db4294e9bfd3]::result::unwrap_failed
[INFO] [stdout]   12:     0x5a14ca62e705 - <std[70759c8f55707aa4]::thread::local::LocalKey<core[df12db4294e9bfd3]::cell::Cell<tokio[cc2357e7734d0160]::coop::Budget>>>::with::<tokio[cc2357e7734d0160]::coop::with_budget<core[df12db4294e9bfd3]::task::poll::Poll<()>, <tokio[cc2357e7734d0160]::park::thread::CachedParkThread>::block_on<all[cbd9a57629eaa41d]::device_get_absinfo::{closure#0}>::{closure#0}>::{closure#0}, core[df12db4294e9bfd3]::task::poll::Poll<()>>
[INFO] [stdout]   13:     0x5a14ca645be1 - <tokio[cc2357e7734d0160]::park::thread::CachedParkThread>::block_on::<all[cbd9a57629eaa41d]::device_get_absinfo::{closure#0}>
[INFO] [stdout]   14:     0x5a14ca6421df - <tokio[cc2357e7734d0160]::runtime::thread_pool::ThreadPool>::block_on::<all[cbd9a57629eaa41d]::device_get_absinfo::{closure#0}>
[INFO] [stdout]   15:     0x5a14ca635a5f - <tokio[cc2357e7734d0160]::runtime::Runtime>::block_on::<all[cbd9a57629eaa41d]::device_get_absinfo::{closure#0}>
[INFO] [stdout]   16:     0x5a14ca63b840 - <all[cbd9a57629eaa41d]::device_get_absinfo::{closure#0} as core[df12db4294e9bfd3]::ops::function::FnOnce<()>>::call_once
[INFO] [stdout]   17:     0x5a14ca649b9b - test[9d35eded1c95d3be]::__rust_begin_short_backtrace::<core[df12db4294e9bfd3]::result::Result<(), alloc[2182bb758b4b3781]::string::String>, fn() -> core[df12db4294e9bfd3]::result::Result<(), alloc[2182bb758b4b3781]::string::String>>
[INFO] [stdout]   18:     0x5a14ca657205 - test[9d35eded1c95d3be]::run_test::{closure#0}
[INFO] [stdout]   19:     0x5a14ca650ac4 - std[70759c8f55707aa4]::sys::backtrace::__rust_begin_short_backtrace::<test[9d35eded1c95d3be]::run_test::{closure#1}, ()>
[INFO] [stdout]   20:     0x5a14ca65a362 - <std[70759c8f55707aa4]::thread::lifecycle::spawn_unchecked<test[9d35eded1c95d3be]::run_test::{closure#1}, ()>::{closure#1} as core[df12db4294e9bfd3]::ops::function::FnOnce<()>>::call_once::{shim:vtable#0}
[INFO] [stdout]   21:     0x5a14ca6e96d9 - <std[70759c8f55707aa4]::sys::thread::unix::Thread>::new::thread_start
[INFO] [stdout]   22:     0x79a90f8e9dfa - <unknown>
[INFO] [stdout]   23:     0x79a90f97d3d4 - clone
[INFO] [stdout]   24:                0x0 - <unknown>
[INFO] [stdout] 
[INFO] [stdout] ---- context_create_with_file stdout ----
[INFO] [stdout] 
[INFO] [stdout] thread 'context_create_with_file' (766) panicked at tests/all.rs:13:51:
[INFO] [stdout] called `Result::unwrap()` on an `Err` value: Os { code: 2, kind: NotFound, message: "No such file or directory" }
[INFO] [stdout] stack backtrace:
[INFO] [stdout]    0:     0x5a14ca6e9e31 - <<std[70759c8f55707aa4]::sys::backtrace::BacktraceLock>::print::DisplayBacktrace as core[df12db4294e9bfd3]::fmt::Display>::fmt
[INFO] [stdout]    1:     0x5a14ca6fe45a - core[df12db4294e9bfd3]::fmt::write
[INFO] [stdout]    2:     0x5a14ca6ee4ec - <alloc[2182bb758b4b3781]::vec::Vec<u8> as core[df12db4294e9bfd3]::io::write::Write>::write_fmt
[INFO] [stdout]    3:     0x5a14ca6c5da6 - std[70759c8f55707aa4]::panicking::default_hook::{closure#0}
[INFO] [stdout]    4:     0x5a14ca6e2369 - std[70759c8f55707aa4]::panicking::default_hook
[INFO] [stdout]    5:     0x5a14ca6568b0 - test[9d35eded1c95d3be]::test_main_inner::<test[9d35eded1c95d3be]::test_main_static::{closure#0}>::{closure#0}
[INFO] [stdout]    6:     0x5a14ca6e2522 - std[70759c8f55707aa4]::panicking::panic_with_hook
[INFO] [stdout]    7:     0x5a14ca6c5e52 - std[70759c8f55707aa4]::panicking::panic_handler::{closure#0}
[INFO] [stdout]    8:     0x5a14ca6beba9 - std[70759c8f55707aa4]::sys::backtrace::__rust_end_short_backtrace::<std[70759c8f55707aa4]::panicking::panic_handler::{closure#0}, !>
[INFO] [stdout]    9:     0x5a14ca6c6a4d - __rustc[8fa7c3cbc660c2b3]::rust_begin_unwind
[INFO] [stdout]   10:     0x5a14ca6febbc - core[df12db4294e9bfd3]::panicking::panic_fmt
[INFO] [stdout]   11:     0x5a14ca6fe992 - core[df12db4294e9bfd3]::result::unwrap_failed
[INFO] [stdout]   12:     0x5a14ca62fd74 - <std[70759c8f55707aa4]::thread::local::LocalKey<core[df12db4294e9bfd3]::cell::Cell<tokio[cc2357e7734d0160]::coop::Budget>>>::with::<tokio[cc2357e7734d0160]::coop::with_budget<core[df12db4294e9bfd3]::task::poll::Poll<()>, <tokio[cc2357e7734d0160]::park::thread::CachedParkThread>::block_on<all[cbd9a57629eaa41d]::context_create_with_file::{closure#0}>::{closure#0}>::{closure#0}, core[df12db4294e9bfd3]::task::poll::Poll<()>>
[INFO] [stdout]   13:     0x5a14ca64640a - <tokio[cc2357e7734d0160]::park::thread::CachedParkThread>::block_on::<all[cbd9a57629eaa41d]::context_create_with_file::{closure#0}>
[INFO] [stdout]   14:     0x5a14ca64242e - <tokio[cc2357e7734d0160]::runtime::thread_pool::ThreadPool>::block_on::<all[cbd9a57629eaa41d]::context_create_with_file::{closure#0}>
[INFO] [stdout]   15:     0x5a14ca63609e - <tokio[cc2357e7734d0160]::runtime::Runtime>::block_on::<all[cbd9a57629eaa41d]::context_create_with_file::{closure#0}>
[INFO] [stdout]   16:     0x5a14ca63bf70 - <all[cbd9a57629eaa41d]::context_create_with_file::{closure#0} as core[df12db4294e9bfd3]::ops::function::FnOnce<()>>::call_once
[INFO] [stdout]   17:     0x5a14ca649b9b - test[9d35eded1c95d3be]::__rust_begin_short_backtrace::<core[df12db4294e9bfd3]::result::Result<(), alloc[2182bb758b4b3781]::string::String>, fn() -> core[df12db4294e9bfd3]::result::Result<(), alloc[2182bb758b4b3781]::string::String>>
[INFO] [stdout]   18:     0x5a14ca657205 - test[9d35eded1c95d3be]::run_test::{closure#0}
[INFO] [stdout]   19:     0x5a14ca650ac4 - std[70759c8f55707aa4]::sys::backtrace::__rust_begin_short_backtrace::<test[9d35eded1c95d3be]::run_test::{closure#1}, ()>
[INFO] [stdout]   20:     0x5a14ca65a362 - <std[70759c8f55707aa4]::thread::lifecycle::spawn_unchecked<test[9d35eded1c95d3be]::run_test::{closure#1}, ()>::{closure#1} as core[df12db4294e9bfd3]::ops::function::FnOnce<()>>::call_once::{shim:vtable#0}
[INFO] [stdout]   21:     0x5a14ca6e96d9 - <std[70759c8f55707aa4]::sys::thread::unix::Thread>::new::thread_start
[INFO] [stdout]   22:     0x79a90f8e9dfa - <unknown>
[INFO] [stdout]   23:     0x79a90f97d3d4 - clone
[INFO] [stdout]   24:                0x0 - <unknown>
[INFO] [stdout] 
[INFO] [stdout] ---- context_grab stdout ----
[INFO] [stdout] 
[INFO] [stdout] thread 'context_grab' (767) panicked at tests/all.rs:40:51:
[INFO] [stdout] called `Result::unwrap()` on an `Err` value: Os { code: 2, kind: NotFound, message: "No such file or directory" }
[INFO] [stdout] stack backtrace:
[INFO] [stdout]    0:     0x5a14ca6e9e31 - <<std[70759c8f55707aa4]::sys::backtrace::BacktraceLock>::print::DisplayBacktrace as core[df12db4294e9bfd3]::fmt::Display>::fmt
[INFO] [stdout]    1:     0x5a14ca6fe45a - core[df12db4294e9bfd3]::fmt::write
[INFO] [stdout]    2:     0x5a14ca6ee4ec - <alloc[2182bb758b4b3781]::vec::Vec<u8> as core[df12db4294e9bfd3]::io::write::Write>::write_fmt
[INFO] [stdout]    3:     0x5a14ca6c5da6 - std[70759c8f55707aa4]::panicking::default_hook::{closure#0}
[INFO] [stdout]    4:     0x5a14ca6e2369 - std[70759c8f55707aa4]::panicking::default_hook
[INFO] [stdout]    5:     0x5a14ca6568b0 - test[9d35eded1c95d3be]::test_main_inner::<test[9d35eded1c95d3be]::test_main_static::{closure#0}>::{closure#0}
[INFO] [stdout]    6:     0x5a14ca6e2522 - std[70759c8f55707aa4]::panicking::panic_with_hook
[INFO] [stdout]    7:     0x5a14ca6c5e52 - std[70759c8f55707aa4]::panicking::panic_handler::{closure#0}
[INFO] [stdout]    8:     0x5a14ca6beba9 - std[70759c8f55707aa4]::sys::backtrace::__rust_end_short_backtrace::<std[70759c8f55707aa4]::panicking::panic_handler::{closure#0}, !>
[INFO] [stdout]    9:     0x5a14ca6c6a4d - __rustc[8fa7c3cbc660c2b3]::rust_begin_unwind
[INFO] [stdout]   10:     0x5a14ca6febbc - core[df12db4294e9bfd3]::panicking::panic_fmt
[INFO] [stdout]   11:     0x5a14ca6fe992 - core[df12db4294e9bfd3]::result::unwrap_failed
[INFO] [stdout]   12:     0x5a14ca62cd8a - <std[70759c8f55707aa4]::thread::local::LocalKey<core[df12db4294e9bfd3]::cell::Cell<tokio[cc2357e7734d0160]::coop::Budget>>>::with::<tokio[cc2357e7734d0160]::coop::with_budget<core[df12db4294e9bfd3]::task::poll::Poll<()>, <tokio[cc2357e7734d0160]::park::thread::CachedParkThread>::block_on<all[cbd9a57629eaa41d]::context_grab::{closure#0}>::{closure#0}>::{closure#0}, core[df12db4294e9bfd3]::task::poll::Poll<()>>
[INFO] [stdout]   13:     0x5a14ca645051 - <tokio[cc2357e7734d0160]::park::thread::CachedParkThread>::block_on::<all[cbd9a57629eaa41d]::context_grab::{closure#0}>
[INFO] [stdout]   14:     0x5a14ca641e9f - <tokio[cc2357e7734d0160]::runtime::thread_pool::ThreadPool>::block_on::<all[cbd9a57629eaa41d]::context_grab::{closure#0}>
[INFO] [stdout]   15:     0x5a14ca63513f - <tokio[cc2357e7734d0160]::runtime::Runtime>::block_on::<all[cbd9a57629eaa41d]::context_grab::{closure#0}>
[INFO] [stdout]   16:     0x5a14ca63ae00 - <all[cbd9a57629eaa41d]::context_grab::{closure#0} as core[df12db4294e9bfd3]::ops::function::FnOnce<()>>::call_once
[INFO] [stdout]   17:     0x5a14ca649b9b - test[9d35eded1c95d3be]::__rust_begin_short_backtrace::<core[df12db4294e9bfd3]::result::Result<(), alloc[2182bb758b4b3781]::string::String>, fn() -> core[df12db4294e9bfd3]::result::Result<(), alloc[2182bb758b4b3781]::string::String>>
[INFO] [stdout]   18:     0x5a14ca657205 - test[9d35eded1c95d3be]::run_test::{closure#0}
[INFO] [stdout]   19:     0x5a14ca650ac4 - std[70759c8f55707aa4]::sys::backtrace::__rust_begin_short_backtrace::<test[9d35eded1c95d3be]::run_test::{closure#1}, ()>
[INFO] [stdout]   20:     0x5a14ca65a362 - <std[70759c8f55707aa4]::thread::lifecycle::spawn_unchecked<test[9d35eded1c95d3be]::run_test::{closure#1}, ()>::{closure#1} as core[df12db4294e9bfd3]::ops::function::FnOnce<()>>::call_once::{shim:vtable#0}
[INFO] [stdout]   21:     0x5a14ca6e96d9 - <std[70759c8f55707aa4]::sys::thread::unix::Thread>::new::thread_start
[INFO] [stdout]   22:     0x79a90f8e9dfa - <unknown>
[INFO] [stdout]   23:     0x79a90f97d3d4 - clone
[INFO] [stdout]   24:                0x0 - <unknown>
[INFO] [stdout] 
[INFO] [stdout] ---- device_has_property stdout ----
[INFO] [stdout] 
[INFO] [stdout] thread 'device_has_property' (778) panicked at tests/all.rs:122:51:
[INFO] [stdout] called `Result::unwrap()` on an `Err` value: Os { code: 2, kind: NotFound, message: "No such file or directory" }
[INFO] [stdout] stack backtrace:
[INFO] [stdout]    0:     0x5a14ca6e9e31 - <<std[70759c8f55707aa4]::sys::backtrace::BacktraceLock>::print::DisplayBacktrace as core[df12db4294e9bfd3]::fmt::Display>::fmt
[INFO] [stdout]    1:     0x5a14ca6fe45a - core[df12db4294e9bfd3]::fmt::write
[INFO] [stdout]    2:     0x5a14ca6ee4ec - <alloc[2182bb758b4b3781]::vec::Vec<u8> as core[df12db4294e9bfd3]::io::write::Write>::write_fmt
[INFO] [stdout]    3:     0x5a14ca6c5da6 - std[70759c8f55707aa4]::panicking::default_hook::{closure#0}
[INFO] [stdout]    4:     0x5a14ca6e2369 - std[70759c8f55707aa4]::panicking::default_hook
[INFO] [stdout]    5:     0x5a14ca6568b0 - test[9d35eded1c95d3be]::test_main_inner::<test[9d35eded1c95d3be]::test_main_static::{closure#0}>::{closure#0}
[INFO] [stdout]    6:     0x5a14ca6e2522 - std[70759c8f55707aa4]::panicking::panic_with_hook
[INFO] [stdout]    7:     0x5a14ca6c5e52 - std[70759c8f55707aa4]::panicking::panic_handler::{closure#0}
[INFO] [stdout]    8:     0x5a14ca6beba9 - std[70759c8f55707aa4]::sys::backtrace::__rust_end_short_backtrace::<std[70759c8f55707aa4]::panicking::panic_handler::{closure#0}, !>
[INFO] [stdout]    9:     0x5a14ca6c6a4d - __rustc[8fa7c3cbc660c2b3]::rust_begin_unwind
[INFO] [stdout]   10:     0x5a14ca6febbc - core[df12db4294e9bfd3]::panicking::panic_fmt
[INFO] [stdout]   11:     0x5a14ca6fe992 - core[df12db4294e9bfd3]::result::unwrap_failed
[INFO] [stdout]   12:     0x5a14ca62f680 - <std[70759c8f55707aa4]::thread::local::LocalKey<core[df12db4294e9bfd3]::cell::Cell<tokio[cc2357e7734d0160]::coop::Budget>>>::with::<tokio[cc2357e7734d0160]::coop::with_budget<core[df12db4294e9bfd3]::task::poll::Poll<()>, <tokio[cc2357e7734d0160]::park::thread::CachedParkThread>::block_on<all[cbd9a57629eaa41d]::device_has_property::{closure#0}>::{closure#0}>::{closure#0}, core[df12db4294e9bfd3]::task::poll::Poll<()>>
[INFO] [stdout]   13:     0x5a14ca646091 - <tokio[cc2357e7734d0160]::park::thread::CachedParkThread>::block_on::<all[cbd9a57629eaa41d]::device_has_property::{closure#0}>
[INFO] [stdout]   14:     0x5a14ca64235f - <tokio[cc2357e7734d0160]::runtime::thread_pool::ThreadPool>::block_on::<all[cbd9a57629eaa41d]::device_has_property::{closure#0}>
[INFO] [stdout]   15:     0x5a14ca635ddf - <tokio[cc2357e7734d0160]::runtime::Runtime>::block_on::<all[cbd9a57629eaa41d]::device_has_property::{closure#0}>
[INFO] [stdout]   16:     0x5a14ca63bc60 - <all[cbd9a57629eaa41d]::device_has_property::{closure#0} as core[df12db4294e9bfd3]::ops::function::FnOnce<()>>::call_once
[INFO] [stdout]   17:     0x5a14ca649b9b - test[9d35eded1c95d3be]::__rust_begin_short_backtrace::<core[df12db4294e9bfd3]::result::Result<(), alloc[2182bb758b4b3781]::string::String>, fn() -> core[df12db4294e9bfd3]::result::Result<(), alloc[2182bb758b4b3781]::string::String>>
[INFO] [stdout]   18:     0x5a14ca657205 - test[9d35eded1c95d3be]::run_test::{closure#0}
[INFO] [stdout]   19:     0x5a14ca650ac4 - std[70759c8f55707aa4]::sys::backtrace::__rust_begin_short_backtrace::<test[9d35eded1c95d3be]::run_test::{closure#1}, ()>
[INFO] [stdout]   20:     0x5a14ca65a362 - <std[70759c8f55707aa4]::thread::lifecycle::spawn_unchecked<test[9d35eded1c95d3be]::run_test::{closure#1}, ()>::{closure#1} as core[df12db4294e9bfd3]::ops::function::FnOnce<()>>::call_once::{shim:vtable#0}
[INFO] [stdout]   21:     0x5a14ca6e96d9 - <std[70759c8f55707aa4]::sys::thread::unix::Thread>::new::thread_start
[INFO] [stdout]   22:     0x79a90f8e9dfa - <unknown>
[INFO] [stdout]   23:     0x79a90f97d3d4 - clone
[INFO] [stdout]   24:                0x0 - <unknown>
[INFO] [stdout] 
[INFO] [stdout] ---- device_get_value stdout ----
[INFO] [stdout] 
[INFO] [stdout] thread 'device_get_value' (775) panicked at tests/all.rs:146:51:
[INFO] [stdout] called `Result::unwrap()` on an `Err` value: Os { code: 2, kind: NotFound, message: "No such file or directory" }
[INFO] [stdout] stack backtrace:
[INFO] [stdout]    0:     0x5a14ca6e9e31 - <<std[70759c8f55707aa4]::sys::backtrace::BacktraceLock>::print::DisplayBacktrace as core[df12db4294e9bfd3]::fmt::Display>::fmt
[INFO] [stdout]    1:     0x5a14ca6fe45a - core[df12db4294e9bfd3]::fmt::write
[INFO] [stdout]    2:     0x5a14ca6ee4ec - <alloc[2182bb758b4b3781]::vec::Vec<u8> as core[df12db4294e9bfd3]::io::write::Write>::write_fmt
[INFO] [stdout]    3:     0x5a14ca6c5da6 - std[70759c8f55707aa4]::panicking::default_hook::{closure#0}
[INFO] [stdout]    4:     0x5a14ca6e2369 - std[70759c8f55707aa4]::panicking::default_hook
[INFO] [stdout]    5:     0x5a14ca6568b0 - test[9d35eded1c95d3be]::test_main_inner::<test[9d35eded1c95d3be]::test_main_static::{closure#0}>::{closure#0}
[INFO] [stdout]    6:     0x5a14ca6e2522 - std[70759c8f55707aa4]::panicking::panic_with_hook
[INFO] [stdout]    7:     0x5a14ca6c5e52 - std[70759c8f55707aa4]::panicking::panic_handler::{closure#0}
[INFO] [stdout]    8:     0x5a14ca6beba9 - std[70759c8f55707aa4]::sys::backtrace::__rust_end_short_backtrace::<std[70759c8f55707aa4]::panicking::panic_handler::{closure#0}, !>
[INFO] [stdout]    9:     0x5a14ca6c6a4d - __rustc[8fa7c3cbc660c2b3]::rust_begin_unwind
[INFO] [stdout]   10:     0x5a14ca6febbc - core[df12db4294e9bfd3]::panicking::panic_fmt
[INFO] [stdout]   11:     0x5a14ca6fe992 - core[df12db4294e9bfd3]::result::unwrap_failed
[INFO] [stdout]   12:     0x5a14ca62e21d - <std[70759c8f55707aa4]::thread::local::LocalKey<core[df12db4294e9bfd3]::cell::Cell<tokio[cc2357e7734d0160]::coop::Budget>>>::with::<tokio[cc2357e7734d0160]::coop::with_budget<core[df12db4294e9bfd3]::task::poll::Poll<()>, <tokio[cc2357e7734d0160]::park::thread::CachedParkThread>::block_on<all[cbd9a57629eaa41d]::device_get_value::{closure#0}>::{closure#0}>::{closure#0}, core[df12db4294e9bfd3]::task::poll::Poll<()>>
[INFO] [stdout]   13:     0x5a14ca645a71 - <tokio[cc2357e7734d0160]::park::thread::CachedParkThread>::block_on::<all[cbd9a57629eaa41d]::device_get_value::{closure#0}>
[INFO] [stdout]   14:     0x5a14ca64210f - <tokio[cc2357e7734d0160]::runtime::thread_pool::ThreadPool>::block_on::<all[cbd9a57629eaa41d]::device_get_value::{closure#0}>
[INFO] [stdout]   15:     0x5a14ca63597f - <tokio[cc2357e7734d0160]::runtime::Runtime>::block_on::<all[cbd9a57629eaa41d]::device_get_value::{closure#0}>
[INFO] [stdout]   16:     0x5a14ca63b730 - <all[cbd9a57629eaa41d]::device_get_value::{closure#0} as core[df12db4294e9bfd3]::ops::function::FnOnce<()>>::call_once
[INFO] [stdout]   17:     0x5a14ca649b9b - test[9d35eded1c95d3be]::__rust_begin_short_backtrace::<core[df12db4294e9bfd3]::result::Result<(), alloc[2182bb758b4b3781]::string::String>, fn() -> core[df12db4294e9bfd3]::result::Result<(), alloc[2182bb758b4b3781]::string::String>>
[INFO] [stdout]   18:     0x5a14ca657205 - test[9d35eded1c95d3be]::run_test::{closure#0}
[INFO] [stdout]   19:     0x5a14ca650ac4 - std[70759c8f55707aa4]::sys::backtrace::__rust_begin_short_backtrace::<test[9d35eded1c95d3be]::run_test::{closure#1}, ()>
[INFO] [stdout]   20:     0x5a14ca65a362 - <std[70759c8f55707aa4]::thread::lifecycle::spawn_unchecked<test[9d35eded1c95d3be]::run_test::{closure#1}, ()>::{closure#1} as core[df12db4294e9bfd3]::ops::function::FnOnce<()>>::call_once::{shim:vtable#0}
[INFO] [stdout]   21:     0x5a14ca6e96d9 - <std[70759c8f55707aa4]::sys::thread::unix::Thread>::new::thread_start
[INFO] [stdout]   22:     0x79a90f8e9dfa - <unknown>
[INFO] [stdout]   23:     0x79a90f97d3d4 - clone
[INFO] [stdout]   24:                0x0 - <unknown>
[INFO] [stdout] 
[INFO] [stdout] ---- device_has_syn stdout ----
[INFO] [stdout] 
[INFO] [stdout] thread 'device_has_syn' (973) panicked at tests/all.rs:135:51:
[INFO] [stdout] called `Result::unwrap()` on an `Err` value: Os { code: 2, kind: NotFound, message: "No such file or directory" }
[INFO] [stdout] stack backtrace:
[INFO] [stdout]    0:     0x5a14ca6e9e31 - <<std[70759c8f55707aa4]::sys::backtrace::BacktraceLock>::print::DisplayBacktrace as core[df12db4294e9bfd3]::fmt::Display>::fmt
[INFO] [stdout]    1:     0x5a14ca6fe45a - core[df12db4294e9bfd3]::fmt::write
[INFO] [stdout]    2:     0x5a14ca6ee4ec - <alloc[2182bb758b4b3781]::vec::Vec<u8> as core[df12db4294e9bfd3]::io::write::Write>::write_fmt
[INFO] [stdout]    3:     0x5a14ca6c5da6 - std[70759c8f55707aa4]::panicking::default_hook::{closure#0}
[INFO] [stdout]    4:     0x5a14ca6e2369 - std[70759c8f55707aa4]::panicking::default_hook
[INFO] [stdout]    5:     0x5a14ca6568b0 - test[9d35eded1c95d3be]::test_main_inner::<test[9d35eded1c95d3be]::test_main_static::{closure#0}>::{closure#0}
[INFO] [stdout]    6:     0x5a14ca6e2522 - std[70759c8f55707aa4]::panicking::panic_with_hook
[INFO] [stdout]    7:     0x5a14ca6c5e52 - std[70759c8f55707aa4]::panicking::panic_handler::{closure#0}
[INFO] [stdout]    8:     0x5a14ca6beba9 - std[70759c8f55707aa4]::sys::backtrace::__rust_end_short_backtrace::<std[70759c8f55707aa4]::panicking::panic_handler::{closure#0}, !>
[INFO] [stdout]    9:     0x5a14ca6c6a4d - __rustc[8fa7c3cbc660c2b3]::rust_begin_unwind
[INFO] [stdout]   10:     0x5a14ca6febbc - core[df12db4294e9bfd3]::panicking::panic_fmt
[INFO] [stdout]   11:     0x5a14ca6fe992 - core[df12db4294e9bfd3]::result::unwrap_failed
[INFO] [stdout]   12:     0x5a14ca62d348 - <std[70759c8f55707aa4]::thread::local::LocalKey<core[df12db4294e9bfd3]::cell::Cell<tokio[cc2357e7734d0160]::coop::Budget>>>::with::<tokio[cc2357e7734d0160]::coop::with_budget<core[df12db4294e9bfd3]::task::poll::Poll<()>, <tokio[cc2357e7734d0160]::park::thread::CachedParkThread>::block_on<all[cbd9a57629eaa41d]::device_has_syn::{closure#0}>::{closure#0}>::{closure#0}, core[df12db4294e9bfd3]::task::poll::Poll<()>>
[INFO] [stdout]   13:     0x5a14ca645391 - <tokio[cc2357e7734d0160]::park::thread::CachedParkThread>::block_on::<all[cbd9a57629eaa41d]::device_has_syn::{closure#0}>
[INFO] [stdout]   14:     0x5a14ca641f6f - <tokio[cc2357e7734d0160]::runtime::thread_pool::ThreadPool>::block_on::<all[cbd9a57629eaa41d]::device_has_syn::{closure#0}>
[INFO] [stdout]   15:     0x5a14ca6353ff - <tokio[cc2357e7734d0160]::runtime::Runtime>::block_on::<all[cbd9a57629eaa41d]::device_has_syn::{closure#0}>
[INFO] [stdout]   16:     0x5a14ca63b110 - <all[cbd9a57629eaa41d]::device_has_syn::{closure#0} as core[df12db4294e9bfd3]::ops::function::FnOnce<()>>::call_once
[INFO] [stdout]   17:     0x5a14ca649b9b - test[9d35eded1c95d3be]::__rust_begin_short_backtrace::<core[df12db4294e9bfd3]::result::Result<(), alloc[2182bb758b4b3781]::string::String>, fn() -> core[df12db4294e9bfd3]::result::Result<(), alloc[2182bb758b4b3781]::string::String>>
[INFO] [stdout]   18:     0x5a14ca657205 - test[9d35eded1c95d3be]::run_test::{closure#0}
[INFO] [stdout]   19:     0x5a14ca650ac4 - std[70759c8f55707aa4]::sys::backtrace::__rust_begin_short_backtrace::<test[9d35eded1c95d3be]::run_test::{closure#1}, ()>
[INFO] [stdout]   20:     0x5a14ca65a362 - <std[70759c8f55707aa4]::thread::lifecycle::spawn_unchecked<test[9d35eded1c95d3be]::run_test::{closure#1}, ()>::{closure#1} as core[df12db4294e9bfd3]::ops::function::FnOnce<()>>::call_once::{shim:vtable#0}
[INFO] [stdout]   21:     0x5a14ca6e96d9 - <std[70759c8f55707aa4]::sys::thread::unix::Thread>::new::thread_start
[INFO] [stdout]   22:     0x79a90f8e9dfa - <unknown>
[INFO] [stdout]   23:     0x79a90f97d3d4 - clone
[INFO] [stdout]   24:                0x0 - <unknown>
[INFO] [stdout] 
[INFO] [stdout] ---- context_set_file stdout ----
[INFO] [stdout] 
[INFO] [stdout] thread 'context_set_file' (768) panicked at tests/all.rs:20:51:
[INFO] [stdout] called `Result::unwrap()` on an `Err` value: Os { code: 2, kind: NotFound, message: "No such file or directory" }
[INFO] [stdout] stack backtrace:
[INFO] [stdout]    0:     0x5a14ca6e9e31 - <<std[70759c8f55707aa4]::sys::backtrace::BacktraceLock>::print::DisplayBacktrace as core[df12db4294e9bfd3]::fmt::Display>::fmt
[INFO] [stdout]    1:     0x5a14ca6fe45a - core[df12db4294e9bfd3]::fmt::write
[INFO] [stdout]    2:     0x5a14ca6ee4ec - <alloc[2182bb758b4b3781]::vec::Vec<u8> as core[df12db4294e9bfd3]::io::write::Write>::write_fmt
[INFO] [stdout]    3:     0x5a14ca6c5da6 - std[70759c8f55707aa4]::panicking::default_hook::{closure#0}
[INFO] [stdout]    4:     0x5a14ca6e2369 - std[70759c8f55707aa4]::panicking::default_hook
[INFO] [stdout]    5:     0x5a14ca6568b0 - test[9d35eded1c95d3be]::test_main_inner::<test[9d35eded1c95d3be]::test_main_static::{closure#0}>::{closure#0}
[INFO] [stdout]    6:     0x5a14ca6e2522 - std[70759c8f55707aa4]::panicking::panic_with_hook
[INFO] [stdout]    7:     0x5a14ca6c5e52 - std[70759c8f55707aa4]::panicking::panic_handler::{closure#0}
[INFO] [stdout]    8:     0x5a14ca6beba9 - std[70759c8f55707aa4]::sys::backtrace::__rust_end_short_backtrace::<std[70759c8f55707aa4]::panicking::panic_handler::{closure#0}, !>
[INFO] [stdout]    9:     0x5a14ca6c6a4d - __rustc[8fa7c3cbc660c2b3]::rust_begin_unwind
[INFO] [stdout]   10:     0x5a14ca6febbc - core[df12db4294e9bfd3]::panicking::panic_fmt
[INFO] [stdout]   11:     0x5a14ca6fe992 - core[df12db4294e9bfd3]::result::unwrap_failed
[INFO] [stdout]   12:     0x5a14ca62dde2 - <std[70759c8f55707aa4]::thread::local::LocalKey<core[df12db4294e9bfd3]::cell::Cell<tokio[cc2357e7734d0160]::coop::Budget>>>::with::<tokio[cc2357e7734d0160]::coop::with_budget<core[df12db4294e9bfd3]::task::poll::Poll<()>, <tokio[cc2357e7734d0160]::park::thread::CachedParkThread>::block_on<all[cbd9a57629eaa41d]::context_set_file::{closure#0}>::{closure#0}>::{closure#0}, core[df12db4294e9bfd3]::task::poll::Poll<()>>
[INFO] [stdout]   13:     0x5a14ca645901 - <tokio[cc2357e7734d0160]::park::thread::CachedParkThread>::block_on::<all[cbd9a57629eaa41d]::context_set_file::{closure#0}>
[INFO] [stdout]   14:     0x5a14ca64203f - <tokio[cc2357e7734d0160]::runtime::thread_pool::ThreadPool>::block_on::<all[cbd9a57629eaa41d]::context_set_file::{closure#0}>
[INFO] [stdout]   15:     0x5a14ca63589f - <tokio[cc2357e7734d0160]::runtime::Runtime>::block_on::<all[cbd9a57629eaa41d]::context_set_file::{closure#0}>
[INFO] [stdout]   16:     0x5a14ca63b620 - <all[cbd9a57629eaa41d]::context_set_file::{closure#0} as core[df12db4294e9bfd3]::ops::function::FnOnce<()>>::call_once
[INFO] [stdout]   17:     0x5a14ca649b9b - test[9d35eded1c95d3be]::__rust_begin_short_backtrace::<core[df12db4294e9bfd3]::result::Result<(), alloc[2182bb758b4b3781]::string::String>, fn() -> core[df12db4294e9bfd3]::result::Result<(), alloc[2182bb758b4b3781]::string::String>>
[INFO] [stdout]   18:     0x5a14ca657205 - test[9d35eded1c95d3be]::run_test::{closure#0}
[INFO] [stdout]   19:     0x5a14ca650ac4 - std[70759c8f55707aa4]::sys::backtrace::__rust_begin_short_backtrace::<test[9d35eded1c95d3be]::run_test::{closure#1}, ()>
[INFO] [stdout]   20:     0x5a14ca65a362 - <std[70759c8f55707aa4]::thread::lifecycle::spawn_unchecked<test[9d35eded1c95d3be]::run_test::{closure#1}, ()>::{closure#1} as core[df12db4294e9bfd3]::ops::function::FnOnce<()>>::call_once::{shim:vtable#0}
[INFO] [stdout]   21:     0x5a14ca6e96d9 - <std[70759c8f55707aa4]::sys::thread::unix::Thread>::new::thread_start
[INFO] [stdout]   22:     0x79a90f8e9dfa - <unknown>
[INFO] [stdout]   23:     0x79a90f97d3d4 - clone
[INFO] [stdout]   24:                0x0 - <unknown>
[INFO] [stdout] 
[INFO] [stdout] 
[INFO] [stdout] failures:
[INFO] [stdout]     context_change_file
[INFO] [stdout]     context_create_with_file
[INFO] [stdout]     context_grab
[INFO] [stdout]     context_set_file
[INFO] [stdout]     device_get_absinfo
[INFO] [stdout]     device_get_value
[INFO] [stdout]     device_has_property
[INFO] [stdout]     device_has_syn
[INFO] [stdout] 
[INFO] [stdout] test result: FAILED. 10 passed; 8 failed; 0 ignored; 0 measured; 0 filtered out; finished in 0.07s
[INFO] [stdout] 
[INFO] [stderr] error: test failed, to rerun pass `--test all`
[INFO] running `Command { std: "docker" "inspect" "a4836b2133ae6e17adbc0efc592c6642dce8a07ec33cbe2e5619c969476e3312", kill_on_drop: false }`
[INFO] running `Command { std: "docker" "rm" "-f" "a4836b2133ae6e17adbc0efc592c6642dce8a07ec33cbe2e5619c969476e3312", kill_on_drop: false }`
[INFO] [stdout] a4836b2133ae6e17adbc0efc592c6642dce8a07ec33cbe2e5619c969476e3312
