[INFO] fetching crate evalcore 0.7.5...
[INFO] testing evalcore-0.7.5 against 1.100.0-beta.1+cargoflags=--release for beta-release-1.100-2
[INFO] extracting crate evalcore 0.7.5 into /workspace/builds/worker-4-tc2/source
[INFO] started tweaking crates.io crate evalcore 0.7.5
[INFO] removed 0 missing tests
[INFO] finished tweaking crates.io crate evalcore 0.7.5
[INFO] tweaked toml for crates.io crate evalcore 0.7.5 written to /workspace/builds/worker-4-tc2/source/Cargo.toml
[INFO] validating manifest of crates.io crate evalcore 0.7.5 on toolchain 1.100.0-beta.1
[INFO] running `Command { std: CARGO_HOME="/workspace/cargo-home" RUSTUP_HOME="/workspace/rustup-home" "/workspace/cargo-home/bin/cargo" "+1.100.0-beta.1" "metadata" "--manifest-path" "Cargo.toml" "--no-deps", kill_on_drop: false }`
[INFO] crate crates.io crate evalcore 0.7.5 already has a lockfile, it will not be regenerated
[INFO] running `Command { std: CARGO_HOME="/workspace/cargo-home" RUSTUP_HOME="/workspace/rustup-home" "/workspace/cargo-home/bin/cargo" "+1.100.0-beta.1" "fetch" "--manifest-path" "Cargo.toml", kill_on_drop: false }`
[INFO] running `Command { std: "docker" "create" "-v" "/var/lib/crater-agent-workspace/builds/worker-4-tc2/source:/opt/rustwide/workdir:ro,Z" "-v" "/var/lib/crater-agent-workspace/builds/worker-4-tc2/target:/opt/rustwide/target:rw,Z" "-v" "/var/lib/crater-agent-workspace/cargo-home:/opt/rustwide/cargo-home:ro,Z" "-v" "/var/lib/crater-agent-workspace/rustup-home:/opt/rustwide/rustup-home:ro,Z" "-m" "1610612736" "--network" "none" "ghcr.io/rust-lang/crates-build-env/linux@sha256:77db811e55d90add9212f6832c23229e3de5f1c1f9905e8cb07319ea15df73ac" "sleep" "infinity", kill_on_drop: false }`
[INFO] [stdout] a0a3ba75f5b5276d3e01c1ab61f7643972fe85a3f80f76651bf6280354bb60ce
[INFO] running `Command { std: "docker" "start" "a0a3ba75f5b5276d3e01c1ab61f7643972fe85a3f80f76651bf6280354bb60ce", kill_on_drop: false }`
[INFO] running `Command { std: "docker" "inspect" "a0a3ba75f5b5276d3e01c1ab61f7643972fe85a3f80f76651bf6280354bb60ce", kill_on_drop: false }`
[INFO] running `Command { std: "docker" "exec" "-e" "SOURCE_DIR=/opt/rustwide/workdir" "-e" "CARGO_HOME=/opt/rustwide/cargo-home" "-e" "RUSTUP_HOME=/opt/rustwide/rustup-home" "-e" "CARGO_TARGET_DIR=/opt/rustwide/target" "-w" "/opt/rustwide/workdir" "--user" "0:0" "a0a3ba75f5b5276d3e01c1ab61f7643972fe85a3f80f76651bf6280354bb60ce" "/opt/rustwide/cargo-home/bin/cargo" "+1.100.0-beta.1" "metadata" "--no-deps" "--format-version=1", kill_on_drop: false }`
[INFO] running `Command { std: "docker" "inspect" "a0a3ba75f5b5276d3e01c1ab61f7643972fe85a3f80f76651bf6280354bb60ce", kill_on_drop: false }`
[INFO] running `Command { std: "docker" "exec" "-e" "SOURCE_DIR=/opt/rustwide/workdir" "-e" "CARGO_HOME=/opt/rustwide/cargo-home" "-e" "RUSTUP_HOME=/opt/rustwide/rustup-home" "-e" "CARGO_TARGET_DIR=/opt/rustwide/target" "-e" "CARGO_INCREMENTAL=0" "-e" "RUST_BACKTRACE=full" "-e" "RUSTFLAGS=--cap-lints=warn" "-e" "RUSTDOCFLAGS=--cap-lints=warn" "-w" "/opt/rustwide/workdir" "--user" "0:0" "a0a3ba75f5b5276d3e01c1ab61f7643972fe85a3f80f76651bf6280354bb60ce" "/opt/rustwide/cargo-home/bin/cargo" "+1.100.0-beta.1" "build" "--frozen" "--message-format=json" "--release", kill_on_drop: false }`
[INFO] [stderr]    Compiling bytes v1.12.1
[INFO] [stderr]    Compiling smallvec v1.15.2
[INFO] [stderr]    Compiling shlex v2.0.1
[INFO] [stderr]    Compiling syn v2.0.119
[INFO] [stderr]    Compiling hashbrown v0.17.1
[INFO] [stderr]    Compiling mio v1.2.2
[INFO] [stderr]    Compiling socket2 v0.6.5
[INFO] [stderr]    Compiling bitflags v2.13.1
[INFO] [stderr]    Compiling cc v1.2.67
[INFO] [stderr]    Compiling num-traits v0.2.19
[INFO] [stderr]    Compiling tracing v0.1.44
[INFO] [stderr]    Compiling foreign-types-shared v0.1.1
[INFO] [stderr]    Compiling openssl v0.10.81
[INFO] [stderr]    Compiling serde_json v1.0.150
[INFO] [stderr]    Compiling foreign-types v0.3.2
[INFO] [stderr]    Compiling http v1.4.2
[INFO] [stderr]    Compiling native-tls v0.2.18
[INFO] [stderr]    Compiling zeroize v1.9.0
[INFO] [stderr]    Compiling indexmap v2.14.0
[INFO] [stderr]    Compiling anyhow v1.0.103
[INFO] [stderr]    Compiling unsafe-libyaml v0.2.11
[INFO] [stderr]    Compiling rustls-pki-types v1.15.0
[INFO] [stderr]    Compiling openssl-sys v0.9.117
[INFO] [stderr]    Compiling http-body v1.1.0
[INFO] [stderr]    Compiling num-integer v0.1.46
[INFO] [stderr]    Compiling http-body-util v0.1.4
[INFO] [stderr]    Compiling hybrid-array v0.4.13
[INFO] [stderr]    Compiling syn v3.0.0
[INFO] [stderr]    Compiling ref-cast v1.0.26
[INFO] [stderr]    Compiling zerocopy v0.8.54
[INFO] [stderr]    Compiling regex-syntax v0.8.11
[INFO] [stderr]    Compiling ahash v0.8.12
[INFO] [stderr]    Compiling num-bigint v0.4.8
[INFO] [stderr]    Compiling libsqlite3-sys v0.38.1
[INFO] [stderr]    Compiling aho-corasick v1.1.4
[INFO] [stderr]    Compiling synstructure v0.13.2
[INFO] [stderr]    Compiling ref-cast-impl v1.0.26
[INFO] [stderr]    Compiling regex-automata v0.4.16
[INFO] [stderr]    Compiling num-rational v0.4.2
[INFO] [stderr]    Compiling zerofrom-derive v0.1.7
[INFO] [stderr]    Compiling zerofrom v0.1.8
[INFO] [stderr]    Compiling yoke-derive v0.8.2
[INFO] [stderr]    Compiling zerovec-derive v0.11.3
[INFO] [stderr]    Compiling yoke v0.8.3
[INFO] [stderr]    Compiling displaydoc v0.2.6
[INFO] [stderr]    Compiling zerovec v0.11.6
[INFO] [stderr]    Compiling serde_derive v1.0.228
[INFO] [stderr]    Compiling tokio-macros v2.7.0
[INFO] [stderr]    Compiling zerotrie v0.2.4
[INFO] [stderr]    Compiling tokio v1.52.4
[INFO] [stderr]    Compiling futures-macro v0.3.32
[INFO] [stderr]    Compiling tinystr v0.8.3
[INFO] [stderr]    Compiling icu_locale_core v2.2.0
[INFO] [stderr]    Compiling potential_utf v0.1.5
[INFO] [stderr]    Compiling icu_collections v2.2.0
[INFO] [stderr]    Compiling futures-util v0.3.32
[INFO] [stderr]    Compiling icu_provider v2.2.0
[INFO] [stderr]    Compiling icu_properties v2.2.0
[INFO] [stderr]    Compiling serde v1.0.228
[INFO] [stderr]    Compiling icu_normalizer v2.2.0
[INFO] [stderr]    Compiling openssl-macros v0.1.1
[INFO] [stderr]    Compiling idna_adapter v1.2.2
[INFO] [stderr]    Compiling idna v1.1.0
[INFO] [stderr]    Compiling url v2.5.8
[INFO] [stderr]    Compiling serde_urlencoded v0.7.1
[INFO] [stderr]    Compiling thiserror-impl v2.0.18
[INFO] [stderr]    Compiling futures-executor v0.3.32
[INFO] [stderr]    Compiling serde_yaml v0.9.34+deprecated
[INFO] [stderr]    Compiling tokio-util v0.7.18
[INFO] [stderr]    Compiling tower v0.5.3
[INFO] [stderr]    Compiling h2 v0.4.15
[INFO] [stderr]    Compiling tower-http v0.6.11
[INFO] [stderr]    Compiling tokio-native-tls v0.3.1
[INFO] [stderr]    Compiling thiserror v2.0.18
[INFO] [stderr]    Compiling evalcore-config v0.7.5
[INFO] [stderr]    Compiling futures v0.3.32
[INFO] [stderr]    Compiling async-trait v0.1.89
[INFO] [stderr]    Compiling parking_lot_core v0.9.12
[INFO] [stderr]    Compiling crypto-common v0.2.2
[INFO] [stderr]    Compiling block-buffer v0.12.1
[INFO] [stderr]    Compiling num-iter v0.1.46
[INFO] [stderr]    Compiling num-complex v0.4.6
[INFO] [stderr]    Compiling hyper v1.10.1
[INFO] [stderr]    Compiling borrow-or-share v0.2.4
[INFO] [stderr]    Compiling bit-vec v0.8.0
[INFO] [stderr]    Compiling unicode-general-category v1.1.0
[INFO] [stderr]    Compiling bit-set v0.8.0
[INFO] [stderr]    Compiling fluent-uri v0.4.1
[INFO] [stderr]    Compiling digest v0.11.3
[INFO] [stderr]    Compiling num v0.4.3
[INFO] [stderr]    Compiling parking_lot v0.12.5
[INFO] [stderr]    Compiling hyper-util v0.1.20
[INFO] [stderr]    Compiling hashlink v0.12.1
[INFO] [stderr]    Compiling vsimd v0.8.0
[INFO] [stderr]    Compiling fallible-iterator v0.3.0
[INFO] [stderr]    Compiling micromap v0.3.0
[INFO] [stderr]    Compiling fallible-streaming-iterator v0.1.9
[INFO] [stderr]    Compiling outref v0.5.2
[INFO] [stderr]    Compiling fraction v0.15.4
[INFO] [stderr]    Compiling referencing v0.48.1
[INFO] [stderr]    Compiling uuid-simd v0.8.0
[INFO] [stderr]    Compiling hyper-tls v0.6.0
[INFO] [stderr]    Compiling reqwest v0.12.28
[INFO] [stderr]    Compiling sha2 v0.11.0
[INFO] [stderr]    Compiling fancy-regex v0.18.0
[INFO] [stderr]    Compiling email_address v0.2.9
[INFO] [stderr]    Compiling regex v1.13.1
[INFO] [stderr]    Compiling evalcore-core v0.7.5
[INFO] [stderr]    Compiling jsonschema-regex v0.48.1
[INFO] [stderr]    Compiling axum-core v0.5.6
[INFO] [stderr]    Compiling serde_path_to_error v0.1.20
[INFO] [stderr]    Compiling matchit v0.8.4
[INFO] [stderr]    Compiling num-cmp v0.1.0
[INFO] [stderr]    Compiling bytecount v0.6.9
[INFO] [stderr]    Compiling data-encoding v2.11.0
[INFO] [stderr]    Compiling clap_builder v4.6.2
[INFO] [stderr]    Compiling axum v0.8.9
[INFO] [stderr]    Compiling jsonschema v0.48.1
[INFO] [stderr]    Compiling evalcore-report v0.7.5
[INFO] [stderr]    Compiling clap_derive v4.6.1
[INFO] [stderr]    Compiling clap v4.6.2
[INFO] [stderr]    Compiling evalcore-scorers v0.7.5
[INFO] [stderr]    Compiling rusqlite v0.40.1
[INFO] [stderr]    Compiling evalcore-store v0.7.5
[INFO] [stderr]    Compiling evalcore-serve v0.7.5
[INFO] [stderr]    Compiling evalcore v0.7.5 (/opt/rustwide/workdir)
[INFO] [stderr]     Finished `release` profile [optimized] target(s) in 6m 38s
[INFO] running `Command { std: "docker" "inspect" "a0a3ba75f5b5276d3e01c1ab61f7643972fe85a3f80f76651bf6280354bb60ce", kill_on_drop: false }`
[INFO] running `Command { std: "docker" "exec" "-e" "SOURCE_DIR=/opt/rustwide/workdir" "-e" "CARGO_HOME=/opt/rustwide/cargo-home" "-e" "RUSTUP_HOME=/opt/rustwide/rustup-home" "-e" "CARGO_TARGET_DIR=/opt/rustwide/target" "-e" "CARGO_INCREMENTAL=0" "-e" "RUST_BACKTRACE=full" "-e" "RUSTFLAGS=--cap-lints=warn" "-e" "RUSTDOCFLAGS=--cap-lints=warn" "-w" "/opt/rustwide/workdir" "--user" "0:0" "a0a3ba75f5b5276d3e01c1ab61f7643972fe85a3f80f76651bf6280354bb60ce" "/opt/rustwide/cargo-home/bin/cargo" "+1.100.0-beta.1" "test" "--frozen" "--no-run" "--message-format=json" "--release", kill_on_drop: false }`
[INFO] [stderr]    Compiling bitflags v2.13.1
[INFO] [stderr]    Compiling hyper v1.10.1
[INFO] [stderr]    Compiling predicates-core v1.0.10
[INFO] [stderr]    Compiling getrandom v0.4.3
[INFO] [stderr]    Compiling float-cmp v0.10.0
[INFO] [stderr]    Compiling normalize-line-endings v0.3.0
[INFO] [stderr]    Compiling deadpool-runtime v0.1.4
[INFO] [stderr]    Compiling difflib v0.4.0
[INFO] [stderr]    Compiling assert_cmd v2.2.2
[INFO] [stderr]    Compiling termtree v0.5.1
[INFO] [stderr]    Compiling deadpool v0.12.3
[INFO] [stderr]    Compiling predicates-tree v1.0.13
[INFO] [stderr]    Compiling bstr v1.13.0
[INFO] [stderr]    Compiling assert-json-diff v2.0.2
[INFO] [stderr]    Compiling wait-timeout v0.2.1
[INFO] [stderr]    Compiling openssl v0.10.81
[INFO] [stderr]    Compiling tower-http v0.6.11
[INFO] [stderr]    Compiling rusqlite v0.40.1
[INFO] [stderr]    Compiling predicates v3.1.4
[INFO] [stderr]    Compiling rustix v1.1.4
[INFO] [stderr]    Compiling hyper-util v0.1.20
[INFO] [stderr]    Compiling tempfile v3.27.0
[INFO] [stderr]    Compiling axum v0.8.9
[INFO] [stderr]    Compiling wiremock v0.6.5
[INFO] [stderr]    Compiling native-tls v0.2.18
[INFO] [stderr]    Compiling tokio-native-tls v0.3.1
[INFO] [stderr]    Compiling hyper-tls v0.6.0
[INFO] [stderr]    Compiling reqwest v0.12.28
[INFO] [stderr]    Compiling evalcore-core v0.7.5
[INFO] [stderr]    Compiling evalcore-report v0.7.5
[INFO] [stderr]    Compiling evalcore-store v0.7.5
[INFO] [stderr]    Compiling evalcore-scorers v0.7.5
[INFO] [stderr]    Compiling evalcore-serve v0.7.5
[INFO] [stderr]    Compiling evalcore v0.7.5 (/opt/rustwide/workdir)
[INFO] [stderr]     Finished `release` profile [optimized] target(s) in 2m 39s
[INFO] running `Command { std: "docker" "inspect" "a0a3ba75f5b5276d3e01c1ab61f7643972fe85a3f80f76651bf6280354bb60ce", kill_on_drop: false }`
[INFO] running `Command { std: "docker" "exec" "-e" "SOURCE_DIR=/opt/rustwide/workdir" "-e" "CARGO_HOME=/opt/rustwide/cargo-home" "-e" "RUSTUP_HOME=/opt/rustwide/rustup-home" "-e" "CARGO_TARGET_DIR=/opt/rustwide/target" "-e" "CARGO_INCREMENTAL=0" "-e" "RUST_BACKTRACE=full" "-e" "RUSTFLAGS=--cap-lints=warn" "-e" "RUSTDOCFLAGS=--cap-lints=warn" "-w" "/opt/rustwide/workdir" "--user" "0:0" "a0a3ba75f5b5276d3e01c1ab61f7643972fe85a3f80f76651bf6280354bb60ce" "/opt/rustwide/cargo-home/bin/cargo" "+1.100.0-beta.1" "test" "--frozen" "--release", kill_on_drop: false }`
[INFO] [stderr]     Finished `release` profile [optimized] target(s) in 0.30s
[INFO] [stderr]      Running unittests src/main.rs (/opt/rustwide/target/release/build/evalcore/404ae346a92fa367/out/evalcore-404ae346a92fa367)
[INFO] [stdout] 
[INFO] [stdout] running 5 tests
[INFO] [stdout] test ui::tests::color_policy_extremes_ignore_the_terminal ... ok
[INFO] [stdout] test ui::tests::verdict_appends_a_detail_clause ... ok
[INFO] [stdout] test ui::tests::unicode_verdict_prepends_a_mark_but_keeps_the_word ... ok
[INFO] [stdout] test ui::tests::plain_verdict_is_just_the_word ... ok
[INFO] [stdout] test ui::tests::unicode_requires_a_tty ... ok
[INFO] [stdout] 
[INFO] [stdout] test result: ok. 5 passed; 0 failed; 0 ignored; 0 measured; 0 filtered out; finished in 0.00s
[INFO] [stdout] 
[INFO] [stderr]      Running tests/baseline.rs (/opt/rustwide/target/release/build/evalcore/482d73a19f7bde87/out/baseline-482d73a19f7bde87)
[INFO] [stdout] 
[INFO] [stdout] running 4 tests
[INFO] [stdout] test missing_baseline_names_the_fix ... ok
[INFO] [stdout] test baseline_gate_tolerates_accepted_failures_and_catches_regressions ... ok
[INFO] [stdout] test new_failing_cases_fail_the_gate ... ok
[INFO] [stderr]      Running tests/cache.rs (/opt/rustwide/target/release/build/evalcore/78da52c67a5981c9/out/cache-78da52c67a5981c9)
[INFO] [stdout] test rolling_baseline_compare_then_save_in_one_run ... ok
[INFO] [stdout] 
[INFO] [stdout] test result: ok. 4 passed; 0 failed; 0 ignored; 0 measured; 0 filtered out; finished in 0.25s
[INFO] [stdout] 
[INFO] [stdout] 
[INFO] [stdout] running 3 tests
[INFO] [stdout] test replay_mode_fails_loudly_on_a_cold_cache ... ok
[INFO] [stdout] test replay_needs_no_api_key_once_recorded ... ok
[INFO] [stdout] test repeated_runs_hit_the_network_exactly_once ... ok
[INFO] [stdout] 
[INFO] [stdout] test result: ok. 3 passed; 0 failed; 0 ignored; 0 measured; 0 filtered out; finished in 0.46s
[INFO] [stdout] 
[INFO] [stderr]      Running tests/cli.rs (/opt/rustwide/target/release/build/evalcore/142ddf056898a155/out/cli-142ddf056898a155)
[INFO] [stdout] 
[INFO] [stdout] running 26 tests
[INFO] [stdout] test explicit_color_always_overrides_no_color_env ... FAILED
[INFO] [stdout] test color_always_emits_ansi_and_color_never_does_not ... FAILED
[INFO] [stdout] test html_report_is_written_alongside_terminal_without_changing_stdout ... FAILED
[INFO] [stdout] test html_report_composes_with_json_reporter_keeping_stdout_pure_json ... FAILED
[INFO] [stdout] test failing_gate_exits_one_even_when_every_case_passes ... ok
[INFO] [stdout] test accuracy_gate_met_reports_classification_and_exits_zero ... ok
[INFO] [stdout] test json_reporter_keeps_stdout_pure_and_routes_the_verdict_to_stderr ... FAILED
[INFO] [stdout] test matrix_unknown_name_errors_naming_available_targets ... ok
[INFO] [stdout] test matrix_with_baseline_is_a_hard_error ... ok
[INFO] [stdout] test invalid_config_fails_validation_with_a_useful_message ... ok
[INFO] [stdout] test matrix_with_target_is_a_hard_error ... ok
[INFO] [stdout] test failing_run_prints_failed_verdict_and_exits_one ... ok
[INFO] [stdout] test failing_suite_exits_one_with_reasons ... ok
[INFO] [stdout] test accuracy_gate_unmet_exits_one ... ok
[INFO] [stdout] test matrix_run_renders_comparison_and_exits_one_when_an_arm_fails ... ok
[INFO] [stdout] test run_passes_the_quickstart_suite_with_exit_zero ... FAILED
[INFO] [stdout] test run_reports_junit_to_a_file ... FAILED
[INFO] [stdout] test quiet_hides_passing_cases_but_keeps_totals_and_verdict ... FAILED
[INFO] [stdout] test unknown_target_lists_available_ones ... FAILED
[INFO] [stdout] test passing_gate_reports_gate_pass_and_exits_zero ... ok
[INFO] [stdout] test output_file_holds_the_plain_report_and_verdict_goes_to_stderr ... FAILED
[INFO] [stdout] test non_tty_stdout_has_no_ansi_no_cursor_control_and_carries_the_verdict ... FAILED
[INFO] [stdout] test validate_accepts_the_quickstart_config ... FAILED
[INFO] [stdout] test saved_baseline_is_a_pure_snapshot_without_gates ... ok
[INFO] [stdout] test gate_floor_fails_even_when_baseline_tolerates_the_case ... ok
[INFO] [stderr] error: test failed, to rerun pass `--test cli`
[INFO] [stdout] test matrix_run_all_arms_pass_exits_zero ... ok
[INFO] [stdout] 
[INFO] [stdout] failures:
[INFO] [stdout] 
[INFO] [stdout] ---- explicit_color_always_overrides_no_color_env stdout ----
[INFO] [stdout] 
[INFO] [stdout] thread 'explicit_color_always_overrides_no_color_env' (3728) panicked at tests/cli.rs:571:10:
[INFO] [stdout] Unexpected failure.
[INFO] [stdout] code=1
[INFO] [stdout] stderr=``````
[INFO] [stdout] Error: failed to read config file /opt/rustwide/workdir/../../examples/quickstart/evals.yaml: No such file or directory (os error 2)
[INFO] [stdout] 
[INFO] [stdout] Caused by:
[INFO] [stdout]     No such file or directory (os error 2)
[INFO] [stdout] 
[INFO] [stdout] Stack backtrace:
[INFO] [stdout]    0: <anyhow::Error as core::convert::From<evalcore_config::ConfigError>>::from
[INFO] [stdout]    1: evalcore::run::{closure#0}
[INFO] [stdout]    2: <tokio::runtime::park::CachedParkThread>::block_on::<evalcore::main::{closure#0}>
[INFO] [stdout]    3: evalcore::main
[INFO] [stdout]    4: std::sys::backtrace::__rust_begin_short_backtrace::<fn() -> core::result::Result<std::process::ExitCode, anyhow::Error>, core::result::Result<std::process::ExitCode, anyhow::Error>>
[INFO] [stdout]    5: std::rt::lang_start::<core::result::Result<std::process::ExitCode, anyhow::Error>>::{closure#0}
[INFO] [stdout]    6: std::rt::lang_start_internal
[INFO] [stdout]    7: main
[INFO] [stdout]    8: <unknown>
[INFO] [stdout]    9: __libc_start_main
[INFO] [stdout]   10: _start
[INFO] [stdout] ```
[INFO] [stdout] ```
[INFO] [stdout] command=`cd "/opt/rustwide/workdir/../.." && NO_COLOR="1" "/opt/rustwide/target/release/evalcore" "run" "/opt/rustwide/workdir/../../examples/quickstart/evals.yaml" "--color" "always"`
[INFO] [stdout] code=1
[INFO] [stdout] stdout=""
[INFO] [stdout] stderr=```
[INFO] [stdout] Error: failed to read config file /opt/rustwide/workdir/../../examples/quickstart/evals.yaml: No such file or directory (os error 2)
[INFO] [stdout] 
[INFO] [stdout] Caused by:
[INFO] [stdout]     No such file or directory (os error 2)
[INFO] [stdout] 
[INFO] [stdout] Stack backtrace:
[INFO] [stdout]    0: <anyhow::Error as core::convert::From<evalcore_config::ConfigError>>::from
[INFO] [stdout]    1: evalcore::run::{closure#0}
[INFO] [stdout]    2: <tokio::runtime::park::CachedParkThread>::block_on::<evalcore::main::{closure#0}>
[INFO] [stdout]    3: evalcore::main
[INFO] [stdout]    4: std::sys::backtrace::__rust_begin_short_backtrace::<fn() -> core::result::Result<std::process::ExitCode, anyhow::Error>, core::result::Result<std::process::ExitCode, anyhow::Error>>
[INFO] [stdout]    5: std::rt::lang_start::<core::result::Result<std::process::ExitCode, anyhow::Error>>::{closure#0}
[INFO] [stdout]    6: std::rt::lang_start_internal
[INFO] [stdout]    7: main
[INFO] [stdout]    8: <unknown>
[INFO] [stdout]    9: __libc_start_main
[INFO] [stdout]   10: _start
[INFO] [stdout] ```
[INFO] [stdout] 
[INFO] [stdout] 
[INFO] [stdout] stack backtrace:
[INFO] [stdout]    0:     0x6455dd51ae91 - <<std[617be2ca0a6fd877]::sys::backtrace::BacktraceLock>::print::DisplayBacktrace as core[a373ad73a504971]::fmt::Display>::fmt
[INFO] [stdout]    1:     0x6455dd53261a - core[a373ad73a504971]::fmt::write
[INFO] [stdout]    2:     0x6455dd520c8c - <alloc[2e1b2a31b91974c5]::vec::Vec<u8> as core[a373ad73a504971]::io::write::Write>::write_fmt
[INFO] [stdout]    3:     0x6455dd4f4956 - std[617be2ca0a6fd877]::panicking::default_hook::{closure#0}
[INFO] [stdout]    4:     0x6455dd512519 - std[617be2ca0a6fd877]::panicking::default_hook
[INFO] [stdout]    5:     0x6455dd49ae30 - test[aada8e7e76ba119b]::test_main_inner::{closure#0}
[INFO] [stdout]    6:     0x6455dd5126d2 - std[617be2ca0a6fd877]::panicking::panic_with_hook
[INFO] [stdout]    7:     0x6455dd4f4a02 - std[617be2ca0a6fd877]::panicking::panic_handler::{closure#0}
[INFO] [stdout]    8:     0x6455dd4eced9 - std[617be2ca0a6fd877]::sys::backtrace::__rust_end_short_backtrace::<std[617be2ca0a6fd877]::panicking::panic_handler::{closure#0}, !>
[INFO] [stdout]    9:     0x6455dd4f571d - __rustc[ea4f61d10b84890b]::rust_begin_unwind
[INFO] [stdout]   10:     0x6455dd532dfc - core[a373ad73a504971]::panicking::panic_fmt
[INFO] [stdout]   11:     0x6455dd4cecaf - <assert_cmd[df45f0e82fa903d0]::assert::AssertError>::panic::<assert_cmd[df45f0e82fa903d0]::assert::Assert>
[INFO] [stdout]   12:     0x6455dd4cf599 - <assert_cmd[df45f0e82fa903d0]::assert::Assert>::success
[INFO] [stdout]   13:     0x6455dd2aa52f - <cli[91c13ac04857e581]::explicit_color_always_overrides_no_color_env::{closure#0} as core[a373ad73a504971]::ops::function::FnOnce<()>>::call_once
[INFO] [stdout]   14:     0x6455dd48e27b - test[aada8e7e76ba119b]::__rust_begin_short_backtrace::<core[a373ad73a504971]::result::Result<(), alloc[2e1b2a31b91974c5]::string::String>, fn() -> core[a373ad73a504971]::result::Result<(), alloc[2e1b2a31b91974c5]::string::String>>
[INFO] [stdout]   15:     0x6455dd49b455 - test[aada8e7e76ba119b]::run_test::{closure#0}
[INFO] [stdout]   16:     0x6455dd494d44 - std[617be2ca0a6fd877]::sys::backtrace::__rust_begin_short_backtrace::<test[aada8e7e76ba119b]::run_test::{closure#1}, ()>
[INFO] [stdout]   17:     0x6455dd49e4e2 - <std[617be2ca0a6fd877]::thread::lifecycle::spawn_unchecked<test[aada8e7e76ba119b]::run_test::{closure#1}, ()>::{closure#1} as core[a373ad73a504971]::ops::function::FnOnce<()>>::call_once::{shim:vtable#0}
[INFO] [stdout]   18:     0x6455dd519e1f - <std[617be2ca0a6fd877]::sys::thread::unix::Thread>::new::thread_start
[INFO] [stdout]   19:     0x7a79cfaffdfa - <unknown>
[INFO] [stdout]   20:     0x7a79cfb933d4 - clone
[INFO] [stdout]   21:                0x0 - <unknown>
[INFO] [stdout] 
[INFO] [stdout] ---- color_always_emits_ansi_and_color_never_does_not stdout ----
[INFO] [stdout] 
[INFO] [stdout] thread 'color_always_emits_ansi_and_color_never_does_not' (3727) panicked at tests/cli.rs:549:10:
[INFO] [stdout] Unexpected failure.
[INFO] [stdout] code=1
[INFO] [stdout] stderr=``````
[INFO] [stdout] Error: failed to read config file /opt/rustwide/workdir/../../examples/quickstart/evals.yaml: No such file or directory (os error 2)
[INFO] [stdout] 
[INFO] [stdout] Caused by:
[INFO] [stdout]     No such file or directory (os error 2)
[INFO] [stdout] 
[INFO] [stdout] Stack backtrace:
[INFO] [stdout]    0: <anyhow::Error as core::convert::From<evalcore_config::ConfigError>>::from
[INFO] [stdout]    1: evalcore::run::{closure#0}
[INFO] [stdout]    2: <tokio::runtime::park::CachedParkThread>::block_on::<evalcore::main::{closure#0}>
[INFO] [stdout]    3: evalcore::main
[INFO] [stdout]    4: std::sys::backtrace::__rust_begin_short_backtrace::<fn() -> core::result::Result<std::process::ExitCode, anyhow::Error>, core::result::Result<std::process::ExitCode, anyhow::Error>>
[INFO] [stdout]    5: std::rt::lang_start::<core::result::Result<std::process::ExitCode, anyhow::Error>>::{closure#0}
[INFO] [stdout]    6: std::rt::lang_start_internal
[INFO] [stdout]    7: main
[INFO] [stdout]    8: <unknown>
[INFO] [stdout]    9: __libc_start_main
[INFO] [stdout]   10: _start
[INFO] [stdout] ```
[INFO] [stdout] ```
[INFO] [stdout] command=`cd "/opt/rustwide/workdir/../.." && "/opt/rustwide/target/release/evalcore" "run" "/opt/rustwide/workdir/../../examples/quickstart/evals.yaml" "--color" "always"`
[INFO] [stdout] code=1
[INFO] [stdout] stdout=""
[INFO] [stdout] stderr=```
[INFO] [stdout] Error: failed to read config file /opt/rustwide/workdir/../../examples/quickstart/evals.yaml: No such file or directory (os error 2)
[INFO] [stdout] 
[INFO] [stdout] Caused by:
[INFO] [stdout]     No such file or directory (os error 2)
[INFO] [stdout] 
[INFO] [stdout] Stack backtrace:
[INFO] [stdout]    0: <anyhow::Error as core::convert::From<evalcore_config::ConfigError>>::from
[INFO] [stdout]    1: evalcore::run::{closure#0}
[INFO] [stdout]    2: <tokio::runtime::park::CachedParkThread>::block_on::<evalcore::main::{closure#0}>
[INFO] [stdout]    3: evalcore::main
[INFO] [stdout]    4: std::sys::backtrace::__rust_begin_short_backtrace::<fn() -> core::result::Result<std::process::ExitCode, anyhow::Error>, core::result::Result<std::process::ExitCode, anyhow::Error>>
[INFO] [stdout]    5: std::rt::lang_start::<core::result::Result<std::process::ExitCode, anyhow::Error>>::{closure#0}
[INFO] [stdout]    6: std::rt::lang_start_internal
[INFO] [stdout]    7: main
[INFO] [stdout]    8: <unknown>
[INFO] [stdout]    9: __libc_start_main
[INFO] [stdout]   10: _start
[INFO] [stdout] ```
[INFO] [stdout] 
[INFO] [stdout] 
[INFO] [stdout] stack backtrace:
[INFO] [stdout]    0:     0x6455dd51ae91 - <<std[617be2ca0a6fd877]::sys::backtrace::BacktraceLock>::print::DisplayBacktrace as core[a373ad73a504971]::fmt::Display>::fmt
[INFO] [stdout]    1:     0x6455dd53261a - core[a373ad73a504971]::fmt::write
[INFO] [stdout]    2:     0x6455dd520c8c - <alloc[2e1b2a31b91974c5]::vec::Vec<u8> as core[a373ad73a504971]::io::write::Write>::write_fmt
[INFO] [stdout]    3:     0x6455dd4f4956 - std[617be2ca0a6fd877]::panicking::default_hook::{closure#0}
[INFO] [stdout]    4:     0x6455dd512519 - std[617be2ca0a6fd877]::panicking::default_hook
[INFO] [stdout]    5:     0x6455dd49ae30 - test[aada8e7e76ba119b]::test_main_inner::{closure#0}
[INFO] [stdout]    6:     0x6455dd5126d2 - std[617be2ca0a6fd877]::panicking::panic_with_hook
[INFO] [stdout]    7:     0x6455dd4f4a02 - std[617be2ca0a6fd877]::panicking::panic_handler::{closure#0}
[INFO] [stdout]    8:     0x6455dd4eced9 - std[617be2ca0a6fd877]::sys::backtrace::__rust_end_short_backtrace::<std[617be2ca0a6fd877]::panicking::panic_handler::{closure#0}, !>
[INFO] [stdout]    9:     0x6455dd4f571d - __rustc[ea4f61d10b84890b]::rust_begin_unwind
[INFO] [stdout]   10:     0x6455dd532dfc - core[a373ad73a504971]::panicking::panic_fmt
[INFO] [stdout]   11:     0x6455dd4cecaf - <assert_cmd[df45f0e82fa903d0]::assert::AssertError>::panic::<assert_cmd[df45f0e82fa903d0]::assert::Assert>
[INFO] [stdout]   12:     0x6455dd4cf599 - <assert_cmd[df45f0e82fa903d0]::assert::Assert>::success
[INFO] [stdout]   13:     0x6455dd2abc97 - <cli[91c13ac04857e581]::color_always_emits_ansi_and_color_never_does_not::{closure#0} as core[a373ad73a504971]::ops::function::FnOnce<()>>::call_once
[INFO] [stdout]   14:     0x6455dd48e27b - test[aada8e7e76ba119b]::__rust_begin_short_backtrace::<core[a373ad73a504971]::result::Result<(), alloc[2e1b2a31b91974c5]::string::String>, fn() -> core[a373ad73a504971]::result::Result<(), alloc[2e1b2a31b91974c5]::string::String>>
[INFO] [stdout]   15:     0x6455dd49b455 - test[aada8e7e76ba119b]::run_test::{closure#0}
[INFO] [stdout]   16:     0x6455dd494d44 - std[617be2ca0a6fd877]::sys::backtrace::__rust_begin_short_backtrace::<test[aada8e7e76ba119b]::run_test::{closure#1}, ()>
[INFO] [stdout]   17:     0x6455dd49e4e2 - <std[617be2ca0a6fd877]::thread::lifecycle::spawn_unchecked<test[aada8e7e76ba119b]::run_test::{closure#1}, ()>::{closure#1} as core[a373ad73a504971]::ops::function::FnOnce<()>>::call_once::{shim:vtable#0}
[INFO] [stdout]   18:     0x6455dd519e1f - <std[617be2ca0a6fd877]::sys::thread::unix::Thread>::new::thread_start
[INFO] [stdout]   19:     0x7a79cfaffdfa - <unknown>
[INFO] [stdout]   20:     0x7a79cfb933d4 - clone
[INFO] [stdout]   21:                0x0 - <unknown>
[INFO] [stdout] 
[INFO] [stdout] ---- html_report_is_written_alongside_terminal_without_changing_stdout stdout ----
[INFO] [stdout] 
[INFO] [stdout] thread 'html_report_is_written_alongside_terminal_without_changing_stdout' (3803) panicked at tests/cli.rs:136:65:
[INFO] [stdout] Unexpected failure.
[INFO] [stdout] code=1
[INFO] [stdout] stderr=``````
[INFO] [stdout] Error: failed to read config file /opt/rustwide/workdir/../../examples/quickstart/evals.yaml: No such file or directory (os error 2)
[INFO] [stdout] 
[INFO] [stdout] Caused by:
[INFO] [stdout]     No such file or directory (os error 2)
[INFO] [stdout] 
[INFO] [stdout] Stack backtrace:
[INFO] [stdout]    0: <anyhow::Error as core::convert::From<evalcore_config::ConfigError>>::from
[INFO] [stdout]    1: evalcore::run::{closure#0}
[INFO] [stdout]    2: <tokio::runtime::park::CachedParkThread>::block_on::<evalcore::main::{closure#0}>
[INFO] [stdout]    3: evalcore::main
[INFO] [stdout]    4: std::sys::backtrace::__rust_begin_short_backtrace::<fn() -> core::result::Result<std::process::ExitCode, anyhow::Error>, core::result::Result<std::process::ExitCode, anyhow::Error>>
[INFO] [stdout]    5: std::rt::lang_start::<core::result::Result<std::process::ExitCode, anyhow::Error>>::{closure#0}
[INFO] [stdout]    6: std::rt::lang_start_internal
[INFO] [stdout]    7: main
[INFO] [stdout]    8: <unknown>
[INFO] [stdout]    9: __libc_start_main
[INFO] [stdout]   10: _start
[INFO] [stdout] ```
[INFO] [stdout] ```
[INFO] [stdout] command=`cd "/opt/rustwide/workdir/../.." && "/opt/rustwide/target/release/evalcore" "run" "/opt/rustwide/workdir/../../examples/quickstart/evals.yaml"`
[INFO] [stdout] code=1
[INFO] [stdout] stdout=""
[INFO] [stdout] stderr=```
[INFO] [stdout] Error: failed to read config file /opt/rustwide/workdir/../../examples/quickstart/evals.yaml: No such file or directory (os error 2)
[INFO] [stdout] 
[INFO] [stdout] Caused by:
[INFO] [stdout]     No such file or directory (os error 2)
[INFO] [stdout] 
[INFO] [stdout] Stack backtrace:
[INFO] [stdout]    0: <anyhow::Error as core::convert::From<evalcore_config::ConfigError>>::from
[INFO] [stdout]    1: evalcore::run::{closure#0}
[INFO] [stdout]    2: <tokio::runtime::park::CachedParkThread>::block_on::<evalcore::main::{closure#0}>
[INFO] [stdout]    3: evalcore::main
[INFO] [stdout]    4: std::sys::backtrace::__rust_begin_short_backtrace::<fn() -> core::result::Result<std::process::ExitCode, anyhow::Error>, core::result::Result<std::process::ExitCode, anyhow::Error>>
[INFO] [stdout]    5: std::rt::lang_start::<core::result::Result<std::process::ExitCode, anyhow::Error>>::{closure#0}
[INFO] [stdout]    6: std::rt::lang_start_internal
[INFO] [stdout]    7: main
[INFO] [stdout]    8: <unknown>
[INFO] [stdout]    9: __libc_start_main
[INFO] [stdout]   10: _start
[INFO] [stdout] ```
[INFO] [stdout] 
[INFO] [stdout] 
[INFO] [stdout] stack backtrace:
[INFO] [stdout]    0:     0x6455dd51ae91 - <<std[617be2ca0a6fd877]::sys::backtrace::BacktraceLock>::print::DisplayBacktrace as core[a373ad73a504971]::fmt::Display>::fmt
[INFO] [stdout]    1:     0x6455dd53261a - core[a373ad73a504971]::fmt::write
[INFO] [stdout]    2:     0x6455dd520c8c - <alloc[2e1b2a31b91974c5]::vec::Vec<u8> as core[a373ad73a504971]::io::write::Write>::write_fmt
[INFO] [stdout]    3:     0x6455dd4f4956 - std[617be2ca0a6fd877]::panicking::default_hook::{closure#0}
[INFO] [stdout]    4:     0x6455dd512519 - std[617be2ca0a6fd877]::panicking::default_hook
[INFO] [stdout]    5:     0x6455dd49ae30 - test[aada8e7e76ba119b]::test_main_inner::{closure#0}
[INFO] [stdout]    6:     0x6455dd5126d2 - std[617be2ca0a6fd877]::panicking::panic_with_hook
[INFO] [stdout]    7:     0x6455dd4f4a02 - std[617be2ca0a6fd877]::panicking::panic_handler::{closure#0}
[INFO] [stdout]    8:     0x6455dd4eced9 - std[617be2ca0a6fd877]::sys::backtrace::__rust_end_short_backtrace::<std[617be2ca0a6fd877]::panicking::panic_handler::{closure#0}, !>
[INFO] [stdout]    9:     0x6455dd4f571d - __rustc[ea4f61d10b84890b]::rust_begin_unwind
[INFO] [stdout]   10:     0x6455dd532dfc - core[a373ad73a504971]::panicking::panic_fmt
[INFO] [stdout]   11:     0x6455dd4cecaf - <assert_cmd[df45f0e82fa903d0]::assert::AssertError>::panic::<assert_cmd[df45f0e82fa903d0]::assert::Assert>
[INFO] [stdout]   12:     0x6455dd4cf599 - <assert_cmd[df45f0e82fa903d0]::assert::Assert>::success
[INFO] [stdout]   13:     0x6455dd2afd07 - <cli[91c13ac04857e581]::html_report_is_written_alongside_terminal_without_changing_stdout::{closure#0} as core[a373ad73a504971]::ops::function::FnOnce<()>>::call_once
[INFO] [stdout]   14:     0x6455dd48e27b - test[aada8e7e76ba119b]::__rust_begin_short_backtrace::<core[a373ad73a504971]::result::Result<(), alloc[2e1b2a31b91974c5]::string::String>, fn() -> core[a373ad73a504971]::result::Result<(), alloc[2e1b2a31b91974c5]::string::String>>
[INFO] [stdout]   15:     0x6455dd49b455 - test[aada8e7e76ba119b]::run_test::{closure#0}
[INFO] [stdout]   16:     0x6455dd494d44 - std[617be2ca0a6fd877]::sys::backtrace::__rust_begin_short_backtrace::<test[aada8e7e76ba119b]::run_test::{closure#1}, ()>
[INFO] [stdout]   17:     0x6455dd49e4e2 - <std[617be2ca0a6fd877]::thread::lifecycle::spawn_unchecked<test[aada8e7e76ba119b]::run_test::{closure#1}, ()>::{closure#1} as core[a373ad73a504971]::ops::function::FnOnce<()>>::call_once::{shim:vtable#0}
[INFO] [stdout]   18:     0x6455dd519e1f - <std[617be2ca0a6fd877]::sys::thread::unix::Thread>::new::thread_start
[INFO] [stdout]   19:     0x7a79cfaffdfa - <unknown>
[INFO] [stdout]   20:     0x7a79cfb933d4 - clone
[INFO] [stdout]   21:                0x0 - <unknown>
[INFO] [stdout] 
[INFO] [stdout] ---- html_report_composes_with_json_reporter_keeping_stdout_pure_json stdout ----
[INFO] [stdout] 
[INFO] [stdout] thread 'html_report_composes_with_json_reporter_keeping_stdout_pure_json' (3790) panicked at tests/cli.rs:171:10:
[INFO] [stdout] Unexpected failure.
[INFO] [stdout] code=1
[INFO] [stdout] stderr=``````
[INFO] [stdout] Error: failed to read config file /opt/rustwide/workdir/../../examples/quickstart/evals.yaml: No such file or directory (os error 2)
[INFO] [stdout] 
[INFO] [stdout] Caused by:
[INFO] [stdout]     No such file or directory (os error 2)
[INFO] [stdout] 
[INFO] [stdout] Stack backtrace:
[INFO] [stdout]    0: <anyhow::Error as core::convert::From<evalcore_config::ConfigError>>::from
[INFO] [stdout]    1: evalcore::run::{closure#0}
[INFO] [stdout]    2: <tokio::runtime::park::CachedParkThread>::block_on::<evalcore::main::{closure#0}>
[INFO] [stdout]    3: evalcore::main
[INFO] [stdout]    4: std::sys::backtrace::__rust_begin_short_backtrace::<fn() -> core::result::Result<std::process::ExitCode, anyhow::Error>, core::result::Result<std::process::ExitCode, anyhow::Error>>
[INFO] [stdout]    5: std::rt::lang_start::<core::result::Result<std::process::ExitCode, anyhow::Error>>::{closure#0}
[INFO] [stdout]    6: std::rt::lang_start_internal
[INFO] [stdout]    7: main
[INFO] [stdout]    8: <unknown>
[INFO] [stdout]    9: __libc_start_main
[INFO] [stdout]   10: _start
[INFO] [stdout] ```
[INFO] [stdout] ```
[INFO] [stdout] command=`cd "/opt/rustwide/workdir/../.." && "/opt/rustwide/target/release/evalcore" "run" "/opt/rustwide/workdir/../../examples/quickstart/evals.yaml" "--reporter" "json" "--html" "/tmp/.tmpChD7CU/out.html"`
[INFO] [stdout] code=1
[INFO] [stdout] stdout=""
[INFO] [stdout] stderr=```
[INFO] [stdout] Error: failed to read config file /opt/rustwide/workdir/../../examples/quickstart/evals.yaml: No such file or directory (os error 2)
[INFO] [stdout] 
[INFO] [stdout] Caused by:
[INFO] [stdout]     No such file or directory (os error 2)
[INFO] [stdout] 
[INFO] [stdout] Stack backtrace:
[INFO] [stdout]    0: <anyhow::Error as core::convert::From<evalcore_config::ConfigError>>::from
[INFO] [stdout]    1: evalcore::run::{closure#0}
[INFO] [stdout]    2: <tokio::runtime::park::CachedParkThread>::block_on::<evalcore::main::{closure#0}>
[INFO] [stdout]    3: evalcore::main
[INFO] [stdout]    4: std::sys::backtrace::__rust_begin_short_backtrace::<fn() -> core::result::Result<std::process::ExitCode, anyhow::Error>, core::result::Result<std::process::ExitCode, anyhow::Error>>
[INFO] [stdout]    5: std::rt::lang_start::<core::result::Result<std::process::ExitCode, anyhow::Error>>::{closure#0}
[INFO] [stdout]    6: std::rt::lang_start_internal
[INFO] [stdout]    7: main
[INFO] [stdout]    8: <unknown>
[INFO] [stdout]    9: __libc_start_main
[INFO] [stdout]   10: _start
[INFO] [stdout] ```
[INFO] [stdout] 
[INFO] [stdout] 
[INFO] [stdout] stack backtrace:
[INFO] [stdout]    0:     0x6455dd51ae91 - <<std[617be2ca0a6fd877]::sys::backtrace::BacktraceLock>::print::DisplayBacktrace as core[a373ad73a504971]::fmt::Display>::fmt
[INFO] [stdout]    1:     0x6455dd53261a - core[a373ad73a504971]::fmt::write
[INFO] [stdout]    2:     0x6455dd520c8c - <alloc[2e1b2a31b91974c5]::vec::Vec<u8> as core[a373ad73a504971]::io::write::Write>::write_fmt
[INFO] [stdout]    3:     0x6455dd4f4956 - std[617be2ca0a6fd877]::panicking::default_hook::{closure#0}
[INFO] [stdout]    4:     0x6455dd512519 - std[617be2ca0a6fd877]::panicking::default_hook
[INFO] [stdout]    5:     0x6455dd49ae30 - test[aada8e7e76ba119b]::test_main_inner::{closure#0}
[INFO] [stdout]    6:     0x6455dd5126d2 - std[617be2ca0a6fd877]::panicking::panic_with_hook
[INFO] [stdout]    7:     0x6455dd4f4a02 - std[617be2ca0a6fd877]::panicking::panic_handler::{closure#0}
[INFO] [stdout]    8:     0x6455dd4eced9 - std[617be2ca0a6fd877]::sys::backtrace::__rust_end_short_backtrace::<std[617be2ca0a6fd877]::panicking::panic_handler::{closure#0}, !>
[INFO] [stdout]    9:     0x6455dd4f571d - __rustc[ea4f61d10b84890b]::rust_begin_unwind
[INFO] [stdout]   10:     0x6455dd532dfc - core[a373ad73a504971]::panicking::panic_fmt
[INFO] [stdout]   11:     0x6455dd4cecaf - <assert_cmd[df45f0e82fa903d0]::assert::AssertError>::panic::<assert_cmd[df45f0e82fa903d0]::assert::Assert>
[INFO] [stdout]   12:     0x6455dd4cf599 - <assert_cmd[df45f0e82fa903d0]::assert::Assert>::success
[INFO] [stdout]   13:     0x6455dd2af44b - <cli[91c13ac04857e581]::html_report_composes_with_json_reporter_keeping_stdout_pure_json::{closure#0} as core[a373ad73a504971]::ops::function::FnOnce<()>>::call_once
[INFO] [stdout]   14:     0x6455dd48e27b - test[aada8e7e76ba119b]::__rust_begin_short_backtrace::<core[a373ad73a504971]::result::Result<(), alloc[2e1b2a31b91974c5]::string::String>, fn() -> core[a373ad73a504971]::result::Result<(), alloc[2e1b2a31b91974c5]::string::String>>
[INFO] [stdout]   15:     0x6455dd49b455 - test[aada8e7e76ba119b]::run_test::{closure#0}
[INFO] [stdout]   16:     0x6455dd494d44 - std[617be2ca0a6fd877]::sys::backtrace::__rust_begin_short_backtrace::<test[aada8e7e76ba119b]::run_test::{closure#1}, ()>
[INFO] [stdout]   17:     0x6455dd49e4e2 - <std[617be2ca0a6fd877]::thread::lifecycle::spawn_unchecked<test[aada8e7e76ba119b]::run_test::{closure#1}, ()>::{closure#1} as core[a373ad73a504971]::ops::function::FnOnce<()>>::call_once::{shim:vtable#0}
[INFO] [stdout]   18:     0x6455dd519e1f - <std[617be2ca0a6fd877]::sys::thread::unix::Thread>::new::thread_start
[INFO] [stdout]   19:     0x7a79cfaffdfa - <unknown>
[INFO] [stdout]   20:     0x7a79cfb933d4 - clone
[INFO] [stdout]   21:                0x0 - <unknown>
[INFO] [stdout] 
[INFO] [stdout] ---- json_reporter_keeps_stdout_pure_and_routes_the_verdict_to_stderr stdout ----
[INFO] [stdout] 
[INFO] [stdout] thread 'json_reporter_keeps_stdout_pure_and_routes_the_verdict_to_stderr' (3871) panicked at tests/cli.rs:583:10:
[INFO] [stdout] Unexpected failure.
[INFO] [stdout] code=1
[INFO] [stdout] stderr=``````
[INFO] [stdout] Error: failed to read config file /opt/rustwide/workdir/../../examples/quickstart/evals.yaml: No such file or directory (os error 2)
[INFO] [stdout] 
[INFO] [stdout] Caused by:
[INFO] [stdout]     No such file or directory (os error 2)
[INFO] [stdout] 
[INFO] [stdout] Stack backtrace:
[INFO] [stdout]    0: <anyhow::Error as core::convert::From<evalcore_config::ConfigError>>::from
[INFO] [stdout]    1: evalcore::run::{closure#0}
[INFO] [stdout]    2: <tokio::runtime::park::CachedParkThread>::block_on::<evalcore::main::{closure#0}>
[INFO] [stdout]    3: evalcore::main
[INFO] [stdout]    4: std::sys::backtrace::__rust_begin_short_backtrace::<fn() -> core::result::Result<std::process::ExitCode, anyhow::Error>, core::result::Result<std::process::ExitCode, anyhow::Error>>
[INFO] [stdout]    5: std::rt::lang_start::<core::result::Result<std::process::ExitCode, anyhow::Error>>::{closure#0}
[INFO] [stdout]    6: std::rt::lang_start_internal
[INFO] [stdout]    7: main
[INFO] [stdout]    8: <unknown>
[INFO] [stdout]    9: __libc_start_main
[INFO] [stdout]   10: _start
[INFO] [stdout] ```
[INFO] [stdout] ```
[INFO] [stdout] command=`cd "/opt/rustwide/workdir/../.." && "/opt/rustwide/target/release/evalcore" "run" "/opt/rustwide/workdir/../../examples/quickstart/evals.yaml" "--reporter" "json"`
[INFO] [stdout] code=1
[INFO] [stdout] stdout=""
[INFO] [stdout] stderr=```
[INFO] [stdout] Error: failed to read config file /opt/rustwide/workdir/../../examples/quickstart/evals.yaml: No such file or directory (os error 2)
[INFO] [stdout] 
[INFO] [stdout] Caused by:
[INFO] [stdout]     No such file or directory (os error 2)
[INFO] [stdout] 
[INFO] [stdout] Stack backtrace:
[INFO] [stdout]    0: <anyhow::Error as core::convert::From<evalcore_config::ConfigError>>::from
[INFO] [stdout]    1: evalcore::run::{closure#0}
[INFO] [stdout]    2: <tokio::runtime::park::CachedParkThread>::block_on::<evalcore::main::{closure#0}>
[INFO] [stdout]    3: evalcore::main
[INFO] [stdout]    4: std::sys::backtrace::__rust_begin_short_backtrace::<fn() -> core::result::Result<std::process::ExitCode, anyhow::Error>, core::result::Result<std::process::ExitCode, anyhow::Error>>
[INFO] [stdout]    5: std::rt::lang_start::<core::result::Result<std::process::ExitCode, anyhow::Error>>::{closure#0}
[INFO] [stdout]    6: std::rt::lang_start_internal
[INFO] [stdout]    7: main
[INFO] [stdout]    8: <unknown>
[INFO] [stdout]    9: __libc_start_main
[INFO] [stdout]   10: _start
[INFO] [stdout] ```
[INFO] [stdout] 
[INFO] [stdout] 
[INFO] [stdout] stack backtrace:
[INFO] [stdout]    0:     0x6455dd51ae91 - <<std[617be2ca0a6fd877]::sys::backtrace::BacktraceLock>::print::DisplayBacktrace as core[a373ad73a504971]::fmt::Display>::fmt
[INFO] [stdout]    1:     0x6455dd53261a - core[a373ad73a504971]::fmt::write
[INFO] [stdout]    2:     0x6455dd520c8c - <alloc[2e1b2a31b91974c5]::vec::Vec<u8> as core[a373ad73a504971]::io::write::Write>::write_fmt
[INFO] [stdout]    3:     0x6455dd4f4956 - std[617be2ca0a6fd877]::panicking::default_hook::{closure#0}
[INFO] [stdout]    4:     0x6455dd512519 - std[617be2ca0a6fd877]::panicking::default_hook
[INFO] [stdout]    5:     0x6455dd49ae30 - test[aada8e7e76ba119b]::test_main_inner::{closure#0}
[INFO] [stdout]    6:     0x6455dd5126d2 - std[617be2ca0a6fd877]::panicking::panic_with_hook
[INFO] [stdout]    7:     0x6455dd4f4a02 - std[617be2ca0a6fd877]::panicking::panic_handler::{closure#0}
[INFO] [stdout]    8:     0x6455dd4eced9 - std[617be2ca0a6fd877]::sys::backtrace::__rust_end_short_backtrace::<std[617be2ca0a6fd877]::panicking::panic_handler::{closure#0}, !>
[INFO] [stdout]    9:     0x6455dd4f571d - __rustc[ea4f61d10b84890b]::rust_begin_unwind
[INFO] [stdout]   10:     0x6455dd532dfc - core[a373ad73a504971]::panicking::panic_fmt
[INFO] [stdout]   11:     0x6455dd4cecaf - <assert_cmd[df45f0e82fa903d0]::assert::AssertError>::panic::<assert_cmd[df45f0e82fa903d0]::assert::Assert>
[INFO] [stdout]   12:     0x6455dd4cf599 - <assert_cmd[df45f0e82fa903d0]::assert::Assert>::success
[INFO] [stdout]   13:     0x6455dd2af8ca - <cli[91c13ac04857e581]::json_reporter_keeps_stdout_pure_and_routes_the_verdict_to_stderr::{closure#0} as core[a373ad73a504971]::ops::function::FnOnce<()>>::call_once
[INFO] [stdout]   14:     0x6455dd48e27b - test[aada8e7e76ba119b]::__rust_begin_short_backtrace::<core[a373ad73a504971]::result::Result<(), alloc[2e1b2a31b91974c5]::string::String>, fn() -> core[a373ad73a504971]::result::Result<(), alloc[2e1b2a31b91974c5]::string::String>>
[INFO] [stdout]   15:     0x6455dd49b455 - test[aada8e7e76ba119b]::run_test::{closure#0}
[INFO] [stdout]   16:     0x6455dd494d44 - std[617be2ca0a6fd877]::sys::backtrace::__rust_begin_short_backtrace::<test[aada8e7e76ba119b]::run_test::{closure#1}, ()>
[INFO] [stdout]   17:     0x6455dd49e4e2 - <std[617be2ca0a6fd877]::thread::lifecycle::spawn_unchecked<test[aada8e7e76ba119b]::run_test::{closure#1}, ()>::{closure#1} as core[a373ad73a504971]::ops::function::FnOnce<()>>::call_once::{shim:vtable#0}
[INFO] [stdout]   18:     0x6455dd519e1f - <std[617be2ca0a6fd877]::sys::thread::unix::Thread>::new::thread_start
[INFO] [stdout]   19:     0x7a79cfaffdfa - <unknown>
[INFO] [stdout]   20:     0x7a79cfb933d4 - clone
[INFO] [stdout]   21:                0x0 - <unknown>
[INFO] [stdout] 
[INFO] [stdout] ---- run_passes_the_quickstart_suite_with_exit_zero stdout ----
[INFO] [stdout] 
[INFO] [stdout] thread 'run_passes_the_quickstart_suite_with_exit_zero' (4016) panicked at tests/cli.rs:39:10:
[INFO] [stdout] Unexpected failure.
[INFO] [stdout] code=1
[INFO] [stdout] stderr=``````
[INFO] [stdout] Error: failed to read config file /opt/rustwide/workdir/../../examples/quickstart/evals.yaml: No such file or directory (os error 2)
[INFO] [stdout] 
[INFO] [stdout] Caused by:
[INFO] [stdout]     No such file or directory (os error 2)
[INFO] [stdout] 
[INFO] [stdout] Stack backtrace:
[INFO] [stdout]    0: <anyhow::Error as core::convert::From<evalcore_config::ConfigError>>::from
[INFO] [stdout]    1: evalcore::run::{closure#0}
[INFO] [stdout]    2: <tokio::runtime::park::CachedParkThread>::block_on::<evalcore::main::{closure#0}>
[INFO] [stdout]    3: evalcore::main
[INFO] [stdout]    4: std::sys::backtrace::__rust_begin_short_backtrace::<fn() -> core::result::Result<std::process::ExitCode, anyhow::Error>, core::result::Result<std::process::ExitCode, anyhow::Error>>
[INFO] [stdout]    5: std::rt::lang_start::<core::result::Result<std::process::ExitCode, anyhow::Error>>::{closure#0}
[INFO] [stdout]    6: std::rt::lang_start_internal
[INFO] [stdout]    7: main
[INFO] [stdout]    8: <unknown>
[INFO] [stdout]    9: __libc_start_main
[INFO] [stdout]   10: _start
[INFO] [stdout] ```
[INFO] [stdout] ```
[INFO] [stdout] command=`cd "/opt/rustwide/workdir/../.." && "/opt/rustwide/target/release/evalcore" "run" "/opt/rustwide/workdir/../../examples/quickstart/evals.yaml"`
[INFO] [stdout] code=1
[INFO] [stdout] stdout=""
[INFO] [stdout] stderr=```
[INFO] [stdout] Error: failed to read config file /opt/rustwide/workdir/../../examples/quickstart/evals.yaml: No such file or directory (os error 2)
[INFO] [stdout] 
[INFO] [stdout] Caused by:
[INFO] [stdout]     No such file or directory (os error 2)
[INFO] [stdout] 
[INFO] [stdout] Stack backtrace:
[INFO] [stdout]    0: <anyhow::Error as core::convert::From<evalcore_config::ConfigError>>::from
[INFO] [stdout]    1: evalcore::run::{closure#0}
[INFO] [stdout]    2: <tokio::runtime::park::CachedParkThread>::block_on::<evalcore::main::{closure#0}>
[INFO] [stdout]    3: evalcore::main
[INFO] [stdout]    4: std::sys::backtrace::__rust_begin_short_backtrace::<fn() -> core::result::Result<std::process::ExitCode, anyhow::Error>, core::result::Result<std::process::ExitCode, anyhow::Error>>
[INFO] [stdout]    5: std::rt::lang_start::<core::result::Result<std::process::ExitCode, anyhow::Error>>::{closure#0}
[INFO] [stdout]    6: std::rt::lang_start_internal
[INFO] [stdout]    7: main
[INFO] [stdout]    8: <unknown>
[INFO] [stdout]    9: __libc_start_main
[INFO] [stdout]   10: _start
[INFO] [stdout] ```
[INFO] [stdout] 
[INFO] [stdout] 
[INFO] [stdout] stack backtrace:
[INFO] [stdout]    0:     0x6455dd51ae91 - <<std[617be2ca0a6fd877]::sys::backtrace::BacktraceLock>::print::DisplayBacktrace as core[a373ad73a504971]::fmt::Display>::fmt
[INFO] [stdout]    1:     0x6455dd53261a - core[a373ad73a504971]::fmt::write
[INFO] [stdout]    2:     0x6455dd520c8c - <alloc[2e1b2a31b91974c5]::vec::Vec<u8> as core[a373ad73a504971]::io::write::Write>::write_fmt
[INFO] [stdout]    3:     0x6455dd4f4956 - std[617be2ca0a6fd877]::panicking::default_hook::{closure#0}
[INFO] [stdout]    4:     0x6455dd512519 - std[617be2ca0a6fd877]::panicking::default_hook
[INFO] [stdout]    5:     0x6455dd49ae30 - test[aada8e7e76ba119b]::test_main_inner::{closure#0}
[INFO] [stdout]    6:     0x6455dd5126d2 - std[617be2ca0a6fd877]::panicking::panic_with_hook
[INFO] [stdout]    7:     0x6455dd4f4a02 - std[617be2ca0a6fd877]::panicking::panic_handler::{closure#0}
[INFO] [stdout]    8:     0x6455dd4eced9 - std[617be2ca0a6fd877]::sys::backtrace::__rust_end_short_backtrace::<std[617be2ca0a6fd877]::panicking::panic_handler::{closure#0}, !>
[INFO] [stdout]    9:     0x6455dd4f571d - __rustc[ea4f61d10b84890b]::rust_begin_unwind
[INFO] [stdout]   10:     0x6455dd532dfc - core[a373ad73a504971]::panicking::panic_fmt
[INFO] [stdout]   11:     0x6455dd4cecaf - <assert_cmd[df45f0e82fa903d0]::assert::AssertError>::panic::<assert_cmd[df45f0e82fa903d0]::assert::Assert>
[INFO] [stdout]   12:     0x6455dd4cf599 - <assert_cmd[df45f0e82fa903d0]::assert::Assert>::success
[INFO] [stdout]   13:     0x6455dd2aabc3 - <cli[91c13ac04857e581]::run_passes_the_quickstart_suite_with_exit_zero::{closure#0} as core[a373ad73a504971]::ops::function::FnOnce<()>>::call_once
[INFO] [stdout]   14:     0x6455dd48e27b - test[aada8e7e76ba119b]::__rust_begin_short_backtrace::<core[a373ad73a504971]::result::Result<(), alloc[2e1b2a31b91974c5]::string::String>, fn() -> core[a373ad73a504971]::result::Result<(), alloc[2e1b2a31b91974c5]::string::String>>
[INFO] [stdout]   15:     0x6455dd49b455 - test[aada8e7e76ba119b]::run_test::{closure#0}
[INFO] [stdout]   16:     0x6455dd494d44 - std[617be2ca0a6fd877]::sys::backtrace::__rust_begin_short_backtrace::<test[aada8e7e76ba119b]::run_test::{closure#1}, ()>
[INFO] [stdout]   17:     0x6455dd49e4e2 - <std[617be2ca0a6fd877]::thread::lifecycle::spawn_unchecked<test[aada8e7e76ba119b]::run_test::{closure#1}, ()>::{closure#1} as core[a373ad73a504971]::ops::function::FnOnce<()>>::call_once::{shim:vtable#0}
[INFO] [stdout]   18:     0x6455dd519e1f - <std[617be2ca0a6fd877]::sys::thread::unix::Thread>::new::thread_start
[INFO] [stdout]   19:     0x7a79cfaffdfa - <unknown>
[INFO] [stdout]   20:     0x7a79cfb933d4 - clone
[INFO] [stdout]   21:                0x0 - <unknown>
[INFO] [stdout] 
[INFO] [stdout] ---- run_reports_junit_to_a_file stdout ----
[INFO] [stdout] 
[INFO] [stdout] thread 'run_reports_junit_to_a_file' (4028) panicked at tests/cli.rs:53:10:
[INFO] [stdout] Unexpected failure.
[INFO] [stdout] code=1
[INFO] [stdout] stderr=``````
[INFO] [stdout] Error: failed to read config file /opt/rustwide/workdir/../../examples/quickstart/evals.yaml: No such file or directory (os error 2)
[INFO] [stdout] 
[INFO] [stdout] Caused by:
[INFO] [stdout]     No such file or directory (os error 2)
[INFO] [stdout] 
[INFO] [stdout] Stack backtrace:
[INFO] [stdout]    0: <anyhow::Error as core::convert::From<evalcore_config::ConfigError>>::from
[INFO] [stdout]    1: evalcore::run::{closure#0}
[INFO] [stdout]    2: <tokio::runtime::park::CachedParkThread>::block_on::<evalcore::main::{closure#0}>
[INFO] [stdout]    3: evalcore::main
[INFO] [stdout]    4: std::sys::backtrace::__rust_begin_short_backtrace::<fn() -> core::result::Result<std::process::ExitCode, anyhow::Error>, core::result::Result<std::process::ExitCode, anyhow::Error>>
[INFO] [stdout]    5: std::rt::lang_start::<core::result::Result<std::process::ExitCode, anyhow::Error>>::{closure#0}
[INFO] [stdout]    6: std::rt::lang_start_internal
[INFO] [stdout]    7: main
[INFO] [stdout]    8: <unknown>
[INFO] [stdout]    9: __libc_start_main
[INFO] [stdout]   10: _start
[INFO] [stdout] ```
[INFO] [stdout] ```
[INFO] [stdout] command=`cd "/opt/rustwide/workdir/../.." && "/opt/rustwide/target/release/evalcore" "run" "/opt/rustwide/workdir/../../examples/quickstart/evals.yaml" "--reporter" "junit" "--output" "/tmp/.tmp4XlSey/junit.xml"`
[INFO] [stdout] code=1
[INFO] [stdout] stdout=""
[INFO] [stdout] stderr=```
[INFO] [stdout] Error: failed to read config file /opt/rustwide/workdir/../../examples/quickstart/evals.yaml: No such file or directory (os error 2)
[INFO] [stdout] 
[INFO] [stdout] Caused by:
[INFO] [stdout]     No such file or directory (os error 2)
[INFO] [stdout] 
[INFO] [stdout] Stack backtrace:
[INFO] [stdout]    0: <anyhow::Error as core::convert::From<evalcore_config::ConfigError>>::from
[INFO] [stdout]    1: evalcore::run::{closure#0}
[INFO] [stdout]    2: <tokio::runtime::park::CachedParkThread>::block_on::<evalcore::main::{closure#0}>
[INFO] [stdout]    3: evalcore::main
[INFO] [stdout]    4: std::sys::backtrace::__rust_begin_short_backtrace::<fn() -> core::result::Result<std::process::ExitCode, anyhow::Error>, core::result::Result<std::process::ExitCode, anyhow::Error>>
[INFO] [stdout]    5: std::rt::lang_start::<core::result::Result<std::process::ExitCode, anyhow::Error>>::{closure#0}
[INFO] [stdout]    6: std::rt::lang_start_internal
[INFO] [stdout]    7: main
[INFO] [stdout]    8: <unknown>
[INFO] [stdout]    9: __libc_start_main
[INFO] [stdout]   10: _start
[INFO] [stdout] ```
[INFO] [stdout] 
[INFO] [stdout] 
[INFO] [stdout] stack backtrace:
[INFO] [stdout]    0:     0x6455dd51ae91 - <<std[617be2ca0a6fd877]::sys::backtrace::BacktraceLock>::print::DisplayBacktrace as core[a373ad73a504971]::fmt::Display>::fmt
[INFO] [stdout]    1:     0x6455dd53261a - core[a373ad73a504971]::fmt::write
[INFO] [stdout]    2:     0x6455dd520c8c - <alloc[2e1b2a31b91974c5]::vec::Vec<u8> as core[a373ad73a504971]::io::write::Write>::write_fmt
[INFO] [stdout]    3:     0x6455dd4f4956 - std[617be2ca0a6fd877]::panicking::default_hook::{closure#0}
[INFO] [stdout]    4:     0x6455dd512519 - std[617be2ca0a6fd877]::panicking::default_hook
[INFO] [stdout]    5:     0x6455dd49ae30 - test[aada8e7e76ba119b]::test_main_inner::{closure#0}
[INFO] [stdout]    6:     0x6455dd5126d2 - std[617be2ca0a6fd877]::panicking::panic_with_hook
[INFO] [stdout]    7:     0x6455dd4f4a02 - std[617be2ca0a6fd877]::panicking::panic_handler::{closure#0}
[INFO] [stdout]    8:     0x6455dd4eced9 - std[617be2ca0a6fd877]::sys::backtrace::__rust_end_short_backtrace::<std[617be2ca0a6fd877]::panicking::panic_handler::{closure#0}, !>
[INFO] [stdout]    9:     0x6455dd4f571d - __rustc[ea4f61d10b84890b]::rust_begin_unwind
[INFO] [stdout]   10:     0x6455dd532dfc - core[a373ad73a504971]::panicking::panic_fmt
[INFO] [stdout]   11:     0x6455dd4cecaf - <assert_cmd[df45f0e82fa903d0]::assert::AssertError>::panic::<assert_cmd[df45f0e82fa903d0]::assert::Assert>
[INFO] [stdout]   12:     0x6455dd4cf599 - <assert_cmd[df45f0e82fa903d0]::assert::Assert>::success
[INFO] [stdout]   13:     0x6455dd2a835b - <cli[91c13ac04857e581]::run_reports_junit_to_a_file::{closure#0} as core[a373ad73a504971]::ops::function::FnOnce<()>>::call_once
[INFO] [stdout]   14:     0x6455dd48e27b - test[aada8e7e76ba119b]::__rust_begin_short_backtrace::<core[a373ad73a504971]::result::Result<(), alloc[2e1b2a31b91974c5]::string::String>, fn() -> core[a373ad73a504971]::result::Result<(), alloc[2e1b2a31b91974c5]::string::String>>
[INFO] [stdout]   15:     0x6455dd49b455 - test[aada8e7e76ba119b]::run_test::{closure#0}
[INFO] [stdout]   16:     0x6455dd494d44 - std[617be2ca0a6fd877]::sys::backtrace::__rust_begin_short_backtrace::<test[aada8e7e76ba119b]::run_test::{closure#1}, ()>
[INFO] [stdout]   17:     0x6455dd49e4e2 - <std[617be2ca0a6fd877]::thread::lifecycle::spawn_unchecked<test[aada8e7e76ba119b]::run_test::{closure#1}, ()>::{closure#1} as core[a373ad73a504971]::ops::function::FnOnce<()>>::call_once::{shim:vtable#0}
[INFO] [stdout]   18:     0x6455dd519e1f - <std[617be2ca0a6fd877]::sys::thread::unix::Thread>::new::thread_start
[INFO] [stdout]   19:     0x7a79cfaffdfa - <unknown>
[INFO] [stdout]   20:     0x7a79cfb933d4 - clone
[INFO] [stdout]   21:                0x0 - <unknown>
[INFO] [stdout] 
[INFO] [stdout] ---- quiet_hides_passing_cases_but_keeps_totals_and_verdict stdout ----
[INFO] [stdout] 
[INFO] [stdout] thread 'quiet_hides_passing_cases_but_keeps_totals_and_verdict' (4000) panicked at tests/cli.rs:636:10:
[INFO] [stdout] Unexpected failure.
[INFO] [stdout] code=1
[INFO] [stdout] stderr=``````
[INFO] [stdout] Error: failed to read config file /opt/rustwide/workdir/../../examples/quickstart/evals.yaml: No such file or directory (os error 2)
[INFO] [stdout] 
[INFO] [stdout] Caused by:
[INFO] [stdout]     No such file or directory (os error 2)
[INFO] [stdout] 
[INFO] [stdout] Stack backtrace:
[INFO] [stdout]    0: <anyhow::Error as core::convert::From<evalcore_config::ConfigError>>::from
[INFO] [stdout]    1: evalcore::run::{closure#0}
[INFO] [stdout]    2: <tokio::runtime::park::CachedParkThread>::block_on::<evalcore::main::{closure#0}>
[INFO] [stdout]    3: evalcore::main
[INFO] [stdout]    4: std::sys::backtrace::__rust_begin_short_backtrace::<fn() -> core::result::Result<std::process::ExitCode, anyhow::Error>, core::result::Result<std::process::ExitCode, anyhow::Error>>
[INFO] [stdout]    5: std::rt::lang_start::<core::result::Result<std::process::ExitCode, anyhow::Error>>::{closure#0}
[INFO] [stdout]    6: std::rt::lang_start_internal
[INFO] [stdout]    7: main
[INFO] [stdout]    8: <unknown>
[INFO] [stdout]    9: __libc_start_main
[INFO] [stdout]   10: _start
[INFO] [stdout] ```
[INFO] [stdout] ```
[INFO] [stdout] command=`cd "/opt/rustwide/workdir/../.." && "/opt/rustwide/target/release/evalcore" "run" "/opt/rustwide/workdir/../../examples/quickstart/evals.yaml" "--quiet"`
[INFO] [stdout] code=1
[INFO] [stdout] stdout=""
[INFO] [stdout] stderr=```
[INFO] [stdout] Error: failed to read config file /opt/rustwide/workdir/../../examples/quickstart/evals.yaml: No such file or directory (os error 2)
[INFO] [stdout] 
[INFO] [stdout] Caused by:
[INFO] [stdout]     No such file or directory (os error 2)
[INFO] [stdout] 
[INFO] [stdout] Stack backtrace:
[INFO] [stdout]    0: <anyhow::Error as core::convert::From<evalcore_config::ConfigError>>::from
[INFO] [stdout]    1: evalcore::run::{closure#0}
[INFO] [stdout]    2: <tokio::runtime::park::CachedParkThread>::block_on::<evalcore::main::{closure#0}>
[INFO] [stdout]    3: evalcore::main
[INFO] [stdout]    4: std::sys::backtrace::__rust_begin_short_backtrace::<fn() -> core::result::Result<std::process::ExitCode, anyhow::Error>, core::result::Result<std::process::ExitCode, anyhow::Error>>
[INFO] [stdout]    5: std::rt::lang_start::<core::result::Result<std::process::ExitCode, anyhow::Error>>::{closure#0}
[INFO] [stdout]    6: std::rt::lang_start_internal
[INFO] [stdout]    7: main
[INFO] [stdout]    8: <unknown>
[INFO] [stdout]    9: __libc_start_main
[INFO] [stdout]   10: _start
[INFO] [stdout] ```
[INFO] [stdout] 
[INFO] [stdout] 
[INFO] [stdout] stack backtrace:
[INFO] [stdout]    0:     0x6455dd51ae91 - <<std[617be2ca0a6fd877]::sys::backtrace::BacktraceLock>::print::DisplayBacktrace as core[a373ad73a504971]::fmt::Display>::fmt
[INFO] [stdout]    1:     0x6455dd53261a - core[a373ad73a504971]::fmt::write
[INFO] [stdout]    2:     0x6455dd520c8c - <alloc[2e1b2a31b91974c5]::vec::Vec<u8> as core[a373ad73a504971]::io::write::Write>::write_fmt
[INFO] [stdout]    3:     0x6455dd4f4956 - std[617be2ca0a6fd877]::panicking::default_hook::{closure#0}
[INFO] [stdout]    4:     0x6455dd512519 - std[617be2ca0a6fd877]::panicking::default_hook
[INFO] [stdout]    5:     0x6455dd49ae30 - test[aada8e7e76ba119b]::test_main_inner::{closure#0}
[INFO] [stdout]    6:     0x6455dd5126d2 - std[617be2ca0a6fd877]::panicking::panic_with_hook
[INFO] [stdout]    7:     0x6455dd4f4a02 - std[617be2ca0a6fd877]::panicking::panic_handler::{closure#0}
[INFO] [stdout]    8:     0x6455dd4eced9 - std[617be2ca0a6fd877]::sys::backtrace::__rust_end_short_backtrace::<std[617be2ca0a6fd877]::panicking::panic_handler::{closure#0}, !>
[INFO] [stdout]    9:     0x6455dd4f571d - __rustc[ea4f61d10b84890b]::rust_begin_unwind
[INFO] [stdout]   10:     0x6455dd532dfc - core[a373ad73a504971]::panicking::panic_fmt
[INFO] [stdout]   11:     0x6455dd4cecaf - <assert_cmd[df45f0e82fa903d0]::assert::AssertError>::panic::<assert_cmd[df45f0e82fa903d0]::assert::Assert>
[INFO] [stdout]   12:     0x6455dd4cf599 - <assert_cmd[df45f0e82fa903d0]::assert::Assert>::success
[INFO] [stdout]   13:     0x6455dd2ad7be - <cli[91c13ac04857e581]::quiet_hides_passing_cases_but_keeps_totals_and_verdict::{closure#0} as core[a373ad73a504971]::ops::function::FnOnce<()>>::call_once
[INFO] [stdout]   14:     0x6455dd48e27b - test[aada8e7e76ba119b]::__rust_begin_short_backtrace::<core[a373ad73a504971]::result::Result<(), alloc[2e1b2a31b91974c5]::string::String>, fn() -> core[a373ad73a504971]::result::Result<(), alloc[2e1b2a31b91974c5]::string::String>>
[INFO] [stdout]   15:     0x6455dd49b455 - test[aada8e7e76ba119b]::run_test::{closure#0}
[INFO] [stdout]   16:     0x6455dd494d44 - std[617be2ca0a6fd877]::sys::backtrace::__rust_begin_short_backtrace::<test[aada8e7e76ba119b]::run_test::{closure#1}, ()>
[INFO] [stdout]   17:     0x6455dd49e4e2 - <std[617be2ca0a6fd877]::thread::lifecycle::spawn_unchecked<test[aada8e7e76ba119b]::run_test::{closure#1}, ()>::{closure#1} as core[a373ad73a504971]::ops::function::FnOnce<()>>::call_once::{shim:vtable#0}
[INFO] [stdout]   18:     0x6455dd519e1f - <std[617be2ca0a6fd877]::sys::thread::unix::Thread>::new::thread_start
[INFO] [stdout]   19:     0x7a79cfaffdfa - <unknown>
[INFO] [stdout]   20:     0x7a79cfb933d4 - clone
[INFO] [stdout]   21:                0x0 - <unknown>
[INFO] [stdout] 
[INFO] [stdout] ---- unknown_target_lists_available_ones stdout ----
[INFO] [stdout] 
[INFO] [stdout] thread 'unknown_target_lists_available_ones' (4044) panicked at tests/cli.rs:116:10:
[INFO] [stdout] Unexpected stderr, failed var.contains(available: support-bot)
[INFO] [stdout] ├── var: Error: failed to read config file /opt/rustwide/workdir/../../examples/quickstart/evals.yaml: No such file or directory (os error 2)
[INFO] [stdout] │   
[INFO] [stdout] │   Caused by:
[INFO] [stdout] │       No such file or directory (os error 2)
[INFO] [stdout] │   
[INFO] [stdout] │   Stack backtrace:
[INFO] [stdout] │      0: <anyhow::Error as core::convert::From<evalcore_config::ConfigError>>::from
[INFO] [stdout] │      1: evalcore::run::{closure#0}
[INFO] [stdout] │      2: <tokio::runtime::park::CachedParkThread>::block_on::<evalcore::main::{closure#0}>
[INFO] [stdout] │      3: evalcore::main
[INFO] [stdout] │      4: std::sys::backtrace::__rust_begin_short_backtrace::<fn() -> core::result::Result<std::process::ExitCode, anyhow::Error>, core::result::Result<std::process::ExitCode, anyhow::Error>>
[INFO] [stdout] │      5: std::rt::lang_start::<core::result::Result<std::process::ExitCode, anyhow::Error>>::{closure#0}
[INFO] [stdout] │      6: std::rt::lang_start_internal
[INFO] [stdout] │      7: main
[INFO] [stdout] │      8: <unknown>
[INFO] [stdout] │      9: __libc_start_main
[INFO] [stdout] │     10: _start
[INFO] [stdout] └── var as str: Error: failed to read config file /opt/rustwide/workdir/../../examples/quickstart/evals.yaml: No such file or directory (os error 2)
[INFO] [stdout]     
[INFO] [stdout]     Caused by:
[INFO] [stdout]         No such file or directory (os error 2)
[INFO] [stdout]     
[INFO] [stdout]     Stack backtrace:
[INFO] [stdout]        0: <anyhow::Error as core::convert::From<evalcore_config::ConfigError>>::from
[INFO] [stdout]        1: evalcore::run::{closure#0}
[INFO] [stdout]        2: <tokio::runtime::park::CachedParkThread>::block_on::<evalcore::main::{closure#0}>
[INFO] [stdout]        3: evalcore::main
[INFO] [stdout]        4: std::sys::backtrace::__rust_begin_short_backtrace::<fn() -> core::result::Result<std::process::ExitCode, anyhow::Error>, core::result::Result<std::process::ExitCode, anyhow::Error>>
[INFO] [stdout]        5: std::rt::lang_start::<core::result::Result<std::process::ExitCode, anyhow::Error>>::{closure#0}
[INFO] [stdout]        6: std::rt::lang_start_internal
[INFO] [stdout]        7: main
[INFO] [stdout]        8: <unknown>
[INFO] [stdout]        9: __libc_start_main
[INFO] [stdout]       10: _start
[INFO] [stdout] 
[INFO] [stdout] command=`cd "/opt/rustwide/workdir/../.." && "/opt/rustwide/target/release/evalcore" "run" "/opt/rustwide/workdir/../../examples/quickstart/evals.yaml" "--target" "nope"`
[INFO] [stdout] code=1
[INFO] [stdout] stdout=""
[INFO] [stdout] stderr=```
[INFO] [stdout] Error: failed to read config file /opt/rustwide/workdir/../../examples/quickstart/evals.yaml: No such file or directory (os error 2)
[INFO] [stdout] 
[INFO] [stdout] Caused by:
[INFO] [stdout]     No such file or directory (os error 2)
[INFO] [stdout] 
[INFO] [stdout] Stack backtrace:
[INFO] [stdout]    0: <anyhow::Error as core::convert::From<evalcore_config::ConfigError>>::from
[INFO] [stdout]    1: evalcore::run::{closure#0}
[INFO] [stdout]    2: <tokio::runtime::park::CachedParkThread>::block_on::<evalcore::main::{closure#0}>
[INFO] [stdout]    3: evalcore::main
[INFO] [stdout]    4: std::sys::backtrace::__rust_begin_short_backtrace::<fn() -> core::result::Result<std::process::ExitCode, anyhow::Error>, core::result::Result<std::process::ExitCode, anyhow::Error>>
[INFO] [stdout]    5: std::rt::lang_start::<core::result::Result<std::process::ExitCode, anyhow::Error>>::{closure#0}
[INFO] [stdout]    6: std::rt::lang_start_internal
[INFO] [stdout]    7: main
[INFO] [stdout]    8: <unknown>
[INFO] [stdout]    9: __libc_start_main
[INFO] [stdout]   10: _start
[INFO] [stdout] ```
[INFO] [stdout] 
[INFO] [stdout] 
[INFO] [stdout] stack backtrace:
[INFO] [stdout]    0:     0x6455dd51ae91 - <<std[617be2ca0a6fd877]::sys::backtrace::BacktraceLock>::print::DisplayBacktrace as core[a373ad73a504971]::fmt::Display>::fmt
[INFO] [stdout]    1:     0x6455dd53261a - core[a373ad73a504971]::fmt::write
[INFO] [stdout]    2:     0x6455dd520c8c - <alloc[2e1b2a31b91974c5]::vec::Vec<u8> as core[a373ad73a504971]::io::write::Write>::write_fmt
[INFO] [stdout]    3:     0x6455dd4f4956 - std[617be2ca0a6fd877]::panicking::default_hook::{closure#0}
[INFO] [stdout]    4:     0x6455dd512519 - std[617be2ca0a6fd877]::panicking::default_hook
[INFO] [stdout]    5:     0x6455dd49ae30 - test[aada8e7e76ba119b]::test_main_inner::{closure#0}
[INFO] [stdout]    6:     0x6455dd5126d2 - std[617be2ca0a6fd877]::panicking::panic_with_hook
[INFO] [stdout]    7:     0x6455dd4f4a02 - std[617be2ca0a6fd877]::panicking::panic_handler::{closure#0}
[INFO] [stdout]    8:     0x6455dd4eced9 - std[617be2ca0a6fd877]::sys::backtrace::__rust_end_short_backtrace::<std[617be2ca0a6fd877]::panicking::panic_handler::{closure#0}, !>
[INFO] [stdout]    9:     0x6455dd4f571d - __rustc[ea4f61d10b84890b]::rust_begin_unwind
[INFO] [stdout]   10:     0x6455dd532dfc - core[a373ad73a504971]::panicking::panic_fmt
[INFO] [stdout]   11:     0x6455dd2b4160 - <assert_cmd[df45f0e82fa903d0]::assert::AssertError>::panic::<assert_cmd[df45f0e82fa903d0]::assert::Assert>
[INFO] [stdout]   12:     0x6455dd2a95ca - <cli[91c13ac04857e581]::unknown_target_lists_available_ones::{closure#0} as core[a373ad73a504971]::ops::function::FnOnce<()>>::call_once
[INFO] [stdout]   13:     0x6455dd48e27b - test[aada8e7e76ba119b]::__rust_begin_short_backtrace::<core[a373ad73a504971]::result::Result<(), alloc[2e1b2a31b91974c5]::string::String>, fn() -> core[a373ad73a504971]::result::Result<(), alloc[2e1b2a31b91974c5]::string::String>>
[INFO] [stdout]   14:     0x6455dd49b455 - test[aada8e7e76ba119b]::run_test::{closure#0}
[INFO] [stdout]   15:     0x6455dd494d44 - std[617be2ca0a6fd877]::sys::backtrace::__rust_begin_short_backtrace::<test[aada8e7e76ba119b]::run_test::{closure#1}, ()>
[INFO] [stdout]   16:     0x6455dd49e4e2 - <std[617be2ca0a6fd877]::thread::lifecycle::spawn_unchecked<test[aada8e7e76ba119b]::run_test::{closure#1}, ()>::{closure#1} as core[a373ad73a504971]::ops::function::FnOnce<()>>::call_once::{shim:vtable#0}
[INFO] [stdout]   17:     0x6455dd519e1f - <std[617be2ca0a6fd877]::sys::thread::unix::Thread>::new::thread_start
[INFO] [stdout]   18:     0x7a79cfaffdfa - <unknown>
[INFO] [stdout]   19:     0x7a79cfb933d4 - clone
[INFO] [stdout]   20:                0x0 - <unknown>
[INFO] [stdout] 
[INFO] [stdout] ---- output_file_holds_the_plain_report_and_verdict_goes_to_stderr stdout ----
[INFO] [stdout] 
[INFO] [stdout] thread 'output_file_holds_the_plain_report_and_verdict_goes_to_stderr' (3959) panicked at tests/cli.rs:608:10:
[INFO] [stdout] Unexpected failure.
[INFO] [stdout] code=1
[INFO] [stdout] stderr=``````
[INFO] [stdout] Error: failed to read config file /opt/rustwide/workdir/../../examples/quickstart/evals.yaml: No such file or directory (os error 2)
[INFO] [stdout] 
[INFO] [stdout] Caused by:
[INFO] [stdout]     No such file or directory (os error 2)
[INFO] [stdout] 
[INFO] [stdout] Stack backtrace:
[INFO] [stdout]    0: <anyhow::Error as core::convert::From<evalcore_config::ConfigError>>::from
[INFO] [stdout]    1: evalcore::run::{closure#0}
[INFO] [stdout]    2: <tokio::runtime::park::CachedParkThread>::block_on::<evalcore::main::{closure#0}>
[INFO] [stdout]    3: evalcore::main
[INFO] [stdout]    4: std::sys::backtrace::__rust_begin_short_backtrace::<fn() -> core::result::Result<std::process::ExitCode, anyhow::Error>, core::result::Result<std::process::ExitCode, anyhow::Error>>
[INFO] [stdout]    5: std::rt::lang_start::<core::result::Result<std::process::ExitCode, anyhow::Error>>::{closure#0}
[INFO] [stdout]    6: std::rt::lang_start_internal
[INFO] [stdout]    7: main
[INFO] [stdout]    8: <unknown>
[INFO] [stdout]    9: __libc_start_main
[INFO] [stdout]   10: _start
[INFO] [stdout] ```
[INFO] [stdout] ```
[INFO] [stdout] command=`cd "/opt/rustwide/workdir/../.." && "/opt/rustwide/target/release/evalcore" "run" "/opt/rustwide/workdir/../../examples/quickstart/evals.yaml" "--output" "/tmp/.tmpemXZ2s/report.txt"`
[INFO] [stdout] code=1
[INFO] [stdout] stdout=""
[INFO] [stdout] stderr=```
[INFO] [stdout] Error: failed to read config file /opt/rustwide/workdir/../../examples/quickstart/evals.yaml: No such file or directory (os error 2)
[INFO] [stdout] 
[INFO] [stdout] Caused by:
[INFO] [stdout]     No such file or directory (os error 2)
[INFO] [stdout] 
[INFO] [stdout] Stack backtrace:
[INFO] [stdout]    0: <anyhow::Error as core::convert::From<evalcore_config::ConfigError>>::from
[INFO] [stdout]    1: evalcore::run::{closure#0}
[INFO] [stdout]    2: <tokio::runtime::park::CachedParkThread>::block_on::<evalcore::main::{closure#0}>
[INFO] [stdout]    3: evalcore::main
[INFO] [stdout]    4: std::sys::backtrace::__rust_begin_short_backtrace::<fn() -> core::result::Result<std::process::ExitCode, anyhow::Error>, core::result::Result<std::process::ExitCode, anyhow::Error>>
[INFO] [stdout]    5: std::rt::lang_start::<core::result::Result<std::process::ExitCode, anyhow::Error>>::{closure#0}
[INFO] [stdout]    6: std::rt::lang_start_internal
[INFO] [stdout]    7: main
[INFO] [stdout]    8: <unknown>
[INFO] [stdout]    9: __libc_start_main
[INFO] [stdout]   10: _start
[INFO] [stdout] ```
[INFO] [stdout] 
[INFO] [stdout] 
[INFO] [stdout] stack backtrace:
[INFO] [stdout]    0:     0x6455dd51ae91 - <<std[617be2ca0a6fd877]::sys::backtrace::BacktraceLock>::print::DisplayBacktrace as core[a373ad73a504971]::fmt::Display>::fmt
[INFO] [stdout]    1:     0x6455dd53261a - core[a373ad73a504971]::fmt::write
[INFO] [stdout]    2:     0x6455dd520c8c - <alloc[2e1b2a31b91974c5]::vec::Vec<u8> as core[a373ad73a504971]::io::write::Write>::write_fmt
[INFO] [stdout]    3:     0x6455dd4f4956 - std[617be2ca0a6fd877]::panicking::default_hook::{closure#0}
[INFO] [stdout]    4:     0x6455dd512519 - std[617be2ca0a6fd877]::panicking::default_hook
[INFO] [stdout]    5:     0x6455dd49ae30 - test[aada8e7e76ba119b]::test_main_inner::{closure#0}
[INFO] [stdout]    6:     0x6455dd5126d2 - std[617be2ca0a6fd877]::panicking::panic_with_hook
[INFO] [stdout]    7:     0x6455dd4f4a02 - std[617be2ca0a6fd877]::panicking::panic_handler::{closure#0}
[INFO] [stdout]    8:     0x6455dd4eced9 - std[617be2ca0a6fd877]::sys::backtrace::__rust_end_short_backtrace::<std[617be2ca0a6fd877]::panicking::panic_handler::{closure#0}, !>
[INFO] [stdout]    9:     0x6455dd4f571d - __rustc[ea4f61d10b84890b]::rust_begin_unwind
[INFO] [stdout]   10:     0x6455dd532dfc - core[a373ad73a504971]::panicking::panic_fmt
[INFO] [stdout]   11:     0x6455dd4cecaf - <assert_cmd[df45f0e82fa903d0]::assert::AssertError>::panic::<assert_cmd[df45f0e82fa903d0]::assert::Assert>
[INFO] [stdout]   12:     0x6455dd4cf599 - <assert_cmd[df45f0e82fa903d0]::assert::Assert>::success
[INFO] [stdout]   13:     0x6455dd2aeecf - <cli[91c13ac04857e581]::output_file_holds_the_plain_report_and_verdict_goes_to_stderr::{closure#0} as core[a373ad73a504971]::ops::function::FnOnce<()>>::call_once
[INFO] [stdout]   14:     0x6455dd48e27b - test[aada8e7e76ba119b]::__rust_begin_short_backtrace::<core[a373ad73a504971]::result::Result<(), alloc[2e1b2a31b91974c5]::string::String>, fn() -> core[a373ad73a504971]::result::Result<(), alloc[2e1b2a31b91974c5]::string::String>>
[INFO] [stdout]   15:     0x6455dd49b455 - test[aada8e7e76ba119b]::run_test::{closure#0}
[INFO] [stdout]   16:     0x6455dd494d44 - std[617be2ca0a6fd877]::sys::backtrace::__rust_begin_short_backtrace::<test[aada8e7e76ba119b]::run_test::{closure#1}, ()>
[INFO] [stdout]   17:     0x6455dd49e4e2 - <std[617be2ca0a6fd877]::thread::lifecycle::spawn_unchecked<test[aada8e7e76ba119b]::run_test::{closure#1}, ()>::{closure#1} as core[a373ad73a504971]::ops::function::FnOnce<()>>::call_once::{shim:vtable#0}
[INFO] [stdout]   18:     0x6455dd519e1f - <std[617be2ca0a6fd877]::sys::thread::unix::Thread>::new::thread_start
[INFO] [stdout]   19:     0x7a79cfaffdfa - <unknown>
[INFO] [stdout]   20:     0x7a79cfb933d4 - clone
[INFO] [stdout]   21:                0x0 - <unknown>
[INFO] [stdout] 
[INFO] [stdout] ---- non_tty_stdout_has_no_ansi_no_cursor_control_and_carries_the_verdict stdout ----
[INFO] [stdout] 
[INFO] [stdout] thread 'non_tty_stdout_has_no_ansi_no_cursor_control_and_carries_the_verdict' (3952) panicked at tests/cli.rs:525:63:
[INFO] [stdout] Unexpected failure.
[INFO] [stdout] code=1
[INFO] [stdout] stderr=``````
[INFO] [stdout] Error: failed to read config file /opt/rustwide/workdir/../../examples/quickstart/evals.yaml: No such file or directory (os error 2)
[INFO] [stdout] 
[INFO] [stdout] Caused by:
[INFO] [stdout]     No such file or directory (os error 2)
[INFO] [stdout] 
[INFO] [stdout] Stack backtrace:
[INFO] [stdout]    0: <anyhow::Error as core::convert::From<evalcore_config::ConfigError>>::from
[INFO] [stdout]    1: evalcore::run::{closure#0}
[INFO] [stdout]    2: <tokio::runtime::park::CachedParkThread>::block_on::<evalcore::main::{closure#0}>
[INFO] [stdout]    3: evalcore::main
[INFO] [stdout]    4: std::sys::backtrace::__rust_begin_short_backtrace::<fn() -> core::result::Result<std::process::ExitCode, anyhow::Error>, core::result::Result<std::process::ExitCode, anyhow::Error>>
[INFO] [stdout]    5: std::rt::lang_start::<core::result::Result<std::process::ExitCode, anyhow::Error>>::{closure#0}
[INFO] [stdout]    6: std::rt::lang_start_internal
[INFO] [stdout]    7: main
[INFO] [stdout]    8: <unknown>
[INFO] [stdout]    9: __libc_start_main
[INFO] [stdout]   10: _start
[INFO] [stdout] ```
[INFO] [stdout] ```
[INFO] [stdout] command=`cd "/opt/rustwide/workdir/../.." && "/opt/rustwide/target/release/evalcore" "run" "/opt/rustwide/workdir/../../examples/quickstart/evals.yaml"`
[INFO] [stdout] code=1
[INFO] [stdout] stdout=""
[INFO] [stdout] stderr=```
[INFO] [stdout] Error: failed to read config file /opt/rustwide/workdir/../../examples/quickstart/evals.yaml: No such file or directory (os error 2)
[INFO] [stdout] 
[INFO] [stdout] Caused by:
[INFO] [stdout]     No such file or directory (os error 2)
[INFO] [stdout] 
[INFO] [stdout] Stack backtrace:
[INFO] [stdout]    0: <anyhow::Error as core::convert::From<evalcore_config::ConfigError>>::from
[INFO] [stdout]    1: evalcore::run::{closure#0}
[INFO] [stdout]    2: <tokio::runtime::park::CachedParkThread>::block_on::<evalcore::main::{closure#0}>
[INFO] [stdout]    3: evalcore::main
[INFO] [stdout]    4: std::sys::backtrace::__rust_begin_short_backtrace::<fn() -> core::result::Result<std::process::ExitCode, anyhow::Error>, core::result::Result<std::process::ExitCode, anyhow::Error>>
[INFO] [stdout]    5: std::rt::lang_start::<core::result::Result<std::process::ExitCode, anyhow::Error>>::{closure#0}
[INFO] [stdout]    6: std::rt::lang_start_internal
[INFO] [stdout]    7: main
[INFO] [stdout]    8: <unknown>
[INFO] [stdout]    9: __libc_start_main
[INFO] [stdout]   10: _start
[INFO] [stdout] ```
[INFO] [stdout] 
[INFO] [stdout] 
[INFO] [stdout] stack backtrace:
[INFO] [stdout]    0:     0x6455dd51ae91 - <<std[617be2ca0a6fd877]::sys::backtrace::BacktraceLock>::print::DisplayBacktrace as core[a373ad73a504971]::fmt::Display>::fmt
[INFO] [stdout]    1:     0x6455dd53261a - core[a373ad73a504971]::fmt::write
[INFO] [stdout]    2:     0x6455dd520c8c - <alloc[2e1b2a31b91974c5]::vec::Vec<u8> as core[a373ad73a504971]::io::write::Write>::write_fmt
[INFO] [stdout]    3:     0x6455dd4f4956 - std[617be2ca0a6fd877]::panicking::default_hook::{closure#0}
[INFO] [stdout]    4:     0x6455dd512519 - std[617be2ca0a6fd877]::panicking::default_hook
[INFO] [stdout]    5:     0x6455dd49ae30 - test[aada8e7e76ba119b]::test_main_inner::{closure#0}
[INFO] [stdout]    6:     0x6455dd5126d2 - std[617be2ca0a6fd877]::panicking::panic_with_hook
[INFO] [stdout]    7:     0x6455dd4f4a02 - std[617be2ca0a6fd877]::panicking::panic_handler::{closure#0}
[INFO] [stdout]    8:     0x6455dd4eced9 - std[617be2ca0a6fd877]::sys::backtrace::__rust_end_short_backtrace::<std[617be2ca0a6fd877]::panicking::panic_handler::{closure#0}, !>
[INFO] [stdout]    9:     0x6455dd4f571d - __rustc[ea4f61d10b84890b]::rust_begin_unwind
[INFO] [stdout]   10:     0x6455dd532dfc - core[a373ad73a504971]::panicking::panic_fmt
[INFO] [stdout]   11:     0x6455dd4cecaf - <assert_cmd[df45f0e82fa903d0]::assert::AssertError>::panic::<assert_cmd[df45f0e82fa903d0]::assert::Assert>
[INFO] [stdout]   12:     0x6455dd4cf599 - <assert_cmd[df45f0e82fa903d0]::assert::Assert>::success
[INFO] [stdout]   13:     0x6455dd2b02e4 - <cli[91c13ac04857e581]::non_tty_stdout_has_no_ansi_no_cursor_control_and_carries_the_verdict::{closure#0} as core[a373ad73a504971]::ops::function::FnOnce<()>>::call_once
[INFO] [stdout]   14:     0x6455dd48e27b - test[aada8e7e76ba119b]::__rust_begin_short_backtrace::<core[a373ad73a504971]::result::Result<(), alloc[2e1b2a31b91974c5]::string::String>, fn() -> core[a373ad73a504971]::result::Result<(), alloc[2e1b2a31b91974c5]::string::String>>
[INFO] [stdout]   15:     0x6455dd49b455 - test[aada8e7e76ba119b]::run_test::{closure#0}
[INFO] [stdout]   16:     0x6455dd494d44 - std[617be2ca0a6fd877]::sys::backtrace::__rust_begin_short_backtrace::<test[aada8e7e76ba119b]::run_test::{closure#1}, ()>
[INFO] [stdout]   17:     0x6455dd49e4e2 - <std[617be2ca0a6fd877]::thread::lifecycle::spawn_unchecked<test[aada8e7e76ba119b]::run_test::{closure#1}, ()>::{closure#1} as core[a373ad73a504971]::ops::function::FnOnce<()>>::call_once::{shim:vtable#0}
[INFO] [stdout]   18:     0x6455dd519e1f - <std[617be2ca0a6fd877]::sys::thread::unix::Thread>::new::thread_start
[INFO] [stdout]   19:     0x7a79cfaffdfa - <unknown>
[INFO] [stdout]   20:     0x7a79cfb933d4 - clone
[INFO] [stdout]   21:                0x0 - <unknown>
[INFO] [stdout] 
[INFO] [stdout] ---- validate_accepts_the_quickstart_config stdout ----
[INFO] [stdout] 
[INFO] [stdout] thread 'validate_accepts_the_quickstart_config' (4049) panicked at tests/cli.rs:30:10:
[INFO] [stdout] Unexpected failure.
[INFO] [stdout] code=1
[INFO] [stdout] stderr=``````
[INFO] [stdout] Error: failed to read config file /opt/rustwide/workdir/../../examples/quickstart/evals.yaml: No such file or directory (os error 2)
[INFO] [stdout] 
[INFO] [stdout] Caused by:
[INFO] [stdout]     No such file or directory (os error 2)
[INFO] [stdout] 
[INFO] [stdout] Stack backtrace:
[INFO] [stdout]    0: <anyhow::Error as core::convert::From<evalcore_config::ConfigError>>::from
[INFO] [stdout]    1: <tokio::runtime::park::CachedParkThread>::block_on::<evalcore::main::{closure#0}>
[INFO] [stdout]    2: evalcore::main
[INFO] [stdout]    3: std::sys::backtrace::__rust_begin_short_backtrace::<fn() -> core::result::Result<std::process::ExitCode, anyhow::Error>, core::result::Result<std::process::ExitCode, anyhow::Error>>
[INFO] [stdout]    4: std::rt::lang_start::<core::result::Result<std::process::ExitCode, anyhow::Error>>::{closure#0}
[INFO] [stdout]    5: std::rt::lang_start_internal
[INFO] [stdout]    6: main
[INFO] [stdout]    7: <unknown>
[INFO] [stdout]    8: __libc_start_main
[INFO] [stdout]    9: _start
[INFO] [stdout] ```
[INFO] [stdout] ```
[INFO] [stdout] command=`cd "/opt/rustwide/workdir/../.." && "/opt/rustwide/target/release/evalcore" "validate" "/opt/rustwide/workdir/../../examples/quickstart/evals.yaml"`
[INFO] [stdout] code=1
[INFO] [stdout] stdout=""
[INFO] [stdout] stderr=```
[INFO] [stdout] Error: failed to read config file /opt/rustwide/workdir/../../examples/quickstart/evals.yaml: No such file or directory (os error 2)
[INFO] [stdout] 
[INFO] [stdout] Caused by:
[INFO] [stdout]     No such file or directory (os error 2)
[INFO] [stdout] 
[INFO] [stdout] Stack backtrace:
[INFO] [stdout]    0: <anyhow::Error as core::convert::From<evalcore_config::ConfigError>>::from
[INFO] [stdout]    1: <tokio::runtime::park::CachedParkThread>::block_on::<evalcore::main::{closure#0}>
[INFO] [stdout]    2: evalcore::main
[INFO] [stdout]    3: std::sys::backtrace::__rust_begin_short_backtrace::<fn() -> core::result::Result<std::process::ExitCode, anyhow::Error>, core::result::Result<std::process::ExitCode, anyhow::Error>>
[INFO] [stdout]    4: std::rt::lang_start::<core::result::Result<std::process::ExitCode, anyhow::Error>>::{closure#0}
[INFO] [stdout]    5: std::rt::lang_start_internal
[INFO] [stdout]    6: main
[INFO] [stdout]    7: <unknown>
[INFO] [stdout]    8: __libc_start_main
[INFO] [stdout]    9: _start
[INFO] [stdout] ```
[INFO] [stdout] 
[INFO] [stdout] 
[INFO] [stdout] stack backtrace:
[INFO] [stdout]    0:     0x6455dd51ae91 - <<std[617be2ca0a6fd877]::sys::backtrace::BacktraceLock>::print::DisplayBacktrace as core[a373ad73a504971]::fmt::Display>::fmt
[INFO] [stdout]    1:     0x6455dd53261a - core[a373ad73a504971]::fmt::write
[INFO] [stdout]    2:     0x6455dd520c8c - <alloc[2e1b2a31b91974c5]::vec::Vec<u8> as core[a373ad73a504971]::io::write::Write>::write_fmt
[INFO] [stdout]    3:     0x6455dd4f4956 - std[617be2ca0a6fd877]::panicking::default_hook::{closure#0}
[INFO] [stdout]    4:     0x6455dd512519 - std[617be2ca0a6fd877]::panicking::default_hook
[INFO] [stdout]    5:     0x6455dd49ae30 - test[aada8e7e76ba119b]::test_main_inner::{closure#0}
[INFO] [stdout]    6:     0x6455dd5126d2 - std[617be2ca0a6fd877]::panicking::panic_with_hook
[INFO] [stdout]    7:     0x6455dd4f4a02 - std[617be2ca0a6fd877]::panicking::panic_handler::{closure#0}
[INFO] [stdout]    8:     0x6455dd4eced9 - std[617be2ca0a6fd877]::sys::backtrace::__rust_end_short_backtrace::<std[617be2ca0a6fd877]::panicking::panic_handler::{closure#0}, !>
[INFO] [stdout]    9:     0x6455dd4f571d - __rustc[ea4f61d10b84890b]::rust_begin_unwind
[INFO] [stdout]   10:     0x6455dd532dfc - core[a373ad73a504971]::panicking::panic_fmt
[INFO] [stdout]   11:     0x6455dd4cecaf - <assert_cmd[df45f0e82fa903d0]::assert::AssertError>::panic::<assert_cmd[df45f0e82fa903d0]::assert::Assert>
[INFO] [stdout]   12:     0x6455dd4cf599 - <assert_cmd[df45f0e82fa903d0]::assert::Assert>::success
[INFO] [stdout]   13:     0x6455dd2aa27d - <cli[91c13ac04857e581]::validate_accepts_the_quickstart_config::{closure#0} as core[a373ad73a504971]::ops::function::FnOnce<()>>::call_once
[INFO] [stdout]   14:     0x6455dd48e27b - test[aada8e7e76ba119b]::__rust_begin_short_backtrace::<core[a373ad73a504971]::result::Result<(), alloc[2e1b2a31b91974c5]::string::String>, fn() -> core[a373ad73a504971]::result::Result<(), alloc[2e1b2a31b91974c5]::string::String>>
[INFO] [stdout]   15:     0x6455dd49b455 - test[aada8e7e76ba119b]::run_test::{closure#0}
[INFO] [stdout]   16:     0x6455dd494d44 - std[617be2ca0a6fd877]::sys::backtrace::__rust_begin_short_backtrace::<test[aada8e7e76ba119b]::run_test::{closure#1}, ()>
[INFO] [stdout]   17:     0x6455dd49e4e2 - <std[617be2ca0a6fd877]::thread::lifecycle::spawn_unchecked<test[aada8e7e76ba119b]::run_test::{closure#1}, ()>::{closure#1} as core[a373ad73a504971]::ops::function::FnOnce<()>>::call_once::{shim:vtable#0}
[INFO] [stdout]   18:     0x6455dd519e1f - <std[617be2ca0a6fd877]::sys::thread::unix::Thread>::new::thread_start
[INFO] [stdout]   19:     0x7a79cfaffdfa - <unknown>
[INFO] [stdout]   20:     0x7a79cfb933d4 - clone
[INFO] [stdout]   21:                0x0 - <unknown>
[INFO] [stdout] 
[INFO] [stdout] 
[INFO] [stdout] failures:
[INFO] [stdout]     color_always_emits_ansi_and_color_never_does_not
[INFO] [stdout]     explicit_color_always_overrides_no_color_env
[INFO] [stdout]     html_report_composes_with_json_reporter_keeping_stdout_pure_json
[INFO] [stdout]     html_report_is_written_alongside_terminal_without_changing_stdout
[INFO] [stdout]     json_reporter_keeps_stdout_pure_and_routes_the_verdict_to_stderr
[INFO] [stdout]     non_tty_stdout_has_no_ansi_no_cursor_control_and_carries_the_verdict
[INFO] [stdout]     output_file_holds_the_plain_report_and_verdict_goes_to_stderr
[INFO] [stdout]     quiet_hides_passing_cases_but_keeps_totals_and_verdict
[INFO] [stdout]     run_passes_the_quickstart_suite_with_exit_zero
[INFO] [stdout]     run_reports_junit_to_a_file
[INFO] [stdout]     unknown_target_lists_available_ones
[INFO] [stdout]     validate_accepts_the_quickstart_config
[INFO] [stdout] 
[INFO] [stdout] test result: FAILED. 14 passed; 12 failed; 0 ignored; 0 measured; 0 filtered out; finished in 0.48s
[INFO] [stdout] 
[INFO] running `Command { std: "docker" "inspect" "a0a3ba75f5b5276d3e01c1ab61f7643972fe85a3f80f76651bf6280354bb60ce", kill_on_drop: false }`
[INFO] running `Command { std: "docker" "rm" "-f" "a0a3ba75f5b5276d3e01c1ab61f7643972fe85a3f80f76651bf6280354bb60ce", kill_on_drop: false }`
[INFO] [stdout] a0a3ba75f5b5276d3e01c1ab61f7643972fe85a3f80f76651bf6280354bb60ce
