[INFO] fetching crate evalcore-core 0.7.5...
[INFO] testing evalcore-core-0.7.5 against 1.99.0-beta.8+cargoflags=--release for beta-release-1.100-2
[INFO] extracting crate evalcore-core 0.7.5 into /workspace/builds/worker-2-tc1/source
[INFO] started tweaking crates.io crate evalcore-core 0.7.5
[INFO] removed 0 missing tests
[INFO] finished tweaking crates.io crate evalcore-core 0.7.5
[INFO] tweaked toml for crates.io crate evalcore-core 0.7.5 written to /workspace/builds/worker-2-tc1/source/Cargo.toml
[INFO] validating manifest of crates.io crate evalcore-core 0.7.5 on toolchain 1.99.0-beta.8
[INFO] running `Command { std: CARGO_HOME="/workspace/cargo-home" RUSTUP_HOME="/workspace/rustup-home" "/workspace/cargo-home/bin/cargo" "+1.99.0-beta.8" "metadata" "--manifest-path" "Cargo.toml" "--no-deps", kill_on_drop: false }`
[INFO] crate crates.io crate evalcore-core 0.7.5 already has a lockfile, it will not be regenerated
[INFO] running `Command { std: CARGO_HOME="/workspace/cargo-home" RUSTUP_HOME="/workspace/rustup-home" "/workspace/cargo-home/bin/cargo" "+1.99.0-beta.8" "fetch" "--manifest-path" "Cargo.toml", kill_on_drop: false }`
[INFO] [stderr]     Blocking waiting for file lock on package cache
[INFO] [stderr]     Updating crates.io index
[INFO] [stderr]     Blocking waiting for file lock on package cache
[INFO] [stderr]  Downloading crates ...
[INFO] [stderr]   Downloaded wiremock v0.6.5
[INFO] [stderr]   Downloaded evalcore-config v0.7.5
[INFO] running `Command { std: "docker" "create" "-v" "/var/lib/crater-agent-workspace/builds/worker-2-tc1/source:/opt/rustwide/workdir:ro,Z" "-v" "/var/lib/crater-agent-workspace/builds/worker-2-tc1/target:/opt/rustwide/target:rw,Z" "-v" "/var/lib/crater-agent-workspace/cargo-home:/opt/rustwide/cargo-home:ro,Z" "-v" "/var/lib/crater-agent-workspace/rustup-home:/opt/rustwide/rustup-home:ro,Z" "-m" "1610612736" "--network" "none" "ghcr.io/rust-lang/crates-build-env/linux@sha256:77db811e55d90add9212f6832c23229e3de5f1c1f9905e8cb07319ea15df73ac" "sleep" "infinity", kill_on_drop: false }`
[INFO] [stdout] f6ede64b162888847ff497195b5be11c94f6e47a1c248ae5bf7b34fae1f14b57
[INFO] running `Command { std: "docker" "start" "f6ede64b162888847ff497195b5be11c94f6e47a1c248ae5bf7b34fae1f14b57", kill_on_drop: false }`
[INFO] running `Command { std: "docker" "inspect" "f6ede64b162888847ff497195b5be11c94f6e47a1c248ae5bf7b34fae1f14b57", kill_on_drop: false }`
[INFO] running `Command { std: "docker" "exec" "-e" "SOURCE_DIR=/opt/rustwide/workdir" "-e" "CARGO_HOME=/opt/rustwide/cargo-home" "-e" "RUSTUP_HOME=/opt/rustwide/rustup-home" "-e" "CARGO_TARGET_DIR=/opt/rustwide/target" "-w" "/opt/rustwide/workdir" "--user" "0:0" "f6ede64b162888847ff497195b5be11c94f6e47a1c248ae5bf7b34fae1f14b57" "/opt/rustwide/cargo-home/bin/cargo" "+1.99.0-beta.8" "metadata" "--no-deps" "--format-version=1", kill_on_drop: false }`
[INFO] running `Command { std: "docker" "inspect" "f6ede64b162888847ff497195b5be11c94f6e47a1c248ae5bf7b34fae1f14b57", kill_on_drop: false }`
[INFO] running `Command { std: "docker" "exec" "-e" "SOURCE_DIR=/opt/rustwide/workdir" "-e" "CARGO_HOME=/opt/rustwide/cargo-home" "-e" "RUSTUP_HOME=/opt/rustwide/rustup-home" "-e" "CARGO_TARGET_DIR=/opt/rustwide/target" "-e" "CARGO_INCREMENTAL=0" "-e" "RUST_BACKTRACE=full" "-e" "RUSTFLAGS=--cap-lints=warn" "-e" "RUSTDOCFLAGS=--cap-lints=warn" "-w" "/opt/rustwide/workdir" "--user" "0:0" "f6ede64b162888847ff497195b5be11c94f6e47a1c248ae5bf7b34fae1f14b57" "/opt/rustwide/cargo-home/bin/cargo" "+1.99.0-beta.8" "build" "--frozen" "--message-format=json" "--release", kill_on_drop: false }`
[INFO] [stderr]    Compiling syn v2.0.119
[INFO] [stderr]    Compiling futures-sink v0.3.32
[INFO] [stderr]    Compiling cc v1.2.67
[INFO] [stderr]    Compiling bitflags v2.13.1
[INFO] [stderr]    Compiling mio v1.2.2
[INFO] [stderr]    Compiling socket2 v0.6.5
[INFO] [stderr]    Compiling serde_json v1.0.150
[INFO] [stderr]    Compiling http-body-util v0.1.4
[INFO] [stderr]    Compiling rustls-pki-types v1.15.0
[INFO] [stderr]    Compiling futures-channel v0.3.32
[INFO] [stderr]    Compiling openssl-sys v0.9.117
[INFO] [stderr]    Compiling openssl v0.10.81
[INFO] [stderr]    Compiling native-tls v0.2.18
[INFO] [stderr]    Compiling synstructure v0.13.2
[INFO] [stderr]    Compiling zerovec-derive v0.11.3
[INFO] [stderr]    Compiling displaydoc v0.2.6
[INFO] [stderr]    Compiling tokio-macros v2.7.0
[INFO] [stderr]    Compiling futures-macro v0.3.32
[INFO] [stderr]    Compiling serde_derive v1.0.228
[INFO] [stderr]    Compiling openssl-macros v0.1.1
[INFO] [stderr]    Compiling thiserror-impl v2.0.18
[INFO] [stderr]    Compiling async-trait v0.1.89
[INFO] [stderr]    Compiling zerofrom-derive v0.1.7
[INFO] [stderr]    Compiling yoke-derive v0.8.2
[INFO] [stderr]    Compiling futures-util v0.3.32
[INFO] [stderr]    Compiling tokio v1.52.4
[INFO] [stderr]    Compiling zerofrom v0.1.8
[INFO] [stderr]    Compiling yoke v0.8.3
[INFO] [stderr]    Compiling thiserror v2.0.18
[INFO] [stderr]    Compiling zerovec v0.11.6
[INFO] [stderr]    Compiling zerotrie v0.2.4
[INFO] [stderr]    Compiling tinystr v0.8.3
[INFO] [stderr]    Compiling potential_utf v0.1.5
[INFO] [stderr]    Compiling icu_locale_core v2.2.0
[INFO] [stderr]    Compiling icu_collections v2.2.0
[INFO] [stderr]    Compiling serde v1.0.228
[INFO] [stderr]    Compiling futures-executor v0.3.32
[INFO] [stderr]    Compiling futures v0.3.32
[INFO] [stderr]    Compiling icu_provider v2.2.0
[INFO] [stderr]    Compiling serde_yaml v0.9.34+deprecated
[INFO] [stderr]    Compiling serde_urlencoded v0.7.1
[INFO] [stderr]    Compiling icu_normalizer v2.2.0
[INFO] [stderr]    Compiling icu_properties v2.2.0
[INFO] [stderr]    Compiling idna_adapter v1.2.2
[INFO] [stderr]    Compiling idna v1.1.0
[INFO] [stderr]    Compiling evalcore-config v0.7.5
[INFO] [stderr]    Compiling url v2.5.8
[INFO] [stderr]    Compiling tokio-util v0.7.18
[INFO] [stderr]    Compiling tower v0.5.3
[INFO] [stderr]    Compiling tokio-native-tls v0.3.1
[INFO] [stderr]    Compiling h2 v0.4.15
[INFO] [stderr]    Compiling tower-http v0.6.11
[INFO] [stderr]    Compiling hyper v1.10.1
[INFO] [stderr]    Compiling hyper-util v0.1.20
[INFO] [stderr]    Compiling hyper-tls v0.6.0
[INFO] [stderr]    Compiling reqwest v0.12.28
[INFO] [stderr]    Compiling evalcore-core v0.7.5 (/opt/rustwide/workdir)
[INFO] [stderr]     Finished `release` profile [optimized] target(s) in 1m 03s
[INFO] running `Command { std: "docker" "inspect" "f6ede64b162888847ff497195b5be11c94f6e47a1c248ae5bf7b34fae1f14b57", kill_on_drop: false }`
[INFO] running `Command { std: "docker" "exec" "-e" "SOURCE_DIR=/opt/rustwide/workdir" "-e" "CARGO_HOME=/opt/rustwide/cargo-home" "-e" "RUSTUP_HOME=/opt/rustwide/rustup-home" "-e" "CARGO_TARGET_DIR=/opt/rustwide/target" "-e" "CARGO_INCREMENTAL=0" "-e" "RUST_BACKTRACE=full" "-e" "RUSTFLAGS=--cap-lints=warn" "-e" "RUSTDOCFLAGS=--cap-lints=warn" "-w" "/opt/rustwide/workdir" "--user" "0:0" "f6ede64b162888847ff497195b5be11c94f6e47a1c248ae5bf7b34fae1f14b57" "/opt/rustwide/cargo-home/bin/cargo" "+1.99.0-beta.8" "test" "--frozen" "--no-run" "--message-format=json" "--release", kill_on_drop: false }`
[INFO] [stderr]    Compiling openssl v0.10.81
[INFO] [stderr]    Compiling aho-corasick v1.1.4
[INFO] [stderr]    Compiling hyper v1.10.1
[INFO] [stderr]    Compiling deadpool-runtime v0.1.4
[INFO] [stderr]    Compiling assert-json-diff v2.0.2
[INFO] [stderr]    Compiling getrandom v0.4.3
[INFO] [stderr]    Compiling tower-http v0.6.11
[INFO] [stderr]    Compiling tempfile v3.27.0
[INFO] [stderr]    Compiling deadpool v0.12.3
[INFO] [stderr]    Compiling hyper-util v0.1.20
[INFO] [stderr]    Compiling regex-automata v0.4.16
[INFO] [stderr]    Compiling native-tls v0.2.18
[INFO] [stderr]    Compiling regex v1.13.1
[INFO] [stderr]    Compiling tokio-native-tls v0.3.1
[INFO] [stderr]    Compiling hyper-tls v0.6.0
[INFO] [stderr]    Compiling reqwest v0.12.28
[INFO] [stderr]    Compiling wiremock v0.6.5
[INFO] [stderr]    Compiling evalcore-core v0.7.5 (/opt/rustwide/workdir)
[INFO] [stderr]     Finished `release` profile [optimized] target(s) in 1m 03s
[INFO] running `Command { std: "docker" "inspect" "f6ede64b162888847ff497195b5be11c94f6e47a1c248ae5bf7b34fae1f14b57", kill_on_drop: false }`
[INFO] running `Command { std: "docker" "exec" "-e" "SOURCE_DIR=/opt/rustwide/workdir" "-e" "CARGO_HOME=/opt/rustwide/cargo-home" "-e" "RUSTUP_HOME=/opt/rustwide/rustup-home" "-e" "CARGO_TARGET_DIR=/opt/rustwide/target" "-e" "CARGO_INCREMENTAL=0" "-e" "RUST_BACKTRACE=full" "-e" "RUSTFLAGS=--cap-lints=warn" "-e" "RUSTDOCFLAGS=--cap-lints=warn" "-w" "/opt/rustwide/workdir" "--user" "0:0" "f6ede64b162888847ff497195b5be11c94f6e47a1c248ae5bf7b34fae1f14b57" "/opt/rustwide/cargo-home/bin/cargo" "+1.99.0-beta.8" "test" "--frozen" "--release", kill_on_drop: false }`
[INFO] [stderr]     Finished `release` profile [optimized] target(s) in 0.24s
[INFO] [stderr]      Running unittests src/lib.rs (/opt/rustwide/target/release/deps/evalcore_core-0fa05768997953df)
[INFO] [stdout] 
[INFO] [stdout] running 89 tests
[INFO] [stdout] test classification::tests::multi_class_precision_recall_f1_hand_computed ... ok
[INFO] [stdout] test classification::tests::zero_over_zero_guards_yield_zero ... ok
[INFO] [stdout] test comparison::tests::three_arm_unique_max_wins ... ok
[INFO] [stdout] test classification::tests::error_case_with_expected_is_labeled_and_wrong ... ok
[INFO] [stdout] test comparison::tests::no_scores_case_is_a_tie ... ok
[INFO] [stdout] test classification::tests::labels_are_trimmed ... ok
[INFO] [stdout] test classification::tests::unlabeled_cases_are_counted_and_excluded ... ok
[INFO] [stdout] test baseline::tests::fixes_and_removals_are_informational ... ok
[INFO] [stdout] test comparison::tests::one_arm_scored_others_errored_wins ... ok
[INFO] [stdout] test baseline::tests::accepted_failures_pass_the_gate ... ok
[INFO] [stdout] test classification::tests::all_unlabeled_yields_zero_metrics ... ok
[INFO] [stdout] test dataset::tests::context_accepts_single_string_array_and_normalizes_empty ... ok
[INFO] [stdout] test comparison::tests::tie_within_tolerance_is_a_tie ... ok
[INFO] [stdout] test comparison::tests::two_arm_unique_winner_and_dataset_order ... ok
[INFO] [stdout] test dataset::tests::missing_file_names_the_path ... ok
[INFO] [stdout] test dataset::tests::loads_cases_and_fills_missing_ids ... ok
[INFO] [stdout] test engine::tests::case_latency_is_mean_of_trial_latencies ... ok
[INFO] [stdout] test dataset::tests::rejects_duplicate_case_ids_naming_both_lines ... ok
[INFO] [stdout] test dataset::tests::context_rejects_non_string_shapes_naming_the_case ... ok
[INFO] [stdout] test engine::tests::costs_cases_and_totals_them ... ok
[INFO] [stdout] test engine::tests::budget_skips_remaining_cases_as_failures ... ok
[INFO] [stdout] test dataset::tests::reports_file_and_line_on_bad_case ... ok
[INFO] [stdout] test engine::tests::on_progress_fires_exactly_once_per_case ... ok
[INFO] [stdout] test dataset::tests::trace_cases_resolve_relative_to_dataset_and_need_input_or_trace ... ok
[INFO] [stdout] test engine::tests::multi_trial_priced_scorer_cost_sums_across_trials ... ok
[INFO] [stdout] test engine::tests::priced_scorer_cost_counts_against_the_budget ... ok
[INFO] [stdout] test engine::tests::multi_trial_total_tokens_sums_every_trial ... ok
[INFO] [stdout] test engine::tests::require_all_needs_every_trial ... ok
[INFO] [stdout] test engine::tests::require_any_needs_one_trial ... ok
[INFO] [stdout] test engine::tests::priced_scorer_cost_and_tokens_fold_into_totals ... ok
[INFO] [stdout] test engine::tests::per_scorer_mean_feeds_a_mean_score_gate ... ok
[INFO] [stdout] test engine::tests::require_majority_needs_more_than_half ... ok
[INFO] [stdout] test engine::tests::single_trial_leaves_no_trials_detail ... ok
[INFO] [stdout] test engine::tests::target_errors_become_failed_cases_not_panics ... ok
[INFO] [stdout] test engine::tests::trial_target_error_is_a_failed_trial_with_reason ... ok
[INFO] [stdout] test gates::tests::classification_gate_exact_floor_passes_despite_tolerance ... ok
[INFO] [stdout] test baseline::tests::regression_fails_the_gate_with_reasons ... ok
[INFO] [stdout] test gates::tests::accuracy_and_macro_f1_gates_pass_and_fail ... ok
[INFO] [stdout] test engine::tests::threads_case_context_into_the_result ... ok
[INFO] [stdout] test gates::tests::exact_floor_passes_despite_float_rounding ... ok
[INFO] [stdout] test gates::tests::mean_score_all_scores_vs_filtered ... ok
[INFO] [stdout] test gates::tests::mean_score_with_no_matching_scores_fails_naming_the_scorer ... ok
[INFO] [stdout] test gates::tests::nan_score_fails_safe ... ok
[INFO] [stdout] test gates::tests::results_follow_config_order ... ok
[INFO] [stdout] test gates::tests::pass_rate_happy_failing_and_zero_cases ... ok
[INFO] [stdout] test gates::tests::target_error_cases_count_in_the_pass_rate_denominator ... ok
[INFO] [stdout] test gates::tests::classification_gate_zero_labeled_cases_fails_loudly ... ok
[INFO] [stdout] test http_target::tests::substitute_body_only_touches_string_values ... ok
[INFO] [stdout] test target::tests::build_target_fails_fast_on_missing_env_var ... ok
[INFO] [stdout] test http_target::tests::parse_method_normalizes_case_and_rejects_unknown ... ok
[INFO] [stdout] test baseline::tests::new_failing_cases_fail_the_gate_but_new_passing_do_not ... ok
[INFO] [stdout] test target::tests::shell_target_pipes_stdin_to_stdout ... ok
[INFO] [stdout] test target::tests::shell_target_surfaces_failures_with_stderr ... ok
[INFO] [stdout] test engine::tests::preserves_dataset_order_and_counts ... ok
[INFO] [stdout] test engine::tests::all_trials_erroring_yields_a_case_error ... ok
[INFO] [stdout] test target::tests::trace_target_text_is_trajectory_json_when_no_final_answer ... ok
[INFO] [stdout] test target::tests::shell_target_tolerates_commands_that_ignore_stdin ... ok
[INFO] [stdout] test trace::tests::example_native_fixture_final_output_is_pinned ... FAILED
[INFO] [stdout] test trace::tests::example_otel_fixture_final_output_is_pinned ... FAILED
[INFO] [stdout] test trace::tests::native_format_roundtrips ... ok
[INFO] [stdout] test trace::tests::native_non_string_final_output_is_an_error ... ok
[INFO] [stdout] test trace::tests::otel_root_is_span_with_dangling_parent ... ok
[INFO] [stdout] test trace::tests::otel_root_output_absent_is_none ... ok
[INFO] [stdout] test trace::tests::otel_root_output_genai_convention ... ok
[INFO] [stdout] test trace::tests::otel_root_output_openinference_convention ... ok
[INFO] [stdout] test trace::tests::otel_root_output_precedence_prefers_openinference ... ok
[INFO] [stdout] test trace::tests::otel_spans_normalize_ordered_with_tokens_and_latency ... ok
[INFO] [stdout] test trace::tests::otel_root_latest_outputting_candidate_wins_on_flat_trace ... ok
[INFO] [stdout] test trace::tests::unknown_shapes_name_both_supported_formats ... ok
[INFO] [stdout] test types::tests::case_result_context_is_baseline_backcompat ... ok
[INFO] [stdout] test types::tests::run_summary_classification_rides_along_when_present ... ok
[INFO] [stdout] test types::tests::multi_trial_case_result_serializes_trials_detail ... ok
[INFO] [stdout] test types::tests::single_trial_case_result_json_is_byte_identical ... ok
[INFO] [stdout] test types::tests::run_summary_gates_is_baseline_backcompat ... ok
[INFO] [stdout] test types::tests::target_output_trajectory_is_cassette_backcompat ... ok
[INFO] [stdout] test trace::tests::native_final_output_is_extracted ... ok
[INFO] [stdout] test target::tests::trace_target_text_is_final_answer_when_present ... ok
[INFO] [stdout] test embeddings::tests::embeds_input_and_serializes_the_vector ... ok
[INFO] [stdout] test embeddings::tests::build_scorer_target_chat_preserves_openai_identity ... ok
[INFO] [stdout] test embeddings::tests::cache_identity_has_embeddings_discriminator ... ok
[INFO] [stdout] test embeddings::tests::non_200_is_an_error ... ok
[INFO] [stdout] test http_target::tests::cache_identity_never_leaks_auth_or_secrets ... ok
[INFO] [stdout] test embeddings::tests::malformed_body_missing_embedding_is_an_error ... ok
[INFO] [stdout] test target::tests::optional_secret_policy_tolerates_missing_env_var ... ok
[INFO] [stdout] test embeddings::tests::request_carries_model_and_input ... ok
[INFO] [stdout] test target::tests::cache_identity_omits_unset_fields_and_includes_set_ones ... ok
[INFO] [stdout] test target::tests::cache_identity_excludes_timeout ... ok
[INFO] [stdout] test http_target::tests::cache_identity_omits_unset_fields_and_pins_shape ... ok
[INFO] [stdout] test embeddings::tests::embeddings_identity_never_collides_with_chat_at_same_url_model ... ok
[INFO] [stdout] 
[INFO] [stdout] failures:
[INFO] [stdout] 
[INFO] [stdout] ---- trace::tests::example_native_fixture_final_output_is_pinned stdout ----
[INFO] [stdout] 
[INFO] [stdout] thread 'trace::tests::example_native_fixture_final_output_is_pinned' (1830) panicked at src/trace.rs:472:49:
[INFO] [stdout] called `Result::unwrap()` on an `Err` value: Os { code: 2, kind: NotFound, message: "No such file or directory" }
[INFO] [stdout] stack backtrace:
[INFO] [stdout]    0:     0x62527a1a91e1 - <<std[70759c8f55707aa4]::sys::backtrace::BacktraceLock>::print::DisplayBacktrace as core[df12db4294e9bfd3]::fmt::Display>::fmt
[INFO] [stdout]    1:     0x62527a1c14ea - core[df12db4294e9bfd3]::fmt::write
[INFO] [stdout]    2:     0x62527a1aeb5c - <alloc[2182bb758b4b3781]::vec::Vec<u8> as core[df12db4294e9bfd3]::io::write::Write>::write_fmt
[INFO] [stdout]    3:     0x62527a181836 - std[70759c8f55707aa4]::panicking::default_hook::{closure#0}
[INFO] [stdout]    4:     0x62527a1a0259 - std[70759c8f55707aa4]::panicking::default_hook
[INFO] [stdout]    5:     0x625279fd0100 - test[9d35eded1c95d3be]::test_main_inner::<test[9d35eded1c95d3be]::test_main_static::{closure#0}>::{closure#0}
[INFO] [stdout]    6:     0x62527a1a0582 - std[70759c8f55707aa4]::panicking::panic_with_hook
[INFO] [stdout]    7:     0x62527a1818e2 - std[70759c8f55707aa4]::panicking::panic_handler::{closure#0}
[INFO] [stdout]    8:     0x62527a179d49 - std[70759c8f55707aa4]::sys::backtrace::__rust_end_short_backtrace::<std[70759c8f55707aa4]::panicking::panic_handler::{closure#0}, !>
[INFO] [stdout]    9:     0x62527a1827dd - __rustc[8fa7c3cbc660c2b3]::rust_begin_unwind
[INFO] [stdout]   10:     0x62527a1c1c4c - core[df12db4294e9bfd3]::panicking::panic_fmt
[INFO] [stdout]   11:     0x62527a1c1a22 - core[df12db4294e9bfd3]::result::unwrap_failed
[INFO] [stdout]   12:     0x625279fbcb4d - evalcore_core[4eea5eac516ad318]::trace::tests::example_native_fixture_final_output_is_pinned
[INFO] [stdout]   13:     0x625279f604b9 - <evalcore_core[4eea5eac516ad318]::trace::tests::example_native_fixture_final_output_is_pinned::{closure#0} as core[df12db4294e9bfd3]::ops::function::FnOnce<()>>::call_once
[INFO] [stdout]   14:     0x625279fc33eb - test[9d35eded1c95d3be]::__rust_begin_short_backtrace::<core[df12db4294e9bfd3]::result::Result<(), alloc[2182bb758b4b3781]::string::String>, fn() -> core[df12db4294e9bfd3]::result::Result<(), alloc[2182bb758b4b3781]::string::String>>
[INFO] [stdout]   15:     0x625279fd0a55 - test[9d35eded1c95d3be]::run_test::{closure#0}
[INFO] [stdout]   16:     0x625279fca314 - std[70759c8f55707aa4]::sys::backtrace::__rust_begin_short_backtrace::<test[9d35eded1c95d3be]::run_test::{closure#1}, ()>
[INFO] [stdout]   17:     0x625279fd3bb2 - <std[70759c8f55707aa4]::thread::lifecycle::spawn_unchecked<test[9d35eded1c95d3be]::run_test::{closure#1}, ()>::{closure#1} as core[df12db4294e9bfd3]::ops::function::FnOnce<()>>::call_once::{shim:vtable#0}
[INFO] [stdout]   18:     0x62527a1a7f59 - <std[70759c8f55707aa4]::sys::thread::unix::Thread>::new::thread_start
[INFO] [stdout]   19:     0x7ccda0303dfa - <unknown>
[INFO] [stdout]   20:     0x7ccda03973d4 - clone
[INFO] [stdout]   21:                0x0 - <unknown>
[INFO] [stdout] 
[INFO] [stdout] ---- trace::tests::example_otel_fixture_final_output_is_pinned stdout ----
[INFO] [stdout] 
[INFO] [stdout] thread 'trace::tests::example_otel_fixture_final_output_is_pinned' (1831) panicked at src/trace.rs:486:49:
[INFO] [stdout] called `Result::unwrap()` on an `Err` value: Os { code: 2, kind: NotFound, message: "No such file or directory" }
[INFO] [stdout] stack backtrace:
[INFO] [stdout]    0:     0x62527a1a91e1 - <<std[70759c8f55707aa4]::sys::backtrace::BacktraceLock>::print::DisplayBacktrace as core[df12db4294e9bfd3]::fmt::Display>::fmt
[INFO] [stdout]    1:     0x62527a1c14ea - core[df12db4294e9bfd3]::fmt::write
[INFO] [stdout]    2:     0x62527a1aeb5c - <alloc[2182bb758b4b3781]::vec::Vec<u8> as core[df12db4294e9bfd3]::io::write::Write>::write_fmt
[INFO] [stdout]    3:     0x62527a181836 - std[70759c8f55707aa4]::panicking::default_hook::{closure#0}
[INFO] [stdout]    4:     0x62527a1a0259 - std[70759c8f55707aa4]::panicking::default_hook
[INFO] [stdout]    5:     0x625279fd0100 - test[9d35eded1c95d3be]::test_main_inner::<test[9d35eded1c95d3be]::test_main_static::{closure#0}>::{closure#0}
[INFO] [stdout]    6:     0x62527a1a0582 - std[70759c8f55707aa4]::panicking::panic_with_hook
[INFO] [stdout]    7:     0x62527a1818e2 - std[70759c8f55707aa4]::panicking::panic_handler::{closure#0}
[INFO] [stdout]    8:     0x62527a179d49 - std[70759c8f55707aa4]::sys::backtrace::__rust_end_short_backtrace::<std[70759c8f55707aa4]::panicking::panic_handler::{closure#0}, !>
[INFO] [stdout]    9:     0x62527a1827dd - __rustc[8fa7c3cbc660c2b3]::rust_begin_unwind
[INFO] [stdout]   10:     0x62527a1c1c4c - core[df12db4294e9bfd3]::panicking::panic_fmt
[INFO] [stdout]   11:     0x62527a1c1a22 - core[df12db4294e9bfd3]::result::unwrap_failed
[INFO] [stdout]   12:     0x625279fbc95d - evalcore_core[4eea5eac516ad318]::trace::tests::example_otel_fixture_final_output_is_pinned
[INFO] [stdout]   13:     0x625279f60499 - <evalcore_core[4eea5eac516ad318]::trace::tests::example_otel_fixture_final_output_is_pinned::{closure#0} as core[df12db4294e9bfd3]::ops::function::FnOnce<()>>::call_once
[INFO] [stdout]   14:     0x625279fc33eb - test[9d35eded1c95d3be]::__rust_begin_short_backtrace::<core[df12db4294e9bfd3]::result::Result<(), alloc[2182bb758b4b3781]::string::String>, fn() -> core[df12db4294e9bfd3]::result::Result<(), alloc[2182bb758b4b3781]::string::String>>
[INFO] [stdout]   15:     0x625279fd0a55 - test[9d35eded1c95d3be]::run_test::{closure#0}
[INFO] [stdout]   16:     0x625279fca314 - std[70759c8f55707aa4]::sys::backtrace::__rust_begin_short_backtrace::<test[9d35eded1c95d3be]::run_test::{closure#1}, ()>
[INFO] [stdout]   17:     0x625279fd3bb2 - <std[70759c8f55707aa4]::thread::lifecycle::spawn_unchecked<test[9d35eded1c95d3be]::run_test::{closure#1}, ()>::{closure#1} as core[df12db4294e9bfd3]::ops::function::FnOnce<()>>::call_once::{shim:vtable#0}
[INFO] [stdout]   18:     0x62527a1a7f59 - <std[70759c8f55707aa4]::sys::thread::unix::Thread>::new::thread_start
[INFO] [stdout]   19:     0x7ccda0303dfa - <unknown>
[INFO] [stdout]   20:     0x7ccda03973d4 - clone
[INFO] [stdout]   21:                0x0 - <unknown>
[INFO] [stdout] 
[INFO] [stdout] 
[INFO] [stdout] failures:
[INFO] [stdout]     trace::tests::example_native_fixture_final_output_is_pinned
[INFO] [stdout]     trace::tests::example_otel_fixture_final_output_is_pinned
[INFO] [stdout] 
[INFO] [stdout] test result: FAILED. 87 passed; 2 failed; 0 ignored; 0 measured; 0 filtered out; finished in 0.21s
[INFO] [stdout] 
[INFO] [stderr] error: test failed, to rerun pass `--lib`
[INFO] running `Command { std: "docker" "inspect" "f6ede64b162888847ff497195b5be11c94f6e47a1c248ae5bf7b34fae1f14b57", kill_on_drop: false }`
[INFO] running `Command { std: "docker" "rm" "-f" "f6ede64b162888847ff497195b5be11c94f6e47a1c248ae5bf7b34fae1f14b57", kill_on_drop: false }`
[INFO] [stdout] f6ede64b162888847ff497195b5be11c94f6e47a1c248ae5bf7b34fae1f14b57
