[INFO] fetching crate eulogy-derive 0.1.0...
[INFO] testing eulogy-derive-0.1.0 against 1.99.0-beta.8+cargoflags=--release for beta-release-1.100-2
[INFO] extracting crate eulogy-derive 0.1.0 into /workspace/builds/worker-4-tc1/source
[INFO] started tweaking crates.io crate eulogy-derive 0.1.0
[INFO] removed 0 missing tests
[INFO] finished tweaking crates.io crate eulogy-derive 0.1.0
[INFO] tweaked toml for crates.io crate eulogy-derive 0.1.0 written to /workspace/builds/worker-4-tc1/source/Cargo.toml
[INFO] validating manifest of crates.io crate eulogy-derive 0.1.0 on toolchain 1.99.0-beta.8
[INFO] running `Command { std: CARGO_HOME="/workspace/cargo-home" RUSTUP_HOME="/workspace/rustup-home" "/workspace/cargo-home/bin/cargo" "+1.99.0-beta.8" "metadata" "--manifest-path" "Cargo.toml" "--no-deps", kill_on_drop: false }`
[INFO] crate crates.io crate eulogy-derive 0.1.0 already has a lockfile, it will not be regenerated
[INFO] running `Command { std: CARGO_HOME="/workspace/cargo-home" RUSTUP_HOME="/workspace/rustup-home" "/workspace/cargo-home/bin/cargo" "+1.99.0-beta.8" "fetch" "--manifest-path" "Cargo.toml", kill_on_drop: false }`
[INFO] [stderr]  Downloading crates ...
[INFO] [stderr]   Downloaded trybuild v1.0.118
[INFO] [stderr]   Downloaded target-triple v1.0.1
[INFO] running `Command { std: "docker" "create" "-v" "/var/lib/crater-agent-workspace/builds/worker-4-tc1/source:/opt/rustwide/workdir:ro,Z" "-v" "/var/lib/crater-agent-workspace/builds/worker-4-tc1/target:/opt/rustwide/target:rw,Z" "-v" "/var/lib/crater-agent-workspace/cargo-home:/opt/rustwide/cargo-home:ro,Z" "-v" "/var/lib/crater-agent-workspace/rustup-home:/opt/rustwide/rustup-home:ro,Z" "-m" "1610612736" "--network" "none" "ghcr.io/rust-lang/crates-build-env/linux@sha256:77db811e55d90add9212f6832c23229e3de5f1c1f9905e8cb07319ea15df73ac" "sleep" "infinity", kill_on_drop: false }`
[INFO] [stdout] 30c8510e5647b0977990174a9132bfece6f95a040c41a64bfa66090d3bda41e6
[INFO] running `Command { std: "docker" "start" "30c8510e5647b0977990174a9132bfece6f95a040c41a64bfa66090d3bda41e6", kill_on_drop: false }`
[INFO] running `Command { std: "docker" "inspect" "30c8510e5647b0977990174a9132bfece6f95a040c41a64bfa66090d3bda41e6", kill_on_drop: false }`
[INFO] running `Command { std: "docker" "exec" "-e" "SOURCE_DIR=/opt/rustwide/workdir" "-e" "CARGO_HOME=/opt/rustwide/cargo-home" "-e" "RUSTUP_HOME=/opt/rustwide/rustup-home" "-e" "CARGO_TARGET_DIR=/opt/rustwide/target" "-w" "/opt/rustwide/workdir" "--user" "0:0" "30c8510e5647b0977990174a9132bfece6f95a040c41a64bfa66090d3bda41e6" "/opt/rustwide/cargo-home/bin/cargo" "+1.99.0-beta.8" "metadata" "--no-deps" "--format-version=1", kill_on_drop: false }`
[INFO] running `Command { std: "docker" "inspect" "30c8510e5647b0977990174a9132bfece6f95a040c41a64bfa66090d3bda41e6", kill_on_drop: false }`
[INFO] running `Command { std: "docker" "exec" "-e" "SOURCE_DIR=/opt/rustwide/workdir" "-e" "CARGO_HOME=/opt/rustwide/cargo-home" "-e" "RUSTUP_HOME=/opt/rustwide/rustup-home" "-e" "CARGO_TARGET_DIR=/opt/rustwide/target" "-e" "CARGO_INCREMENTAL=0" "-e" "RUST_BACKTRACE=full" "-e" "RUSTFLAGS=--cap-lints=warn" "-e" "RUSTDOCFLAGS=--cap-lints=warn" "-w" "/opt/rustwide/workdir" "--user" "0:0" "30c8510e5647b0977990174a9132bfece6f95a040c41a64bfa66090d3bda41e6" "/opt/rustwide/cargo-home/bin/cargo" "+1.99.0-beta.8" "build" "--frozen" "--message-format=json" "--release", kill_on_drop: false }`
[INFO] [stderr]    Compiling winnow v1.0.4
[INFO] [stderr]    Compiling toml_datetime v1.1.1+spec-1.1.0
[INFO] [stderr]    Compiling syn v2.0.119
[INFO] [stderr]    Compiling toml_parser v1.1.2+spec-1.1.0
[INFO] [stderr]    Compiling toml_edit v0.25.13+spec-1.1.0
[INFO] [stderr]    Compiling proc-macro-crate v3.5.0
[INFO] [stderr]    Compiling eulogy-derive v0.1.0 (/opt/rustwide/workdir)
[INFO] [stderr]     Finished `release` profile [optimized] target(s) in 6.82s
[INFO] running `Command { std: "docker" "inspect" "30c8510e5647b0977990174a9132bfece6f95a040c41a64bfa66090d3bda41e6", kill_on_drop: false }`
[INFO] running `Command { std: "docker" "exec" "-e" "SOURCE_DIR=/opt/rustwide/workdir" "-e" "CARGO_HOME=/opt/rustwide/cargo-home" "-e" "RUSTUP_HOME=/opt/rustwide/rustup-home" "-e" "CARGO_TARGET_DIR=/opt/rustwide/target" "-e" "CARGO_INCREMENTAL=0" "-e" "RUST_BACKTRACE=full" "-e" "RUSTFLAGS=--cap-lints=warn" "-e" "RUSTDOCFLAGS=--cap-lints=warn" "-w" "/opt/rustwide/workdir" "--user" "0:0" "30c8510e5647b0977990174a9132bfece6f95a040c41a64bfa66090d3bda41e6" "/opt/rustwide/cargo-home/bin/cargo" "+1.99.0-beta.8" "test" "--frozen" "--no-run" "--message-format=json" "--release", kill_on_drop: false }`
[INFO] [stderr]    Compiling serde v1.0.228
[INFO] [stderr]    Compiling target-triple v1.0.1
[INFO] [stderr]    Compiling toml_datetime v1.1.1+spec-1.1.0
[INFO] [stderr]    Compiling winnow v1.0.4
[INFO] [stderr]    Compiling serde_derive v1.0.228
[INFO] [stderr]    Compiling tokio-macros v2.7.1
[INFO] [stderr]    Compiling smallvec v1.15.2
[INFO] [stderr]    Compiling errno v0.3.14
[INFO] [stderr]    Compiling serde_json v1.0.150
[INFO] [stderr]    Compiling serde_spanned v1.1.1
[INFO] [stderr]    Compiling proc-macro2 v1.0.106
[INFO] [stderr]    Compiling toml_writer v1.1.2+spec-1.1.0
[INFO] [stderr]    Compiling parking_lot_core v0.9.12
[INFO] [stderr]    Compiling mio v1.2.2
[INFO] [stderr]    Compiling socket2 v0.6.5
[INFO] [stderr]    Compiling signal-hook-registry v1.4.8
[INFO] [stderr]    Compiling toml_edit v0.25.13+spec-1.1.0
[INFO] [stderr]    Compiling toml v1.1.3+spec-1.1.0
[INFO] [stderr]    Compiling quote v1.0.46
[INFO] [stderr]    Compiling glob v0.3.3
[INFO] [stderr]    Compiling parking_lot v0.12.5
[INFO] [stderr]    Compiling termcolor v1.4.1
[INFO] [stderr]    Compiling tokio v1.53.0
[INFO] [stderr]    Compiling proc-macro-crate v3.5.0
[INFO] [stderr]    Compiling syn v2.0.119
[INFO] [stderr]    Compiling eulogy-derive v0.1.0 (/opt/rustwide/workdir)
[INFO] [stderr]    Compiling toml_parser v1.1.2+spec-1.1.0
[INFO] [stderr]    Compiling trybuild v1.0.118
[INFO] [stderr]     Finished `release` profile [optimized] target(s) in 39.29s
[INFO] running `Command { std: "docker" "inspect" "30c8510e5647b0977990174a9132bfece6f95a040c41a64bfa66090d3bda41e6", kill_on_drop: false }`
[INFO] running `Command { std: "docker" "exec" "-e" "SOURCE_DIR=/opt/rustwide/workdir" "-e" "CARGO_HOME=/opt/rustwide/cargo-home" "-e" "RUSTUP_HOME=/opt/rustwide/rustup-home" "-e" "CARGO_TARGET_DIR=/opt/rustwide/target" "-e" "CARGO_INCREMENTAL=0" "-e" "RUST_BACKTRACE=full" "-e" "RUSTFLAGS=--cap-lints=warn" "-e" "RUSTDOCFLAGS=--cap-lints=warn" "-w" "/opt/rustwide/workdir" "--user" "0:0" "30c8510e5647b0977990174a9132bfece6f95a040c41a64bfa66090d3bda41e6" "/opt/rustwide/cargo-home/bin/cargo" "+1.99.0-beta.8" "test" "--frozen" "--release", kill_on_drop: false }`
[INFO] [stderr]     Finished `release` profile [optimized] target(s) in 0.10s
[INFO] [stderr]      Running unittests src/lib.rs (/opt/rustwide/target/release/deps/eulogy_derive-b878566f626b28e8)
[INFO] [stdout] 
[INFO] [stdout] running 0 tests
[INFO] [stdout] 
[INFO] [stdout] test result: ok. 0 passed; 0 failed; 0 ignored; 0 measured; 0 filtered out; finished in 0.00s
[INFO] [stdout] 
[INFO] [stderr]      Running tests/ui.rs (/opt/rustwide/target/release/deps/ui-27e790d3af495f4a)
[INFO] [stdout] 
[INFO] [stdout] running 1 test
[INFO] [stderr]    Compiling proc-macro2 v1.0.106
[INFO] [stderr]    Compiling libc v0.2.186
[INFO] [stderr]    Compiling quote v1.0.46
[INFO] [stderr]    Compiling unicode-ident v1.0.24
[INFO] [stderr]    Compiling hashbrown v0.17.1
[INFO] [stderr]    Compiling equivalent v1.0.2
[INFO] [stderr]    Compiling parking_lot_core v0.9.12
[INFO] [stderr]    Compiling winnow v1.0.4
[INFO] [stderr]     Checking cfg-if v1.0.4
[INFO] [stderr]     Checking smallvec v1.15.2
[INFO] [stderr]     Checking scopeguard v1.2.0
[INFO] [stderr]    Compiling toml_datetime v1.1.1+spec-1.1.0
[INFO] [stderr]     Checking bytes v1.12.1
[INFO] [stderr]     Checking pin-project-lite v0.2.17
[INFO] [stderr]     Checking lock_api v0.4.14
[INFO] [stderr]    Compiling syn v2.0.119
[INFO] [stderr]     Checking indexmap v2.14.0
[INFO] [stderr]     Checking toml_parser v1.1.2+spec-1.1.0
[INFO] [stderr]     Checking errno v0.3.14
[INFO] [stderr]     Checking socket2 v0.6.5
[INFO] [stderr]     Checking mio v1.2.2
[INFO] [stderr]     Checking parking_lot v0.12.5
[INFO] [stderr]     Checking signal-hook-registry v1.4.8
[INFO] [stderr]     Checking toml_edit v0.25.13+spec-1.1.0
[INFO] [stderr]     Checking proc-macro-crate v3.5.0
[INFO] [stderr]    Compiling tokio-macros v2.7.1
[INFO] [stderr]    Compiling eulogy-derive v0.1.0 (/opt/rustwide/workdir)
[INFO] [stderr]     Checking tokio v1.53.0
[INFO] [stderr]     Checking eulogy-derive-tests v0.0.0 (/opt/rustwide/target/tests/trybuild/eulogy-derive)
[INFO] [stderr]     Finished `dev` profile [unoptimized + debuginfo] target(s) in 12.97s
[INFO] [stderr] 
[INFO] [stderr] 
[INFO] [stderr] test tests/ui/after_cycle.rs ... mismatch
[INFO] [stdout] test ui ... FAILED
[INFO] [stderr] 
[INFO] [stdout] 
[INFO] [stderr] EXPECTED:
[INFO] [stdout] failures:
[INFO] [stderr] ┈┈┈┈┈┈┈┈┈┈┈┈┈┈┈┈┈┈┈┈┈┈┈┈┈┈┈┈┈┈┈┈┈┈┈┈┈┈┈┈┈┈┈┈┈┈┈┈┈┈┈┈┈┈┈┈┈┈┈┈
[INFO] [stdout] 
[INFO] [stderr] error: cycle detected in #[eulogy(after = [...])] dependencies
[INFO] [stdout] ---- ui stdout ----
[INFO] [stderr]   --> tests/ui/after_cycle.rs:12:5
[INFO] [stdout] 
[INFO] [stderr]    |
[INFO] [stdout] thread 'ui' (1026) panicked at /opt/rustwide/cargo-home/registry/src/index.crates.io-1949cf8c6b5b557f/trybuild-1.0.118/src/run.rs:102:13:
[INFO] [stderr] 12 |     a: Res,
[INFO] [stdout] 8 of 8 tests failed
[INFO] [stderr]    |     ^
[INFO] [stdout] stack backtrace:
[INFO] [stderr] ┈┈┈┈┈┈┈┈┈┈┈┈┈┈┈┈┈┈┈┈┈┈┈┈┈┈┈┈┈┈┈┈┈┈┈┈┈┈┈┈┈┈┈┈┈┈┈┈┈┈┈┈┈┈┈┈┈┈┈┈
[INFO] [stdout]    0:     0x5ed3814e7ba1 - <<std[70759c8f55707aa4]::sys::backtrace::BacktraceLock>::print::DisplayBacktrace as core[df12db4294e9bfd3]::fmt::Display>::fmt
[INFO] [stderr] 
[INFO] [stdout]    1:     0x5ed3814fe22a - core[df12db4294e9bfd3]::fmt::write
[INFO] [stderr] ACTUAL OUTPUT:
[INFO] [stdout]    2:     0x5ed3814ec66c - <alloc[2182bb758b4b3781]::vec::Vec<u8> as core[df12db4294e9bfd3]::io::write::Write>::write_fmt
[INFO] [stderr] ┈┈┈┈┈┈┈┈┈┈┈┈┈┈┈┈┈┈┈┈┈┈┈┈┈┈┈┈┈┈┈┈┈┈┈┈┈┈┈┈┈┈┈┈┈┈┈┈┈┈┈┈┈┈┈┈┈┈┈┈
[INFO] [stdout]    3:     0x5ed3814c1086 - std[70759c8f55707aa4]::panicking::default_hook::{closure#0}
[INFO] [stderr] error[E0432]: unresolved import `eulogy`
[INFO] [stdout]    4:     0x5ed3814df219 - std[70759c8f55707aa4]::panicking::default_hook
[INFO] [stderr]  --> tests/ui/after_cycle.rs:1:5
[INFO] [stdout]    5:     0x5ed3814784f0 - test[9d35eded1c95d3be]::test_main_inner::<test[9d35eded1c95d3be]::test_main_static::{closure#0}>::{closure#0}
[INFO] [stderr]   |
[INFO] [stdout]    6:     0x5ed3814df3d2 - std[70759c8f55707aa4]::panicking::panic_with_hook
[INFO] [stderr] 1 | use eulogy::AsyncDrop;
[INFO] [stdout]    7:     0x5ed3814c1132 - std[70759c8f55707aa4]::panicking::panic_handler::{closure#0}
[INFO] [stderr]   |     ^^^^^^ use of unresolved module or unlinked crate `eulogy`
[INFO] [stdout]    8:     0x5ed3814b99f9 - std[70759c8f55707aa4]::sys::backtrace::__rust_end_short_backtrace::<std[70759c8f55707aa4]::panicking::panic_handler::{closure#0}, !>
[INFO] [stderr]   |
[INFO] [stdout]    9:     0x5ed3814c1d2d - __rustc[8fa7c3cbc660c2b3]::rust_begin_unwind
[INFO] [stderr]   = help: if you wanted to use a crate named `eulogy`, use `cargo add eulogy` to add it to your `Cargo.toml`
[INFO] [stdout]   10:     0x5ed3814fe99c - core[df12db4294e9bfd3]::panicking::panic_fmt
[INFO] [stderr] 
[INFO] [stdout]   11:     0x5ed3813cbd03 - <trybuild[53242e836cb02733]::Runner>::run
[INFO] [stderr] error: cannot find attribute `eulogy` in this scope
[INFO] [stdout]   12:     0x5ed3813cf100 - <trybuild[53242e836cb02733]::TestCases as core[df12db4294e9bfd3]::ops::drop::Drop>::drop
[INFO] [stderr]   --> tests/ui/after_cycle.rs:11:7
[INFO] [stdout]   13:     0x5ed3813c5b58 - ui[a5adeb8199a7f4fe]::ui
[INFO] [stderr]    |
[INFO] [stdout]   14:     0x5ed3813c5d59 - <ui[a5adeb8199a7f4fe]::ui::{closure#0} as core[df12db4294e9bfd3]::ops::function::FnOnce<()>>::call_once
[INFO] [stderr] 11 |     #[eulogy(after = [b])]
[INFO] [stdout]   15:     0x5ed38146b7db - test[9d35eded1c95d3be]::__rust_begin_short_backtrace::<core[df12db4294e9bfd3]::result::Result<(), alloc[2182bb758b4b3781]::string::String>, fn() -> core[df12db4294e9bfd3]::result::Result<(), alloc[2182bb758b4b3781]::string::String>>
[INFO] [stderr]    |       ^^^^^^
[INFO] [stdout]   16:     0x5ed381478e45 - test[9d35eded1c95d3be]::run_test::{closure#0}
[INFO] [stderr]    |
[INFO] [stdout]   17:     0x5ed381472704 - std[70759c8f55707aa4]::sys::backtrace::__rust_begin_short_backtrace::<test[9d35eded1c95d3be]::run_test::{closure#1}, ()>
[INFO] [stderr]    = note: `eulogy` is an attribute that can be used by the derive macro `AsyncDrop`, you might be missing a `derive` attribute
[INFO] [stdout]   18:     0x5ed38147bfa2 - <std[70759c8f55707aa4]::thread::lifecycle::spawn_unchecked<test[9d35eded1c95d3be]::run_test::{closure#1}, ()>::{closure#1} as core[df12db4294e9bfd3]::ops::function::FnOnce<()>>::call_once::{shim:vtable#0}
[INFO] [stderr] 
[INFO] [stdout]   19:     0x5ed3814e6e59 - <std[70759c8f55707aa4]::sys::thread::unix::Thread>::new::thread_start
[INFO] [stderr] error: cannot find attribute `eulogy` in this scope
[INFO] [stdout]   20:     0x777e2e1dadfa - <unknown>
[INFO] [stderr]   --> tests/ui/after_cycle.rs:13:7
[INFO] [stdout]   21:     0x777e2e26e3d4 - clone
[INFO] [stderr]    |
[INFO] [stdout]   22:                0x0 - <unknown>
[INFO] [stderr] 13 |     #[eulogy(after = [a])]
[INFO] [stdout] 
[INFO] [stderr]    |       ^^^^^^
[INFO] [stdout] 
[INFO] [stderr]    |
[INFO] [stdout] failures:
[INFO] [stderr]    = note: `eulogy` is an attribute that can be used by the derive macro `AsyncDrop`, you might be missing a `derive` attribute
[INFO] [stdout]     ui
[INFO] [stderr] ┈┈┈┈┈┈┈┈┈┈┈┈┈┈┈┈┈┈┈┈┈┈┈┈┈┈┈┈┈┈┈┈┈┈┈┈┈┈┈┈┈┈┈┈┈┈┈┈┈┈┈┈┈┈┈┈┈┈┈┈
[INFO] [stdout] 
[INFO] [stderr] note: If the actual output is the correct output you can bless it by rerunning
[INFO] [stdout] test result: FAILED. 0 passed; 1 failed; 0 ignored; 0 measured; 0 filtered out; finished in 20.36s
[INFO] [stderr]       your test with the environment variable TRYBUILD=overwrite
[INFO] [stdout] 
[INFO] [stderr] 
[INFO] [stderr] test tests/ui/after_references_skipped_field.rs ... mismatch
[INFO] [stderr] 
[INFO] [stderr] EXPECTED:
[INFO] [stderr] ┈┈┈┈┈┈┈┈┈┈┈┈┈┈┈┈┈┈┈┈┈┈┈┈┈┈┈┈┈┈┈┈┈┈┈┈┈┈┈┈┈┈┈┈┈┈┈┈┈┈┈┈┈┈┈┈┈┈┈┈
[INFO] [stderr] error: field `child` is skipped or unannotated — it cannot appear in an `after` list
[INFO] [stderr]   --> tests/ui/after_references_skipped_field.rs:13:23
[INFO] [stderr]    |
[INFO] [stderr] 13 |     #[eulogy(after = [child])]
[INFO] [stderr]    |                       ^^^^^
[INFO] [stderr] ┈┈┈┈┈┈┈┈┈┈┈┈┈┈┈┈┈┈┈┈┈┈┈┈┈┈┈┈┈┈┈┈┈┈┈┈┈┈┈┈┈┈┈┈┈┈┈┈┈┈┈┈┈┈┈┈┈┈┈┈
[INFO] [stderr] 
[INFO] [stderr] ACTUAL OUTPUT:
[INFO] [stderr] ┈┈┈┈┈┈┈┈┈┈┈┈┈┈┈┈┈┈┈┈┈┈┈┈┈┈┈┈┈┈┈┈┈┈┈┈┈┈┈┈┈┈┈┈┈┈┈┈┈┈┈┈┈┈┈┈┈┈┈┈
[INFO] [stderr] error[E0432]: unresolved import `eulogy`
[INFO] [stderr]  --> tests/ui/after_references_skipped_field.rs:1:5
[INFO] [stderr]   |
[INFO] [stderr] 1 | use eulogy::AsyncDrop;
[INFO] [stderr]   |     ^^^^^^ use of unresolved module or unlinked crate `eulogy`
[INFO] [stderr]   |
[INFO] [stderr]   = help: if you wanted to use a crate named `eulogy`, use `cargo add eulogy` to add it to your `Cargo.toml`
[INFO] [stderr] 
[INFO] [stderr] error: cannot find attribute `eulogy` in this scope
[INFO] [stderr]   --> tests/ui/after_references_skipped_field.rs:11:7
[INFO] [stderr]    |
[INFO] [stderr] 11 |     #[eulogy(skip)]
[INFO] [stderr]    |       ^^^^^^
[INFO] [stderr]    |
[INFO] [stderr]    = note: `eulogy` is an attribute that can be used by the derive macro `AsyncDrop`, you might be missing a `derive` attribute
[INFO] [stderr] 
[INFO] [stderr] error: cannot find attribute `eulogy` in this scope
[INFO] [stderr]   --> tests/ui/after_references_skipped_field.rs:13:7
[INFO] [stderr]    |
[INFO] [stderr] 13 |     #[eulogy(after = [child])]
[INFO] [stderr]    |       ^^^^^^
[INFO] [stderr]    |
[INFO] [stderr]    = note: `eulogy` is an attribute that can be used by the derive macro `AsyncDrop`, you might be missing a `derive` attribute
[INFO] [stderr] ┈┈┈┈┈┈┈┈┈┈┈┈┈┈┈┈┈┈┈┈┈┈┈┈┈┈┈┈┈┈┈┈┈┈┈┈┈┈┈┈┈┈┈┈┈┈┈┈┈┈┈┈┈┈┈┈┈┈┈┈
[INFO] [stderr] note: If the actual output is the correct output you can bless it by rerunning
[INFO] [stderr]       your test with the environment variable TRYBUILD=overwrite
[INFO] [stderr] 
[INFO] [stderr] test tests/ui/after_self_reference.rs ... mismatch
[INFO] [stderr] 
[INFO] [stderr] EXPECTED:
[INFO] [stderr] ┈┈┈┈┈┈┈┈┈┈┈┈┈┈┈┈┈┈┈┈┈┈┈┈┈┈┈┈┈┈┈┈┈┈┈┈┈┈┈┈┈┈┈┈┈┈┈┈┈┈┈┈┈┈┈┈┈┈┈┈
[INFO] [stderr] error: field `child` cannot list itself in #[eulogy(after = [...])]
[INFO] [stderr]   --> tests/ui/after_self_reference.rs:11:23
[INFO] [stderr]    |
[INFO] [stderr] 11 |     #[eulogy(after = [child])]
[INFO] [stderr]    |                       ^^^^^
[INFO] [stderr] ┈┈┈┈┈┈┈┈┈┈┈┈┈┈┈┈┈┈┈┈┈┈┈┈┈┈┈┈┈┈┈┈┈┈┈┈┈┈┈┈┈┈┈┈┈┈┈┈┈┈┈┈┈┈┈┈┈┈┈┈
[INFO] [stderr] 
[INFO] [stderr] ACTUAL OUTPUT:
[INFO] [stderr] ┈┈┈┈┈┈┈┈┈┈┈┈┈┈┈┈┈┈┈┈┈┈┈┈┈┈┈┈┈┈┈┈┈┈┈┈┈┈┈┈┈┈┈┈┈┈┈┈┈┈┈┈┈┈┈┈┈┈┈┈
[INFO] [stderr] error[E0432]: unresolved import `eulogy`
[INFO] [stderr]  --> tests/ui/after_self_reference.rs:1:5
[INFO] [stderr]   |
[INFO] [stderr] 1 | use eulogy::AsyncDrop;
[INFO] [stderr]   |     ^^^^^^ use of unresolved module or unlinked crate `eulogy`
[INFO] [stderr]   |
[INFO] [stderr]   = help: if you wanted to use a crate named `eulogy`, use `cargo add eulogy` to add it to your `Cargo.toml`
[INFO] [stderr] 
[INFO] [stderr] error: cannot find attribute `eulogy` in this scope
[INFO] [stderr]   --> tests/ui/after_self_reference.rs:11:7
[INFO] [stderr]    |
[INFO] [stderr] 11 |     #[eulogy(after = [child])]
[INFO] [stderr]    |       ^^^^^^
[INFO] [stderr]    |
[INFO] [stderr]    = note: `eulogy` is an attribute that can be used by the derive macro `AsyncDrop`, you might be missing a `derive` attribute
[INFO] [stderr] ┈┈┈┈┈┈┈┈┈┈┈┈┈┈┈┈┈┈┈┈┈┈┈┈┈┈┈┈┈┈┈┈┈┈┈┈┈┈┈┈┈┈┈┈┈┈┈┈┈┈┈┈┈┈┈┈┈┈┈┈
[INFO] [stderr] note: If the actual output is the correct output you can bless it by rerunning
[INFO] [stderr]       your test with the environment variable TRYBUILD=overwrite
[INFO] [stderr] 
[INFO] [stderr] test tests/ui/enum_after_cross_variant.rs ... mismatch
[INFO] [stderr] 
[INFO] [stderr] EXPECTED:
[INFO] [stderr] ┈┈┈┈┈┈┈┈┈┈┈┈┈┈┈┈┈┈┈┈┈┈┈┈┈┈┈┈┈┈┈┈┈┈┈┈┈┈┈┈┈┈┈┈┈┈┈┈┈┈┈┈┈┈┈┈┈┈┈┈
[INFO] [stderr] error: no field `a` in variant `Baz`
[INFO] [stderr]   --> tests/ui/enum_after_cross_variant.rs:13:27
[INFO] [stderr]    |
[INFO] [stderr] 13 |         #[eulogy(after = [a])]
[INFO] [stderr]    |                           ^
[INFO] [stderr] ┈┈┈┈┈┈┈┈┈┈┈┈┈┈┈┈┈┈┈┈┈┈┈┈┈┈┈┈┈┈┈┈┈┈┈┈┈┈┈┈┈┈┈┈┈┈┈┈┈┈┈┈┈┈┈┈┈┈┈┈
[INFO] [stderr] 
[INFO] [stderr] ACTUAL OUTPUT:
[INFO] [stderr] ┈┈┈┈┈┈┈┈┈┈┈┈┈┈┈┈┈┈┈┈┈┈┈┈┈┈┈┈┈┈┈┈┈┈┈┈┈┈┈┈┈┈┈┈┈┈┈┈┈┈┈┈┈┈┈┈┈┈┈┈
[INFO] [stderr] error[E0432]: unresolved import `eulogy`
[INFO] [stderr]  --> tests/ui/enum_after_cross_variant.rs:1:5
[INFO] [stderr]   |
[INFO] [stderr] 1 | use eulogy::AsyncDrop;
[INFO] [stderr]   |     ^^^^^^ use of unresolved module or unlinked crate `eulogy`
[INFO] [stderr]   |
[INFO] [stderr]   = help: if you wanted to use a crate named `eulogy`, use `cargo add eulogy` to add it to your `Cargo.toml`
[INFO] [stderr] 
[INFO] [stderr] error: cannot find attribute `eulogy` in this scope
[INFO] [stderr]   --> tests/ui/enum_after_cross_variant.rs:13:11
[INFO] [stderr]    |
[INFO] [stderr] 13 |         #[eulogy(after = [a])]
[INFO] [stderr]    |           ^^^^^^
[INFO] [stderr]    |
[INFO] [stderr] help: `eulogy` is an attribute that can be used by the derive macro `AsyncDrop`, you might be missing a `derive` attribute
[INFO] [stderr]    |
[INFO] [stderr] 10 + #[derive(AsyncDrop)]
[INFO] [stderr] 11 | enum Foo {
[INFO] [stderr]    |
[INFO] [stderr] ┈┈┈┈┈┈┈┈┈┈┈┈┈┈┈┈┈┈┈┈┈┈┈┈┈┈┈┈┈┈┈┈┈┈┈┈┈┈┈┈┈┈┈┈┈┈┈┈┈┈┈┈┈┈┈┈┈┈┈┈
[INFO] [stderr] note: If the actual output is the correct output you can bless it by rerunning
[INFO] [stderr]       your test with the environment variable TRYBUILD=overwrite
[INFO] [stderr] 
[INFO] [stderr] test tests/ui/skip_with_after.rs ... mismatch
[INFO] [stderr] 
[INFO] [stderr] EXPECTED:
[INFO] [stderr] ┈┈┈┈┈┈┈┈┈┈┈┈┈┈┈┈┈┈┈┈┈┈┈┈┈┈┈┈┈┈┈┈┈┈┈┈┈┈┈┈┈┈┈┈┈┈┈┈┈┈┈┈┈┈┈┈┈┈┈┈
[INFO] [stderr] error: `skip` cannot be combined with `after` — pick one
[INFO] [stderr]   --> tests/ui/skip_with_after.rs:12:14
[INFO] [stderr]    |
[INFO] [stderr] 12 |     #[eulogy(skip, after = [b])]
[INFO] [stderr]    |              ^^^^
[INFO] [stderr] ┈┈┈┈┈┈┈┈┈┈┈┈┈┈┈┈┈┈┈┈┈┈┈┈┈┈┈┈┈┈┈┈┈┈┈┈┈┈┈┈┈┈┈┈┈┈┈┈┈┈┈┈┈┈┈┈┈┈┈┈
[INFO] [stderr] 
[INFO] [stderr] ACTUAL OUTPUT:
[INFO] [stderr] ┈┈┈┈┈┈┈┈┈┈┈┈┈┈┈┈┈┈┈┈┈┈┈┈┈┈┈┈┈┈┈┈┈┈┈┈┈┈┈┈┈┈┈┈┈┈┈┈┈┈┈┈┈┈┈┈┈┈┈┈
[INFO] [stderr] error[E0432]: unresolved import `eulogy`
[INFO] [stderr]  --> tests/ui/skip_with_after.rs:1:5
[INFO] [stderr]   |
[INFO] [stderr] 1 | use eulogy::AsyncDrop;
[INFO] [stderr]   |     ^^^^^^ use of unresolved module or unlinked crate `eulogy`
[INFO] [stderr]   |
[INFO] [stderr]   = help: if you wanted to use a crate named `eulogy`, use `cargo add eulogy` to add it to your `Cargo.toml`
[INFO] [stderr] 
[INFO] [stderr] error: cannot find attribute `eulogy` in this scope
[INFO] [stderr]   --> tests/ui/skip_with_after.rs:12:7
[INFO] [stderr]    |
[INFO] [stderr] 12 |     #[eulogy(skip, after = [b])]
[INFO] [stderr]    |       ^^^^^^
[INFO] [stderr]    |
[INFO] [stderr]    = note: `eulogy` is an attribute that can be used by the derive macro `AsyncDrop`, you might be missing a `derive` attribute
[INFO] [stderr] ┈┈┈┈┈┈┈┈┈┈┈┈┈┈┈┈┈┈┈┈┈┈┈┈┈┈┈┈┈┈┈┈┈┈┈┈┈┈┈┈┈┈┈┈┈┈┈┈┈┈┈┈┈┈┈┈┈┈┈┈
[INFO] [stderr] note: If the actual output is the correct output you can bless it by rerunning
[INFO] [stderr]       your test with the environment variable TRYBUILD=overwrite
[INFO] [stderr] 
[INFO] [stderr] test tests/ui/union_rejected.rs ... mismatch
[INFO] [stderr] 
[INFO] [stderr] EXPECTED:
[INFO] [stderr] ┈┈┈┈┈┈┈┈┈┈┈┈┈┈┈┈┈┈┈┈┈┈┈┈┈┈┈┈┈┈┈┈┈┈┈┈┈┈┈┈┈┈┈┈┈┈┈┈┈┈┈┈┈┈┈┈┈┈┈┈
[INFO] [stderr] error: #[derive(AsyncDrop)] does not support unions — there is no safe way to know which field is active, so the derive cannot know what to drop
[INFO] [stderr]  --> tests/ui/union_rejected.rs:4:7
[INFO] [stderr]   |
[INFO] [stderr] 4 | union Foo {
[INFO] [stderr]   |       ^^^
[INFO] [stderr] ┈┈┈┈┈┈┈┈┈┈┈┈┈┈┈┈┈┈┈┈┈┈┈┈┈┈┈┈┈┈┈┈┈┈┈┈┈┈┈┈┈┈┈┈┈┈┈┈┈┈┈┈┈┈┈┈┈┈┈┈
[INFO] [stderr] 
[INFO] [stderr] ACTUAL OUTPUT:
[INFO] [stderr] ┈┈┈┈┈┈┈┈┈┈┈┈┈┈┈┈┈┈┈┈┈┈┈┈┈┈┈┈┈┈┈┈┈┈┈┈┈┈┈┈┈┈┈┈┈┈┈┈┈┈┈┈┈┈┈┈┈┈┈┈
[INFO] [stderr] error[E0432]: unresolved import `eulogy`
[INFO] [stderr]  --> tests/ui/union_rejected.rs:1:5
[INFO] [stderr]   |
[INFO] [stderr] 1 | use eulogy::AsyncDrop;
[INFO] [stderr]   |     ^^^^^^ use of unresolved module or unlinked crate `eulogy`
[INFO] [stderr]   |
[INFO] [stderr]   = help: if you wanted to use a crate named `eulogy`, use `cargo add eulogy` to add it to your `Cargo.toml`
[INFO] [stderr] ┈┈┈┈┈┈┈┈┈┈┈┈┈┈┈┈┈┈┈┈┈┈┈┈┈┈┈┈┈┈┈┈┈┈┈┈┈┈┈┈┈┈┈┈┈┈┈┈┈┈┈┈┈┈┈┈┈┈┈┈
[INFO] [stderr] note: If the actual output is the correct output you can bless it by rerunning
[INFO] [stderr]       your test with the environment variable TRYBUILD=overwrite
[INFO] [stderr] 
[INFO] [stderr] test tests/ui/unknown_after_field.rs ... mismatch
[INFO] [stderr] 
[INFO] [stderr] EXPECTED:
[INFO] [stderr] ┈┈┈┈┈┈┈┈┈┈┈┈┈┈┈┈┈┈┈┈┈┈┈┈┈┈┈┈┈┈┈┈┈┈┈┈┈┈┈┈┈┈┈┈┈┈┈┈┈┈┈┈┈┈┈┈┈┈┈┈
[INFO] [stderr] error: no field `chld` in this struct
[INFO] [stderr]   --> tests/ui/unknown_after_field.rs:12:23
[INFO] [stderr]    |
[INFO] [stderr] 12 |     #[eulogy(after = [chld])]
[INFO] [stderr]    |                       ^^^^
[INFO] [stderr] ┈┈┈┈┈┈┈┈┈┈┈┈┈┈┈┈┈┈┈┈┈┈┈┈┈┈┈┈┈┈┈┈┈┈┈┈┈┈┈┈┈┈┈┈┈┈┈┈┈┈┈┈┈┈┈┈┈┈┈┈
[INFO] [stderr] 
[INFO] [stderr] ACTUAL OUTPUT:
[INFO] [stderr] ┈┈┈┈┈┈┈┈┈┈┈┈┈┈┈┈┈┈┈┈┈┈┈┈┈┈┈┈┈┈┈┈┈┈┈┈┈┈┈┈┈┈┈┈┈┈┈┈┈┈┈┈┈┈┈┈┈┈┈┈
[INFO] [stderr] error[E0432]: unresolved import `eulogy`
[INFO] [stderr]  --> tests/ui/unknown_after_field.rs:1:5
[INFO] [stderr]   |
[INFO] [stderr] 1 | use eulogy::AsyncDrop;
[INFO] [stderr]   |     ^^^^^^ use of unresolved module or unlinked crate `eulogy`
[INFO] [stderr]   |
[INFO] [stderr]   = help: if you wanted to use a crate named `eulogy`, use `cargo add eulogy` to add it to your `Cargo.toml`
[INFO] [stderr] 
[INFO] [stderr] error: cannot find attribute `eulogy` in this scope
[INFO] [stderr]   --> tests/ui/unknown_after_field.rs:12:7
[INFO] [stderr]    |
[INFO] [stderr] 12 |     #[eulogy(after = [chld])]
[INFO] [stderr]    |       ^^^^^^
[INFO] [stderr]    |
[INFO] [stderr]    = note: `eulogy` is an attribute that can be used by the derive macro `AsyncDrop`, you might be missing a `derive` attribute
[INFO] [stderr] ┈┈┈┈┈┈┈┈┈┈┈┈┈┈┈┈┈┈┈┈┈┈┈┈┈┈┈┈┈┈┈┈┈┈┈┈┈┈┈┈┈┈┈┈┈┈┈┈┈┈┈┈┈┈┈┈┈┈┈┈
[INFO] [stderr] note: If the actual output is the correct output you can bless it by rerunning
[INFO] [stderr]       your test with the environment variable TRYBUILD=overwrite
[INFO] [stderr] 
[INFO] [stderr] test tests/ui/unknown_eulogy_key.rs ... mismatch
[INFO] [stderr] 
[INFO] [stderr] EXPECTED:
[INFO] [stderr] ┈┈┈┈┈┈┈┈┈┈┈┈┈┈┈┈┈┈┈┈┈┈┈┈┈┈┈┈┈┈┈┈┈┈┈┈┈┈┈┈┈┈┈┈┈┈┈┈┈┈┈┈┈┈┈┈┈┈┈┈
[INFO] [stderr] error: unknown #[eulogy(...)] key — expected `after` or `skip`
[INFO] [stderr]   --> tests/ui/unknown_eulogy_key.rs:11:14
[INFO] [stderr]    |
[INFO] [stderr] 11 |     #[eulogy(bogus = true)]
[INFO] [stderr]    |              ^^^^^
[INFO] [stderr] ┈┈┈┈┈┈┈┈┈┈┈┈┈┈┈┈┈┈┈┈┈┈┈┈┈┈┈┈┈┈┈┈┈┈┈┈┈┈┈┈┈┈┈┈┈┈┈┈┈┈┈┈┈┈┈┈┈┈┈┈
[INFO] [stderr] 
[INFO] [stderr] ACTUAL OUTPUT:
[INFO] [stderr] ┈┈┈┈┈┈┈┈┈┈┈┈┈┈┈┈┈┈┈┈┈┈┈┈┈┈┈┈┈┈┈┈┈┈┈┈┈┈┈┈┈┈┈┈┈┈┈┈┈┈┈┈┈┈┈┈┈┈┈┈
[INFO] [stderr] error[E0432]: unresolved import `eulogy`
[INFO] [stderr]  --> tests/ui/unknown_eulogy_key.rs:1:5
[INFO] [stderr]   |
[INFO] [stderr] 1 | use eulogy::AsyncDrop;
[INFO] [stderr]   |     ^^^^^^ use of unresolved module or unlinked crate `eulogy`
[INFO] [stderr]   |
[INFO] [stderr]   = help: if you wanted to use a crate named `eulogy`, use `cargo add eulogy` to add it to your `Cargo.toml`
[INFO] [stderr] 
[INFO] [stderr] error: cannot find attribute `eulogy` in this scope
[INFO] [stderr]   --> tests/ui/unknown_eulogy_key.rs:11:7
[INFO] [stderr]    |
[INFO] [stderr] 11 |     #[eulogy(bogus = true)]
[INFO] [stderr]    |       ^^^^^^
[INFO] [stderr]    |
[INFO] [stderr]    = note: `eulogy` is an attribute that can be used by the derive macro `AsyncDrop`, you might be missing a `derive` attribute
[INFO] [stderr] ┈┈┈┈┈┈┈┈┈┈┈┈┈┈┈┈┈┈┈┈┈┈┈┈┈┈┈┈┈┈┈┈┈┈┈┈┈┈┈┈┈┈┈┈┈┈┈┈┈┈┈┈┈┈┈┈┈┈┈┈
[INFO] [stderr] note: If the actual output is the correct output you can bless it by rerunning
[INFO] [stderr]       your test with the environment variable TRYBUILD=overwrite
[INFO] [stderr] 
[INFO] [stderr] 
[INFO] [stderr] 
[INFO] [stderr] error: test failed, to rerun pass `--test ui`
[INFO] running `Command { std: "docker" "inspect" "30c8510e5647b0977990174a9132bfece6f95a040c41a64bfa66090d3bda41e6", kill_on_drop: false }`
[INFO] running `Command { std: "docker" "rm" "-f" "30c8510e5647b0977990174a9132bfece6f95a040c41a64bfa66090d3bda41e6", kill_on_drop: false }`
[INFO] [stdout] 30c8510e5647b0977990174a9132bfece6f95a040c41a64bfa66090d3bda41e6
