[INFO] fetching crate etospheres-labs-rusty_secrets 0.2.3-pre...
[INFO] testing etospheres-labs-rusty_secrets-0.2.3-pre against 1.99.0-beta.8+cargoflags=--release for beta-release-1.100-2
[INFO] extracting crate etospheres-labs-rusty_secrets 0.2.3-pre into /workspace/builds/worker-2-tc1/source
[INFO] started tweaking crates.io crate etospheres-labs-rusty_secrets 0.2.3-pre
[INFO] removed 0 missing tests
[INFO] finished tweaking crates.io crate etospheres-labs-rusty_secrets 0.2.3-pre
[INFO] tweaked toml for crates.io crate etospheres-labs-rusty_secrets 0.2.3-pre written to /workspace/builds/worker-2-tc1/source/Cargo.toml
[INFO] validating manifest of crates.io crate etospheres-labs-rusty_secrets 0.2.3-pre on toolchain 1.99.0-beta.8
[INFO] running `Command { std: CARGO_HOME="/workspace/cargo-home" RUSTUP_HOME="/workspace/rustup-home" "/workspace/cargo-home/bin/cargo" "+1.99.0-beta.8" "metadata" "--manifest-path" "Cargo.toml" "--no-deps", kill_on_drop: false }`
[INFO] crate crates.io crate etospheres-labs-rusty_secrets 0.2.3-pre already has a lockfile, it will not be regenerated
[INFO] running `Command { std: CARGO_HOME="/workspace/cargo-home" RUSTUP_HOME="/workspace/rustup-home" "/workspace/cargo-home/bin/cargo" "+1.99.0-beta.8" "fetch" "--manifest-path" "Cargo.toml", kill_on_drop: false }`
[INFO] [stderr]     Updating crates.io index
[INFO] [stderr]  Downloading crates ...
[INFO] [stderr]   Downloaded quote v1.0.39
[INFO] [stderr]   Downloaded etospheres-labs-lamport_sigs v0.7.1-pre
[INFO] [stderr]   Downloaded etospheres-labs-merkle_sigs v1.7.1-pre
[INFO] [stderr]   Downloaded etospheres-labs-merkle v1.11.1-pre
[INFO] [stderr]   Downloaded anyhow v1.0.97
[INFO] [stderr]   Downloaded cc v1.0.104
[INFO] [stderr]   Downloaded zerocopy-derive v0.8.23
[INFO] [stderr]   Downloaded prettyplease v0.2.30
[INFO] [stderr]   Downloaded zerocopy v0.8.23
[INFO] running `Command { std: "docker" "create" "-v" "/var/lib/crater-agent-workspace/builds/worker-2-tc1/source:/opt/rustwide/workdir:ro,Z" "-v" "/var/lib/crater-agent-workspace/builds/worker-2-tc1/target:/opt/rustwide/target:rw,Z" "-v" "/var/lib/crater-agent-workspace/cargo-home:/opt/rustwide/cargo-home:ro,Z" "-v" "/var/lib/crater-agent-workspace/rustup-home:/opt/rustwide/rustup-home:ro,Z" "-m" "1610612736" "--network" "none" "ghcr.io/rust-lang/crates-build-env/linux@sha256:77db811e55d90add9212f6832c23229e3de5f1c1f9905e8cb07319ea15df73ac" "sleep" "infinity", kill_on_drop: false }`
[INFO] [stdout] 07f739f731ea1ae7b9ff999070cb93f06c24665bd0c91acd7332a12296d868b5
[INFO] running `Command { std: "docker" "start" "07f739f731ea1ae7b9ff999070cb93f06c24665bd0c91acd7332a12296d868b5", kill_on_drop: false }`
[INFO] running `Command { std: "docker" "inspect" "07f739f731ea1ae7b9ff999070cb93f06c24665bd0c91acd7332a12296d868b5", kill_on_drop: false }`
[INFO] running `Command { std: "docker" "exec" "-e" "SOURCE_DIR=/opt/rustwide/workdir" "-e" "CARGO_HOME=/opt/rustwide/cargo-home" "-e" "RUSTUP_HOME=/opt/rustwide/rustup-home" "-e" "CARGO_TARGET_DIR=/opt/rustwide/target" "-w" "/opt/rustwide/workdir" "--user" "0:0" "07f739f731ea1ae7b9ff999070cb93f06c24665bd0c91acd7332a12296d868b5" "/opt/rustwide/cargo-home/bin/cargo" "+1.99.0-beta.8" "metadata" "--no-deps" "--format-version=1", kill_on_drop: false }`
[INFO] running `Command { std: "docker" "inspect" "07f739f731ea1ae7b9ff999070cb93f06c24665bd0c91acd7332a12296d868b5", kill_on_drop: false }`
[INFO] running `Command { std: "docker" "exec" "-e" "SOURCE_DIR=/opt/rustwide/workdir" "-e" "CARGO_HOME=/opt/rustwide/cargo-home" "-e" "RUSTUP_HOME=/opt/rustwide/rustup-home" "-e" "CARGO_TARGET_DIR=/opt/rustwide/target" "-e" "CARGO_INCREMENTAL=0" "-e" "RUST_BACKTRACE=full" "-e" "RUSTFLAGS=--cap-lints=warn" "-e" "RUSTDOCFLAGS=--cap-lints=warn" "-w" "/opt/rustwide/workdir" "--user" "0:0" "07f739f731ea1ae7b9ff999070cb93f06c24665bd0c91acd7332a12296d868b5" "/opt/rustwide/cargo-home/bin/cargo" "+1.99.0-beta.8" "build" "--frozen" "--message-format=json" "--release", kill_on_drop: false }`
[INFO] [stderr]    Compiling proc-macro2 v1.0.94
[INFO] [stderr]    Compiling unicode-ident v1.0.18
[INFO] [stderr]    Compiling anyhow v1.0.97
[INFO] [stderr]    Compiling either v1.13.0
[INFO] [stderr]    Compiling libc v0.2.155
[INFO] [stderr]    Compiling rustix v0.38.34
[INFO] [stderr]    Compiling linux-raw-sys v0.4.14
[INFO] [stderr]    Compiling bitflags v2.6.0
[INFO] [stderr]    Compiling hashbrown v0.15.2
[INFO] [stderr]    Compiling regex-syntax v0.8.4
[INFO] [stderr]    Compiling prettyplease v0.2.30
[INFO] [stderr]    Compiling bytes v1.10.1
[INFO] [stderr]    Compiling cfg-if v1.0.0
[INFO] [stderr]    Compiling equivalent v1.0.2
[INFO] [stderr]    Compiling fastrand v2.1.0
[INFO] [stderr]    Compiling cc v1.0.104
[INFO] [stderr]    Compiling fixedbitset v0.5.7
[INFO] [stderr]    Compiling once_cell v1.19.0
[INFO] [stderr]    Compiling multimap v0.10.0
[INFO] [stderr]    Compiling itertools v0.14.0
[INFO] [stderr]    Compiling log v0.4.22
[INFO] [stderr]    Compiling getrandom v0.3.2
[INFO] [stderr]    Compiling untrusted v0.9.0
[INFO] [stderr]    Compiling spin v0.9.8
[INFO] [stderr]    Compiling version_check v0.9.4
[INFO] [stderr]    Compiling zerocopy v0.8.23
[INFO] [stderr]    Compiling ppv-lite86 v0.2.17
[INFO] [stderr]    Compiling base64 v0.22.1
[INFO] [stderr]    Compiling error-chain v0.12.4
[INFO] [stderr]    Compiling ring v0.17.8
[INFO] [stderr]    Compiling indexmap v2.8.0
[INFO] [stderr]    Compiling quote v1.0.39
[INFO] [stderr]    Compiling getrandom v0.2.15
[INFO] [stderr]    Compiling syn v2.0.100
[INFO] [stderr]    Compiling rand_core v0.9.3
[INFO] [stderr]    Compiling rand_chacha v0.9.0
[INFO] [stderr]    Compiling petgraph v0.7.1
[INFO] [stderr]    Compiling rand v0.9.0
[INFO] [stderr]    Compiling regex-automata v0.4.7
[INFO] [stderr]    Compiling tempfile v3.10.1
[INFO] [stderr]    Compiling regex v1.10.5
[INFO] [stderr]    Compiling prost-derive v0.13.5
[INFO] [stderr]    Compiling prost v0.13.5
[INFO] [stderr]    Compiling prost-types v0.13.5
[INFO] [stderr]    Compiling prost-build v0.13.5
[INFO] [stderr]    Compiling etospheres-labs-merkle v1.11.1-pre
[INFO] [stderr]    Compiling etospheres-labs-rusty_secrets v0.2.3-pre (/opt/rustwide/workdir)
[INFO] [stderr]    Compiling etospheres-labs-lamport_sigs v0.7.1-pre
[INFO] [stderr]    Compiling etospheres-labs-merkle_sigs v1.7.1-pre
[INFO] [stdout] warning: trailing semicolon in macro used in expression position
[INFO] [stdout]   --> src/share/validation.rs:45:13
[INFO] [stdout]    |
[INFO] [stdout] 45 |             bail!(ErrorKind::ShareParsingInvalidShareId(id))
[INFO] [stdout]    |             ^^^^^^^^^^^^^^^^^^^^^^^^^^^^^^^^^^^^^^^^^^^^^^^^
[INFO] [stdout]    |
[INFO] [stdout]    = note: macro invocations at the end of a block are treated as expressions
[INFO] [stdout]    = note: to ignore the value produced by the macro, add a semicolon after the invocation of `bail`
[INFO] [stdout]    = warning: this was previously accepted by the compiler but is being phased out; it will become a hard error in a future release!
[INFO] [stdout]    = note: for more information, see issue #79813 <https://github.com/rust-lang/rust/issues/79813>
[INFO] [stdout]    = note: `#[warn(semicolon_in_expressions_from_non_local_macros)]` (part of `#[warn(future_incompatible)]`) on by default
[INFO] [stdout]    = note: this warning originates in the macro `bail` (in Nightly builds, run with -Z macro-backtrace for more info)
[INFO] [stdout] 
[INFO] [stdout] 
[INFO] [stdout] warning: trailing semicolon in macro used in expression position
[INFO] [stdout]   --> src/share/validation.rs:47:13
[INFO] [stdout]    |
[INFO] [stdout] 47 |             bail!(ErrorKind::ShareParsingInvalidShareThreshold(threshold, id))
[INFO] [stdout]    |             ^^^^^^^^^^^^^^^^^^^^^^^^^^^^^^^^^^^^^^^^^^^^^^^^^^^^^^^^^^^^^^^^^^
[INFO] [stdout]    |
[INFO] [stdout]    = note: macro invocations at the end of a block are treated as expressions
[INFO] [stdout]    = note: to ignore the value produced by the macro, add a semicolon after the invocation of `bail`
[INFO] [stdout]    = warning: this was previously accepted by the compiler but is being phased out; it will become a hard error in a future release!
[INFO] [stdout]    = note: for more information, see issue #79813 <https://github.com/rust-lang/rust/issues/79813>
[INFO] [stdout]    = note: this warning originates in the macro `bail` (in Nightly builds, run with -Z macro-backtrace for more info)
[INFO] [stdout] 
[INFO] [stdout] 
[INFO] [stdout] warning: trailing semicolon in macro used in expression position
[INFO] [stdout]   --> src/share/validation.rs:49:13
[INFO] [stdout]    |
[INFO] [stdout] 49 |             bail!(ErrorKind::ShareParsingErrorEmptyShare(id))
[INFO] [stdout]    |             ^^^^^^^^^^^^^^^^^^^^^^^^^^^^^^^^^^^^^^^^^^^^^^^^^
[INFO] [stdout]    |
[INFO] [stdout]    = note: macro invocations at the end of a block are treated as expressions
[INFO] [stdout]    = note: to ignore the value produced by the macro, add a semicolon after the invocation of `bail`
[INFO] [stdout]    = warning: this was previously accepted by the compiler but is being phased out; it will become a hard error in a future release!
[INFO] [stdout]    = note: for more information, see issue #79813 <https://github.com/rust-lang/rust/issues/79813>
[INFO] [stdout]    = note: this warning originates in the macro `bail` (in Nightly builds, run with -Z macro-backtrace for more info)
[INFO] [stdout] 
[INFO] [stdout] 
[INFO] [stdout] warning: trailing semicolon in macro used in expression position
[INFO] [stdout]   --> src/share/validation.rs:59:13
[INFO] [stdout]    |
[INFO] [stdout] 59 | /             bail!(ErrorKind::InconsistentThresholds(
[INFO] [stdout] 60 | |                 id, threshold_, ids, threshold
[INFO] [stdout] 61 | |             ))
[INFO] [stdout]    | |______________^
[INFO] [stdout]    |
[INFO] [stdout]    = note: macro invocations at the end of a block are treated as expressions
[INFO] [stdout]    = note: to ignore the value produced by the macro, add a semicolon after the invocation of `bail`
[INFO] [stdout]    = warning: this was previously accepted by the compiler but is being phased out; it will become a hard error in a future release!
[INFO] [stdout]    = note: for more information, see issue #79813 <https://github.com/rust-lang/rust/issues/79813>
[INFO] [stdout]    = note: this warning originates in the macro `bail` (in Nightly builds, run with -Z macro-backtrace for more info)
[INFO] [stdout] 
[INFO] [stdout] 
[INFO] [stdout] warning: trailing semicolon in macro used in expression position
[INFO] [stdout]   --> src/share/validation.rs:67:13
[INFO] [stdout]    |
[INFO] [stdout] 67 |             bail!(ErrorKind::InconsistentSecretLengths(id, slen_, ids, slen))
[INFO] [stdout]    |             ^^^^^^^^^^^^^^^^^^^^^^^^^^^^^^^^^^^^^^^^^^^^^^^^^^^^^^^^^^^^^^^^^
[INFO] [stdout]    |
[INFO] [stdout]    = note: macro invocations at the end of a block are treated as expressions
[INFO] [stdout]    = note: to ignore the value produced by the macro, add a semicolon after the invocation of `bail`
[INFO] [stdout]    = warning: this was previously accepted by the compiler but is being phased out; it will become a hard error in a future release!
[INFO] [stdout]    = note: for more information, see issue #79813 <https://github.com/rust-lang/rust/issues/79813>
[INFO] [stdout]    = note: this warning originates in the macro `bail` (in Nightly builds, run with -Z macro-backtrace for more info)
[INFO] [stdout] 
[INFO] [stdout] 
[INFO] [stdout] warning: trailing semicolon in macro used in expression position
[INFO] [stdout]   --> src/share/validation.rs:76:9
[INFO] [stdout]    |
[INFO] [stdout] 76 |         bail!(ErrorKind::MissingShares(shares_count, threshold))
[INFO] [stdout]    |         ^^^^^^^^^^^^^^^^^^^^^^^^^^^^^^^^^^^^^^^^^^^^^^^^^^^^^^^^
[INFO] [stdout]    |
[INFO] [stdout]    = note: macro invocations at the end of a block are treated as expressions
[INFO] [stdout]    = note: to ignore the value produced by the macro, add a semicolon after the invocation of `bail`
[INFO] [stdout]    = warning: this was previously accepted by the compiler but is being phased out; it will become a hard error in a future release!
[INFO] [stdout]    = note: for more information, see issue #79813 <https://github.com/rust-lang/rust/issues/79813>
[INFO] [stdout]    = note: this warning originates in the macro `bail` (in Nightly builds, run with -Z macro-backtrace for more info)
[INFO] [stdout] 
[INFO] [stdout] 
[INFO] [stdout] warning: trailing semicolon in macro used in expression position
[INFO] [stdout]    --> src/sss/share.rs:120:18
[INFO] [stdout]     |
[INFO] [stdout] 120 |             0 => bail!(ErrorKind::EmptyShares),
[INFO] [stdout]     |                  ^^^^^^^^^^^^^^^^^^^^^^^^^^^^^
[INFO] [stdout]     |
[INFO] [stdout]     = warning: this was previously accepted by the compiler but is being phased out; it will become a hard error in a future release!
[INFO] [stdout]     = note: for more information, see issue #79813 <https://github.com/rust-lang/rust/issues/79813>
[INFO] [stdout]     = note: this warning originates in the macro `bail` (in Nightly builds, run with -Z macro-backtrace for more info)
[INFO] [stdout] 
[INFO] [stdout] 
[INFO] [stdout] warning: trailing semicolon in macro used in expression position
[INFO] [stdout]   --> src/sss/format.rs:59:9
[INFO] [stdout]    |
[INFO] [stdout] 59 |         bail!(ErrorKind::ShareParsingInvalidShareId(i))
[INFO] [stdout]    |         ^^^^^^^^^^^^^^^^^^^^^^^^^^^^^^^^^^^^^^^^^^^^^^^
[INFO] [stdout]    |
[INFO] [stdout]    = note: macro invocations at the end of a block are treated as expressions
[INFO] [stdout]    = note: to ignore the value produced by the macro, add a semicolon after the invocation of `bail`
[INFO] [stdout]    = warning: this was previously accepted by the compiler but is being phased out; it will become a hard error in a future release!
[INFO] [stdout]    = note: for more information, see issue #79813 <https://github.com/rust-lang/rust/issues/79813>
[INFO] [stdout]    = note: this warning originates in the macro `bail` (in Nightly builds, run with -Z macro-backtrace for more info)
[INFO] [stdout] 
[INFO] [stdout] 
[INFO] [stdout] warning: trailing semicolon in macro used in expression position
[INFO] [stdout]   --> src/sss/format.rs:61:9
[INFO] [stdout]    |
[INFO] [stdout] 61 |         bail!(ErrorKind::ShareParsingInvalidShareThreshold(k, i))
[INFO] [stdout]    |         ^^^^^^^^^^^^^^^^^^^^^^^^^^^^^^^^^^^^^^^^^^^^^^^^^^^^^^^^^
[INFO] [stdout]    |
[INFO] [stdout]    = note: macro invocations at the end of a block are treated as expressions
[INFO] [stdout]    = note: to ignore the value produced by the macro, add a semicolon after the invocation of `bail`
[INFO] [stdout]    = warning: this was previously accepted by the compiler but is being phased out; it will become a hard error in a future release!
[INFO] [stdout]    = note: for more information, see issue #79813 <https://github.com/rust-lang/rust/issues/79813>
[INFO] [stdout]    = note: this warning originates in the macro `bail` (in Nightly builds, run with -Z macro-backtrace for more info)
[INFO] [stdout] 
[INFO] [stdout] 
[INFO] [stdout] warning: trailing semicolon in macro used in expression position
[INFO] [stdout]   --> src/sss/format.rs:63:9
[INFO] [stdout]    |
[INFO] [stdout] 63 |         bail!(ErrorKind::ShareParsingErrorEmptyShare(i))
[INFO] [stdout]    |         ^^^^^^^^^^^^^^^^^^^^^^^^^^^^^^^^^^^^^^^^^^^^^^^^
[INFO] [stdout]    |
[INFO] [stdout]    = note: macro invocations at the end of a block are treated as expressions
[INFO] [stdout]    = note: to ignore the value produced by the macro, add a semicolon after the invocation of `bail`
[INFO] [stdout]    = warning: this was previously accepted by the compiler but is being phased out; it will become a hard error in a future release!
[INFO] [stdout]    = note: for more information, see issue #79813 <https://github.com/rust-lang/rust/issues/79813>
[INFO] [stdout]    = note: this warning originates in the macro `bail` (in Nightly builds, run with -Z macro-backtrace for more info)
[INFO] [stdout] 
[INFO] [stdout] 
[INFO] [stderr]     Finished `release` profile [optimized] target(s) in 30.43s
[INFO] running `Command { std: "docker" "inspect" "07f739f731ea1ae7b9ff999070cb93f06c24665bd0c91acd7332a12296d868b5", kill_on_drop: false }`
[INFO] running `Command { std: "docker" "exec" "-e" "SOURCE_DIR=/opt/rustwide/workdir" "-e" "CARGO_HOME=/opt/rustwide/cargo-home" "-e" "RUSTUP_HOME=/opt/rustwide/rustup-home" "-e" "CARGO_TARGET_DIR=/opt/rustwide/target" "-e" "CARGO_INCREMENTAL=0" "-e" "RUST_BACKTRACE=full" "-e" "RUSTFLAGS=--cap-lints=warn" "-e" "RUSTDOCFLAGS=--cap-lints=warn" "-w" "/opt/rustwide/workdir" "--user" "0:0" "07f739f731ea1ae7b9ff999070cb93f06c24665bd0c91acd7332a12296d868b5" "/opt/rustwide/cargo-home/bin/cargo" "+1.99.0-beta.8" "test" "--frozen" "--no-run" "--message-format=json" "--release", kill_on_drop: false }`
[INFO] [stderr]    Compiling memchr v2.7.4
[INFO] [stderr]    Compiling regex-syntax v0.8.4
[INFO] [stderr]    Compiling rand_core v0.6.4
[INFO] [stderr]    Compiling adler v1.0.2
[INFO] [stderr]    Compiling log v0.4.22
[INFO] [stderr]    Compiling crc32fast v1.4.2
[INFO] [stderr]    Compiling either v1.13.0
[INFO] [stdout] warning: trailing semicolon in macro used in expression position
[INFO] [stdout]   --> src/share/validation.rs:45:13
[INFO] [stdout]    |
[INFO] [stdout] 45 |             bail!(ErrorKind::ShareParsingInvalidShareId(id))
[INFO] [stdout]    |             ^^^^^^^^^^^^^^^^^^^^^^^^^^^^^^^^^^^^^^^^^^^^^^^^
[INFO] [stdout]    |
[INFO] [stdout]    = note: macro invocations at the end of a block are treated as expressions
[INFO] [stdout]    = note: to ignore the value produced by the macro, add a semicolon after the invocation of `bail`
[INFO] [stdout]    = warning: this was previously accepted by the compiler but is being phased out; it will become a hard error in a future release!
[INFO] [stdout]    = note: for more information, see issue #79813 <https://github.com/rust-lang/rust/issues/79813>
[INFO] [stdout]    = note: `#[warn(semicolon_in_expressions_from_non_local_macros)]` (part of `#[warn(future_incompatible)]`) on by default
[INFO] [stdout]    = note: this warning originates in the macro `bail` (in Nightly builds, run with -Z macro-backtrace for more info)
[INFO] [stdout] 
[INFO] [stdout] 
[INFO] [stdout] warning: trailing semicolon in macro used in expression position
[INFO] [stdout]   --> src/share/validation.rs:47:13
[INFO] [stdout]    |
[INFO] [stdout] 47 |             bail!(ErrorKind::ShareParsingInvalidShareThreshold(threshold, id))
[INFO] [stdout]    |             ^^^^^^^^^^^^^^^^^^^^^^^^^^^^^^^^^^^^^^^^^^^^^^^^^^^^^^^^^^^^^^^^^^
[INFO] [stdout]    |
[INFO] [stdout]    = note: macro invocations at the end of a block are treated as expressions
[INFO] [stdout]    = note: to ignore the value produced by the macro, add a semicolon after the invocation of `bail`
[INFO] [stdout]    = warning: this was previously accepted by the compiler but is being phased out; it will become a hard error in a future release!
[INFO] [stdout]    = note: for more information, see issue #79813 <https://github.com/rust-lang/rust/issues/79813>
[INFO] [stdout]    = note: this warning originates in the macro `bail` (in Nightly builds, run with -Z macro-backtrace for more info)
[INFO] [stdout] 
[INFO] [stdout] 
[INFO] [stdout] warning: trailing semicolon in macro used in expression position
[INFO] [stdout]   --> src/share/validation.rs:49:13
[INFO] [stdout]    |
[INFO] [stdout] 49 |             bail!(ErrorKind::ShareParsingErrorEmptyShare(id))
[INFO] [stdout]    |             ^^^^^^^^^^^^^^^^^^^^^^^^^^^^^^^^^^^^^^^^^^^^^^^^^
[INFO] [stdout]    |
[INFO] [stdout]    = note: macro invocations at the end of a block are treated as expressions
[INFO] [stdout]    = note: to ignore the value produced by the macro, add a semicolon after the invocation of `bail`
[INFO] [stdout]    = warning: this was previously accepted by the compiler but is being phased out; it will become a hard error in a future release!
[INFO] [stdout]    = note: for more information, see issue #79813 <https://github.com/rust-lang/rust/issues/79813>
[INFO] [stdout]    = note: this warning originates in the macro `bail` (in Nightly builds, run with -Z macro-backtrace for more info)
[INFO] [stdout] 
[INFO] [stdout] 
[INFO] [stdout] warning: trailing semicolon in macro used in expression position
[INFO] [stdout]   --> src/share/validation.rs:59:13
[INFO] [stdout]    |
[INFO] [stdout] 59 | /             bail!(ErrorKind::InconsistentThresholds(
[INFO] [stdout] 60 | |                 id, threshold_, ids, threshold
[INFO] [stdout] 61 | |             ))
[INFO] [stdout]    | |______________^
[INFO] [stdout]    |
[INFO] [stdout]    = note: macro invocations at the end of a block are treated as expressions
[INFO] [stdout]    = note: to ignore the value produced by the macro, add a semicolon after the invocation of `bail`
[INFO] [stdout]    = warning: this was previously accepted by the compiler but is being phased out; it will become a hard error in a future release!
[INFO] [stdout]    = note: for more information, see issue #79813 <https://github.com/rust-lang/rust/issues/79813>
[INFO] [stdout]    = note: this warning originates in the macro `bail` (in Nightly builds, run with -Z macro-backtrace for more info)
[INFO] [stdout] 
[INFO] [stdout] 
[INFO] [stdout] warning: trailing semicolon in macro used in expression position
[INFO] [stdout]   --> src/share/validation.rs:67:13
[INFO] [stdout]    |
[INFO] [stdout] 67 |             bail!(ErrorKind::InconsistentSecretLengths(id, slen_, ids, slen))
[INFO] [stdout]    |             ^^^^^^^^^^^^^^^^^^^^^^^^^^^^^^^^^^^^^^^^^^^^^^^^^^^^^^^^^^^^^^^^^
[INFO] [stdout]    |
[INFO] [stdout]    = note: macro invocations at the end of a block are treated as expressions
[INFO] [stdout]    = note: to ignore the value produced by the macro, add a semicolon after the invocation of `bail`
[INFO] [stdout]    = warning: this was previously accepted by the compiler but is being phased out; it will become a hard error in a future release!
[INFO] [stdout]    = note: for more information, see issue #79813 <https://github.com/rust-lang/rust/issues/79813>
[INFO] [stdout]    = note: this warning originates in the macro `bail` (in Nightly builds, run with -Z macro-backtrace for more info)
[INFO] [stdout] 
[INFO] [stdout] 
[INFO] [stdout] warning: trailing semicolon in macro used in expression position
[INFO] [stdout]   --> src/share/validation.rs:76:9
[INFO] [stdout]    |
[INFO] [stdout] 76 |         bail!(ErrorKind::MissingShares(shares_count, threshold))
[INFO] [stdout]    |         ^^^^^^^^^^^^^^^^^^^^^^^^^^^^^^^^^^^^^^^^^^^^^^^^^^^^^^^^
[INFO] [stdout]    |
[INFO] [stdout]    = note: macro invocations at the end of a block are treated as expressions
[INFO] [stdout]    = note: to ignore the value produced by the macro, add a semicolon after the invocation of `bail`
[INFO] [stdout]    = warning: this was previously accepted by the compiler but is being phased out; it will become a hard error in a future release!
[INFO] [stdout]    = note: for more information, see issue #79813 <https://github.com/rust-lang/rust/issues/79813>
[INFO] [stdout]    = note: this warning originates in the macro `bail` (in Nightly builds, run with -Z macro-backtrace for more info)
[INFO] [stdout] 
[INFO] [stdout] 
[INFO] [stdout] warning: trailing semicolon in macro used in expression position
[INFO] [stdout]    --> src/sss/share.rs:120:18
[INFO] [stdout]     |
[INFO] [stdout] 120 |             0 => bail!(ErrorKind::EmptyShares),
[INFO] [stdout]     |                  ^^^^^^^^^^^^^^^^^^^^^^^^^^^^^
[INFO] [stdout]     |
[INFO] [stdout]     = warning: this was previously accepted by the compiler but is being phased out; it will become a hard error in a future release!
[INFO] [stdout]     = note: for more information, see issue #79813 <https://github.com/rust-lang/rust/issues/79813>
[INFO] [stdout]     = note: this warning originates in the macro `bail` (in Nightly builds, run with -Z macro-backtrace for more info)
[INFO] [stdout] 
[INFO] [stdout] 
[INFO] [stdout] warning: trailing semicolon in macro used in expression position
[INFO] [stdout]   --> src/sss/format.rs:59:9
[INFO] [stdout]    |
[INFO] [stdout] 59 |         bail!(ErrorKind::ShareParsingInvalidShareId(i))
[INFO] [stdout]    |         ^^^^^^^^^^^^^^^^^^^^^^^^^^^^^^^^^^^^^^^^^^^^^^^
[INFO] [stdout]    |
[INFO] [stdout]    = note: macro invocations at the end of a block are treated as expressions
[INFO] [stdout]    = note: to ignore the value produced by the macro, add a semicolon after the invocation of `bail`
[INFO] [stdout]    = warning: this was previously accepted by the compiler but is being phased out; it will become a hard error in a future release!
[INFO] [stdout]    = note: for more information, see issue #79813 <https://github.com/rust-lang/rust/issues/79813>
[INFO] [stdout]    = note: this warning originates in the macro `bail` (in Nightly builds, run with -Z macro-backtrace for more info)
[INFO] [stdout] 
[INFO] [stdout] 
[INFO] [stdout] warning: trailing semicolon in macro used in expression position
[INFO] [stdout]   --> src/sss/format.rs:61:9
[INFO] [stdout]    |
[INFO] [stdout] 61 |         bail!(ErrorKind::ShareParsingInvalidShareThreshold(k, i))
[INFO] [stdout]    |         ^^^^^^^^^^^^^^^^^^^^^^^^^^^^^^^^^^^^^^^^^^^^^^^^^^^^^^^^^
[INFO] [stdout]    |
[INFO] [stdout]    = note: macro invocations at the end of a block are treated as expressions
[INFO] [stdout]    = note: to ignore the value produced by the macro, add a semicolon after the invocation of `bail`
[INFO] [stdout]    = warning: this was previously accepted by the compiler but is being phased out; it will become a hard error in a future release!
[INFO] [stdout]    = note: for more information, see issue #79813 <https://github.com/rust-lang/rust/issues/79813>
[INFO] [stdout]    = note: this warning originates in the macro `bail` (in Nightly builds, run with -Z macro-backtrace for more info)
[INFO] [stdout] 
[INFO] [stdout] 
[INFO] [stdout] warning: trailing semicolon in macro used in expression position
[INFO] [stdout]   --> src/sss/format.rs:63:9
[INFO] [stdout]    |
[INFO] [stdout] 63 |         bail!(ErrorKind::ShareParsingErrorEmptyShare(i))
[INFO] [stdout]    |         ^^^^^^^^^^^^^^^^^^^^^^^^^^^^^^^^^^^^^^^^^^^^^^^^
[INFO] [stdout]    |
[INFO] [stdout]    = note: macro invocations at the end of a block are treated as expressions
[INFO] [stdout]    = note: to ignore the value produced by the macro, add a semicolon after the invocation of `bail`
[INFO] [stdout]    = warning: this was previously accepted by the compiler but is being phased out; it will become a hard error in a future release!
[INFO] [stdout]    = note: for more information, see issue #79813 <https://github.com/rust-lang/rust/issues/79813>
[INFO] [stdout]    = note: this warning originates in the macro `bail` (in Nightly builds, run with -Z macro-backtrace for more info)
[INFO] [stdout] 
[INFO] [stdout] 
[INFO] [stderr]    Compiling itertools v0.14.0
[INFO] [stderr]    Compiling miniz_oxide v0.7.4
[INFO] [stderr]    Compiling rand v0.8.5
[INFO] [stderr]    Compiling flate2 v1.0.30
[INFO] [stderr]    Compiling aho-corasick v1.1.3
[INFO] [stderr]    Compiling regex-automata v0.4.7
[INFO] [stderr]    Compiling regex v1.10.5
[INFO] [stderr]    Compiling env_logger v0.8.4
[INFO] [stderr]    Compiling quickcheck v1.0.3
[INFO] [stderr]    Compiling etospheres-labs-rusty_secrets v0.2.3-pre (/opt/rustwide/workdir)
[INFO] [stdout] warning: trailing semicolon in macro used in expression position
[INFO] [stdout]   --> src/share/validation.rs:45:13
[INFO] [stdout]    |
[INFO] [stdout] 45 |             bail!(ErrorKind::ShareParsingInvalidShareId(id))
[INFO] [stdout]    |             ^^^^^^^^^^^^^^^^^^^^^^^^^^^^^^^^^^^^^^^^^^^^^^^^
[INFO] [stdout]    |
[INFO] [stdout]    = note: macro invocations at the end of a block are treated as expressions
[INFO] [stdout]    = note: to ignore the value produced by the macro, add a semicolon after the invocation of `bail`
[INFO] [stdout]    = warning: this was previously accepted by the compiler but is being phased out; it will become a hard error in a future release!
[INFO] [stdout]    = note: for more information, see issue #79813 <https://github.com/rust-lang/rust/issues/79813>
[INFO] [stdout]    = note: `#[warn(semicolon_in_expressions_from_non_local_macros)]` (part of `#[warn(future_incompatible)]`) on by default
[INFO] [stdout]    = note: this warning originates in the macro `bail` (in Nightly builds, run with -Z macro-backtrace for more info)
[INFO] [stdout] 
[INFO] [stdout] 
[INFO] [stdout] warning: trailing semicolon in macro used in expression position
[INFO] [stdout]   --> src/share/validation.rs:47:13
[INFO] [stdout]    |
[INFO] [stdout] 47 |             bail!(ErrorKind::ShareParsingInvalidShareThreshold(threshold, id))
[INFO] [stdout]    |             ^^^^^^^^^^^^^^^^^^^^^^^^^^^^^^^^^^^^^^^^^^^^^^^^^^^^^^^^^^^^^^^^^^
[INFO] [stdout]    |
[INFO] [stdout]    = note: macro invocations at the end of a block are treated as expressions
[INFO] [stdout]    = note: to ignore the value produced by the macro, add a semicolon after the invocation of `bail`
[INFO] [stdout]    = warning: this was previously accepted by the compiler but is being phased out; it will become a hard error in a future release!
[INFO] [stdout]    = note: for more information, see issue #79813 <https://github.com/rust-lang/rust/issues/79813>
[INFO] [stdout]    = note: this warning originates in the macro `bail` (in Nightly builds, run with -Z macro-backtrace for more info)
[INFO] [stdout] 
[INFO] [stdout] 
[INFO] [stdout] warning: trailing semicolon in macro used in expression position
[INFO] [stdout]   --> src/share/validation.rs:49:13
[INFO] [stdout]    |
[INFO] [stdout] 49 |             bail!(ErrorKind::ShareParsingErrorEmptyShare(id))
[INFO] [stdout]    |             ^^^^^^^^^^^^^^^^^^^^^^^^^^^^^^^^^^^^^^^^^^^^^^^^^
[INFO] [stdout]    |
[INFO] [stdout]    = note: macro invocations at the end of a block are treated as expressions
[INFO] [stdout]    = note: to ignore the value produced by the macro, add a semicolon after the invocation of `bail`
[INFO] [stdout]    = warning: this was previously accepted by the compiler but is being phased out; it will become a hard error in a future release!
[INFO] [stdout]    = note: for more information, see issue #79813 <https://github.com/rust-lang/rust/issues/79813>
[INFO] [stdout]    = note: this warning originates in the macro `bail` (in Nightly builds, run with -Z macro-backtrace for more info)
[INFO] [stdout] 
[INFO] [stdout] 
[INFO] [stdout] warning: trailing semicolon in macro used in expression position
[INFO] [stdout]   --> src/share/validation.rs:59:13
[INFO] [stdout]    |
[INFO] [stdout] 59 | /             bail!(ErrorKind::InconsistentThresholds(
[INFO] [stdout] 60 | |                 id, threshold_, ids, threshold
[INFO] [stdout] 61 | |             ))
[INFO] [stdout]    | |______________^
[INFO] [stdout]    |
[INFO] [stdout]    = note: macro invocations at the end of a block are treated as expressions
[INFO] [stdout]    = note: to ignore the value produced by the macro, add a semicolon after the invocation of `bail`
[INFO] [stdout]    = warning: this was previously accepted by the compiler but is being phased out; it will become a hard error in a future release!
[INFO] [stdout]    = note: for more information, see issue #79813 <https://github.com/rust-lang/rust/issues/79813>
[INFO] [stdout]    = note: this warning originates in the macro `bail` (in Nightly builds, run with -Z macro-backtrace for more info)
[INFO] [stdout] 
[INFO] [stdout] 
[INFO] [stdout] warning: trailing semicolon in macro used in expression position
[INFO] [stdout]   --> src/share/validation.rs:67:13
[INFO] [stdout]    |
[INFO] [stdout] 67 |             bail!(ErrorKind::InconsistentSecretLengths(id, slen_, ids, slen))
[INFO] [stdout]    |             ^^^^^^^^^^^^^^^^^^^^^^^^^^^^^^^^^^^^^^^^^^^^^^^^^^^^^^^^^^^^^^^^^
[INFO] [stdout]    |
[INFO] [stdout]    = note: macro invocations at the end of a block are treated as expressions
[INFO] [stdout]    = note: to ignore the value produced by the macro, add a semicolon after the invocation of `bail`
[INFO] [stdout]    = warning: this was previously accepted by the compiler but is being phased out; it will become a hard error in a future release!
[INFO] [stdout]    = note: for more information, see issue #79813 <https://github.com/rust-lang/rust/issues/79813>
[INFO] [stdout]    = note: this warning originates in the macro `bail` (in Nightly builds, run with -Z macro-backtrace for more info)
[INFO] [stdout] 
[INFO] [stdout] 
[INFO] [stdout] warning: trailing semicolon in macro used in expression position
[INFO] [stdout]   --> src/share/validation.rs:76:9
[INFO] [stdout]    |
[INFO] [stdout] 76 |         bail!(ErrorKind::MissingShares(shares_count, threshold))
[INFO] [stdout]    |         ^^^^^^^^^^^^^^^^^^^^^^^^^^^^^^^^^^^^^^^^^^^^^^^^^^^^^^^^
[INFO] [stdout]    |
[INFO] [stdout]    = note: macro invocations at the end of a block are treated as expressions
[INFO] [stdout]    = note: to ignore the value produced by the macro, add a semicolon after the invocation of `bail`
[INFO] [stdout]    = warning: this was previously accepted by the compiler but is being phased out; it will become a hard error in a future release!
[INFO] [stdout]    = note: for more information, see issue #79813 <https://github.com/rust-lang/rust/issues/79813>
[INFO] [stdout]    = note: this warning originates in the macro `bail` (in Nightly builds, run with -Z macro-backtrace for more info)
[INFO] [stdout] 
[INFO] [stdout] 
[INFO] [stdout] warning: trailing semicolon in macro used in expression position
[INFO] [stdout]    --> src/sss/share.rs:120:18
[INFO] [stdout]     |
[INFO] [stdout] 120 |             0 => bail!(ErrorKind::EmptyShares),
[INFO] [stdout]     |                  ^^^^^^^^^^^^^^^^^^^^^^^^^^^^^
[INFO] [stdout]     |
[INFO] [stdout]     = warning: this was previously accepted by the compiler but is being phased out; it will become a hard error in a future release!
[INFO] [stdout]     = note: for more information, see issue #79813 <https://github.com/rust-lang/rust/issues/79813>
[INFO] [stdout]     = note: this warning originates in the macro `bail` (in Nightly builds, run with -Z macro-backtrace for more info)
[INFO] [stdout] 
[INFO] [stdout] 
[INFO] [stdout] warning: trailing semicolon in macro used in expression position
[INFO] [stdout]   --> src/sss/format.rs:59:9
[INFO] [stdout]    |
[INFO] [stdout] 59 |         bail!(ErrorKind::ShareParsingInvalidShareId(i))
[INFO] [stdout]    |         ^^^^^^^^^^^^^^^^^^^^^^^^^^^^^^^^^^^^^^^^^^^^^^^
[INFO] [stdout]    |
[INFO] [stdout]    = note: macro invocations at the end of a block are treated as expressions
[INFO] [stdout]    = note: to ignore the value produced by the macro, add a semicolon after the invocation of `bail`
[INFO] [stdout]    = warning: this was previously accepted by the compiler but is being phased out; it will become a hard error in a future release!
[INFO] [stdout]    = note: for more information, see issue #79813 <https://github.com/rust-lang/rust/issues/79813>
[INFO] [stdout]    = note: this warning originates in the macro `bail` (in Nightly builds, run with -Z macro-backtrace for more info)
[INFO] [stdout] 
[INFO] [stdout] 
[INFO] [stdout] warning: trailing semicolon in macro used in expression position
[INFO] [stdout]   --> src/sss/format.rs:61:9
[INFO] [stdout]    |
[INFO] [stdout] 61 |         bail!(ErrorKind::ShareParsingInvalidShareThreshold(k, i))
[INFO] [stdout]    |         ^^^^^^^^^^^^^^^^^^^^^^^^^^^^^^^^^^^^^^^^^^^^^^^^^^^^^^^^^
[INFO] [stdout]    |
[INFO] [stdout]    = note: macro invocations at the end of a block are treated as expressions
[INFO] [stdout]    = note: to ignore the value produced by the macro, add a semicolon after the invocation of `bail`
[INFO] [stdout]    = warning: this was previously accepted by the compiler but is being phased out; it will become a hard error in a future release!
[INFO] [stdout]    = note: for more information, see issue #79813 <https://github.com/rust-lang/rust/issues/79813>
[INFO] [stdout]    = note: this warning originates in the macro `bail` (in Nightly builds, run with -Z macro-backtrace for more info)
[INFO] [stdout] 
[INFO] [stdout] 
[INFO] [stdout] warning: trailing semicolon in macro used in expression position
[INFO] [stdout]   --> src/sss/format.rs:63:9
[INFO] [stdout]    |
[INFO] [stdout] 63 |         bail!(ErrorKind::ShareParsingErrorEmptyShare(i))
[INFO] [stdout]    |         ^^^^^^^^^^^^^^^^^^^^^^^^^^^^^^^^^^^^^^^^^^^^^^^^
[INFO] [stdout]    |
[INFO] [stdout]    = note: macro invocations at the end of a block are treated as expressions
[INFO] [stdout]    = note: to ignore the value produced by the macro, add a semicolon after the invocation of `bail`
[INFO] [stdout]    = warning: this was previously accepted by the compiler but is being phased out; it will become a hard error in a future release!
[INFO] [stdout]    = note: for more information, see issue #79813 <https://github.com/rust-lang/rust/issues/79813>
[INFO] [stdout]    = note: this warning originates in the macro `bail` (in Nightly builds, run with -Z macro-backtrace for more info)
[INFO] [stdout] 
[INFO] [stdout] 
[INFO] [stdout] warning: use of deprecated constant `std::u8::MAX`: replaced by the `MAX` associated constant on this type
[INFO] [stdout]   --> src/lagrange.rs:98:53
[INFO] [stdout]    |
[INFO] [stdout] 98 |             if ys.is_empty() || ys.len() > std::u8::MAX as usize {
[INFO] [stdout]    |                                                     ^^^
[INFO] [stdout]    |
[INFO] [stdout]    = note: `#[warn(deprecated)]` on by default
[INFO] [stdout] 
[INFO] [stdout] 
[INFO] [stdout] warning: use of deprecated constant `std::u8::MAX`: replaced by the `MAX` associated constant on this type
[INFO] [stdout]    --> src/lagrange.rs:103:45
[INFO] [stdout]     |
[INFO] [stdout] 103 | ...                   .zip(1..std::u8::MAX)
[INFO] [stdout]     |                                        ^^^
[INFO] [stdout] 
[INFO] [stdout] 
[INFO] [stdout] warning: use of deprecated constant `std::u8::MAX`: replaced by the `MAX` associated constant on this type
[INFO] [stdout]    --> src/lagrange.rs:118:53
[INFO] [stdout]     |
[INFO] [stdout] 118 |             if ys.is_empty() || ys.len() > std::u8::MAX as usize {
[INFO] [stdout]     |                                                     ^^^
[INFO] [stdout] 
[INFO] [stdout] 
[INFO] [stdout] warning: use of deprecated constant `std::u8::MAX`: replaced by the `MAX` associated constant on this type
[INFO] [stdout]    --> src/lagrange.rs:123:45
[INFO] [stdout]     |
[INFO] [stdout] 123 | ...                   .zip(1..std::u8::MAX)
[INFO] [stdout]     |                                        ^^^
[INFO] [stdout] 
[INFO] [stdout] 
[INFO] [stderr]     Finished `release` profile [optimized] target(s) in 1m 01s
[INFO] running `Command { std: "docker" "inspect" "07f739f731ea1ae7b9ff999070cb93f06c24665bd0c91acd7332a12296d868b5", kill_on_drop: false }`
[INFO] running `Command { std: "docker" "exec" "-e" "SOURCE_DIR=/opt/rustwide/workdir" "-e" "CARGO_HOME=/opt/rustwide/cargo-home" "-e" "RUSTUP_HOME=/opt/rustwide/rustup-home" "-e" "CARGO_TARGET_DIR=/opt/rustwide/target" "-e" "CARGO_INCREMENTAL=0" "-e" "RUST_BACKTRACE=full" "-e" "RUSTFLAGS=--cap-lints=warn" "-e" "RUSTDOCFLAGS=--cap-lints=warn" "-w" "/opt/rustwide/workdir" "--user" "0:0" "07f739f731ea1ae7b9ff999070cb93f06c24665bd0c91acd7332a12296d868b5" "/opt/rustwide/cargo-home/bin/cargo" "+1.99.0-beta.8" "test" "--frozen" "--release", kill_on_drop: false }`
[INFO] [stderr] warning: trailing semicolon in macro used in expression position
[INFO] [stderr]   --> src/share/validation.rs:45:13
[INFO] [stderr]    |
[INFO] [stderr] 45 |             bail!(ErrorKind::ShareParsingInvalidShareId(id))
[INFO] [stderr]    |             ^^^^^^^^^^^^^^^^^^^^^^^^^^^^^^^^^^^^^^^^^^^^^^^^
[INFO] [stderr]    |
[INFO] [stderr]    = note: macro invocations at the end of a block are treated as expressions
[INFO] [stderr]    = note: to ignore the value produced by the macro, add a semicolon after the invocation of `bail`
[INFO] [stderr]    = warning: this was previously accepted by the compiler but is being phased out; it will become a hard error in a future release!
[INFO] [stderr]    = note: for more information, see issue #79813 <https://github.com/rust-lang/rust/issues/79813>
[INFO] [stderr]    = note: `#[warn(semicolon_in_expressions_from_non_local_macros)]` (part of `#[warn(future_incompatible)]`) on by default
[INFO] [stderr]    = note: this warning originates in the macro `bail` (in Nightly builds, run with -Z macro-backtrace for more info)
[INFO] [stderr] 
[INFO] [stderr] warning: trailing semicolon in macro used in expression position
[INFO] [stderr]   --> src/share/validation.rs:47:13
[INFO] [stderr]    |
[INFO] [stderr] 47 |             bail!(ErrorKind::ShareParsingInvalidShareThreshold(threshold, id))
[INFO] [stderr]    |             ^^^^^^^^^^^^^^^^^^^^^^^^^^^^^^^^^^^^^^^^^^^^^^^^^^^^^^^^^^^^^^^^^^
[INFO] [stderr]    |
[INFO] [stderr]    = note: macro invocations at the end of a block are treated as expressions
[INFO] [stderr]    = note: to ignore the value produced by the macro, add a semicolon after the invocation of `bail`
[INFO] [stderr]    = warning: this was previously accepted by the compiler but is being phased out; it will become a hard error in a future release!
[INFO] [stderr]    = note: for more information, see issue #79813 <https://github.com/rust-lang/rust/issues/79813>
[INFO] [stderr]    = note: this warning originates in the macro `bail` (in Nightly builds, run with -Z macro-backtrace for more info)
[INFO] [stderr] 
[INFO] [stderr] warning: trailing semicolon in macro used in expression position
[INFO] [stderr]   --> src/share/validation.rs:49:13
[INFO] [stderr]    |
[INFO] [stderr] 49 |             bail!(ErrorKind::ShareParsingErrorEmptyShare(id))
[INFO] [stderr]    |             ^^^^^^^^^^^^^^^^^^^^^^^^^^^^^^^^^^^^^^^^^^^^^^^^^
[INFO] [stderr]    |
[INFO] [stderr]    = note: macro invocations at the end of a block are treated as expressions
[INFO] [stderr]    = note: to ignore the value produced by the macro, add a semicolon after the invocation of `bail`
[INFO] [stderr]    = warning: this was previously accepted by the compiler but is being phased out; it will become a hard error in a future release!
[INFO] [stderr]    = note: for more information, see issue #79813 <https://github.com/rust-lang/rust/issues/79813>
[INFO] [stderr]    = note: this warning originates in the macro `bail` (in Nightly builds, run with -Z macro-backtrace for more info)
[INFO] [stderr] 
[INFO] [stderr] warning: trailing semicolon in macro used in expression position
[INFO] [stderr]   --> src/share/validation.rs:59:13
[INFO] [stderr]    |
[INFO] [stderr] 59 | /             bail!(ErrorKind::InconsistentThresholds(
[INFO] [stderr] 60 | |                 id, threshold_, ids, threshold
[INFO] [stderr] 61 | |             ))
[INFO] [stderr]    | |______________^
[INFO] [stderr]    |
[INFO] [stderr]    = note: macro invocations at the end of a block are treated as expressions
[INFO] [stderr]    = note: to ignore the value produced by the macro, add a semicolon after the invocation of `bail`
[INFO] [stderr]    = warning: this was previously accepted by the compiler but is being phased out; it will become a hard error in a future release!
[INFO] [stderr]    = note: for more information, see issue #79813 <https://github.com/rust-lang/rust/issues/79813>
[INFO] [stderr]    = note: this warning originates in the macro `bail` (in Nightly builds, run with -Z macro-backtrace for more info)
[INFO] [stderr] 
[INFO] [stderr] warning: trailing semicolon in macro used in expression position
[INFO] [stderr]   --> src/share/validation.rs:67:13
[INFO] [stderr]    |
[INFO] [stderr] 67 |             bail!(ErrorKind::InconsistentSecretLengths(id, slen_, ids, slen))
[INFO] [stderr]    |             ^^^^^^^^^^^^^^^^^^^^^^^^^^^^^^^^^^^^^^^^^^^^^^^^^^^^^^^^^^^^^^^^^
[INFO] [stderr]    |
[INFO] [stderr]    = note: macro invocations at the end of a block are treated as expressions
[INFO] [stderr]    = note: to ignore the value produced by the macro, add a semicolon after the invocation of `bail`
[INFO] [stderr]    = warning: this was previously accepted by the compiler but is being phased out; it will become a hard error in a future release!
[INFO] [stderr]    = note: for more information, see issue #79813 <https://github.com/rust-lang/rust/issues/79813>
[INFO] [stderr]    = note: this warning originates in the macro `bail` (in Nightly builds, run with -Z macro-backtrace for more info)
[INFO] [stderr] 
[INFO] [stderr] warning: trailing semicolon in macro used in expression position
[INFO] [stderr]   --> src/share/validation.rs:76:9
[INFO] [stderr]    |
[INFO] [stderr] 76 |         bail!(ErrorKind::MissingShares(shares_count, threshold))
[INFO] [stderr]    |         ^^^^^^^^^^^^^^^^^^^^^^^^^^^^^^^^^^^^^^^^^^^^^^^^^^^^^^^^
[INFO] [stderr]    |
[INFO] [stderr]    = note: macro invocations at the end of a block are treated as expressions
[INFO] [stderr]    = note: to ignore the value produced by the macro, add a semicolon after the invocation of `bail`
[INFO] [stderr]    = warning: this was previously accepted by the compiler but is being phased out; it will become a hard error in a future release!
[INFO] [stderr]    = note: for more information, see issue #79813 <https://github.com/rust-lang/rust/issues/79813>
[INFO] [stderr]    = note: this warning originates in the macro `bail` (in Nightly builds, run with -Z macro-backtrace for more info)
[INFO] [stderr] 
[INFO] [stderr] warning: trailing semicolon in macro used in expression position
[INFO] [stderr]    --> src/sss/share.rs:120:18
[INFO] [stderr]     |
[INFO] [stderr] 120 |             0 => bail!(ErrorKind::EmptyShares),
[INFO] [stderr]     |                  ^^^^^^^^^^^^^^^^^^^^^^^^^^^^^
[INFO] [stderr]     |
[INFO] [stderr]     = warning: this was previously accepted by the compiler but is being phased out; it will become a hard error in a future release!
[INFO] [stderr]     = note: for more information, see issue #79813 <https://github.com/rust-lang/rust/issues/79813>
[INFO] [stderr]     = note: this warning originates in the macro `bail` (in Nightly builds, run with -Z macro-backtrace for more info)
[INFO] [stderr] 
[INFO] [stderr] warning: trailing semicolon in macro used in expression position
[INFO] [stderr]   --> src/sss/format.rs:59:9
[INFO] [stderr]    |
[INFO] [stderr] 59 |         bail!(ErrorKind::ShareParsingInvalidShareId(i))
[INFO] [stderr]    |         ^^^^^^^^^^^^^^^^^^^^^^^^^^^^^^^^^^^^^^^^^^^^^^^
[INFO] [stderr]    |
[INFO] [stderr]    = note: macro invocations at the end of a block are treated as expressions
[INFO] [stderr]    = note: to ignore the value produced by the macro, add a semicolon after the invocation of `bail`
[INFO] [stderr]    = warning: this was previously accepted by the compiler but is being phased out; it will become a hard error in a future release!
[INFO] [stderr]    = note: for more information, see issue #79813 <https://github.com/rust-lang/rust/issues/79813>
[INFO] [stderr]    = note: this warning originates in the macro `bail` (in Nightly builds, run with -Z macro-backtrace for more info)
[INFO] [stderr] 
[INFO] [stderr] warning: trailing semicolon in macro used in expression position
[INFO] [stderr]   --> src/sss/format.rs:61:9
[INFO] [stderr]    |
[INFO] [stderr] 61 |         bail!(ErrorKind::ShareParsingInvalidShareThreshold(k, i))
[INFO] [stderr]    |         ^^^^^^^^^^^^^^^^^^^^^^^^^^^^^^^^^^^^^^^^^^^^^^^^^^^^^^^^^
[INFO] [stderr]    |
[INFO] [stderr]    = note: macro invocations at the end of a block are treated as expressions
[INFO] [stderr]    = note: to ignore the value produced by the macro, add a semicolon after the invocation of `bail`
[INFO] [stderr]    = warning: this was previously accepted by the compiler but is being phased out; it will become a hard error in a future release!
[INFO] [stderr]    = note: for more information, see issue #79813 <https://github.com/rust-lang/rust/issues/79813>
[INFO] [stderr]    = note: this warning originates in the macro `bail` (in Nightly builds, run with -Z macro-backtrace for more info)
[INFO] [stderr] 
[INFO] [stderr] warning: trailing semicolon in macro used in expression position
[INFO] [stderr]   --> src/sss/format.rs:63:9
[INFO] [stderr]    |
[INFO] [stderr] 63 |         bail!(ErrorKind::ShareParsingErrorEmptyShare(i))
[INFO] [stderr]    |         ^^^^^^^^^^^^^^^^^^^^^^^^^^^^^^^^^^^^^^^^^^^^^^^^
[INFO] [stderr]    |
[INFO] [stderr]    = note: macro invocations at the end of a block are treated as expressions
[INFO] [stderr]    = note: to ignore the value produced by the macro, add a semicolon after the invocation of `bail`
[INFO] [stderr]    = warning: this was previously accepted by the compiler but is being phased out; it will become a hard error in a future release!
[INFO] [stderr]    = note: for more information, see issue #79813 <https://github.com/rust-lang/rust/issues/79813>
[INFO] [stderr]    = note: this warning originates in the macro `bail` (in Nightly builds, run with -Z macro-backtrace for more info)
[INFO] [stderr] 
[INFO] [stderr] warning: use of deprecated constant `std::u8::MAX`: replaced by the `MAX` associated constant on this type
[INFO] [stderr]   --> src/lagrange.rs:98:53
[INFO] [stderr]    |
[INFO] [stderr] 98 |             if ys.is_empty() || ys.len() > std::u8::MAX as usize {
[INFO] [stderr]    |                                                     ^^^
[INFO] [stderr]    |
[INFO] [stderr]    = note: `#[warn(deprecated)]` on by default
[INFO] [stderr] 
[INFO] [stderr] warning: use of deprecated constant `std::u8::MAX`: replaced by the `MAX` associated constant on this type
[INFO] [stderr]    --> src/lagrange.rs:103:45
[INFO] [stderr]     |
[INFO] [stderr] 103 | ...                   .zip(1..std::u8::MAX)
[INFO] [stderr]     |                                        ^^^
[INFO] [stderr] 
[INFO] [stderr] warning: use of deprecated constant `std::u8::MAX`: replaced by the `MAX` associated constant on this type
[INFO] [stderr]    --> src/lagrange.rs:118:53
[INFO] [stderr]     |
[INFO] [stderr] 118 |             if ys.is_empty() || ys.len() > std::u8::MAX as usize {
[INFO] [stderr]     |                                                     ^^^
[INFO] [stderr] 
[INFO] [stderr] warning: use of deprecated constant `std::u8::MAX`: replaced by the `MAX` associated constant on this type
[INFO] [stderr]    --> src/lagrange.rs:123:45
[INFO] [stderr]     |
[INFO] [stderr] 123 | ...                   .zip(1..std::u8::MAX)
[INFO] [stderr]     |                                        ^^^
[INFO] [stderr] 
[INFO] [stderr] warning: `etospheres-labs-rusty_secrets` (lib) generated 10 warnings
[INFO] [stderr] warning: `etospheres-labs-rusty_secrets` (lib test) generated 14 warnings (10 duplicates)
[INFO] [stderr]     Finished `release` profile [optimized] target(s) in 0.10s
[INFO] [stderr]      Running unittests src/lib.rs (/opt/rustwide/target/release/deps/etospheres_labs_rusty_secrets-1768348d8335ba79)
[INFO] [stdout] 
[INFO] [stdout] running 24 tests
[INFO] [stdout] test gf256::tests::addition::law_distributivity ... ok
[INFO] [stdout] test gf256::tests::addition::law_inverses ... ok
[INFO] [stdout] test gf256::tests::addition::law_identity ... ok
[INFO] [stdout] test gf256::tests::multiplication::law_identity ... ok
[INFO] [stdout] test dss::ss1::tests::reproducible_split ... ok
[INFO] [stdout] test gf256::tests::addition::law_associativity ... ok
[INFO] [stdout] test gf256::tests::multiplication::law_commutativity ... ok
[INFO] [stdout] test gf256::tests::multiplication::law_distributivity ... ok
[INFO] [stdout] test dss::ss1::tests::seeded_split ... ok
[INFO] [stdout] test gf256::tests::multiplication::law_associativity ... ok
[INFO] [stdout] test dss::thss::tests::split_then_recover_yields_original_secret ... ok
[INFO] [stdout] test gf256::tests::addition::law_commutativity ... ok
[INFO] [stdout] test dss::ss1::tests::nonreproducible_split ... ok
[INFO] [stdout] test dss::ss1::tests::nonreproducible_split_then_recover_yields_original_secret ... ok
[INFO] [stdout] test gf256::tests::multiplication::law_inverses ... ok
[INFO] [stdout] test dss::ss1::tests::seeded_reproducible_split_then_recover_yields_original_secret ... ok
[INFO] [stdout] test dss::ss1::tests::reproducible_split_then_recover_yields_original_secret ... ok
[INFO] [stdout] test gf256::tests::vectors::add ... ok
[INFO] [stdout] test gf256::tests::vectors::mul ... ok
[INFO] [stdout] test gf256::tests::vectors::sub ... ok
[INFO] [stdout] test gf256::tests::vectors::div ... ok
[INFO] [stdout] test gf256::tests::vectors::pow ... ok
[INFO] [stdout] test lagrange::tests::interpolate_evaluate_at_0_eq_evaluate_at ... ok
[INFO] [stdout] test lagrange::tests::interpolate_evaluate_at_works ... ok
[INFO] [stdout] 
[INFO] [stdout] test result: ok. 24 passed; 0 failed; 0 ignored; 0 measured; 0 filtered out; finished in 0.11s
[INFO] [stdout] 
[INFO] [stderr]      Running tests/generation_errors.rs (/opt/rustwide/target/release/deps/generation_errors-e7a67d8dcf3dee41)
[INFO] [stdout] 
[INFO] [stdout] running 1 test
[INFO] [stdout] test test_generate_invalid_k - should panic ... ok
[INFO] [stdout] 
[INFO] [stdout] test result: ok. 1 passed; 0 failed; 0 ignored; 0 measured; 0 filtered out; finished in 0.00s
[INFO] [stdout] 
[INFO] [stdout] 
[INFO] [stdout] running 1 test
[INFO] [stdout] test test_reasonable_splits ... ignored
[INFO] [stdout] 
[INFO] [stdout] test result: ok. 0 passed; 0 failed; 1 ignored; 0 measured; 0 filtered out; finished in 0.00s
[INFO] [stdout] 
[INFO] [stderr]      Running tests/randomized_tests.rs (/opt/rustwide/target/release/deps/randomized_tests-b1b7cb80622591f0)
[INFO] [stderr]      Running tests/recovery_errors.rs (/opt/rustwide/target/release/deps/recovery_errors-299d8cbdaa32477e)
[INFO] [stdout] 
[INFO] [stdout] running 12 tests
[INFO] [stdout] test test_recover_too_few_shares_bug ... ok
[INFO] [stdout] test test_recover_invalid_share_threshold - should panic ... ok
[INFO] [stdout] test test_recover_0_share_num - should panic ... ok
[INFO] [stdout] test test_recover_incorrect_share_num - should panic ... ok
[INFO] [stdout] test test_share_parsing_error_empty_share - should panic ... ok
[INFO] [stdout] test test_recover_2_parts_share - should panic ... ok
[INFO] [stdout] test test_recover_too_few_shares - should panic ... ok
[INFO] [stdout] test test_inconsistent_thresholds - should panic ... ok
[INFO] [stdout] test test_recover_duplicate_shares_number - should panic ... ok
[INFO] [stdout] test test_recover_inconsistent_secret_lengths - should panic ... ok
[INFO] [stdout] test test_recover_invalid_b64 - should panic ... ok
[INFO] [stdout] test test_recover_no_shares - should panic ... ok
[INFO] [stdout] 
[INFO] [stdout] test result: ok. 12 passed; 0 failed; 0 ignored; 0 measured; 0 filtered out; finished in 0.00s
[INFO] [stdout] 
[INFO] [stderr]      Running tests/ss1_recovery_errors.rs (/opt/rustwide/target/release/deps/ss1_recovery_errors-a8dd598984cb4392)
[INFO] [stdout] 
[INFO] [stdout] running 5 tests
[INFO] [stdout] test test_recover_2_parts_share - should panic ... ok
[INFO] [stdout] test test_recover_0_share_num - should panic ... ok
[INFO] [stdout] test test_recover_duplicate_shares_number - should panic ... ok
[INFO] [stdout] test test_recover_no_shares - should panic ... ok
[INFO] [stdout] test test_recover_too_few_shares - should panic ... ok
[INFO] [stdout] 
[INFO] [stdout] test result: ok. 5 passed; 0 failed; 0 ignored; 0 measured; 0 filtered out; finished in 0.00s
[INFO] [stdout] 
[INFO] [stderr]      Running tests/test_vectors.rs (/opt/rustwide/target/release/deps/test_vectors-68c7461706beb471)
[INFO] [stdout] 
[INFO] [stdout] running 3 tests
[INFO] [stdout] test test_recover_es_test_vectors ... ok
[INFO] [stdout] test test_recover_sellibitze ... ok
[INFO] [stdout] test test_recover_sellibitze_more_than_threshold_shars ... ok
[INFO] [stdout] 
[INFO] [stdout] test result: ok. 3 passed; 0 failed; 0 ignored; 0 measured; 0 filtered out; finished in 0.01s
[INFO] [stdout] 
[INFO] [stderr]      Running tests/thss_generation_errors.rs (/opt/rustwide/target/release/deps/thss_generation_errors-dc58d0926a9947fc)
[INFO] [stdout] 
[INFO] [stdout] running 1 test
[INFO] [stdout] test test_generate_invalid_k - should panic ... ok
[INFO] [stdout] 
[INFO] [stdout] test result: ok. 1 passed; 0 failed; 0 ignored; 0 measured; 0 filtered out; finished in 0.00s
[INFO] [stdout] 
[INFO] [stderr]      Running tests/thss_recovery_errors.rs (/opt/rustwide/target/release/deps/thss_recovery_errors-09a83879cb522790)
[INFO] [stdout] 
[INFO] [stdout] running 5 tests
[INFO] [stdout] test test_recover_duplicate_shares_number - should panic ... ok
[INFO] [stdout] test test_recover_2_parts_share - should panic ... ok
[INFO] [stdout] test test_recover_too_few_shares - should panic ... ok
[INFO] [stdout] test test_recover_0_share_num - should panic ... ok
[INFO] [stdout] test test_recover_no_shares - should panic ... ok
[INFO] [stdout] 
[INFO] [stdout] test result: ok. 5 passed; 0 failed; 0 ignored; 0 measured; 0 filtered out; finished in 0.00s
[INFO] [stdout] 
[INFO] [stderr]    Doc-tests etospheres_labs_rusty_secrets
[INFO] [stdout] 
[INFO] [stdout] running 11 tests
[INFO] [stdout] test src/dss/thss/mod.rs - dss::thss::recover_secret (line 73) ... FAILED
[INFO] [stdout] test src/wrapped_secrets/mod.rs - wrapped_secrets::split_secret_rng (line 56) ... FAILED
[INFO] [stdout] test src/dss/ss1/mod.rs - dss::ss1::split_secret (line 41) ... FAILED
[INFO] [stdout] test src/wrapped_secrets/mod.rs - wrapped_secrets::recover_secret (line 109) ... FAILED
[INFO] [stdout] test src/sss/mod.rs - sss::split_secret_rng (line 51) ... ok
[INFO] [stdout] test src/sss/mod.rs - sss::split_secret (line 27) ... ok
[INFO] [stdout] test src/dss/mod.rs - dss::AccessStructure (line 44) ... ok
[INFO] [stdout] test src/dss/thss/mod.rs - dss::thss::split_secret (line 32) ... ok
[INFO] [stdout] test src/dss/ss1/mod.rs - dss::ss1::recover_secret (line 75) ... ok
[INFO] [stdout] test src/sss/mod.rs - sss::recover_secret (line 98) ... ok
[INFO] [stdout] test src/wrapped_secrets/mod.rs - wrapped_secrets::split_secret (line 17) ... ok
[INFO] [stdout] 
[INFO] [stdout] failures:
[INFO] [stdout] 
[INFO] [stdout] ---- src/dss/thss/mod.rs - dss::thss::recover_secret (line 73) stdout ----
[INFO] [stdout] Couldn't compile the test.
[INFO] [stdout] ---- src/wrapped_secrets/mod.rs - wrapped_secrets::split_secret_rng (line 56) stdout ----
[INFO] [stdout] Couldn't compile the test.
[INFO] [stdout] ---- src/dss/ss1/mod.rs - dss::ss1::split_secret (line 41) stdout ----
[INFO] [stdout] Couldn't compile the test.
[INFO] [stdout] ---- src/wrapped_secrets/mod.rs - wrapped_secrets::recover_secret (line 109) stdout ----
[INFO] [stdout] Couldn't compile the test.
[INFO] [stdout] 
[INFO] [stdout] failures:
[INFO] [stdout]     src/dss/ss1/mod.rs - dss::ss1::split_secret (line 41)
[INFO] [stdout]     src/dss/thss/mod.rs - dss::thss::recover_secret (line 73)
[INFO] [stdout]     src/wrapped_secrets/mod.rs - wrapped_secrets::recover_secret (line 109)
[INFO] [stdout]     src/wrapped_secrets/mod.rs - wrapped_secrets::split_secret_rng (line 56)
[INFO] [stdout] 
[INFO] [stdout] test result: FAILED. 7 passed; 4 failed; 0 ignored; 0 measured; 0 filtered out; finished in 15.86s
[INFO] [stdout] 
[INFO] [stderr] error: doctest failed, to rerun pass `--doc`
[INFO] running `Command { std: "docker" "inspect" "07f739f731ea1ae7b9ff999070cb93f06c24665bd0c91acd7332a12296d868b5", kill_on_drop: false }`
[INFO] running `Command { std: "docker" "rm" "-f" "07f739f731ea1ae7b9ff999070cb93f06c24665bd0c91acd7332a12296d868b5", kill_on_drop: false }`
[INFO] [stdout] 07f739f731ea1ae7b9ff999070cb93f06c24665bd0c91acd7332a12296d868b5
