[INFO] fetching crate eth-prices 1.1.0...
[INFO] testing eth-prices-1.1.0 against 1.99.0-beta.8+cargoflags=--release for beta-release-1.100-2
[INFO] extracting crate eth-prices 1.1.0 into /workspace/builds/worker-1-tc1/source
[INFO] started tweaking crates.io crate eth-prices 1.1.0
[INFO] finished tweaking crates.io crate eth-prices 1.1.0
[INFO] tweaked toml for crates.io crate eth-prices 1.1.0 written to /workspace/builds/worker-1-tc1/source/Cargo.toml
[INFO] validating manifest of crates.io crate eth-prices 1.1.0 on toolchain 1.99.0-beta.8
[INFO] running `Command { std: CARGO_HOME="/workspace/cargo-home" RUSTUP_HOME="/workspace/rustup-home" "/workspace/cargo-home/bin/cargo" "+1.99.0-beta.8" "metadata" "--manifest-path" "Cargo.toml" "--no-deps", kill_on_drop: false }`
[INFO] crate crates.io crate eth-prices 1.1.0 already has a lockfile, it will not be regenerated
[INFO] running `Command { std: CARGO_HOME="/workspace/cargo-home" RUSTUP_HOME="/workspace/rustup-home" "/workspace/cargo-home/bin/cargo" "+1.99.0-beta.8" "fetch" "--manifest-path" "Cargo.toml", kill_on_drop: false }`
[INFO] [stderr]     Blocking waiting for file lock on package cache
[INFO] [stderr]     Updating crates.io index
[INFO] [stderr]     Blocking waiting for file lock on package cache
[INFO] [stderr]  Downloading crates ...
[INFO] [stderr]   Downloaded alloy-transport v2.1.1
[INFO] [stderr]   Downloaded alloy-transport-http v2.1.1
[INFO] [stderr]   Downloaded futures-utils-wasm v0.1.0
[INFO] [stderr]   Downloaded macro-string v0.2.0
[INFO] [stderr]   Downloaded alloy-sol-type-parser v1.6.0
[INFO] [stderr]   Downloaded enum-ordinalize v4.4.1
[INFO] [stderr]   Downloaded enum-ordinalize-derive v4.4.1
[INFO] [stderr]   Downloaded wasmtimer v0.4.3
[INFO] [stderr]   Downloaded alloy-sol-macro v1.6.0
[INFO] [stderr]   Downloaded alloy-sol-macro-input v1.6.0
[INFO] [stderr]   Downloaded keccak v0.2.0
[INFO] [stderr]   Downloaded bitcoin-internals v0.5.0
[INFO] [stderr]   Downloaded cc v1.2.67
[INFO] [stderr]   Downloaded bytemuck v1.25.1
[INFO] [stderr]   Downloaded alloy v2.1.1
[INFO] [stderr]   Downloaded alloy-json-rpc v2.1.1
[INFO] [stderr]   Downloaded const-hex v1.19.1
[INFO] [stderr]   Downloaded bitcoin-consensus-encoding v1.0.0
[INFO] [stderr]   Downloaded hex-conservative v0.3.2
[INFO] [stderr]   Downloaded ark-std v0.6.0
[INFO] [stderr]   Downloaded ark-serialize v0.6.0
[INFO] [stderr]   Downloaded alloy-json-abi v1.6.0
[INFO] [stderr]   Downloaded syn-solidity v1.6.0
[INFO] [stderr]   Downloaded serde_with_macros v3.21.0
[INFO] [stderr]   Downloaded ark-serialize-derive v0.6.0
[INFO] [stderr]   Downloaded ark-ff-asm v0.6.0
[INFO] [stderr]   Downloaded ark-ff-macros v0.6.0
[INFO] [stderr]   Downloaded alloy-sol-types v1.6.0
[INFO] [stderr]   Downloaded secp256k1 v0.31.1
[INFO] [stderr]   Downloaded ark-ff v0.6.0
[INFO] [stderr]   Downloaded alloy-primitives v1.6.0
[INFO] [stderr]   Downloaded ruint v1.19.0
[INFO] [stderr]   Downloaded keccak-asm v0.1.8
[INFO] [stderr]   Downloaded alloy-rlp v0.3.16
[INFO] [stderr]   Downloaded alloy-rlp-derive v0.3.16
[INFO] [stderr]   Downloaded serde_with v3.21.0
[INFO] [stderr]   Downloaded rapidhash v4.5.1
[INFO] [stderr]   Downloaded pest v2.8.7
[INFO] [stderr]   Downloaded alloy-rpc-client v2.1.1
[INFO] [stderr]   Downloaded alloy-sol-macro-expander v1.6.0
[INFO] [stderr]   Downloaded sha3 v0.11.0
[INFO] [stderr]   Downloaded alloy-signer v2.1.1
[INFO] [stderr]   Downloaded sha3-asm v0.1.8
[INFO] [stderr]   Downloaded alloy-provider v2.1.1
[INFO] [stderr]   Downloaded secp256k1-sys v0.11.0
[INFO] [stderr]   Downloaded borsh v1.7.0
[INFO] [stderr]   Downloaded borsh-derive v1.7.0
[INFO] [stderr]   Downloaded alloy-eip2930 v0.2.3
[INFO] [stderr]   Downloaded alloy-tx-macros v2.1.1
[INFO] [stderr]   Downloaded alloy-rpc-types-eth v2.1.1
[INFO] [stderr]   Downloaded alloy-serde v2.1.1
[INFO] [stderr]   Downloaded alloy-eip7928 v0.4.5
[INFO] [stderr]   Downloaded alloy-eip7702 v0.6.3
[INFO] [stderr]   Downloaded alloy-trie v0.9.5
[INFO] [stderr]   Downloaded alloy-rpc-types-any v2.1.1
[INFO] [stderr]   Downloaded alloy-network-primitives v2.1.1
[INFO] [stderr]   Downloaded alloy-eip2124 v0.2.0
[INFO] [stderr]   Downloaded secp256k1 v0.30.0
[INFO] [stderr]   Downloaded alloy-consensus-any v2.1.1
[INFO] [stderr]   Downloaded alloy-chains v0.2.35
[INFO] [stderr]   Downloaded alloy-contract v2.1.1
[INFO] [stderr]   Downloaded alloy-core v1.6.0
[INFO] [stderr]   Downloaded alloy-dyn-abi v1.6.0
[INFO] [stderr]   Downloaded alloy-ens v2.1.1
[INFO] [stderr]   Downloaded alloy-consensus v2.1.1
[INFO] [stderr]   Downloaded nybbles v0.4.8
[INFO] [stderr]   Downloaded alloy-eips v2.1.1
[INFO] [stderr]   Downloaded alloy-network v2.1.1
[INFO] [stderr]   Downloaded c-kzg v2.1.8
[INFO] running `Command { std: "docker" "create" "-v" "/var/lib/crater-agent-workspace/builds/worker-1-tc1/source:/opt/rustwide/workdir:ro,Z" "-v" "/var/lib/crater-agent-workspace/builds/worker-1-tc1/target:/opt/rustwide/target:rw,Z" "-v" "/var/lib/crater-agent-workspace/cargo-home:/opt/rustwide/cargo-home:ro,Z" "-v" "/var/lib/crater-agent-workspace/rustup-home:/opt/rustwide/rustup-home:ro,Z" "-m" "1610612736" "--network" "none" "ghcr.io/rust-lang/crates-build-env/linux@sha256:77db811e55d90add9212f6832c23229e3de5f1c1f9905e8cb07319ea15df73ac" "sleep" "infinity", kill_on_drop: false }`
[INFO] [stdout] 498f572df800b1ceb6a3ce425d294f95a4494f4a34ccb8536eefb9e5d2d462aa
[INFO] running `Command { std: "docker" "start" "498f572df800b1ceb6a3ce425d294f95a4494f4a34ccb8536eefb9e5d2d462aa", kill_on_drop: false }`
[INFO] running `Command { std: "docker" "inspect" "498f572df800b1ceb6a3ce425d294f95a4494f4a34ccb8536eefb9e5d2d462aa", kill_on_drop: false }`
[INFO] running `Command { std: "docker" "exec" "-e" "SOURCE_DIR=/opt/rustwide/workdir" "-e" "CARGO_HOME=/opt/rustwide/cargo-home" "-e" "RUSTUP_HOME=/opt/rustwide/rustup-home" "-e" "CARGO_TARGET_DIR=/opt/rustwide/target" "-w" "/opt/rustwide/workdir" "--user" "0:0" "498f572df800b1ceb6a3ce425d294f95a4494f4a34ccb8536eefb9e5d2d462aa" "/opt/rustwide/cargo-home/bin/cargo" "+1.99.0-beta.8" "metadata" "--no-deps" "--format-version=1", kill_on_drop: false }`
[INFO] running `Command { std: "docker" "inspect" "498f572df800b1ceb6a3ce425d294f95a4494f4a34ccb8536eefb9e5d2d462aa", kill_on_drop: false }`
[INFO] running `Command { std: "docker" "exec" "-e" "SOURCE_DIR=/opt/rustwide/workdir" "-e" "CARGO_HOME=/opt/rustwide/cargo-home" "-e" "RUSTUP_HOME=/opt/rustwide/rustup-home" "-e" "CARGO_TARGET_DIR=/opt/rustwide/target" "-e" "CARGO_INCREMENTAL=0" "-e" "RUST_BACKTRACE=full" "-e" "RUSTFLAGS=--cap-lints=warn" "-e" "RUSTDOCFLAGS=--cap-lints=warn" "-w" "/opt/rustwide/workdir" "--user" "0:0" "498f572df800b1ceb6a3ce425d294f95a4494f4a34ccb8536eefb9e5d2d462aa" "/opt/rustwide/cargo-home/bin/cargo" "+1.99.0-beta.8" "build" "--frozen" "--message-format=json" "--release", kill_on_drop: false }`
[INFO] [stderr]    Compiling syn v2.0.118
[INFO] [stderr]    Compiling serde_core v1.0.228
[INFO] [stderr]    Compiling serde v1.0.228
[INFO] [stderr]    Compiling zeroize v1.9.0
[INFO] [stderr]    Compiling ruint-macro v1.2.1
[INFO] [stderr]    Compiling hybrid-array v0.4.13
[INFO] [stderr]    Compiling arrayvec v0.7.8
[INFO] [stderr]    Compiling keccak v0.2.0
[INFO] [stderr]    Compiling rustc-hash v2.1.3
[INFO] [stderr]    Compiling typenum v1.20.1
[INFO] [stderr]    Compiling log v0.4.33
[INFO] [stderr]    Compiling jobserver v0.1.35
[INFO] [stderr]    Compiling serde_json v1.0.150
[INFO] [stderr]    Compiling cpufeatures v0.2.17
[INFO] [stderr]    Compiling memchr v2.8.3
[INFO] [stderr]    Compiling winnow v1.0.3
[INFO] [stderr]    Compiling const-hex v1.19.1
[INFO] [stderr]    Compiling generic-array v0.14.9
[INFO] [stderr]    Compiling der v0.7.10
[INFO] [stderr]    Compiling pkg-config v0.3.33
[INFO] [stderr]    Compiling mio v1.2.1
[INFO] [stderr]    Compiling ruint v1.19.0
[INFO] [stderr]    Compiling socket2 v0.6.4
[INFO] [stderr]    Compiling proc-macro-error-attr2 v2.0.0
[INFO] [stderr]    Compiling aws-lc-rs v1.17.1
[INFO] [stderr]    Compiling cc v1.2.67
[INFO] [stderr]    Compiling rustls-pki-types v1.15.0
[INFO] [stderr]    Compiling crc-catalog v2.5.0
[INFO] [stderr]    Compiling crypto-common v0.2.2
[INFO] [stderr]    Compiling block-buffer v0.12.1
[INFO] [stderr]    Compiling rustls v0.23.41
[INFO] [stderr]    Compiling crc v3.4.0
[INFO] [stderr]    Compiling crypto-common v0.1.6
[INFO] [stderr]    Compiling block-buffer v0.10.4
[INFO] [stderr]    Compiling digest v0.10.7
[INFO] [stderr]    Compiling crypto-bigint v0.5.5
[INFO] [stderr]    Compiling futures-utils-wasm v0.1.0
[INFO] [stderr]    Compiling crossbeam-utils v0.8.22
[INFO] [stderr]    Compiling phf_shared v0.14.0
[INFO] [stderr]    Compiling hashbrown v0.16.1
[INFO] [stderr]    Compiling webpki-roots v1.0.8
[INFO] [stderr]    Compiling rustls-native-certs v0.8.4
[INFO] [stderr]    Compiling hmac v0.12.1
[INFO] [stderr]    Compiling signature v2.2.0
[INFO] [stderr]    Compiling rfc6979 v0.4.0
[INFO] [stderr]    Compiling sha2 v0.10.9
[INFO] [stderr]    Compiling uncased v0.9.10
[INFO] [stderr]    Compiling winnow v0.7.15
[INFO] [stderr]    Compiling phf v0.14.0
[INFO] [stderr]    Compiling cmake v0.1.58
[INFO] [stderr]    Compiling figment v0.10.19
[INFO] [stderr]    Compiling sharded-slab v0.1.7
[INFO] [stderr]    Compiling sec1 v0.7.3
[INFO] [stderr]    Compiling spki v0.7.3
[INFO] [stderr]    Compiling digest v0.11.3
[INFO] [stderr]    Compiling lru v0.16.4
[INFO] [stderr]    Compiling sha3 v0.11.0
[INFO] [stderr]    Compiling tracing-log v0.2.0
[INFO] [stderr]    Compiling csv-core v0.1.13
[INFO] [stderr]    Compiling thread_local v1.1.10
[INFO] [stderr]    Compiling aws-lc-sys v0.42.0
[INFO] [stderr]    Compiling ring v0.17.14
[INFO] [stderr]    Compiling nu-ansi-term v0.50.3
[INFO] [stderr]    Compiling hashbrown v0.17.1
[INFO] [stderr]    Compiling elliptic-curve v0.13.8
[INFO] [stderr]    Compiling csv v1.4.0
[INFO] [stderr]    Compiling ecdsa v0.16.9
[INFO] [stderr]    Compiling indexmap v2.14.0
[INFO] [stderr]    Compiling k256 v0.13.4
[INFO] [stderr]    Compiling synstructure v0.13.2
[INFO] [stderr]    Compiling macro-string v0.2.0
[INFO] [stderr]    Compiling syn-solidity v1.6.0
[INFO] [stderr]    Compiling proc-macro-error2 v2.0.1
[INFO] [stderr]    Compiling petgraph v0.8.3
[INFO] [stderr]    Compiling serde_derive v1.0.228
[INFO] [stderr]    Compiling derive_more-impl v2.1.1
[INFO] [stderr]    Compiling alloy-rlp-derive v0.3.16
[INFO] [stderr]    Compiling zerofrom-derive v0.1.7
[INFO] [stderr]    Compiling yoke-derive v0.8.2
[INFO] [stderr]    Compiling thiserror-impl v2.0.18
[INFO] [stderr]    Compiling zerovec-derive v0.11.3
[INFO] [stderr]    Compiling tracing-attributes v0.1.31
[INFO] [stderr]    Compiling displaydoc v0.2.6
[INFO] [stderr]    Compiling tokio-macros v2.7.0
[INFO] [stderr]    Compiling futures-macro v0.3.32
[INFO] [stderr]    Compiling auto_impl v1.3.0
[INFO] [stderr]    Compiling zerofrom v0.1.8
[INFO] [stderr]    Compiling async-trait v0.1.89
[INFO] [stderr]    Compiling yoke v0.8.3
[INFO] [stderr]    Compiling futures-util v0.3.32
[INFO] [stderr]    Compiling pin-project-internal v1.1.13
[INFO] [stderr]    Compiling num_enum_derive v0.7.6
[INFO] [stderr]    Compiling async-stream-impl v0.3.6
[INFO] [stderr]    Compiling zerovec v0.11.6
[INFO] [stderr]    Compiling thiserror v2.0.18
[INFO] [stderr]    Compiling zerotrie v0.2.4
[INFO] [stderr]    Compiling async-stream v0.3.6
[INFO] [stderr]    Compiling pin-project v1.1.13
[INFO] [stderr]    Compiling tracing v0.1.44
[INFO] [stderr]    Compiling tinystr v0.8.3
[INFO] [stderr]    Compiling potential_utf v0.1.5
[INFO] [stderr]    Compiling icu_collections v2.2.0
[INFO] [stderr]    Compiling num_enum v0.7.6
[INFO] [stderr]    Compiling icu_locale_core v2.2.0
[INFO] [stderr]    Compiling derive_more v2.1.1
[INFO] [stderr]    Compiling bytes v1.12.1
[INFO] [stderr]    Compiling alloy-sol-type-parser v1.6.0
[INFO] [stderr]    Compiling darling_core v0.23.0
[INFO] [stderr]    Compiling icu_provider v2.2.0
[INFO] [stderr]    Compiling icu_properties v2.2.0
[INFO] [stderr]    Compiling smallvec v1.15.2
[INFO] [stderr]    Compiling either v1.16.0
[INFO] [stderr]    Compiling alloy-primitives v1.6.0
[INFO] [stderr]    Compiling toml_datetime v0.6.11
[INFO] [stderr]    Compiling serde_spanned v0.6.9
[INFO] [stderr]    Compiling parking_lot_core v0.9.12
[INFO] [stderr]    Compiling icu_normalizer v2.2.0
[INFO] [stderr]    Compiling toml_edit v0.22.27
[INFO] [stderr]    Compiling parking_lot v0.12.5
[INFO] [stderr]    Compiling itertools v0.14.0
[INFO] [stderr]    Compiling alloy-rlp v0.3.16
[INFO] [stderr]    Compiling tokio v1.52.3
[INFO] [stderr]    Compiling http v1.4.2
[INFO] [stderr]    Compiling idna_adapter v1.2.2
[INFO] [stderr]    Compiling dashmap v6.2.1
[INFO] [stderr]    Compiling idna v1.1.0
[INFO] [stderr]    Compiling alloy-json-abi v1.6.0
[INFO] [stderr]    Compiling futures-executor v0.3.32
[INFO] [stderr]    Compiling serde_urlencoded v0.7.1
[INFO] [stderr]    Compiling tracing-subscriber v0.3.23
[INFO] [stderr]    Compiling futures v0.3.32
[INFO] [stderr]    Compiling url v2.5.8
[INFO] [stderr]    Compiling darling_macro v0.23.0
[INFO] [stderr]    Compiling darling v0.23.0
[INFO] [stderr]    Compiling serde_with_macros v3.21.0
[INFO] [stderr]    Compiling nybbles v0.4.8
[INFO] [stderr]    Compiling alloy-tx-macros v2.1.1
[INFO] [stderr]    Compiling http-body v1.0.1
[INFO] [stderr]    Compiling serde_with v3.21.0
[INFO] [stderr]    Compiling http-body-util v0.1.3
[INFO] [stderr]    Compiling alloy-sol-macro-input v1.6.0
[INFO] [stderr]    Compiling toml v0.8.23
[INFO] [stderr]    Compiling alloy-sol-macro-expander v1.6.0
[INFO] [stderr]    Compiling alloy-eip7928 v0.4.5
[INFO] [stderr]    Compiling alloy-eip2124 v0.2.0
[INFO] [stderr]    Compiling alloy-eip2930 v0.2.3
[INFO] [stderr]    Compiling alloy-serde v2.1.1
[INFO] [stderr]    Compiling alloy-eip7702 v0.6.3
[INFO] [stderr]    Compiling alloy-trie v0.9.5
[INFO] [stderr]    Compiling alloy-signer v2.1.1
[INFO] [stderr]    Compiling alloy-chains v0.2.35
[INFO] [stderr]    Compiling alloy-eips v2.1.1
[INFO] [stderr]    Compiling alloy-sol-macro v1.6.0
[INFO] [stderr]    Compiling alloy-sol-types v1.6.0
[INFO] [stderr]    Compiling alloy-consensus v2.1.1
[INFO] [stderr]    Compiling hyper v1.10.1
[INFO] [stderr]    Compiling tower v0.5.3
[INFO] [stderr]    Compiling tokio-util v0.7.18
[INFO] [stderr]    Compiling tokio-stream v0.1.18
[INFO] [stderr]    Compiling hyper-util v0.1.20
[INFO] [stderr]    Compiling tower-http v0.6.11
[INFO] [stderr]    Compiling alloy-json-rpc v2.1.1
[INFO] [stderr]    Compiling alloy-dyn-abi v1.6.0
[INFO] [stderr]    Compiling alloy-network-primitives v2.1.1
[INFO] [stderr]    Compiling alloy-consensus-any v2.1.1
[INFO] [stderr]    Compiling alloy-rpc-types-eth v2.1.1
[INFO] [stderr]    Compiling alloy-transport v2.1.1
[INFO] [stderr]    Compiling alloy-core v1.6.0
[INFO] [stderr]    Compiling alloy-rpc-types-any v2.1.1
[INFO] [stderr]    Compiling alloy-network v2.1.1
[INFO] [stderr]    Compiling rustls-webpki v0.103.13
[INFO] [stderr]    Compiling tokio-rustls v0.26.4
[INFO] [stderr]    Compiling rustls-platform-verifier v0.7.0
[INFO] [stderr]    Compiling hyper-rustls v0.27.9
[INFO] [stderr]    Compiling reqwest v0.13.4
[INFO] [stderr]    Compiling reqwest v0.12.28
[INFO] [stderr]    Compiling alloy-transport-http v2.1.1
[INFO] [stderr]    Compiling alloy-rpc-client v2.1.1
[INFO] [stderr]    Compiling alloy-provider v2.1.1
[INFO] [stderr]    Compiling alloy-contract v2.1.1
[INFO] [stderr]    Compiling alloy v2.1.1
[INFO] [stderr]    Compiling eth-prices v1.1.0 (/opt/rustwide/workdir)
[INFO] [stderr]     Finished `release` profile [optimized] target(s) in 3m 38s
[INFO] [stderr] warning: the following packages contain code that will be rejected by a future version of Rust: proc-macro-error2 v2.0.1
[INFO] [stderr] note: to see what the problems were, use the option `--future-incompat-report`, or run `cargo report future-incompatibilities --id 1`
[INFO] running `Command { std: "docker" "inspect" "498f572df800b1ceb6a3ce425d294f95a4494f4a34ccb8536eefb9e5d2d462aa", kill_on_drop: false }`
[INFO] running `Command { std: "docker" "exec" "-e" "SOURCE_DIR=/opt/rustwide/workdir" "-e" "CARGO_HOME=/opt/rustwide/cargo-home" "-e" "RUSTUP_HOME=/opt/rustwide/rustup-home" "-e" "CARGO_TARGET_DIR=/opt/rustwide/target" "-e" "CARGO_INCREMENTAL=0" "-e" "RUST_BACKTRACE=full" "-e" "RUSTFLAGS=--cap-lints=warn" "-e" "RUSTDOCFLAGS=--cap-lints=warn" "-w" "/opt/rustwide/workdir" "--user" "0:0" "498f572df800b1ceb6a3ce425d294f95a4494f4a34ccb8536eefb9e5d2d462aa" "/opt/rustwide/cargo-home/bin/cargo" "+1.99.0-beta.8" "test" "--frozen" "--no-run" "--message-format=json" "--release", kill_on_drop: false }`
[INFO] [stderr]    Compiling eth-prices v1.1.0 (/opt/rustwide/workdir)
[INFO] [stderr]     Finished `release` profile [optimized] target(s) in 24.10s
[INFO] [stderr] warning: the following packages contain code that will be rejected by a future version of Rust: proc-macro-error2 v2.0.1
[INFO] [stderr] note: to see what the problems were, use the option `--future-incompat-report`, or run `cargo report future-incompatibilities --id 1`
[INFO] running `Command { std: "docker" "inspect" "498f572df800b1ceb6a3ce425d294f95a4494f4a34ccb8536eefb9e5d2d462aa", kill_on_drop: false }`
[INFO] running `Command { std: "docker" "exec" "-e" "SOURCE_DIR=/opt/rustwide/workdir" "-e" "CARGO_HOME=/opt/rustwide/cargo-home" "-e" "RUSTUP_HOME=/opt/rustwide/rustup-home" "-e" "CARGO_TARGET_DIR=/opt/rustwide/target" "-e" "CARGO_INCREMENTAL=0" "-e" "RUST_BACKTRACE=full" "-e" "RUSTFLAGS=--cap-lints=warn" "-e" "RUSTDOCFLAGS=--cap-lints=warn" "-w" "/opt/rustwide/workdir" "--user" "0:0" "498f572df800b1ceb6a3ce425d294f95a4494f4a34ccb8536eefb9e5d2d462aa" "/opt/rustwide/cargo-home/bin/cargo" "+1.99.0-beta.8" "test" "--frozen" "--release", kill_on_drop: false }`
[INFO] [stderr]     Finished `release` profile [optimized] target(s) in 0.43s
[INFO] [stderr] warning: the following packages contain code that will be rejected by a future version of Rust: proc-macro-error2 v2.0.1
[INFO] [stderr] note: to see what the problems were, use the option `--future-incompat-report`, or run `cargo report future-incompatibilities --id 1`
[INFO] [stderr]      Running unittests src/lib.rs (/opt/rustwide/target/release/deps/eth_prices-0c3896056e7c2b6c)
[INFO] [stdout] 
[INFO] [stdout] running 12 tests
[INFO] [stdout] test quoter::ecb::tests::formats_unix_timestamp_as_date ... ok
[INFO] [stdout] test quoter::ecb::tests::creates_eur_hub_quoters ... ok
[INFO] [stdout] test quoter::erc4626::tests::test_get_rate ... FAILED
[INFO] [stdout] test quoter::chainlink::tests::test_get_rate_custom_token ... FAILED
[INFO] [stdout] test quoter::uniswap_v2::discovery::tests::test_fetch_all_pairs ... FAILED
[INFO] [stdout] test quoter::fixed::tests::test_get_rate ... FAILED
[INFO] [stdout] test quoter::ecb::tests::parses_ecb_csv_rates ... ok
[INFO] [stdout] test quoter::fixed::tests::test_get_rate_with_decimals ... FAILED
[INFO] [stdout] test quoter::uniswap_v2::pair::tests::test_fetch_pair_info ... FAILED
[INFO] [stdout] test quoter::chainlink::tests::test_get_rate_link_usd ... FAILED
[INFO] [stdout] test quoter::uniswap_v2::discovery::tests::test_fetch_pair ... FAILED
[INFO] [stdout] test quoter::ecb::tests::creates_ecb_graph ... FAILED
[INFO] [stdout] 
[INFO] [stdout] failures:
[INFO] [stdout] 
[INFO] [stdout] ---- quoter::erc4626::tests::test_get_rate stdout ----
[INFO] [stdout] 
[INFO] [stdout] thread 'quoter::erc4626::tests::test_get_rate' (4828) panicked at src/utils/test.rs:7:34:
[INFO] [stdout] RPC_URL environment variable must be set to run tests: NotPresent
[INFO] [stdout] stack backtrace:
[INFO] [stdout]    0:     0x55770962d931 - <<std[70759c8f55707aa4]::sys::backtrace::BacktraceLock>::print::DisplayBacktrace as core[df12db4294e9bfd3]::fmt::Display>::fmt
[INFO] [stdout]    1:     0x5577096453aa - core[df12db4294e9bfd3]::fmt::write
[INFO] [stdout]    2:     0x55770963283c - <alloc[2182bb758b4b3781]::vec::Vec<u8> as core[df12db4294e9bfd3]::io::write::Write>::write_fmt
[INFO] [stdout]    3:     0x5577096081e6 - std[70759c8f55707aa4]::panicking::default_hook::{closure#0}
[INFO] [stdout]    4:     0x5577096250c9 - std[70759c8f55707aa4]::panicking::default_hook
[INFO] [stdout]    5:     0x55770919cc90 - test[9d35eded1c95d3be]::test_main_inner::<test[9d35eded1c95d3be]::test_main_static::{closure#0}>::{closure#0}
[INFO] [stdout]    6:     0x5577096253f2 - std[70759c8f55707aa4]::panicking::panic_with_hook
[INFO] [stdout]    7:     0x557709608292 - std[70759c8f55707aa4]::panicking::panic_handler::{closure#0}
[INFO] [stdout]    8:     0x557709600e99 - std[70759c8f55707aa4]::sys::backtrace::__rust_end_short_backtrace::<std[70759c8f55707aa4]::panicking::panic_handler::{closure#0}, !>
[INFO] [stdout]    9:     0x55770960907d - __rustc[8fa7c3cbc660c2b3]::rust_begin_unwind
[INFO] [stdout]   10:     0x557709645b0c - core[df12db4294e9bfd3]::panicking::panic_fmt
[INFO] [stdout]   11:     0x5577096458e2 - core[df12db4294e9bfd3]::result::unwrap_failed
[INFO] [stdout]   12:     0x5577090467ee - eth_prices[4147fa488cec48ee]::utils::test::get_test_provider::{closure#0}
[INFO] [stdout]   13:     0x557709047f94 - eth_prices[4147fa488cec48ee]::quoter::erc4626::tests::test_get_rate::{closure#0}
[INFO] [stdout]   14:     0x55770903ce93 - <tokio[8fdf151586d1ac35]::runtime::scheduler::current_thread::Context>::enter::<core[df12db4294e9bfd3]::task::poll::Poll<()>, <tokio[8fdf151586d1ac35]::runtime::scheduler::current_thread::CoreGuard>::block_on<core[df12db4294e9bfd3]::pin::Pin<&mut core[df12db4294e9bfd3]::pin::Pin<&mut dyn core[df12db4294e9bfd3]::future::future::Future<Output = ()>>>>::{closure#0}::{closure#0}>
[INFO] [stdout]   15:     0x557709055c5c - <tokio[8fdf151586d1ac35]::runtime::context::scoped::Scoped<tokio[8fdf151586d1ac35]::runtime::scheduler::Context>>::set::<<tokio[8fdf151586d1ac35]::runtime::scheduler::current_thread::CoreGuard>::enter<<tokio[8fdf151586d1ac35]::runtime::scheduler::current_thread::CoreGuard>::block_on<core[df12db4294e9bfd3]::pin::Pin<&mut core[df12db4294e9bfd3]::pin::Pin<&mut dyn core[df12db4294e9bfd3]::future::future::Future<Output = ()>>>>::{closure#0}, core[df12db4294e9bfd3]::option::Option<()>>::{closure#0}, (alloc[2182bb758b4b3781]::boxed::Box<tokio[8fdf151586d1ac35]::runtime::scheduler::current_thread::Core>, core[df12db4294e9bfd3]::option::Option<()>)>
[INFO] [stdout]   16:     0x55770903d787 - <tokio[8fdf151586d1ac35]::runtime::scheduler::current_thread::CoreGuard>::block_on::<core[df12db4294e9bfd3]::pin::Pin<&mut core[df12db4294e9bfd3]::pin::Pin<&mut dyn core[df12db4294e9bfd3]::future::future::Future<Output = ()>>>>
[INFO] [stdout]   17:     0x55770905a6bd - tokio[8fdf151586d1ac35]::runtime::context::runtime::enter_runtime::<<tokio[8fdf151586d1ac35]::runtime::scheduler::current_thread::CurrentThread>::block_on<core[df12db4294e9bfd3]::pin::Pin<&mut dyn core[df12db4294e9bfd3]::future::future::Future<Output = ()>>>::{closure#0}, ()>
[INFO] [stdout]   18:     0x5577090558ff - <tokio[8fdf151586d1ac35]::runtime::runtime::Runtime>::block_on::<core[df12db4294e9bfd3]::pin::Pin<&mut dyn core[df12db4294e9bfd3]::future::future::Future<Output = ()>>>
[INFO] [stdout]   19:     0x5577090531ab - eth_prices[4147fa488cec48ee]::quoter::erc4626::tests::test_get_rate
[INFO] [stdout]   20:     0x5577090f3d29 - <eth_prices[4147fa488cec48ee]::quoter::erc4626::tests::test_get_rate::{closure#0} as core[df12db4294e9bfd3]::ops::function::FnOnce<()>>::call_once
[INFO] [stdout]   21:     0x55770918ff7b - test[9d35eded1c95d3be]::__rust_begin_short_backtrace::<core[df12db4294e9bfd3]::result::Result<(), alloc[2182bb758b4b3781]::string::String>, fn() -> core[df12db4294e9bfd3]::result::Result<(), alloc[2182bb758b4b3781]::string::String>>
[INFO] [stdout]   22:     0x55770919d5e5 - test[9d35eded1c95d3be]::run_test::{closure#0}
[INFO] [stdout]   23:     0x557709196ea4 - std[70759c8f55707aa4]::sys::backtrace::__rust_begin_short_backtrace::<test[9d35eded1c95d3be]::run_test::{closure#1}, ()>
[INFO] [stdout]   24:     0x5577091a0742 - <std[70759c8f55707aa4]::thread::lifecycle::spawn_unchecked<test[9d35eded1c95d3be]::run_test::{closure#1}, ()>::{closure#1} as core[df12db4294e9bfd3]::ops::function::FnOnce<()>>::call_once::{shim:vtable#0}
[INFO] [stdout]   25:     0x55770962ce59 - <std[70759c8f55707aa4]::sys::thread::unix::Thread>::new::thread_start
[INFO] [stdout]   26:     0x7d5388e3cdfa - <unknown>
[INFO] [stdout]   27:     0x7d5388ed03d4 - clone
[INFO] [stdout]   28:                0x0 - <unknown>
[INFO] [stdout] 
[INFO] [stdout] ---- quoter::chainlink::tests::test_get_rate_custom_token stdout ----
[INFO] [stdout] 
[INFO] [stdout] thread 'quoter::chainlink::tests::test_get_rate_custom_token' (4822) panicked at src/utils/test.rs:7:34:
[INFO] [stdout] RPC_URL environment variable must be set to run tests: NotPresent
[INFO] [stdout] stack backtrace:
[INFO] [stdout]    0:     0x55770962d931 - <<std[70759c8f55707aa4]::sys::backtrace::BacktraceLock>::print::DisplayBacktrace as core[df12db4294e9bfd3]::fmt::Display>::fmt
[INFO] [stdout]    1:     0x5577096453aa - core[df12db4294e9bfd3]::fmt::write
[INFO] [stdout]    2:     0x55770963283c - <alloc[2182bb758b4b3781]::vec::Vec<u8> as core[df12db4294e9bfd3]::io::write::Write>::write_fmt
[INFO] [stdout]    3:     0x5577096081e6 - std[70759c8f55707aa4]::panicking::default_hook::{closure#0}
[INFO] [stdout]    4:     0x5577096250c9 - std[70759c8f55707aa4]::panicking::default_hook
[INFO] [stdout]    5:     0x55770919cc90 - test[9d35eded1c95d3be]::test_main_inner::<test[9d35eded1c95d3be]::test_main_static::{closure#0}>::{closure#0}
[INFO] [stdout]    6:     0x5577096253f2 - std[70759c8f55707aa4]::panicking::panic_with_hook
[INFO] [stdout]    7:     0x557709608292 - std[70759c8f55707aa4]::panicking::panic_handler::{closure#0}
[INFO] [stdout]    8:     0x557709600e99 - std[70759c8f55707aa4]::sys::backtrace::__rust_end_short_backtrace::<std[70759c8f55707aa4]::panicking::panic_handler::{closure#0}, !>
[INFO] [stdout]    9:     0x55770960907d - __rustc[8fa7c3cbc660c2b3]::rust_begin_unwind
[INFO] [stdout]   10:     0x557709645b0c - core[df12db4294e9bfd3]::panicking::panic_fmt
[INFO] [stdout]   11:     0x5577096458e2 - core[df12db4294e9bfd3]::result::unwrap_failed
[INFO] [stdout]   12:     0x5577090467ee - eth_prices[4147fa488cec48ee]::utils::test::get_test_provider::{closure#0}
[INFO] [stdout]   13:     0x55770904af0e - eth_prices[4147fa488cec48ee]::quoter::chainlink::tests::test_get_rate_custom_token::{closure#0}
[INFO] [stdout]   14:     0x55770903ce93 - <tokio[8fdf151586d1ac35]::runtime::scheduler::current_thread::Context>::enter::<core[df12db4294e9bfd3]::task::poll::Poll<()>, <tokio[8fdf151586d1ac35]::runtime::scheduler::current_thread::CoreGuard>::block_on<core[df12db4294e9bfd3]::pin::Pin<&mut core[df12db4294e9bfd3]::pin::Pin<&mut dyn core[df12db4294e9bfd3]::future::future::Future<Output = ()>>>>::{closure#0}::{closure#0}>
[INFO] [stdout]   15:     0x557709055c5c - <tokio[8fdf151586d1ac35]::runtime::context::scoped::Scoped<tokio[8fdf151586d1ac35]::runtime::scheduler::Context>>::set::<<tokio[8fdf151586d1ac35]::runtime::scheduler::current_thread::CoreGuard>::enter<<tokio[8fdf151586d1ac35]::runtime::scheduler::current_thread::CoreGuard>::block_on<core[df12db4294e9bfd3]::pin::Pin<&mut core[df12db4294e9bfd3]::pin::Pin<&mut dyn core[df12db4294e9bfd3]::future::future::Future<Output = ()>>>>::{closure#0}, core[df12db4294e9bfd3]::option::Option<()>>::{closure#0}, (alloc[2182bb758b4b3781]::boxed::Box<tokio[8fdf151586d1ac35]::runtime::scheduler::current_thread::Core>, core[df12db4294e9bfd3]::option::Option<()>)>
[INFO] [stdout]   16:     0x55770903d787 - <tokio[8fdf151586d1ac35]::runtime::scheduler::current_thread::CoreGuard>::block_on::<core[df12db4294e9bfd3]::pin::Pin<&mut core[df12db4294e9bfd3]::pin::Pin<&mut dyn core[df12db4294e9bfd3]::future::future::Future<Output = ()>>>>
[INFO] [stdout]   17:     0x55770905a6bd - tokio[8fdf151586d1ac35]::runtime::context::runtime::enter_runtime::<<tokio[8fdf151586d1ac35]::runtime::scheduler::current_thread::CurrentThread>::block_on<core[df12db4294e9bfd3]::pin::Pin<&mut dyn core[df12db4294e9bfd3]::future::future::Future<Output = ()>>>::{closure#0}, ()>
[INFO] [stdout]   18:     0x5577090558ff - <tokio[8fdf151586d1ac35]::runtime::runtime::Runtime>::block_on::<core[df12db4294e9bfd3]::pin::Pin<&mut dyn core[df12db4294e9bfd3]::future::future::Future<Output = ()>>>
[INFO] [stdout]   19:     0x55770905344b - eth_prices[4147fa488cec48ee]::quoter::chainlink::tests::test_get_rate_custom_token
[INFO] [stdout]   20:     0x5577090f3d69 - <eth_prices[4147fa488cec48ee]::quoter::chainlink::tests::test_get_rate_custom_token::{closure#0} as core[df12db4294e9bfd3]::ops::function::FnOnce<()>>::call_once
[INFO] [stdout]   21:     0x55770918ff7b - test[9d35eded1c95d3be]::__rust_begin_short_backtrace::<core[df12db4294e9bfd3]::result::Result<(), alloc[2182bb758b4b3781]::string::String>, fn() -> core[df12db4294e9bfd3]::result::Result<(), alloc[2182bb758b4b3781]::string::String>>
[INFO] [stdout]   22:     0x55770919d5e5 - test[9d35eded1c95d3be]::run_test::{closure#0}
[INFO] [stdout]   23:     0x557709196ea4 - std[70759c8f55707aa4]::sys::backtrace::__rust_begin_short_backtrace::<test[9d35eded1c95d3be]::run_test::{closure#1}, ()>
[INFO] [stdout]   24:     0x5577091a0742 - <std[70759c8f55707aa4]::thread::lifecycle::spawn_unchecked<test[9d35eded1c95d3be]::run_test::{closure#1}, ()>::{closure#1} as core[df12db4294e9bfd3]::ops::function::FnOnce<()>>::call_once::{shim:vtable#0}
[INFO] [stdout]   25:     0x55770962ce59 - <std[70759c8f55707aa4]::sys::thread::unix::Thread>::new::thread_start
[INFO] [stdout]   26:     0x7d5388e3cdfa - <unknown>
[INFO] [stdout]   27:     0x7d5388ed03d4 - clone
[INFO] [stdout]   28:                0x0 - <unknown>
[INFO] [stdout] 
[INFO] [stdout] ---- quoter::uniswap_v2::discovery::tests::test_fetch_all_pairs stdout ----
[INFO] [stdout] 
[INFO] [stdout] thread 'quoter::uniswap_v2::discovery::tests::test_fetch_all_pairs' (4831) panicked at src/utils/test.rs:7:34:
[INFO] [stdout] RPC_URL environment variable must be set to run tests: NotPresent
[INFO] [stdout] stack backtrace:
[INFO] [stdout]    0:     0x55770962d931 - <<std[70759c8f55707aa4]::sys::backtrace::BacktraceLock>::print::DisplayBacktrace as core[df12db4294e9bfd3]::fmt::Display>::fmt
[INFO] [stdout]    1:     0x5577096453aa - core[df12db4294e9bfd3]::fmt::write
[INFO] [stdout]    2:     0x55770963283c - <alloc[2182bb758b4b3781]::vec::Vec<u8> as core[df12db4294e9bfd3]::io::write::Write>::write_fmt
[INFO] [stdout]    3:     0x5577096081e6 - std[70759c8f55707aa4]::panicking::default_hook::{closure#0}
[INFO] [stdout]    4:     0x5577096250c9 - std[70759c8f55707aa4]::panicking::default_hook
[INFO] [stdout]    5:     0x55770919cc90 - test[9d35eded1c95d3be]::test_main_inner::<test[9d35eded1c95d3be]::test_main_static::{closure#0}>::{closure#0}
[INFO] [stdout]    6:     0x5577096253f2 - std[70759c8f55707aa4]::panicking::panic_with_hook
[INFO] [stdout]    7:     0x557709608292 - std[70759c8f55707aa4]::panicking::panic_handler::{closure#0}
[INFO] [stdout]    8:     0x557709600e99 - std[70759c8f55707aa4]::sys::backtrace::__rust_end_short_backtrace::<std[70759c8f55707aa4]::panicking::panic_handler::{closure#0}, !>
[INFO] [stdout]    9:     0x55770960907d - __rustc[8fa7c3cbc660c2b3]::rust_begin_unwind
[INFO] [stdout]   10:     0x557709645b0c - core[df12db4294e9bfd3]::panicking::panic_fmt
[INFO] [stdout]   11:     0x5577096458e2 - core[df12db4294e9bfd3]::result::unwrap_failed
[INFO] [stdout]   12:     0x5577090467ee - eth_prices[4147fa488cec48ee]::utils::test::get_test_provider::{closure#0}
[INFO] [stdout]   13:     0x55770904ea0b - eth_prices[4147fa488cec48ee]::quoter::uniswap_v2::discovery::tests::test_fetch_all_pairs::{closure#0}
[INFO] [stdout]   14:     0x55770903ce93 - <tokio[8fdf151586d1ac35]::runtime::scheduler::current_thread::Context>::enter::<core[df12db4294e9bfd3]::task::poll::Poll<()>, <tokio[8fdf151586d1ac35]::runtime::scheduler::current_thread::CoreGuard>::block_on<core[df12db4294e9bfd3]::pin::Pin<&mut core[df12db4294e9bfd3]::pin::Pin<&mut dyn core[df12db4294e9bfd3]::future::future::Future<Output = ()>>>>::{closure#0}::{closure#0}>
[INFO] [stdout]   15:     0x557709055c5c - <tokio[8fdf151586d1ac35]::runtime::context::scoped::Scoped<tokio[8fdf151586d1ac35]::runtime::scheduler::Context>>::set::<<tokio[8fdf151586d1ac35]::runtime::scheduler::current_thread::CoreGuard>::enter<<tokio[8fdf151586d1ac35]::runtime::scheduler::current_thread::CoreGuard>::block_on<core[df12db4294e9bfd3]::pin::Pin<&mut core[df12db4294e9bfd3]::pin::Pin<&mut dyn core[df12db4294e9bfd3]::future::future::Future<Output = ()>>>>::{closure#0}, core[df12db4294e9bfd3]::option::Option<()>>::{closure#0}, (alloc[2182bb758b4b3781]::boxed::Box<tokio[8fdf151586d1ac35]::runtime::scheduler::current_thread::Core>, core[df12db4294e9bfd3]::option::Option<()>)>
[INFO] [stdout]   16:     0x55770903d787 - <tokio[8fdf151586d1ac35]::runtime::scheduler::current_thread::CoreGuard>::block_on::<core[df12db4294e9bfd3]::pin::Pin<&mut core[df12db4294e9bfd3]::pin::Pin<&mut dyn core[df12db4294e9bfd3]::future::future::Future<Output = ()>>>>
[INFO] [stdout]   17:     0x55770905a6bd - tokio[8fdf151586d1ac35]::runtime::context::runtime::enter_runtime::<<tokio[8fdf151586d1ac35]::runtime::scheduler::current_thread::CurrentThread>::block_on<core[df12db4294e9bfd3]::pin::Pin<&mut dyn core[df12db4294e9bfd3]::future::future::Future<Output = ()>>>::{closure#0}, ()>
[INFO] [stdout]   18:     0x5577090558ff - <tokio[8fdf151586d1ac35]::runtime::runtime::Runtime>::block_on::<core[df12db4294e9bfd3]::pin::Pin<&mut dyn core[df12db4294e9bfd3]::future::future::Future<Output = ()>>>
[INFO] [stdout]   19:     0x55770905383b - eth_prices[4147fa488cec48ee]::quoter::uniswap_v2::discovery::tests::test_fetch_all_pairs
[INFO] [stdout]   20:     0x5577090f3dc9 - <eth_prices[4147fa488cec48ee]::quoter::uniswap_v2::discovery::tests::test_fetch_all_pairs::{closure#0} as core[df12db4294e9bfd3]::ops::function::FnOnce<()>>::call_once
[INFO] [stdout]   21:     0x55770918ff7b - test[9d35eded1c95d3be]::__rust_begin_short_backtrace::<core[df12db4294e9bfd3]::result::Result<(), alloc[2182bb758b4b3781]::string::String>, fn() -> core[df12db4294e9bfd3]::result::Result<(), alloc[2182bb758b4b3781]::string::String>>
[INFO] [stdout]   22:     0x55770919d5e5 - test[9d35eded1c95d3be]::run_test::{closure#0}
[INFO] [stdout]   23:     0x557709196ea4 - std[70759c8f55707aa4]::sys::backtrace::__rust_begin_short_backtrace::<test[9d35eded1c95d3be]::run_test::{closure#1}, ()>
[INFO] [stdout]   24:     0x5577091a0742 - <std[70759c8f55707aa4]::thread::lifecycle::spawn_unchecked<test[9d35eded1c95d3be]::run_test::{closure#1}, ()>::{closure#1} as core[df12db4294e9bfd3]::ops::function::FnOnce<()>>::call_once::{shim:vtable#0}
[INFO] [stdout]   25:     0x55770962ce59 - <std[70759c8f55707aa4]::sys::thread::unix::Thread>::new::thread_start
[INFO] [stdout]   26:     0x7d5388e3cdfa - <unknown>
[INFO] [stdout]   27:     0x7d5388ed03d4 - clone
[INFO] [stdout]   28:                0x0 - <unknown>
[INFO] [stdout] 
[INFO] [stdout] ---- quoter::fixed::tests::test_get_rate stdout ----
[INFO] [stdout] 
[INFO] [stdout] thread 'quoter::fixed::tests::test_get_rate' (4829) panicked at src/utils/test.rs:7:34:
[INFO] [stdout] RPC_URL environment variable must be set to run tests: NotPresent
[INFO] [stdout] stack backtrace:
[INFO] [stdout]    0:     0x55770962d931 - <<std[70759c8f55707aa4]::sys::backtrace::BacktraceLock>::print::DisplayBacktrace as core[df12db4294e9bfd3]::fmt::Display>::fmt
[INFO] [stdout]    1:     0x5577096453aa - core[df12db4294e9bfd3]::fmt::write
[INFO] [stdout]    2:     0x55770963283c - <alloc[2182bb758b4b3781]::vec::Vec<u8> as core[df12db4294e9bfd3]::io::write::Write>::write_fmt
[INFO] [stdout]    3:     0x5577096081e6 - std[70759c8f55707aa4]::panicking::default_hook::{closure#0}
[INFO] [stdout]    4:     0x5577096250c9 - std[70759c8f55707aa4]::panicking::default_hook
[INFO] [stdout]    5:     0x55770919cc90 - test[9d35eded1c95d3be]::test_main_inner::<test[9d35eded1c95d3be]::test_main_static::{closure#0}>::{closure#0}
[INFO] [stdout]    6:     0x5577096253f2 - std[70759c8f55707aa4]::panicking::panic_with_hook
[INFO] [stdout]    7:     0x557709608292 - std[70759c8f55707aa4]::panicking::panic_handler::{closure#0}
[INFO] [stdout]    8:     0x557709600e99 - std[70759c8f55707aa4]::sys::backtrace::__rust_end_short_backtrace::<std[70759c8f55707aa4]::panicking::panic_handler::{closure#0}, !>
[INFO] [stdout]    9:     0x55770960907d - __rustc[8fa7c3cbc660c2b3]::rust_begin_unwind
[INFO] [stdout]   10:     0x557709645b0c - core[df12db4294e9bfd3]::panicking::panic_fmt
[INFO] [stdout]   11:     0x5577096458e2 - core[df12db4294e9bfd3]::result::unwrap_failed
[INFO] [stdout]   12:     0x5577090467ee - eth_prices[4147fa488cec48ee]::utils::test::get_test_provider::{closure#0}
[INFO] [stdout]   13:     0x557709046c07 - eth_prices[4147fa488cec48ee]::quoter::fixed::tests::test_get_rate::{closure#0}
[INFO] [stdout]   14:     0x55770903ce93 - <tokio[8fdf151586d1ac35]::runtime::scheduler::current_thread::Context>::enter::<core[df12db4294e9bfd3]::task::poll::Poll<()>, <tokio[8fdf151586d1ac35]::runtime::scheduler::current_thread::CoreGuard>::block_on<core[df12db4294e9bfd3]::pin::Pin<&mut core[df12db4294e9bfd3]::pin::Pin<&mut dyn core[df12db4294e9bfd3]::future::future::Future<Output = ()>>>>::{closure#0}::{closure#0}>
[INFO] [stdout]   15:     0x557709055c5c - <tokio[8fdf151586d1ac35]::runtime::context::scoped::Scoped<tokio[8fdf151586d1ac35]::runtime::scheduler::Context>>::set::<<tokio[8fdf151586d1ac35]::runtime::scheduler::current_thread::CoreGuard>::enter<<tokio[8fdf151586d1ac35]::runtime::scheduler::current_thread::CoreGuard>::block_on<core[df12db4294e9bfd3]::pin::Pin<&mut core[df12db4294e9bfd3]::pin::Pin<&mut dyn core[df12db4294e9bfd3]::future::future::Future<Output = ()>>>>::{closure#0}, core[df12db4294e9bfd3]::option::Option<()>>::{closure#0}, (alloc[2182bb758b4b3781]::boxed::Box<tokio[8fdf151586d1ac35]::runtime::scheduler::current_thread::Core>, core[df12db4294e9bfd3]::option::Option<()>)>
[INFO] [stdout]   16:     0x55770903d787 - <tokio[8fdf151586d1ac35]::runtime::scheduler::current_thread::CoreGuard>::block_on::<core[df12db4294e9bfd3]::pin::Pin<&mut core[df12db4294e9bfd3]::pin::Pin<&mut dyn core[df12db4294e9bfd3]::future::future::Future<Output = ()>>>>
[INFO] [stdout]   17:     0x55770905a6bd - tokio[8fdf151586d1ac35]::runtime::context::runtime::enter_runtime::<<tokio[8fdf151586d1ac35]::runtime::scheduler::current_thread::CurrentThread>::block_on<core[df12db4294e9bfd3]::pin::Pin<&mut dyn core[df12db4294e9bfd3]::future::future::Future<Output = ()>>>::{closure#0}, ()>
[INFO] [stdout]   18:     0x5577090558ff - <tokio[8fdf151586d1ac35]::runtime::runtime::Runtime>::block_on::<core[df12db4294e9bfd3]::pin::Pin<&mut dyn core[df12db4294e9bfd3]::future::future::Future<Output = ()>>>
[INFO] [stdout]   19:     0x557709052f0b - eth_prices[4147fa488cec48ee]::quoter::fixed::tests::test_get_rate
[INFO] [stdout]   20:     0x5577090f3ce9 - <eth_prices[4147fa488cec48ee]::quoter::fixed::tests::test_get_rate::{closure#0} as core[df12db4294e9bfd3]::ops::function::FnOnce<()>>::call_once
[INFO] [stdout]   21:     0x55770918ff7b - test[9d35eded1c95d3be]::__rust_begin_short_backtrace::<core[df12db4294e9bfd3]::result::Result<(), alloc[2182bb758b4b3781]::string::String>, fn() -> core[df12db4294e9bfd3]::result::Result<(), alloc[2182bb758b4b3781]::string::String>>
[INFO] [stdout]   22:     0x55770919d5e5 - test[9d35eded1c95d3be]::run_test::{closure#0}
[INFO] [stdout]   23:     0x557709196ea4 - std[70759c8f55707aa4]::sys::backtrace::__rust_begin_short_backtrace::<test[9d35eded1c95d3be]::run_test::{closure#1}, ()>
[INFO] [stdout]   24:     0x5577091a0742 - <std[70759c8f55707aa4]::thread::lifecycle::spawn_unchecked<test[9d35eded1c95d3be]::run_test::{closure#1}, ()>::{closure#1} as core[df12db4294e9bfd3]::ops::function::FnOnce<()>>::call_once::{shim:vtable#0}
[INFO] [stdout]   25:     0x55770962ce59 - <std[70759c8f55707aa4]::sys::thread::unix::Thread>::new::thread_start
[INFO] [stdout]   26:     0x7d5388e3cdfa - <unknown>
[INFO] [stdout]   27:     0x7d5388ed03d4 - clone
[INFO] [stdout]   28:                0x0 - <unknown>
[INFO] [stdout] 
[INFO] [stdout] ---- quoter::fixed::tests::test_get_rate_with_decimals stdout ----
[INFO] [stdout] 
[INFO] [stdout] thread 'quoter::fixed::tests::test_get_rate_with_decimals' (4830) panicked at src/utils/test.rs:7:34:
[INFO] [stdout] RPC_URL environment variable must be set to run tests: NotPresent
[INFO] [stdout] stack backtrace:
[INFO] [stdout]    0:     0x55770962d931 - <<std[70759c8f55707aa4]::sys::backtrace::BacktraceLock>::print::DisplayBacktrace as core[df12db4294e9bfd3]::fmt::Display>::fmt
[INFO] [stdout]    1:     0x5577096453aa - core[df12db4294e9bfd3]::fmt::write
[INFO] [stdout]    2:     0x55770963283c - <alloc[2182bb758b4b3781]::vec::Vec<u8> as core[df12db4294e9bfd3]::io::write::Write>::write_fmt
[INFO] [stdout]    3:     0x5577096081e6 - std[70759c8f55707aa4]::panicking::default_hook::{closure#0}
[INFO] [stdout]    4:     0x5577096250c9 - std[70759c8f55707aa4]::panicking::default_hook
[INFO] [stdout]    5:     0x55770919cc90 - test[9d35eded1c95d3be]::test_main_inner::<test[9d35eded1c95d3be]::test_main_static::{closure#0}>::{closure#0}
[INFO] [stdout]    6:     0x5577096253f2 - std[70759c8f55707aa4]::panicking::panic_with_hook
[INFO] [stdout]    7:     0x557709608292 - std[70759c8f55707aa4]::panicking::panic_handler::{closure#0}
[INFO] [stdout]    8:     0x557709600e99 - std[70759c8f55707aa4]::sys::backtrace::__rust_end_short_backtrace::<std[70759c8f55707aa4]::panicking::panic_handler::{closure#0}, !>
[INFO] [stdout]    9:     0x55770960907d - __rustc[8fa7c3cbc660c2b3]::rust_begin_unwind
[INFO] [stdout]   10:     0x557709645b0c - core[df12db4294e9bfd3]::panicking::panic_fmt
[INFO] [stdout]   11:     0x5577096458e2 - core[df12db4294e9bfd3]::result::unwrap_failed
[INFO] [stdout]   12:     0x5577090467ee - eth_prices[4147fa488cec48ee]::utils::test::get_test_provider::{closure#0}
[INFO] [stdout]   13:     0x5577090475e7 - eth_prices[4147fa488cec48ee]::quoter::fixed::tests::test_get_rate_with_decimals::{closure#0}
[INFO] [stdout]   14:     0x55770903ce93 - <tokio[8fdf151586d1ac35]::runtime::scheduler::current_thread::Context>::enter::<core[df12db4294e9bfd3]::task::poll::Poll<()>, <tokio[8fdf151586d1ac35]::runtime::scheduler::current_thread::CoreGuard>::block_on<core[df12db4294e9bfd3]::pin::Pin<&mut core[df12db4294e9bfd3]::pin::Pin<&mut dyn core[df12db4294e9bfd3]::future::future::Future<Output = ()>>>>::{closure#0}::{closure#0}>
[INFO] [stdout]   15:     0x557709055c5c - <tokio[8fdf151586d1ac35]::runtime::context::scoped::Scoped<tokio[8fdf151586d1ac35]::runtime::scheduler::Context>>::set::<<tokio[8fdf151586d1ac35]::runtime::scheduler::current_thread::CoreGuard>::enter<<tokio[8fdf151586d1ac35]::runtime::scheduler::current_thread::CoreGuard>::block_on<core[df12db4294e9bfd3]::pin::Pin<&mut core[df12db4294e9bfd3]::pin::Pin<&mut dyn core[df12db4294e9bfd3]::future::future::Future<Output = ()>>>>::{closure#0}, core[df12db4294e9bfd3]::option::Option<()>>::{closure#0}, (alloc[2182bb758b4b3781]::boxed::Box<tokio[8fdf151586d1ac35]::runtime::scheduler::current_thread::Core>, core[df12db4294e9bfd3]::option::Option<()>)>
[INFO] [stdout]   16:     0x55770903d787 - <tokio[8fdf151586d1ac35]::runtime::scheduler::current_thread::CoreGuard>::block_on::<core[df12db4294e9bfd3]::pin::Pin<&mut core[df12db4294e9bfd3]::pin::Pin<&mut dyn core[df12db4294e9bfd3]::future::future::Future<Output = ()>>>>
[INFO] [stdout]   17:     0x55770905a6bd - tokio[8fdf151586d1ac35]::runtime::context::runtime::enter_runtime::<<tokio[8fdf151586d1ac35]::runtime::scheduler::current_thread::CurrentThread>::block_on<core[df12db4294e9bfd3]::pin::Pin<&mut dyn core[df12db4294e9bfd3]::future::future::Future<Output = ()>>>::{closure#0}, ()>
[INFO] [stdout]   18:     0x5577090558ff - <tokio[8fdf151586d1ac35]::runtime::runtime::Runtime>::block_on::<core[df12db4294e9bfd3]::pin::Pin<&mut dyn core[df12db4294e9bfd3]::future::future::Future<Output = ()>>>
[INFO] [stdout]   19:     0x55770905305b - eth_prices[4147fa488cec48ee]::quoter::fixed::tests::test_get_rate_with_decimals
[INFO] [stdout]   20:     0x5577090f3d09 - <eth_prices[4147fa488cec48ee]::quoter::fixed::tests::test_get_rate_with_decimals::{closure#0} as core[df12db4294e9bfd3]::ops::function::FnOnce<()>>::call_once
[INFO] [stdout]   21:     0x55770918ff7b - test[9d35eded1c95d3be]::__rust_begin_short_backtrace::<core[df12db4294e9bfd3]::result::Result<(), alloc[2182bb758b4b3781]::string::String>, fn() -> core[df12db4294e9bfd3]::result::Result<(), alloc[2182bb758b4b3781]::string::String>>
[INFO] [stdout]   22:     0x55770919d5e5 - test[9d35eded1c95d3be]::run_test::{closure#0}
[INFO] [stdout]   23:     0x557709196ea4 - std[70759c8f55707aa4]::sys::backtrace::__rust_begin_short_backtrace::<test[9d35eded1c95d3be]::run_test::{closure#1}, ()>
[INFO] [stdout]   24:     0x5577091a0742 - <std[70759c8f55707aa4]::thread::lifecycle::spawn_unchecked<test[9d35eded1c95d3be]::run_test::{closure#1}, ()>::{closure#1} as core[df12db4294e9bfd3]::ops::function::FnOnce<()>>::call_once::{shim:vtable#0}
[INFO] [stdout]   25:     0x55770962ce59 - <std[70759c8f55707aa4]::sys::thread::unix::Thread>::new::thread_start
[INFO] [stdout]   26:     0x7d5388e3cdfa - <unknown>
[INFO] [stdout]   27:     0x7d5388ed03d4 - clone
[INFO] [stdout]   28:                0x0 - <unknown>
[INFO] [stdout] 
[INFO] [stdout] ---- quoter::uniswap_v2::pair::tests::test_fetch_pair_info stdout ----
[INFO] [stdout] 
[INFO] [stdout] thread 'quoter::uniswap_v2::pair::tests::test_fetch_pair_info' (4833) panicked at src/utils/test.rs:7:34:
[INFO] [stdout] RPC_URL environment variable must be set to run tests: NotPresent
[INFO] [stdout] stack backtrace:
[INFO] [stdout]    0:     0x55770962d931 - <<std[70759c8f55707aa4]::sys::backtrace::BacktraceLock>::print::DisplayBacktrace as core[df12db4294e9bfd3]::fmt::Display>::fmt
[INFO] [stdout]    1:     0x5577096453aa - core[df12db4294e9bfd3]::fmt::write
[INFO] [stdout]    2:     0x55770963283c - <alloc[2182bb758b4b3781]::vec::Vec<u8> as core[df12db4294e9bfd3]::io::write::Write>::write_fmt
[INFO] [stdout]    3:     0x5577096081e6 - std[70759c8f55707aa4]::panicking::default_hook::{closure#0}
[INFO] [stdout]    4:     0x5577096250c9 - std[70759c8f55707aa4]::panicking::default_hook
[INFO] [stdout]    5:     0x55770919cc90 - test[9d35eded1c95d3be]::test_main_inner::<test[9d35eded1c95d3be]::test_main_static::{closure#0}>::{closure#0}
[INFO] [stdout]    6:     0x5577096253f2 - std[70759c8f55707aa4]::panicking::panic_with_hook
[INFO] [stdout]    7:     0x557709608292 - std[70759c8f55707aa4]::panicking::panic_handler::{closure#0}
[INFO] [stdout]    8:     0x557709600e99 - std[70759c8f55707aa4]::sys::backtrace::__rust_end_short_backtrace::<std[70759c8f55707aa4]::panicking::panic_handler::{closure#0}, !>
[INFO] [stdout]    9:     0x55770960907d - __rustc[8fa7c3cbc660c2b3]::rust_begin_unwind
[INFO] [stdout]   10:     0x557709645b0c - core[df12db4294e9bfd3]::panicking::panic_fmt
[INFO] [stdout]   11:     0x5577096458e2 - core[df12db4294e9bfd3]::result::unwrap_failed
[INFO] [stdout]   12:     0x5577090467ee - eth_prices[4147fa488cec48ee]::utils::test::get_test_provider::{closure#0}
[INFO] [stdout]   13:     0x55770904bfbd - eth_prices[4147fa488cec48ee]::quoter::uniswap_v2::pair::tests::test_fetch_pair_info::{closure#0}
[INFO] [stdout]   14:     0x55770903ce93 - <tokio[8fdf151586d1ac35]::runtime::scheduler::current_thread::Context>::enter::<core[df12db4294e9bfd3]::task::poll::Poll<()>, <tokio[8fdf151586d1ac35]::runtime::scheduler::current_thread::CoreGuard>::block_on<core[df12db4294e9bfd3]::pin::Pin<&mut core[df12db4294e9bfd3]::pin::Pin<&mut dyn core[df12db4294e9bfd3]::future::future::Future<Output = ()>>>>::{closure#0}::{closure#0}>
[INFO] [stdout]   15:     0x557709055c5c - <tokio[8fdf151586d1ac35]::runtime::context::scoped::Scoped<tokio[8fdf151586d1ac35]::runtime::scheduler::Context>>::set::<<tokio[8fdf151586d1ac35]::runtime::scheduler::current_thread::CoreGuard>::enter<<tokio[8fdf151586d1ac35]::runtime::scheduler::current_thread::CoreGuard>::block_on<core[df12db4294e9bfd3]::pin::Pin<&mut core[df12db4294e9bfd3]::pin::Pin<&mut dyn core[df12db4294e9bfd3]::future::future::Future<Output = ()>>>>::{closure#0}, core[df12db4294e9bfd3]::option::Option<()>>::{closure#0}, (alloc[2182bb758b4b3781]::boxed::Box<tokio[8fdf151586d1ac35]::runtime::scheduler::current_thread::Core>, core[df12db4294e9bfd3]::option::Option<()>)>
[INFO] [stdout]   16:     0x55770903d787 - <tokio[8fdf151586d1ac35]::runtime::scheduler::current_thread::CoreGuard>::block_on::<core[df12db4294e9bfd3]::pin::Pin<&mut core[df12db4294e9bfd3]::pin::Pin<&mut dyn core[df12db4294e9bfd3]::future::future::Future<Output = ()>>>>
[INFO] [stdout]   17:     0x55770905a6bd - tokio[8fdf151586d1ac35]::runtime::context::runtime::enter_runtime::<<tokio[8fdf151586d1ac35]::runtime::scheduler::current_thread::CurrentThread>::block_on<core[df12db4294e9bfd3]::pin::Pin<&mut dyn core[df12db4294e9bfd3]::future::future::Future<Output = ()>>>::{closure#0}, ()>
[INFO] [stdout]   18:     0x5577090558ff - <tokio[8fdf151586d1ac35]::runtime::runtime::Runtime>::block_on::<core[df12db4294e9bfd3]::pin::Pin<&mut dyn core[df12db4294e9bfd3]::future::future::Future<Output = ()>>>
[INFO] [stdout]   19:     0x55770905359b - eth_prices[4147fa488cec48ee]::quoter::uniswap_v2::pair::tests::test_fetch_pair_info
[INFO] [stdout]   20:     0x5577090f3d89 - <eth_prices[4147fa488cec48ee]::quoter::uniswap_v2::pair::tests::test_fetch_pair_info::{closure#0} as core[df12db4294e9bfd3]::ops::function::FnOnce<()>>::call_once
[INFO] [stdout]   21:     0x55770918ff7b - test[9d35eded1c95d3be]::__rust_begin_short_backtrace::<core[df12db4294e9bfd3]::result::Result<(), alloc[2182bb758b4b3781]::string::String>, fn() -> core[df12db4294e9bfd3]::result::Result<(), alloc[2182bb758b4b3781]::string::String>>
[INFO] [stdout]   22:     0x55770919d5e5 - test[9d35eded1c95d3be]::run_test::{closure#0}
[INFO] [stdout]   23:     0x557709196ea4 - std[70759c8f55707aa4]::sys::backtrace::__rust_begin_short_backtrace::<test[9d35eded1c95d3be]::run_test::{closure#1}, ()>
[INFO] [stdout]   24:     0x5577091a0742 - <std[70759c8f55707aa4]::thread::lifecycle::spawn_unchecked<test[9d35eded1c95d3be]::run_test::{closure#1}, ()>::{closure#1} as core[df12db4294e9bfd3]::ops::function::FnOnce<()>>::call_once::{shim:vtable#0}
[INFO] [stdout]   25:     0x55770962ce59 - <std[70759c8f55707aa4]::sys::thread::unix::Thread>::new::thread_start
[INFO] [stdout]   26:     0x7d5388e3cdfa - <unknown>
[INFO] [stdout]   27:     0x7d5388ed03d4 - clone
[INFO] [stdout]   28:                0x0 - <unknown>
[INFO] [stdout] 
[INFO] [stdout] ---- quoter::chainlink::tests::test_get_rate_link_usd stdout ----
[INFO] [stdout] 
[INFO] [stdout] thread 'quoter::chainlink::tests::test_get_rate_link_usd' (4823) panicked at src/utils/test.rs:7:34:
[INFO] [stdout] RPC_URL environment variable must be set to run tests: NotPresent
[INFO] [stdout] stack backtrace:
[INFO] [stdout]    0:     0x55770962d931 - <<std[70759c8f55707aa4]::sys::backtrace::BacktraceLock>::print::DisplayBacktrace as core[df12db4294e9bfd3]::fmt::Display>::fmt
[INFO] [stdout]    1:     0x5577096453aa - core[df12db4294e9bfd3]::fmt::write
[INFO] [stdout]    2:     0x55770963283c - <alloc[2182bb758b4b3781]::vec::Vec<u8> as core[df12db4294e9bfd3]::io::write::Write>::write_fmt
[INFO] [stdout]    3:     0x5577096081e6 - std[70759c8f55707aa4]::panicking::default_hook::{closure#0}
[INFO] [stdout]    4:     0x5577096250c9 - std[70759c8f55707aa4]::panicking::default_hook
[INFO] [stdout]    5:     0x55770919cc90 - test[9d35eded1c95d3be]::test_main_inner::<test[9d35eded1c95d3be]::test_main_static::{closure#0}>::{closure#0}
[INFO] [stdout]    6:     0x5577096253f2 - std[70759c8f55707aa4]::panicking::panic_with_hook
[INFO] [stdout]    7:     0x557709608292 - std[70759c8f55707aa4]::panicking::panic_handler::{closure#0}
[INFO] [stdout]    8:     0x557709600e99 - std[70759c8f55707aa4]::sys::backtrace::__rust_end_short_backtrace::<std[70759c8f55707aa4]::panicking::panic_handler::{closure#0}, !>
[INFO] [stdout]    9:     0x55770960907d - __rustc[8fa7c3cbc660c2b3]::rust_begin_unwind
[INFO] [stdout]   10:     0x557709645b0c - core[df12db4294e9bfd3]::panicking::panic_fmt
[INFO] [stdout]   11:     0x5577096458e2 - core[df12db4294e9bfd3]::result::unwrap_failed
[INFO] [stdout]   12:     0x5577090467ee - eth_prices[4147fa488cec48ee]::utils::test::get_test_provider::{closure#0}
[INFO] [stdout]   13:     0x557709049e03 - eth_prices[4147fa488cec48ee]::quoter::chainlink::tests::test_get_rate_link_usd::{closure#0}
[INFO] [stdout]   14:     0x55770903ce93 - <tokio[8fdf151586d1ac35]::runtime::scheduler::current_thread::Context>::enter::<core[df12db4294e9bfd3]::task::poll::Poll<()>, <tokio[8fdf151586d1ac35]::runtime::scheduler::current_thread::CoreGuard>::block_on<core[df12db4294e9bfd3]::pin::Pin<&mut core[df12db4294e9bfd3]::pin::Pin<&mut dyn core[df12db4294e9bfd3]::future::future::Future<Output = ()>>>>::{closure#0}::{closure#0}>
[INFO] [stdout]   15:     0x557709055c5c - <tokio[8fdf151586d1ac35]::runtime::context::scoped::Scoped<tokio[8fdf151586d1ac35]::runtime::scheduler::Context>>::set::<<tokio[8fdf151586d1ac35]::runtime::scheduler::current_thread::CoreGuard>::enter<<tokio[8fdf151586d1ac35]::runtime::scheduler::current_thread::CoreGuard>::block_on<core[df12db4294e9bfd3]::pin::Pin<&mut core[df12db4294e9bfd3]::pin::Pin<&mut dyn core[df12db4294e9bfd3]::future::future::Future<Output = ()>>>>::{closure#0}, core[df12db4294e9bfd3]::option::Option<()>>::{closure#0}, (alloc[2182bb758b4b3781]::boxed::Box<tokio[8fdf151586d1ac35]::runtime::scheduler::current_thread::Core>, core[df12db4294e9bfd3]::option::Option<()>)>
[INFO] [stdout]   16:     0x55770903d787 - <tokio[8fdf151586d1ac35]::runtime::scheduler::current_thread::CoreGuard>::block_on::<core[df12db4294e9bfd3]::pin::Pin<&mut core[df12db4294e9bfd3]::pin::Pin<&mut dyn core[df12db4294e9bfd3]::future::future::Future<Output = ()>>>>
[INFO] [stdout]   17:     0x55770905a6bd - tokio[8fdf151586d1ac35]::runtime::context::runtime::enter_runtime::<<tokio[8fdf151586d1ac35]::runtime::scheduler::current_thread::CurrentThread>::block_on<core[df12db4294e9bfd3]::pin::Pin<&mut dyn core[df12db4294e9bfd3]::future::future::Future<Output = ()>>>::{closure#0}, ()>
[INFO] [stdout]   18:     0x5577090558ff - <tokio[8fdf151586d1ac35]::runtime::runtime::Runtime>::block_on::<core[df12db4294e9bfd3]::pin::Pin<&mut dyn core[df12db4294e9bfd3]::future::future::Future<Output = ()>>>
[INFO] [stdout]   19:     0x5577090532fb - eth_prices[4147fa488cec48ee]::quoter::chainlink::tests::test_get_rate_link_usd
[INFO] [stdout]   20:     0x5577090f3d49 - <eth_prices[4147fa488cec48ee]::quoter::chainlink::tests::test_get_rate_link_usd::{closure#0} as core[df12db4294e9bfd3]::ops::function::FnOnce<()>>::call_once
[INFO] [stdout]   21:     0x55770918ff7b - test[9d35eded1c95d3be]::__rust_begin_short_backtrace::<core[df12db4294e9bfd3]::result::Result<(), alloc[2182bb758b4b3781]::string::String>, fn() -> core[df12db4294e9bfd3]::result::Result<(), alloc[2182bb758b4b3781]::string::String>>
[INFO] [stdout]   22:     0x55770919d5e5 - test[9d35eded1c95d3be]::run_test::{closure#0}
[INFO] [stdout]   23:     0x557709196ea4 - std[70759c8f55707aa4]::sys::backtrace::__rust_begin_short_backtrace::<test[9d35eded1c95d3be]::run_test::{closure#1}, ()>
[INFO] [stdout]   24:     0x5577091a0742 - <std[70759c8f55707aa4]::thread::lifecycle::spawn_unchecked<test[9d35eded1c95d3be]::run_test::{closure#1}, ()>::{closure#1} as core[df12db4294e9bfd3]::ops::function::FnOnce<()>>::call_once::{shim:vtable#0}
[INFO] [stdout]   25:     0x55770962ce59 - <std[70759c8f55707aa4]::sys::thread::unix::Thread>::new::thread_start
[INFO] [stdout]   26:     0x7d5388e3cdfa - <unknown>
[INFO] [stdout]   27:     0x7d5388ed03d4 - clone
[INFO] [stdout]   28:                0x0 - <unknown>
[INFO] [stdout] 
[INFO] [stdout] ---- quoter::uniswap_v2::discovery::tests::test_fetch_pair stdout ----
[INFO] [stdout] 
[INFO] [stdout] thread 'quoter::uniswap_v2::discovery::tests::test_fetch_pair' (4832) panicked at src/utils/test.rs:7:34:
[INFO] [stdout] RPC_URL environment variable must be set to run tests: NotPresent
[INFO] [stdout] stack backtrace:
[INFO] [stdout]    0:     0x55770962d931 - <<std[70759c8f55707aa4]::sys::backtrace::BacktraceLock>::print::DisplayBacktrace as core[df12db4294e9bfd3]::fmt::Display>::fmt
[INFO] [stdout]    1:     0x5577096453aa - core[df12db4294e9bfd3]::fmt::write
[INFO] [stdout]    2:     0x55770963283c - <alloc[2182bb758b4b3781]::vec::Vec<u8> as core[df12db4294e9bfd3]::io::write::Write>::write_fmt
[INFO] [stdout]    3:     0x5577096081e6 - std[70759c8f55707aa4]::panicking::default_hook::{closure#0}
[INFO] [stdout]    4:     0x5577096250c9 - std[70759c8f55707aa4]::panicking::default_hook
[INFO] [stdout]    5:     0x55770919cc90 - test[9d35eded1c95d3be]::test_main_inner::<test[9d35eded1c95d3be]::test_main_static::{closure#0}>::{closure#0}
[INFO] [stdout]    6:     0x5577096253f2 - std[70759c8f55707aa4]::panicking::panic_with_hook
[INFO] [stdout]    7:     0x557709608292 - std[70759c8f55707aa4]::panicking::panic_handler::{closure#0}
[INFO] [stdout]    8:     0x557709600e99 - std[70759c8f55707aa4]::sys::backtrace::__rust_end_short_backtrace::<std[70759c8f55707aa4]::panicking::panic_handler::{closure#0}, !>
[INFO] [stdout]    9:     0x55770960907d - __rustc[8fa7c3cbc660c2b3]::rust_begin_unwind
[INFO] [stdout]   10:     0x557709645b0c - core[df12db4294e9bfd3]::panicking::panic_fmt
[INFO] [stdout]   11:     0x5577096458e2 - core[df12db4294e9bfd3]::result::unwrap_failed
[INFO] [stdout]   12:     0x5577090467ee - eth_prices[4147fa488cec48ee]::utils::test::get_test_provider::{closure#0}
[INFO] [stdout]   13:     0x55770904e04e - eth_prices[4147fa488cec48ee]::quoter::uniswap_v2::discovery::tests::test_fetch_pair::{closure#0}
[INFO] [stdout]   14:     0x55770903ce93 - <tokio[8fdf151586d1ac35]::runtime::scheduler::current_thread::Context>::enter::<core[df12db4294e9bfd3]::task::poll::Poll<()>, <tokio[8fdf151586d1ac35]::runtime::scheduler::current_thread::CoreGuard>::block_on<core[df12db4294e9bfd3]::pin::Pin<&mut core[df12db4294e9bfd3]::pin::Pin<&mut dyn core[df12db4294e9bfd3]::future::future::Future<Output = ()>>>>::{closure#0}::{closure#0}>
[INFO] [stdout]   15:     0x557709055c5c - <tokio[8fdf151586d1ac35]::runtime::context::scoped::Scoped<tokio[8fdf151586d1ac35]::runtime::scheduler::Context>>::set::<<tokio[8fdf151586d1ac35]::runtime::scheduler::current_thread::CoreGuard>::enter<<tokio[8fdf151586d1ac35]::runtime::scheduler::current_thread::CoreGuard>::block_on<core[df12db4294e9bfd3]::pin::Pin<&mut core[df12db4294e9bfd3]::pin::Pin<&mut dyn core[df12db4294e9bfd3]::future::future::Future<Output = ()>>>>::{closure#0}, core[df12db4294e9bfd3]::option::Option<()>>::{closure#0}, (alloc[2182bb758b4b3781]::boxed::Box<tokio[8fdf151586d1ac35]::runtime::scheduler::current_thread::Core>, core[df12db4294e9bfd3]::option::Option<()>)>
[INFO] [stdout]   16:     0x55770903d787 - <tokio[8fdf151586d1ac35]::runtime::scheduler::current_thread::CoreGuard>::block_on::<core[df12db4294e9bfd3]::pin::Pin<&mut core[df12db4294e9bfd3]::pin::Pin<&mut dyn core[df12db4294e9bfd3]::future::future::Future<Output = ()>>>>
[INFO] [stdout]   17:     0x55770905a6bd - tokio[8fdf151586d1ac35]::runtime::context::runtime::enter_runtime::<<tokio[8fdf151586d1ac35]::runtime::scheduler::current_thread::CurrentThread>::block_on<core[df12db4294e9bfd3]::pin::Pin<&mut dyn core[df12db4294e9bfd3]::future::future::Future<Output = ()>>>::{closure#0}, ()>
[INFO] [stdout]   18:     0x5577090558ff - <tokio[8fdf151586d1ac35]::runtime::runtime::Runtime>::block_on::<core[df12db4294e9bfd3]::pin::Pin<&mut dyn core[df12db4294e9bfd3]::future::future::Future<Output = ()>>>
[INFO] [stdout]   19:     0x5577090536eb - eth_prices[4147fa488cec48ee]::quoter::uniswap_v2::discovery::tests::test_fetch_pair
[INFO] [stdout]   20:     0x5577090f3da9 - <eth_prices[4147fa488cec48ee]::quoter::uniswap_v2::discovery::tests::test_fetch_pair::{closure#0} as core[df12db4294e9bfd3]::ops::function::FnOnce<()>>::call_once
[INFO] [stdout]   21:     0x55770918ff7b - test[9d35eded1c95d3be]::__rust_begin_short_backtrace::<core[df12db4294e9bfd3]::result::Result<(), alloc[2182bb758b4b3781]::string::String>, fn() -> core[df12db4294e9bfd3]::result::Result<(), alloc[2182bb758b4b3781]::string::String>>
[INFO] [stdout]   22:     0x55770919d5e5 - test[9d35eded1c95d3be]::run_test::{closure#0}
[INFO] [stdout]   23:     0x557709196ea4 - std[70759c8f55707aa4]::sys::backtrace::__rust_begin_short_backtrace::<test[9d35eded1c95d3be]::run_test::{closure#1}, ()>
[INFO] [stdout]   24:     0x5577091a0742 - <std[70759c8f55707aa4]::thread::lifecycle::spawn_unchecked<test[9d35eded1c95d3be]::run_test::{closure#1}, ()>::{closure#1} as core[df12db4294e9bfd3]::ops::function::FnOnce<()>>::call_once::{shim:vtable#0}
[INFO] [stdout]   25:     0x55770962ce59 - <std[70759c8f55707aa4]::sys::thread::unix::Thread>::new::thread_start
[INFO] [stdout]   26:     0x7d5388e3cdfa - <unknown>
[INFO] [stdout]   27:     0x7d5388ed03d4 - clone
[INFO] [stdout]   28:                0x0 - <unknown>
[INFO] [stdout] 
[INFO] [stdout] ---- quoter::ecb::tests::creates_ecb_graph stdout ----
[INFO] [stdout] 
[INFO] [stdout] thread 'quoter::ecb::tests::creates_ecb_graph' (4824) panicked at src/quoter/ecb/mod.rs:277:72:
[INFO] [stdout] called `Result::unwrap()` on an `Err` value: HttpError(reqwest::Error { kind: Request, url: "https://data-api.ecb.europa.eu/service/data/EXR/D..EUR.SP00.A?endPeriod=2026-10-18&lastNObservations=1&format=csvdata", source: hyper_util::client::legacy::Error(Connect, ConnectError("dns error", Custom { kind: Uncategorized, error: "failed to lookup address information: Temporary failure in name resolution" })) })
[INFO] [stdout] stack backtrace:
[INFO] [stdout]    0:     0x55770962d931 - <<std[70759c8f55707aa4]::sys::backtrace::BacktraceLock>::print::DisplayBacktrace as core[df12db4294e9bfd3]::fmt::Display>::fmt
[INFO] [stdout]    1:     0x5577096453aa - core[df12db4294e9bfd3]::fmt::write
[INFO] [stdout]    2:     0x55770963283c - <alloc[2182bb758b4b3781]::vec::Vec<u8> as core[df12db4294e9bfd3]::io::write::Write>::write_fmt
[INFO] [stdout]    3:     0x5577096081e6 - std[70759c8f55707aa4]::panicking::default_hook::{closure#0}
[INFO] [stdout]    4:     0x5577096250c9 - std[70759c8f55707aa4]::panicking::default_hook
[INFO] [stdout]    5:     0x55770919cc90 - test[9d35eded1c95d3be]::test_main_inner::<test[9d35eded1c95d3be]::test_main_static::{closure#0}>::{closure#0}
[INFO] [stdout]    6:     0x5577096253f2 - std[70759c8f55707aa4]::panicking::panic_with_hook
[INFO] [stdout]    7:     0x557709608292 - std[70759c8f55707aa4]::panicking::panic_handler::{closure#0}
[INFO] [stdout]    8:     0x557709600e99 - std[70759c8f55707aa4]::sys::backtrace::__rust_end_short_backtrace::<std[70759c8f55707aa4]::panicking::panic_handler::{closure#0}, !>
[INFO] [stdout]    9:     0x55770960907d - __rustc[8fa7c3cbc660c2b3]::rust_begin_unwind
[INFO] [stdout]   10:     0x557709645b0c - core[df12db4294e9bfd3]::panicking::panic_fmt
[INFO] [stdout]   11:     0x5577096458e2 - core[df12db4294e9bfd3]::result::unwrap_failed
[INFO] [stdout]   12:     0x5577090e5f39 - eth_prices[4147fa488cec48ee]::quoter::ecb::tests::creates_ecb_graph::{closure#0}
[INFO] [stdout]   13:     0x55770903ce93 - <tokio[8fdf151586d1ac35]::runtime::scheduler::current_thread::Context>::enter::<core[df12db4294e9bfd3]::task::poll::Poll<()>, <tokio[8fdf151586d1ac35]::runtime::scheduler::current_thread::CoreGuard>::block_on<core[df12db4294e9bfd3]::pin::Pin<&mut core[df12db4294e9bfd3]::pin::Pin<&mut dyn core[df12db4294e9bfd3]::future::future::Future<Output = ()>>>>::{closure#0}::{closure#0}>
[INFO] [stdout]   14:     0x557709055c5c - <tokio[8fdf151586d1ac35]::runtime::context::scoped::Scoped<tokio[8fdf151586d1ac35]::runtime::scheduler::Context>>::set::<<tokio[8fdf151586d1ac35]::runtime::scheduler::current_thread::CoreGuard>::enter<<tokio[8fdf151586d1ac35]::runtime::scheduler::current_thread::CoreGuard>::block_on<core[df12db4294e9bfd3]::pin::Pin<&mut core[df12db4294e9bfd3]::pin::Pin<&mut dyn core[df12db4294e9bfd3]::future::future::Future<Output = ()>>>>::{closure#0}, core[df12db4294e9bfd3]::option::Option<()>>::{closure#0}, (alloc[2182bb758b4b3781]::boxed::Box<tokio[8fdf151586d1ac35]::runtime::scheduler::current_thread::Core>, core[df12db4294e9bfd3]::option::Option<()>)>
[INFO] [stdout]   15:     0x55770903d787 - <tokio[8fdf151586d1ac35]::runtime::scheduler::current_thread::CoreGuard>::block_on::<core[df12db4294e9bfd3]::pin::Pin<&mut core[df12db4294e9bfd3]::pin::Pin<&mut dyn core[df12db4294e9bfd3]::future::future::Future<Output = ()>>>>
[INFO] [stdout]   16:     0x55770905a6bd - tokio[8fdf151586d1ac35]::runtime::context::runtime::enter_runtime::<<tokio[8fdf151586d1ac35]::runtime::scheduler::current_thread::CurrentThread>::block_on<core[df12db4294e9bfd3]::pin::Pin<&mut dyn core[df12db4294e9bfd3]::future::future::Future<Output = ()>>>::{closure#0}, ()>
[INFO] [stdout]   17:     0x5577090558ff - <tokio[8fdf151586d1ac35]::runtime::runtime::Runtime>::block_on::<core[df12db4294e9bfd3]::pin::Pin<&mut dyn core[df12db4294e9bfd3]::future::future::Future<Output = ()>>>
[INFO] [stdout]   18:     0x5577090f2fbe - <eth_prices[4147fa488cec48ee]::quoter::ecb::tests::creates_ecb_graph::{closure#0} as core[df12db4294e9bfd3]::ops::function::FnOnce<()>>::call_once
[INFO] [stdout]   19:     0x55770918ff7b - test[9d35eded1c95d3be]::__rust_begin_short_backtrace::<core[df12db4294e9bfd3]::result::Result<(), alloc[2182bb758b4b3781]::string::String>, fn() -> core[df12db4294e9bfd3]::result::Result<(), alloc[2182bb758b4b3781]::string::String>>
[INFO] [stdout]   20:     0x55770919d5e5 - test[9d35eded1c95d3be]::run_test::{closure#0}
[INFO] [stdout]   21:     0x557709196ea4 - std[70759c8f55707aa4]::sys::backtrace::__rust_begin_short_backtrace::<test[9d35eded1c95d3be]::run_test::{closure#1}, ()>
[INFO] [stdout]   22:     0x5577091a0742 - <std[70759c8f55707aa4]::thread::lifecycle::spawn_unchecked<test[9d35eded1c95d3be]::run_test::{closure#1}, ()>::{closure#1} as core[df12db4294e9bfd3]::ops::function::FnOnce<()>>::call_once::{shim:vtable#0}
[INFO] [stdout]   23:     0x55770962ce59 - <std[70759c8f55707aa4]::sys::thread::unix::Thread>::new::thread_start
[INFO] [stdout]   24:     0x7d5388e3cdfa - <unknown>
[INFO] [stdout]   25:     0x7d5388ed03d4 - clone
[INFO] [stdout]   26:                0x0 - <unknown>
[INFO] [stdout] 
[INFO] [stdout] 
[INFO] [stdout] failures:
[INFO] [stdout]     quoter::chainlink::tests::test_get_rate_custom_token
[INFO] [stdout]     quoter::chainlink::tests::test_get_rate_link_usd
[INFO] [stdout]     quoter::ecb::tests::creates_ecb_graph
[INFO] [stdout]     quoter::erc4626::tests::test_get_rate
[INFO] [stdout]     quoter::fixed::tests::test_get_rate
[INFO] [stdout]     quoter::fixed::tests::test_get_rate_with_decimals
[INFO] [stdout]     quoter::uniswap_v2::discovery::tests::test_fetch_all_pairs
[INFO] [stdout]     quoter::uniswap_v2::discovery::tests::test_fetch_pair
[INFO] [stdout]     quoter::uniswap_v2::pair::tests::test_fetch_pair_info
[INFO] [stdout] 
[INFO] [stdout] test result: FAILED. 3 passed; 9 failed; 0 ignored; 0 measured; 0 filtered out; finished in 0.01s
[INFO] [stdout] 
[INFO] [stderr] error: test failed, to rerun pass `--lib`
[INFO] running `Command { std: "docker" "inspect" "498f572df800b1ceb6a3ce425d294f95a4494f4a34ccb8536eefb9e5d2d462aa", kill_on_drop: false }`
[INFO] running `Command { std: "docker" "rm" "-f" "498f572df800b1ceb6a3ce425d294f95a4494f4a34ccb8536eefb9e5d2d462aa", kill_on_drop: false }`
[INFO] [stdout] 498f572df800b1ceb6a3ce425d294f95a4494f4a34ccb8536eefb9e5d2d462aa
