[INFO] fetching crate etdl-failure-discovery 0.3.1...
[INFO] testing etdl-failure-discovery-0.3.1 against 1.100.0-beta.1+cargoflags=--release for beta-release-1.100-2
[INFO] extracting crate etdl-failure-discovery 0.3.1 into /workspace/builds/worker-5-tc2/source
[INFO] started tweaking crates.io crate etdl-failure-discovery 0.3.1
[INFO] removed 0 missing tests
[INFO] finished tweaking crates.io crate etdl-failure-discovery 0.3.1
[INFO] tweaked toml for crates.io crate etdl-failure-discovery 0.3.1 written to /workspace/builds/worker-5-tc2/source/Cargo.toml
[INFO] validating manifest of crates.io crate etdl-failure-discovery 0.3.1 on toolchain 1.100.0-beta.1
[INFO] running `Command { std: CARGO_HOME="/workspace/cargo-home" RUSTUP_HOME="/workspace/rustup-home" "/workspace/cargo-home/bin/cargo" "+1.100.0-beta.1" "metadata" "--manifest-path" "Cargo.toml" "--no-deps", kill_on_drop: false }`
[INFO] crate crates.io crate etdl-failure-discovery 0.3.1 already has a lockfile, it will not be regenerated
[INFO] running `Command { std: CARGO_HOME="/workspace/cargo-home" RUSTUP_HOME="/workspace/rustup-home" "/workspace/cargo-home/bin/cargo" "+1.100.0-beta.1" "fetch" "--manifest-path" "Cargo.toml", kill_on_drop: false }`
[INFO] [stderr] warning: `package.homepage` is redundant with `package.repository`
[INFO] [stderr]   --> Cargo.toml:53:12
[INFO] [stderr]    |
[INFO] [stderr] 53 | homepage = "https://github.com/ETDL-lang/etdl-reliability"
[INFO] [stderr]    |            ^^^^^^^^^^^^^^^^^^^^^^^^^^^^^^^^^^^^^^^^^^^^^^^
[INFO] [stderr] ...
[INFO] [stderr] 58 | repository = "https://github.com/ETDL-lang/etdl-reliability"
[INFO] [stderr]    |              -----------------------------------------------
[INFO] [stderr]    |
[INFO] [stderr]    = note: `cargo::redundant_homepage` is set to `warn` by default
[INFO] [stderr] help: consider removing `package.homepage`
[INFO] [stderr] warning: `etdl-failure-discovery` (manifest) generated 1 warning
[INFO] running `Command { std: "docker" "create" "-v" "/var/lib/crater-agent-workspace/builds/worker-5-tc2/source:/opt/rustwide/workdir:ro,Z" "-v" "/var/lib/crater-agent-workspace/builds/worker-5-tc2/target:/opt/rustwide/target:rw,Z" "-v" "/var/lib/crater-agent-workspace/cargo-home:/opt/rustwide/cargo-home:ro,Z" "-v" "/var/lib/crater-agent-workspace/rustup-home:/opt/rustwide/rustup-home:ro,Z" "-m" "1610612736" "--network" "none" "ghcr.io/rust-lang/crates-build-env/linux@sha256:77db811e55d90add9212f6832c23229e3de5f1c1f9905e8cb07319ea15df73ac" "sleep" "infinity", kill_on_drop: false }`
[INFO] [stdout] b0e3e7055d2c739f1f6fc37488a6a787da78df0af2bf66dc00f0843c7e2536de
[INFO] running `Command { std: "docker" "start" "b0e3e7055d2c739f1f6fc37488a6a787da78df0af2bf66dc00f0843c7e2536de", kill_on_drop: false }`
[INFO] running `Command { std: "docker" "inspect" "b0e3e7055d2c739f1f6fc37488a6a787da78df0af2bf66dc00f0843c7e2536de", kill_on_drop: false }`
[INFO] running `Command { std: "docker" "exec" "-e" "SOURCE_DIR=/opt/rustwide/workdir" "-e" "CARGO_HOME=/opt/rustwide/cargo-home" "-e" "RUSTUP_HOME=/opt/rustwide/rustup-home" "-e" "CARGO_TARGET_DIR=/opt/rustwide/target" "-w" "/opt/rustwide/workdir" "--user" "0:0" "b0e3e7055d2c739f1f6fc37488a6a787da78df0af2bf66dc00f0843c7e2536de" "/opt/rustwide/cargo-home/bin/cargo" "+1.100.0-beta.1" "metadata" "--no-deps" "--format-version=1", kill_on_drop: false }`
[INFO] running `Command { std: "docker" "inspect" "b0e3e7055d2c739f1f6fc37488a6a787da78df0af2bf66dc00f0843c7e2536de", kill_on_drop: false }`
[INFO] running `Command { std: "docker" "exec" "-e" "SOURCE_DIR=/opt/rustwide/workdir" "-e" "CARGO_HOME=/opt/rustwide/cargo-home" "-e" "RUSTUP_HOME=/opt/rustwide/rustup-home" "-e" "CARGO_TARGET_DIR=/opt/rustwide/target" "-e" "CARGO_INCREMENTAL=0" "-e" "RUST_BACKTRACE=full" "-e" "RUSTFLAGS=--cap-lints=warn" "-e" "RUSTDOCFLAGS=--cap-lints=warn" "-w" "/opt/rustwide/workdir" "--user" "0:0" "b0e3e7055d2c739f1f6fc37488a6a787da78df0af2bf66dc00f0843c7e2536de" "/opt/rustwide/cargo-home/bin/cargo" "+1.100.0-beta.1" "build" "--frozen" "--message-format=json" "--release", kill_on_drop: false }`
[INFO] [stderr] warning: `package.homepage` is redundant with `package.repository`
[INFO] [stderr]   --> Cargo.toml:53:12
[INFO] [stderr]    |
[INFO] [stderr] 53 | homepage = "https://github.com/ETDL-lang/etdl-reliability"
[INFO] [stderr]    |            ^^^^^^^^^^^^^^^^^^^^^^^^^^^^^^^^^^^^^^^^^^^^^^^
[INFO] [stderr] ...
[INFO] [stderr] 58 | repository = "https://github.com/ETDL-lang/etdl-reliability"
[INFO] [stderr]    |              -----------------------------------------------
[INFO] [stderr]    |
[INFO] [stderr]    = note: `cargo::redundant_homepage` is set to `warn` by default
[INFO] [stderr] help: consider removing `package.homepage`
[INFO] [stderr] warning: `etdl-failure-discovery` (manifest) generated 1 warning
[INFO] [stderr]    Compiling proc-macro2 v1.0.107
[INFO] [stderr]    Compiling thiserror v2.0.20
[INFO] [stderr]    Compiling unicode-ident v1.0.24
[INFO] [stderr]    Compiling quote v1.0.47
[INFO] [stderr]    Compiling syn v3.0.4
[INFO] [stderr]    Compiling syn v2.0.119
[INFO] [stderr]    Compiling serde_derive v1.0.229
[INFO] [stderr]    Compiling thiserror-impl v2.0.20
[INFO] [stderr]    Compiling serde v1.0.229
[INFO] [stderr]    Compiling serde_yaml v0.9.34+deprecated
[INFO] [stderr]    Compiling etdl-reliability-core v0.3.1
[INFO] [stderr]    Compiling etdl-reliability-ontology v0.3.1
[INFO] [stderr]    Compiling etdl-failure-discovery v0.3.1 (/opt/rustwide/workdir)
[INFO] [stderr]     Finished `release` profile [optimized] target(s) in 39.93s
[INFO] running `Command { std: "docker" "inspect" "b0e3e7055d2c739f1f6fc37488a6a787da78df0af2bf66dc00f0843c7e2536de", kill_on_drop: false }`
[INFO] running `Command { std: "docker" "exec" "-e" "SOURCE_DIR=/opt/rustwide/workdir" "-e" "CARGO_HOME=/opt/rustwide/cargo-home" "-e" "RUSTUP_HOME=/opt/rustwide/rustup-home" "-e" "CARGO_TARGET_DIR=/opt/rustwide/target" "-e" "CARGO_INCREMENTAL=0" "-e" "RUST_BACKTRACE=full" "-e" "RUSTFLAGS=--cap-lints=warn" "-e" "RUSTDOCFLAGS=--cap-lints=warn" "-w" "/opt/rustwide/workdir" "--user" "0:0" "b0e3e7055d2c739f1f6fc37488a6a787da78df0af2bf66dc00f0843c7e2536de" "/opt/rustwide/cargo-home/bin/cargo" "+1.100.0-beta.1" "test" "--frozen" "--no-run" "--message-format=json" "--release", kill_on_drop: false }`
[INFO] [stderr] warning: `package.homepage` is redundant with `package.repository`
[INFO] [stderr]   --> Cargo.toml:53:12
[INFO] [stderr]    |
[INFO] [stderr] 53 | homepage = "https://github.com/ETDL-lang/etdl-reliability"
[INFO] [stderr]    |            ^^^^^^^^^^^^^^^^^^^^^^^^^^^^^^^^^^^^^^^^^^^^^^^
[INFO] [stderr] ...
[INFO] [stderr] 58 | repository = "https://github.com/ETDL-lang/etdl-reliability"
[INFO] [stderr]    |              -----------------------------------------------
[INFO] [stderr]    |
[INFO] [stderr]    = note: `cargo::redundant_homepage` is set to `warn` by default
[INFO] [stderr] help: consider removing `package.homepage`
[INFO] [stderr] warning: `etdl-failure-discovery` (manifest) generated 1 warning
[INFO] [stderr]    Compiling hashbrown v0.17.1
[INFO] [stderr]    Compiling arraydeque v0.5.1
[INFO] [stderr]    Compiling minimal-lexical v0.2.1
[INFO] [stderr]    Compiling ordered-float v5.5.0
[INFO] [stderr]    Compiling etdl-tree-core v0.3.1
[INFO] [stderr]    Compiling etdl-probability-core v0.3.1
[INFO] [stderr]    Compiling nom v7.1.3
[INFO] [stderr]    Compiling saphyr-parser v0.0.11
[INFO] [stderr]    Compiling indexmap v2.14.0
[INFO] [stderr]    Compiling hashlink v0.12.1
[INFO] [stderr]    Compiling saphyr v0.0.11
[INFO] [stderr]    Compiling serde_yaml v0.9.34+deprecated
[INFO] [stderr]    Compiling etdl-reliability-core v0.3.1
[INFO] [stderr]    Compiling etdl-parser v0.3.2
[INFO] [stderr]    Compiling etdl-reliability-ontology v0.3.1
[INFO] [stderr]    Compiling etdl-reliability v0.3.1
[INFO] [stderr]    Compiling etdl-failure-discovery v0.3.1 (/opt/rustwide/workdir)
[INFO] [stderr]    Compiling etdl-compiler v0.3.2
[INFO] [stderr]     Finished `release` profile [optimized] target(s) in 58.68s
[INFO] running `Command { std: "docker" "inspect" "b0e3e7055d2c739f1f6fc37488a6a787da78df0af2bf66dc00f0843c7e2536de", kill_on_drop: false }`
[INFO] running `Command { std: "docker" "exec" "-e" "SOURCE_DIR=/opt/rustwide/workdir" "-e" "CARGO_HOME=/opt/rustwide/cargo-home" "-e" "RUSTUP_HOME=/opt/rustwide/rustup-home" "-e" "CARGO_TARGET_DIR=/opt/rustwide/target" "-e" "CARGO_INCREMENTAL=0" "-e" "RUST_BACKTRACE=full" "-e" "RUSTFLAGS=--cap-lints=warn" "-e" "RUSTDOCFLAGS=--cap-lints=warn" "-w" "/opt/rustwide/workdir" "--user" "0:0" "b0e3e7055d2c739f1f6fc37488a6a787da78df0af2bf66dc00f0843c7e2536de" "/opt/rustwide/cargo-home/bin/cargo" "+1.100.0-beta.1" "test" "--frozen" "--release", kill_on_drop: false }`
[INFO] [stderr] warning: `package.homepage` is redundant with `package.repository`
[INFO] [stderr]   --> Cargo.toml:53:12
[INFO] [stderr]    |
[INFO] [stderr] 53 | homepage = "https://github.com/ETDL-lang/etdl-reliability"
[INFO] [stderr]    |            ^^^^^^^^^^^^^^^^^^^^^^^^^^^^^^^^^^^^^^^^^^^^^^^
[INFO] [stderr] ...
[INFO] [stderr] 58 | repository = "https://github.com/ETDL-lang/etdl-reliability"
[INFO] [stderr]    |              -----------------------------------------------
[INFO] [stderr]    |
[INFO] [stderr]    = note: `cargo::redundant_homepage` is set to `warn` by default
[INFO] [stderr] help: consider removing `package.homepage`
[INFO] [stderr] warning: `etdl-failure-discovery` (manifest) generated 1 warning
[INFO] [stderr]     Finished `release` profile [optimized] target(s) in 0.12s
[INFO] [stderr]      Running unittests src/lib.rs (/opt/rustwide/target/release/build/etdl-failure-discovery/cd53ea6c5b4a367c/out/etdl_failure_discovery-cd53ea6c5b4a367c)
[INFO] [stdout] 
[INFO] [stdout] running 12 tests
[INFO] [stdout] test identity::tests::identity_is_stable_and_clean ... ok
[INFO] [stdout] test rust::visitor::tests::detects_fs_network_serialization_channel_lock ... ok
[INFO] [stdout] test bridge::tests::artifact_requires_external_value ... ok
[INFO] [stdout] test rust::visitor::tests::confidence_is_not_probability ... ok
[INFO] [stdout] test rust::visitor::tests::detects_custom_error_type ... ok
[INFO] [stdout] test identity::tests::sanitize_handles_edges ... ok
[INFO] [stdout] test rust::visitor::tests::detects_unwrap_expect_panic ... ok
[INFO] [stdout] test ontology::tests::resolves_alive_and_deprecated ... ok
[INFO] [stdout] test rust::visitor::tests::detects_indexing_division_parsing ... ok
[INFO] [stdout] test rust::visitor::tests::detects_error_propagation_and_assertions ... ok
[INFO] [stderr]      Running tests/integration.rs (/opt/rustwide/target/release/build/etdl-failure-discovery/55fcdd5384fed4e4/out/integration-55fcdd5384fed4e4)
[INFO] [stdout] test rust::visitor::tests::detection_is_deterministic ... ok
[INFO] [stdout] test bridge::tests::artifact_uses_supplied_value_not_confidence ... ok
[INFO] [stdout] 
[INFO] [stdout] test result: ok. 12 passed; 0 failed; 0 ignored; 0 measured; 0 filtered out; finished in 0.01s
[INFO] [stdout] 
[INFO] [stdout] 
[INFO] [stdout] running 10 tests
[INFO] [stdout] test ontology_mapping_marks_exact_and_unmapped ... FAILED
[INFO] [stdout] test discovery_is_deterministic ... FAILED
[INFO] [stdout] test min_confidence_filters ... FAILED
[INFO] [stdout] test discovers_multiple_failure_classes ... FAILED
[INFO] [stdout] test report_has_stable_versioned_schema ... FAILED
[INFO] [stdout] test report_statistics_are_consistent ... FAILED
[INFO] [stdout] test candidates_are_possible_not_proven ... FAILED
[INFO] [stdout] test confidence_and_ontology_are_distinct_from_probability ... FAILED
[INFO] [stdout] test every_candidate_has_source_evidence_and_location ... FAILED
[INFO] [stdout] test third_party_vendor_is_ignored_by_default ... FAILED
[INFO] [stdout] 
[INFO] [stdout] failures:
[INFO] [stdout] 
[INFO] [stdout] ---- ontology_mapping_marks_exact_and_unmapped stdout ----
[INFO] [stdout] 
[INFO] [stderr] error: test failed, to rerun pass `--test integration`
[INFO] [stdout] thread 'ontology_mapping_marks_exact_and_unmapped' (1042) panicked at tests/integration.rs:16:10:
[INFO] [stdout] discovery runs: NoSuchPath("/opt/rustwide/workdir/tests/fixtures/service")
[INFO] [stdout] stack backtrace:
[INFO] [stdout]    0:     0x580e1946abb1 - <<std[617be2ca0a6fd877]::sys::backtrace::BacktraceLock>::print::DisplayBacktrace as core[a373ad73a504971]::fmt::Display>::fmt
[INFO] [stdout]    1:     0x580e1948149a - core[a373ad73a504971]::fmt::write
[INFO] [stdout]    2:     0x580e1946f10c - <alloc[2e1b2a31b91974c5]::vec::Vec<u8> as core[a373ad73a504971]::io::write::Write>::write_fmt
[INFO] [stdout]    3:     0x580e19445d96 - std[617be2ca0a6fd877]::panicking::default_hook::{closure#0}
[INFO] [stdout]    4:     0x580e19462b19 - std[617be2ca0a6fd877]::panicking::default_hook
[INFO] [stdout]    5:     0x580e1928bde0 - test[aada8e7e76ba119b]::test_main_inner::{closure#0}
[INFO] [stdout]    6:     0x580e19462e42 - std[617be2ca0a6fd877]::panicking::panic_with_hook
[INFO] [stdout]    7:     0x580e19445e42 - std[617be2ca0a6fd877]::panicking::panic_handler::{closure#0}
[INFO] [stdout]    8:     0x580e1943e929 - std[617be2ca0a6fd877]::sys::backtrace::__rust_end_short_backtrace::<std[617be2ca0a6fd877]::panicking::panic_handler::{closure#0}, !>
[INFO] [stdout]    9:     0x580e19446a4d - __rustc[ea4f61d10b84890b]::rust_begin_unwind
[INFO] [stdout]   10:     0x580e19481bfc - core[a373ad73a504971]::panicking::panic_fmt
[INFO] [stdout]   11:     0x580e194819d2 - core[a373ad73a504971]::result::unwrap_failed
[INFO] [stdout]   12:     0x580e19274067 - integration[f70858a5dc2256db]::discover
[INFO] [stdout]   13:     0x580e1927602b - <integration[f70858a5dc2256db]::ontology_mapping_marks_exact_and_unmapped::{closure#0} as core[a373ad73a504971]::ops::function::FnOnce<()>>::call_once
[INFO] [stdout]   14:     0x580e1927f22b - test[aada8e7e76ba119b]::__rust_begin_short_backtrace::<core[a373ad73a504971]::result::Result<(), alloc[2e1b2a31b91974c5]::string::String>, fn() -> core[a373ad73a504971]::result::Result<(), alloc[2e1b2a31b91974c5]::string::String>>
[INFO] [stdout]   15:     0x580e1928c405 - test[aada8e7e76ba119b]::run_test::{closure#0}
[INFO] [stdout]   16:     0x580e19285cf4 - std[617be2ca0a6fd877]::sys::backtrace::__rust_begin_short_backtrace::<test[aada8e7e76ba119b]::run_test::{closure#1}, ()>
[INFO] [stdout]   17:     0x580e1928f492 - <std[617be2ca0a6fd877]::thread::lifecycle::spawn_unchecked<test[aada8e7e76ba119b]::run_test::{closure#1}, ()>::{closure#1} as core[a373ad73a504971]::ops::function::FnOnce<()>>::call_once::{shim:vtable#0}
[INFO] [stdout]   18:     0x580e1946a09f - <std[617be2ca0a6fd877]::sys::thread::unix::Thread>::new::thread_start
[INFO] [stdout]   19:     0x7aee42244dfa - <unknown>
[INFO] [stdout]   20:     0x7aee422d83d4 - clone
[INFO] [stdout]   21:                0x0 - <unknown>
[INFO] [stdout] 
[INFO] [stdout] ---- discovery_is_deterministic stdout ----
[INFO] [stdout] 
[INFO] [stdout] thread 'discovery_is_deterministic' (1039) panicked at tests/integration.rs:116:10:
[INFO] [stdout] called `Result::unwrap()` on an `Err` value: NoSuchPath("/opt/rustwide/workdir/tests/fixtures/service")
[INFO] [stdout] stack backtrace:
[INFO] [stdout]    0:     0x580e1946abb1 - <<std[617be2ca0a6fd877]::sys::backtrace::BacktraceLock>::print::DisplayBacktrace as core[a373ad73a504971]::fmt::Display>::fmt
[INFO] [stdout]    1:     0x580e1948149a - core[a373ad73a504971]::fmt::write
[INFO] [stdout]    2:     0x580e1946f10c - <alloc[2e1b2a31b91974c5]::vec::Vec<u8> as core[a373ad73a504971]::io::write::Write>::write_fmt
[INFO] [stdout]    3:     0x580e19445d96 - std[617be2ca0a6fd877]::panicking::default_hook::{closure#0}
[INFO] [stdout]    4:     0x580e19462b19 - std[617be2ca0a6fd877]::panicking::default_hook
[INFO] [stdout]    5:     0x580e1928bde0 - test[aada8e7e76ba119b]::test_main_inner::{closure#0}
[INFO] [stdout]    6:     0x580e19462e42 - std[617be2ca0a6fd877]::panicking::panic_with_hook
[INFO] [stdout]    7:     0x580e19445e42 - std[617be2ca0a6fd877]::panicking::panic_handler::{closure#0}
[INFO] [stdout]    8:     0x580e1943e929 - std[617be2ca0a6fd877]::sys::backtrace::__rust_end_short_backtrace::<std[617be2ca0a6fd877]::panicking::panic_handler::{closure#0}, !>
[INFO] [stdout]    9:     0x580e19446a4d - __rustc[ea4f61d10b84890b]::rust_begin_unwind
[INFO] [stdout]   10:     0x580e19481bfc - core[a373ad73a504971]::panicking::panic_fmt
[INFO] [stdout]   11:     0x580e194819d2 - core[a373ad73a504971]::result::unwrap_failed
[INFO] [stdout]   12:     0x580e19274e66 - <integration[f70858a5dc2256db]::discovery_is_deterministic::{closure#0} as core[a373ad73a504971]::ops::function::FnOnce<()>>::call_once
[INFO] [stdout]   13:     0x580e1927f22b - test[aada8e7e76ba119b]::__rust_begin_short_backtrace::<core[a373ad73a504971]::result::Result<(), alloc[2e1b2a31b91974c5]::string::String>, fn() -> core[a373ad73a504971]::result::Result<(), alloc[2e1b2a31b91974c5]::string::String>>
[INFO] [stdout]   14:     0x580e1928c405 - test[aada8e7e76ba119b]::run_test::{closure#0}
[INFO] [stdout]   15:     0x580e19285cf4 - std[617be2ca0a6fd877]::sys::backtrace::__rust_begin_short_backtrace::<test[aada8e7e76ba119b]::run_test::{closure#1}, ()>
[INFO] [stdout]   16:     0x580e1928f492 - <std[617be2ca0a6fd877]::thread::lifecycle::spawn_unchecked<test[aada8e7e76ba119b]::run_test::{closure#1}, ()>::{closure#1} as core[a373ad73a504971]::ops::function::FnOnce<()>>::call_once::{shim:vtable#0}
[INFO] [stdout]   17:     0x580e1946a09f - <std[617be2ca0a6fd877]::sys::thread::unix::Thread>::new::thread_start
[INFO] [stdout]   18:     0x7aee42244dfa - <unknown>
[INFO] [stdout]   19:     0x7aee422d83d4 - clone
[INFO] [stdout]   20:                0x0 - <unknown>
[INFO] [stdout] 
[INFO] [stdout] ---- min_confidence_filters stdout ----
[INFO] [stdout] 
[INFO] [stdout] thread 'min_confidence_filters' (1041) panicked at tests/integration.rs:16:10:
[INFO] [stdout] discovery runs: NoSuchPath("/opt/rustwide/workdir/tests/fixtures/service")
[INFO] [stdout] stack backtrace:
[INFO] [stdout]    0:     0x580e1946abb1 - <<std[617be2ca0a6fd877]::sys::backtrace::BacktraceLock>::print::DisplayBacktrace as core[a373ad73a504971]::fmt::Display>::fmt
[INFO] [stdout]    1:     0x580e1948149a - core[a373ad73a504971]::fmt::write
[INFO] [stdout]    2:     0x580e1946f10c - <alloc[2e1b2a31b91974c5]::vec::Vec<u8> as core[a373ad73a504971]::io::write::Write>::write_fmt
[INFO] [stdout]    3:     0x580e19445d96 - std[617be2ca0a6fd877]::panicking::default_hook::{closure#0}
[INFO] [stdout]    4:     0x580e19462b19 - std[617be2ca0a6fd877]::panicking::default_hook
[INFO] [stdout]    5:     0x580e1928bde0 - test[aada8e7e76ba119b]::test_main_inner::{closure#0}
[INFO] [stdout]    6:     0x580e19462e42 - std[617be2ca0a6fd877]::panicking::panic_with_hook
[INFO] [stdout]    7:     0x580e19445e42 - std[617be2ca0a6fd877]::panicking::panic_handler::{closure#0}
[INFO] [stdout]    8:     0x580e1943e929 - std[617be2ca0a6fd877]::sys::backtrace::__rust_end_short_backtrace::<std[617be2ca0a6fd877]::panicking::panic_handler::{closure#0}, !>
[INFO] [stdout]    9:     0x580e19446a4d - __rustc[ea4f61d10b84890b]::rust_begin_unwind
[INFO] [stdout]   10:     0x580e19481bfc - core[a373ad73a504971]::panicking::panic_fmt
[INFO] [stdout]   11:     0x580e194819d2 - core[a373ad73a504971]::result::unwrap_failed
[INFO] [stdout]   12:     0x580e19274067 - integration[f70858a5dc2256db]::discover
[INFO] [stdout]   13:     0x580e192743da - <integration[f70858a5dc2256db]::min_confidence_filters::{closure#0} as core[a373ad73a504971]::ops::function::FnOnce<()>>::call_once
[INFO] [stdout]   14:     0x580e1927f22b - test[aada8e7e76ba119b]::__rust_begin_short_backtrace::<core[a373ad73a504971]::result::Result<(), alloc[2e1b2a31b91974c5]::string::String>, fn() -> core[a373ad73a504971]::result::Result<(), alloc[2e1b2a31b91974c5]::string::String>>
[INFO] [stdout]   15:     0x580e1928c405 - test[aada8e7e76ba119b]::run_test::{closure#0}
[INFO] [stdout]   16:     0x580e19285cf4 - std[617be2ca0a6fd877]::sys::backtrace::__rust_begin_short_backtrace::<test[aada8e7e76ba119b]::run_test::{closure#1}, ()>
[INFO] [stdout]   17:     0x580e1928f492 - <std[617be2ca0a6fd877]::thread::lifecycle::spawn_unchecked<test[aada8e7e76ba119b]::run_test::{closure#1}, ()>::{closure#1} as core[a373ad73a504971]::ops::function::FnOnce<()>>::call_once::{shim:vtable#0}
[INFO] [stdout]   18:     0x580e1946a09f - <std[617be2ca0a6fd877]::sys::thread::unix::Thread>::new::thread_start
[INFO] [stdout]   19:     0x7aee42244dfa - <unknown>
[INFO] [stdout]   20:     0x7aee422d83d4 - clone
[INFO] [stdout]   21:                0x0 - <unknown>
[INFO] [stdout] 
[INFO] [stdout] ---- discovers_multiple_failure_classes stdout ----
[INFO] [stdout] 
[INFO] [stdout] thread 'discovers_multiple_failure_classes' (1038) panicked at tests/integration.rs:16:10:
[INFO] [stdout] discovery runs: NoSuchPath("/opt/rustwide/workdir/tests/fixtures/service")
[INFO] [stdout] stack backtrace:
[INFO] [stdout]    0:     0x580e1946abb1 - <<std[617be2ca0a6fd877]::sys::backtrace::BacktraceLock>::print::DisplayBacktrace as core[a373ad73a504971]::fmt::Display>::fmt
[INFO] [stdout]    1:     0x580e1948149a - core[a373ad73a504971]::fmt::write
[INFO] [stdout]    2:     0x580e1946f10c - <alloc[2e1b2a31b91974c5]::vec::Vec<u8> as core[a373ad73a504971]::io::write::Write>::write_fmt
[INFO] [stdout]    3:     0x580e19445d96 - std[617be2ca0a6fd877]::panicking::default_hook::{closure#0}
[INFO] [stdout]    4:     0x580e19462b19 - std[617be2ca0a6fd877]::panicking::default_hook
[INFO] [stdout]    5:     0x580e1928bde0 - test[aada8e7e76ba119b]::test_main_inner::{closure#0}
[INFO] [stdout]    6:     0x580e19462e42 - std[617be2ca0a6fd877]::panicking::panic_with_hook
[INFO] [stdout]    7:     0x580e19445e42 - std[617be2ca0a6fd877]::panicking::panic_handler::{closure#0}
[INFO] [stdout]    8:     0x580e1943e929 - std[617be2ca0a6fd877]::sys::backtrace::__rust_end_short_backtrace::<std[617be2ca0a6fd877]::panicking::panic_handler::{closure#0}, !>
[INFO] [stdout]    9:     0x580e19446a4d - __rustc[ea4f61d10b84890b]::rust_begin_unwind
[INFO] [stdout]   10:     0x580e19481bfc - core[a373ad73a504971]::panicking::panic_fmt
[INFO] [stdout]   11:     0x580e194819d2 - core[a373ad73a504971]::result::unwrap_failed
[INFO] [stdout]   12:     0x580e19274067 - integration[f70858a5dc2256db]::discover
[INFO] [stdout]   13:     0x580e192754b2 - <integration[f70858a5dc2256db]::discovers_multiple_failure_classes::{closure#0} as core[a373ad73a504971]::ops::function::FnOnce<()>>::call_once
[INFO] [stdout]   14:     0x580e1927f22b - test[aada8e7e76ba119b]::__rust_begin_short_backtrace::<core[a373ad73a504971]::result::Result<(), alloc[2e1b2a31b91974c5]::string::String>, fn() -> core[a373ad73a504971]::result::Result<(), alloc[2e1b2a31b91974c5]::string::String>>
[INFO] [stdout]   15:     0x580e1928c405 - test[aada8e7e76ba119b]::run_test::{closure#0}
[INFO] [stdout]   16:     0x580e19285cf4 - std[617be2ca0a6fd877]::sys::backtrace::__rust_begin_short_backtrace::<test[aada8e7e76ba119b]::run_test::{closure#1}, ()>
[INFO] [stdout]   17:     0x580e1928f492 - <std[617be2ca0a6fd877]::thread::lifecycle::spawn_unchecked<test[aada8e7e76ba119b]::run_test::{closure#1}, ()>::{closure#1} as core[a373ad73a504971]::ops::function::FnOnce<()>>::call_once::{shim:vtable#0}
[INFO] [stdout]   18:     0x580e1946a09f - <std[617be2ca0a6fd877]::sys::thread::unix::Thread>::new::thread_start
[INFO] [stdout]   19:     0x7aee42244dfa - <unknown>
[INFO] [stdout]   20:     0x7aee422d83d4 - clone
[INFO] [stdout]   21:                0x0 - <unknown>
[INFO] [stdout] 
[INFO] [stdout] ---- report_has_stable_versioned_schema stdout ----
[INFO] [stdout] 
[INFO] [stdout] thread 'report_has_stable_versioned_schema' (1043) panicked at tests/integration.rs:16:10:
[INFO] [stdout] discovery runs: NoSuchPath("/opt/rustwide/workdir/tests/fixtures/service")
[INFO] [stdout] stack backtrace:
[INFO] [stdout]    0:     0x580e1946abb1 - <<std[617be2ca0a6fd877]::sys::backtrace::BacktraceLock>::print::DisplayBacktrace as core[a373ad73a504971]::fmt::Display>::fmt
[INFO] [stdout]    1:     0x580e1948149a - core[a373ad73a504971]::fmt::write
[INFO] [stdout]    2:     0x580e1946f10c - <alloc[2e1b2a31b91974c5]::vec::Vec<u8> as core[a373ad73a504971]::io::write::Write>::write_fmt
[INFO] [stdout]    3:     0x580e19445d96 - std[617be2ca0a6fd877]::panicking::default_hook::{closure#0}
[INFO] [stdout]    4:     0x580e19462b19 - std[617be2ca0a6fd877]::panicking::default_hook
[INFO] [stdout]    5:     0x580e1928bde0 - test[aada8e7e76ba119b]::test_main_inner::{closure#0}
[INFO] [stdout]    6:     0x580e19462e42 - std[617be2ca0a6fd877]::panicking::panic_with_hook
[INFO] [stdout]    7:     0x580e19445e42 - std[617be2ca0a6fd877]::panicking::panic_handler::{closure#0}
[INFO] [stdout]    8:     0x580e1943e929 - std[617be2ca0a6fd877]::sys::backtrace::__rust_end_short_backtrace::<std[617be2ca0a6fd877]::panicking::panic_handler::{closure#0}, !>
[INFO] [stdout]    9:     0x580e19446a4d - __rustc[ea4f61d10b84890b]::rust_begin_unwind
[INFO] [stdout]   10:     0x580e19481bfc - core[a373ad73a504971]::panicking::panic_fmt
[INFO] [stdout]   11:     0x580e194819d2 - core[a373ad73a504971]::result::unwrap_failed
[INFO] [stdout]   12:     0x580e19274067 - integration[f70858a5dc2256db]::discover
[INFO] [stdout]   13:     0x580e19275942 - <integration[f70858a5dc2256db]::report_has_stable_versioned_schema::{closure#0} as core[a373ad73a504971]::ops::function::FnOnce<()>>::call_once
[INFO] [stdout]   14:     0x580e1927f22b - test[aada8e7e76ba119b]::__rust_begin_short_backtrace::<core[a373ad73a504971]::result::Result<(), alloc[2e1b2a31b91974c5]::string::String>, fn() -> core[a373ad73a504971]::result::Result<(), alloc[2e1b2a31b91974c5]::string::String>>
[INFO] [stdout]   15:     0x580e1928c405 - test[aada8e7e76ba119b]::run_test::{closure#0}
[INFO] [stdout]   16:     0x580e19285cf4 - std[617be2ca0a6fd877]::sys::backtrace::__rust_begin_short_backtrace::<test[aada8e7e76ba119b]::run_test::{closure#1}, ()>
[INFO] [stdout]   17:     0x580e1928f492 - <std[617be2ca0a6fd877]::thread::lifecycle::spawn_unchecked<test[aada8e7e76ba119b]::run_test::{closure#1}, ()>::{closure#1} as core[a373ad73a504971]::ops::function::FnOnce<()>>::call_once::{shim:vtable#0}
[INFO] [stdout]   18:     0x580e1946a09f - <std[617be2ca0a6fd877]::sys::thread::unix::Thread>::new::thread_start
[INFO] [stdout]   19:     0x7aee42244dfa - <unknown>
[INFO] [stdout]   20:     0x7aee422d83d4 - clone
[INFO] [stdout]   21:                0x0 - <unknown>
[INFO] [stdout] 
[INFO] [stdout] ---- report_statistics_are_consistent stdout ----
[INFO] [stdout] 
[INFO] [stdout] thread 'report_statistics_are_consistent' (1044) panicked at tests/integration.rs:16:10:
[INFO] [stdout] discovery runs: NoSuchPath("/opt/rustwide/workdir/tests/fixtures/service")
[INFO] [stdout] stack backtrace:
[INFO] [stdout]    0:     0x580e1946abb1 - <<std[617be2ca0a6fd877]::sys::backtrace::BacktraceLock>::print::DisplayBacktrace as core[a373ad73a504971]::fmt::Display>::fmt
[INFO] [stdout]    1:     0x580e1948149a - core[a373ad73a504971]::fmt::write
[INFO] [stdout]    2:     0x580e1946f10c - <alloc[2e1b2a31b91974c5]::vec::Vec<u8> as core[a373ad73a504971]::io::write::Write>::write_fmt
[INFO] [stdout]    3:     0x580e19445d96 - std[617be2ca0a6fd877]::panicking::default_hook::{closure#0}
[INFO] [stdout]    4:     0x580e19462b19 - std[617be2ca0a6fd877]::panicking::default_hook
[INFO] [stdout]    5:     0x580e1928bde0 - test[aada8e7e76ba119b]::test_main_inner::{closure#0}
[INFO] [stdout]    6:     0x580e19462e42 - std[617be2ca0a6fd877]::panicking::panic_with_hook
[INFO] [stdout]    7:     0x580e19445e42 - std[617be2ca0a6fd877]::panicking::panic_handler::{closure#0}
[INFO] [stdout]    8:     0x580e1943e929 - std[617be2ca0a6fd877]::sys::backtrace::__rust_end_short_backtrace::<std[617be2ca0a6fd877]::panicking::panic_handler::{closure#0}, !>
[INFO] [stdout]    9:     0x580e19446a4d - __rustc[ea4f61d10b84890b]::rust_begin_unwind
[INFO] [stdout]   10:     0x580e19481bfc - core[a373ad73a504971]::panicking::panic_fmt
[INFO] [stdout]   11:     0x580e194819d2 - core[a373ad73a504971]::result::unwrap_failed
[INFO] [stdout]   12:     0x580e19274067 - integration[f70858a5dc2256db]::discover
[INFO] [stdout]   13:     0x580e1927501d - <integration[f70858a5dc2256db]::report_statistics_are_consistent::{closure#0} as core[a373ad73a504971]::ops::function::FnOnce<()>>::call_once
[INFO] [stdout]   14:     0x580e1927f22b - test[aada8e7e76ba119b]::__rust_begin_short_backtrace::<core[a373ad73a504971]::result::Result<(), alloc[2e1b2a31b91974c5]::string::String>, fn() -> core[a373ad73a504971]::result::Result<(), alloc[2e1b2a31b91974c5]::string::String>>
[INFO] [stdout]   15:     0x580e1928c405 - test[aada8e7e76ba119b]::run_test::{closure#0}
[INFO] [stdout]   16:     0x580e19285cf4 - std[617be2ca0a6fd877]::sys::backtrace::__rust_begin_short_backtrace::<test[aada8e7e76ba119b]::run_test::{closure#1}, ()>
[INFO] [stdout]   17:     0x580e1928f492 - <std[617be2ca0a6fd877]::thread::lifecycle::spawn_unchecked<test[aada8e7e76ba119b]::run_test::{closure#1}, ()>::{closure#1} as core[a373ad73a504971]::ops::function::FnOnce<()>>::call_once::{shim:vtable#0}
[INFO] [stdout]   18:     0x580e1946a09f - <std[617be2ca0a6fd877]::sys::thread::unix::Thread>::new::thread_start
[INFO] [stdout]   19:     0x7aee42244dfa - <unknown>
[INFO] [stdout]   20:     0x7aee422d83d4 - clone
[INFO] [stdout]   21:                0x0 - <unknown>
[INFO] [stdout] 
[INFO] [stdout] ---- candidates_are_possible_not_proven stdout ----
[INFO] [stdout] 
[INFO] [stdout] thread 'candidates_are_possible_not_proven' (1036) panicked at tests/integration.rs:16:10:
[INFO] [stdout] discovery runs: NoSuchPath("/opt/rustwide/workdir/tests/fixtures/service")
[INFO] [stdout] stack backtrace:
[INFO] [stdout]    0:     0x580e1946abb1 - <<std[617be2ca0a6fd877]::sys::backtrace::BacktraceLock>::print::DisplayBacktrace as core[a373ad73a504971]::fmt::Display>::fmt
[INFO] [stdout]    1:     0x580e1948149a - core[a373ad73a504971]::fmt::write
[INFO] [stdout]    2:     0x580e1946f10c - <alloc[2e1b2a31b91974c5]::vec::Vec<u8> as core[a373ad73a504971]::io::write::Write>::write_fmt
[INFO] [stdout]    3:     0x580e19445d96 - std[617be2ca0a6fd877]::panicking::default_hook::{closure#0}
[INFO] [stdout]    4:     0x580e19462b19 - std[617be2ca0a6fd877]::panicking::default_hook
[INFO] [stdout]    5:     0x580e1928bde0 - test[aada8e7e76ba119b]::test_main_inner::{closure#0}
[INFO] [stdout]    6:     0x580e19462e42 - std[617be2ca0a6fd877]::panicking::panic_with_hook
[INFO] [stdout]    7:     0x580e19445e42 - std[617be2ca0a6fd877]::panicking::panic_handler::{closure#0}
[INFO] [stdout]    8:     0x580e1943e929 - std[617be2ca0a6fd877]::sys::backtrace::__rust_end_short_backtrace::<std[617be2ca0a6fd877]::panicking::panic_handler::{closure#0}, !>
[INFO] [stdout]    9:     0x580e19446a4d - __rustc[ea4f61d10b84890b]::rust_begin_unwind
[INFO] [stdout]   10:     0x580e19481bfc - core[a373ad73a504971]::panicking::panic_fmt
[INFO] [stdout]   11:     0x580e194819d2 - core[a373ad73a504971]::result::unwrap_failed
[INFO] [stdout]   12:     0x580e19274067 - integration[f70858a5dc2256db]::discover
[INFO] [stdout]   13:     0x580e1927532b - <integration[f70858a5dc2256db]::candidates_are_possible_not_proven::{closure#0} as core[a373ad73a504971]::ops::function::FnOnce<()>>::call_once
[INFO] [stdout]   14:     0x580e1927f22b - test[aada8e7e76ba119b]::__rust_begin_short_backtrace::<core[a373ad73a504971]::result::Result<(), alloc[2e1b2a31b91974c5]::string::String>, fn() -> core[a373ad73a504971]::result::Result<(), alloc[2e1b2a31b91974c5]::string::String>>
[INFO] [stdout]   15:     0x580e1928c405 - test[aada8e7e76ba119b]::run_test::{closure#0}
[INFO] [stdout]   16:     0x580e19285cf4 - std[617be2ca0a6fd877]::sys::backtrace::__rust_begin_short_backtrace::<test[aada8e7e76ba119b]::run_test::{closure#1}, ()>
[INFO] [stdout]   17:     0x580e1928f492 - <std[617be2ca0a6fd877]::thread::lifecycle::spawn_unchecked<test[aada8e7e76ba119b]::run_test::{closure#1}, ()>::{closure#1} as core[a373ad73a504971]::ops::function::FnOnce<()>>::call_once::{shim:vtable#0}
[INFO] [stdout]   18:     0x580e1946a09f - <std[617be2ca0a6fd877]::sys::thread::unix::Thread>::new::thread_start
[INFO] [stdout]   19:     0x7aee42244dfa - <unknown>
[INFO] [stdout]   20:     0x7aee422d83d4 - clone
[INFO] [stdout]   21:                0x0 - <unknown>
[INFO] [stdout] 
[INFO] [stdout] ---- confidence_and_ontology_are_distinct_from_probability stdout ----
[INFO] [stdout] 
[INFO] [stdout] thread 'confidence_and_ontology_are_distinct_from_probability' (1037) panicked at tests/integration.rs:16:10:
[INFO] [stdout] discovery runs: NoSuchPath("/opt/rustwide/workdir/tests/fixtures/service")
[INFO] [stdout] stack backtrace:
[INFO] [stdout]    0:     0x580e1946abb1 - <<std[617be2ca0a6fd877]::sys::backtrace::BacktraceLock>::print::DisplayBacktrace as core[a373ad73a504971]::fmt::Display>::fmt
[INFO] [stdout]    1:     0x580e1948149a - core[a373ad73a504971]::fmt::write
[INFO] [stdout]    2:     0x580e1946f10c - <alloc[2e1b2a31b91974c5]::vec::Vec<u8> as core[a373ad73a504971]::io::write::Write>::write_fmt
[INFO] [stdout]    3:     0x580e19445d96 - std[617be2ca0a6fd877]::panicking::default_hook::{closure#0}
[INFO] [stdout]    4:     0x580e19462b19 - std[617be2ca0a6fd877]::panicking::default_hook
[INFO] [stdout]    5:     0x580e1928bde0 - test[aada8e7e76ba119b]::test_main_inner::{closure#0}
[INFO] [stdout]    6:     0x580e19462e42 - std[617be2ca0a6fd877]::panicking::panic_with_hook
[INFO] [stdout]    7:     0x580e19445e42 - std[617be2ca0a6fd877]::panicking::panic_handler::{closure#0}
[INFO] [stdout]    8:     0x580e1943e929 - std[617be2ca0a6fd877]::sys::backtrace::__rust_end_short_backtrace::<std[617be2ca0a6fd877]::panicking::panic_handler::{closure#0}, !>
[INFO] [stdout]    9:     0x580e19446a4d - __rustc[ea4f61d10b84890b]::rust_begin_unwind
[INFO] [stdout]   10:     0x580e19481bfc - core[a373ad73a504971]::panicking::panic_fmt
[INFO] [stdout]   11:     0x580e194819d2 - core[a373ad73a504971]::result::unwrap_failed
[INFO] [stdout]   12:     0x580e19274067 - integration[f70858a5dc2256db]::discover
[INFO] [stdout]   13:     0x580e19276291 - <integration[f70858a5dc2256db]::confidence_and_ontology_are_distinct_from_probability::{closure#0} as core[a373ad73a504971]::ops::function::FnOnce<()>>::call_once
[INFO] [stdout]   14:     0x580e1927f22b - test[aada8e7e76ba119b]::__rust_begin_short_backtrace::<core[a373ad73a504971]::result::Result<(), alloc[2e1b2a31b91974c5]::string::String>, fn() -> core[a373ad73a504971]::result::Result<(), alloc[2e1b2a31b91974c5]::string::String>>
[INFO] [stdout]   15:     0x580e1928c405 - test[aada8e7e76ba119b]::run_test::{closure#0}
[INFO] [stdout]   16:     0x580e19285cf4 - std[617be2ca0a6fd877]::sys::backtrace::__rust_begin_short_backtrace::<test[aada8e7e76ba119b]::run_test::{closure#1}, ()>
[INFO] [stdout]   17:     0x580e1928f492 - <std[617be2ca0a6fd877]::thread::lifecycle::spawn_unchecked<test[aada8e7e76ba119b]::run_test::{closure#1}, ()>::{closure#1} as core[a373ad73a504971]::ops::function::FnOnce<()>>::call_once::{shim:vtable#0}
[INFO] [stdout]   18:     0x580e1946a09f - <std[617be2ca0a6fd877]::sys::thread::unix::Thread>::new::thread_start
[INFO] [stdout]   19:     0x7aee42244dfa - <unknown>
[INFO] [stdout]   20:     0x7aee422d83d4 - clone
[INFO] [stdout]   21:                0x0 - <unknown>
[INFO] [stdout] 
[INFO] [stdout] ---- every_candidate_has_source_evidence_and_location stdout ----
[INFO] [stdout] 
[INFO] [stdout] thread 'every_candidate_has_source_evidence_and_location' (1040) panicked at tests/integration.rs:16:10:
[INFO] [stdout] discovery runs: NoSuchPath("/opt/rustwide/workdir/tests/fixtures/service")
[INFO] [stdout] stack backtrace:
[INFO] [stdout]    0:     0x580e1946abb1 - <<std[617be2ca0a6fd877]::sys::backtrace::BacktraceLock>::print::DisplayBacktrace as core[a373ad73a504971]::fmt::Display>::fmt
[INFO] [stdout]    1:     0x580e1948149a - core[a373ad73a504971]::fmt::write
[INFO] [stdout]    2:     0x580e1946f10c - <alloc[2e1b2a31b91974c5]::vec::Vec<u8> as core[a373ad73a504971]::io::write::Write>::write_fmt
[INFO] [stdout]    3:     0x580e19445d96 - std[617be2ca0a6fd877]::panicking::default_hook::{closure#0}
[INFO] [stdout]    4:     0x580e19462b19 - std[617be2ca0a6fd877]::panicking::default_hook
[INFO] [stdout]    5:     0x580e1928bde0 - test[aada8e7e76ba119b]::test_main_inner::{closure#0}
[INFO] [stdout]    6:     0x580e19462e42 - std[617be2ca0a6fd877]::panicking::panic_with_hook
[INFO] [stdout]    7:     0x580e19445e42 - std[617be2ca0a6fd877]::panicking::panic_handler::{closure#0}
[INFO] [stdout]    8:     0x580e1943e929 - std[617be2ca0a6fd877]::sys::backtrace::__rust_end_short_backtrace::<std[617be2ca0a6fd877]::panicking::panic_handler::{closure#0}, !>
[INFO] [stdout]    9:     0x580e19446a4d - __rustc[ea4f61d10b84890b]::rust_begin_unwind
[INFO] [stdout]   10:     0x580e19481bfc - core[a373ad73a504971]::panicking::panic_fmt
[INFO] [stdout]   11:     0x580e194819d2 - core[a373ad73a504971]::result::unwrap_failed
[INFO] [stdout]   12:     0x580e19274067 - integration[f70858a5dc2256db]::discover
[INFO] [stdout]   13:     0x580e1927614b - <integration[f70858a5dc2256db]::every_candidate_has_source_evidence_and_location::{closure#0} as core[a373ad73a504971]::ops::function::FnOnce<()>>::call_once
[INFO] [stdout]   14:     0x580e1927f22b - test[aada8e7e76ba119b]::__rust_begin_short_backtrace::<core[a373ad73a504971]::result::Result<(), alloc[2e1b2a31b91974c5]::string::String>, fn() -> core[a373ad73a504971]::result::Result<(), alloc[2e1b2a31b91974c5]::string::String>>
[INFO] [stdout]   15:     0x580e1928c405 - test[aada8e7e76ba119b]::run_test::{closure#0}
[INFO] [stdout]   16:     0x580e19285cf4 - std[617be2ca0a6fd877]::sys::backtrace::__rust_begin_short_backtrace::<test[aada8e7e76ba119b]::run_test::{closure#1}, ()>
[INFO] [stdout]   17:     0x580e1928f492 - <std[617be2ca0a6fd877]::thread::lifecycle::spawn_unchecked<test[aada8e7e76ba119b]::run_test::{closure#1}, ()>::{closure#1} as core[a373ad73a504971]::ops::function::FnOnce<()>>::call_once::{shim:vtable#0}
[INFO] [stdout]   18:     0x580e1946a09f - <std[617be2ca0a6fd877]::sys::thread::unix::Thread>::new::thread_start
[INFO] [stdout]   19:     0x7aee42244dfa - <unknown>
[INFO] [stdout]   20:     0x7aee422d83d4 - clone
[INFO] [stdout]   21:                0x0 - <unknown>
[INFO] [stdout] 
[INFO] [stdout] ---- third_party_vendor_is_ignored_by_default stdout ----
[INFO] [stdout] 
[INFO] [stdout] thread 'third_party_vendor_is_ignored_by_default' (1045) panicked at tests/integration.rs:16:10:
[INFO] [stdout] discovery runs: NoSuchPath("/opt/rustwide/workdir/tests/fixtures/service")
[INFO] [stdout] stack backtrace:
[INFO] [stdout]    0:     0x580e1946abb1 - <<std[617be2ca0a6fd877]::sys::backtrace::BacktraceLock>::print::DisplayBacktrace as core[a373ad73a504971]::fmt::Display>::fmt
[INFO] [stdout]    1:     0x580e1948149a - core[a373ad73a504971]::fmt::write
[INFO] [stdout]    2:     0x580e1946f10c - <alloc[2e1b2a31b91974c5]::vec::Vec<u8> as core[a373ad73a504971]::io::write::Write>::write_fmt
[INFO] [stdout]    3:     0x580e19445d96 - std[617be2ca0a6fd877]::panicking::default_hook::{closure#0}
[INFO] [stdout]    4:     0x580e19462b19 - std[617be2ca0a6fd877]::panicking::default_hook
[INFO] [stdout]    5:     0x580e1928bde0 - test[aada8e7e76ba119b]::test_main_inner::{closure#0}
[INFO] [stdout]    6:     0x580e19462e42 - std[617be2ca0a6fd877]::panicking::panic_with_hook
[INFO] [stdout]    7:     0x580e19445e42 - std[617be2ca0a6fd877]::panicking::panic_handler::{closure#0}
[INFO] [stdout]    8:     0x580e1943e929 - std[617be2ca0a6fd877]::sys::backtrace::__rust_end_short_backtrace::<std[617be2ca0a6fd877]::panicking::panic_handler::{closure#0}, !>
[INFO] [stdout]    9:     0x580e19446a4d - __rustc[ea4f61d10b84890b]::rust_begin_unwind
[INFO] [stdout]   10:     0x580e19481bfc - core[a373ad73a504971]::panicking::panic_fmt
[INFO] [stdout]   11:     0x580e194819d2 - core[a373ad73a504971]::result::unwrap_failed
[INFO] [stdout]   12:     0x580e19274067 - integration[f70858a5dc2256db]::discover
[INFO] [stdout]   13:     0x580e19275a84 - <integration[f70858a5dc2256db]::third_party_vendor_is_ignored_by_default::{closure#0} as core[a373ad73a504971]::ops::function::FnOnce<()>>::call_once
[INFO] [stdout]   14:     0x580e1927f22b - test[aada8e7e76ba119b]::__rust_begin_short_backtrace::<core[a373ad73a504971]::result::Result<(), alloc[2e1b2a31b91974c5]::string::String>, fn() -> core[a373ad73a504971]::result::Result<(), alloc[2e1b2a31b91974c5]::string::String>>
[INFO] [stdout]   15:     0x580e1928c405 - test[aada8e7e76ba119b]::run_test::{closure#0}
[INFO] [stdout]   16:     0x580e19285cf4 - std[617be2ca0a6fd877]::sys::backtrace::__rust_begin_short_backtrace::<test[aada8e7e76ba119b]::run_test::{closure#1}, ()>
[INFO] [stdout]   17:     0x580e1928f492 - <std[617be2ca0a6fd877]::thread::lifecycle::spawn_unchecked<test[aada8e7e76ba119b]::run_test::{closure#1}, ()>::{closure#1} as core[a373ad73a504971]::ops::function::FnOnce<()>>::call_once::{shim:vtable#0}
[INFO] [stdout]   18:     0x580e1946a09f - <std[617be2ca0a6fd877]::sys::thread::unix::Thread>::new::thread_start
[INFO] [stdout]   19:     0x7aee42244dfa - <unknown>
[INFO] [stdout]   20:     0x7aee422d83d4 - clone
[INFO] [stdout]   21:                0x0 - <unknown>
[INFO] [stdout] 
[INFO] [stdout] 
[INFO] [stdout] failures:
[INFO] [stdout]     candidates_are_possible_not_proven
[INFO] [stdout]     confidence_and_ontology_are_distinct_from_probability
[INFO] [stdout]     discovers_multiple_failure_classes
[INFO] [stdout]     discovery_is_deterministic
[INFO] [stdout]     every_candidate_has_source_evidence_and_location
[INFO] [stdout]     min_confidence_filters
[INFO] [stdout]     ontology_mapping_marks_exact_and_unmapped
[INFO] [stdout]     report_has_stable_versioned_schema
[INFO] [stdout]     report_statistics_are_consistent
[INFO] [stdout]     third_party_vendor_is_ignored_by_default
[INFO] [stdout] 
[INFO] [stdout] test result: FAILED. 0 passed; 10 failed; 0 ignored; 0 measured; 0 filtered out; finished in 0.01s
[INFO] [stdout] 
[INFO] running `Command { std: "docker" "inspect" "b0e3e7055d2c739f1f6fc37488a6a787da78df0af2bf66dc00f0843c7e2536de", kill_on_drop: false }`
[INFO] running `Command { std: "docker" "rm" "-f" "b0e3e7055d2c739f1f6fc37488a6a787da78df0af2bf66dc00f0843c7e2536de", kill_on_drop: false }`
[INFO] [stdout] b0e3e7055d2c739f1f6fc37488a6a787da78df0af2bf66dc00f0843c7e2536de
