[INFO] fetching crate etdl-conformance 0.3.1...
[INFO] testing etdl-conformance-0.3.1 against 1.99.0-beta.8+cargoflags=--release for beta-release-1.100-2
[INFO] extracting crate etdl-conformance 0.3.1 into /workspace/builds/worker-1-tc1/source
[INFO] started tweaking crates.io crate etdl-conformance 0.3.1
[INFO] removed 0 missing tests
[INFO] finished tweaking crates.io crate etdl-conformance 0.3.1
[INFO] tweaked toml for crates.io crate etdl-conformance 0.3.1 written to /workspace/builds/worker-1-tc1/source/Cargo.toml
[INFO] validating manifest of crates.io crate etdl-conformance 0.3.1 on toolchain 1.99.0-beta.8
[INFO] running `Command { std: CARGO_HOME="/workspace/cargo-home" RUSTUP_HOME="/workspace/rustup-home" "/workspace/cargo-home/bin/cargo" "+1.99.0-beta.8" "metadata" "--manifest-path" "Cargo.toml" "--no-deps", kill_on_drop: false }`
[INFO] crate crates.io crate etdl-conformance 0.3.1 already has a lockfile, it will not be regenerated
[INFO] running `Command { std: CARGO_HOME="/workspace/cargo-home" RUSTUP_HOME="/workspace/rustup-home" "/workspace/cargo-home/bin/cargo" "+1.99.0-beta.8" "fetch" "--manifest-path" "Cargo.toml", kill_on_drop: false }`
[INFO] [stderr]     Updating crates.io index
[INFO] [stderr]  Downloading crates ...
[INFO] [stderr]   Downloaded etdl-reliability-core v0.3.1
[INFO] [stderr]   Downloaded etdl-probability-core v0.3.1
[INFO] [stderr]   Downloaded etdl-tree-core v0.3.1
[INFO] [stderr]   Downloaded etdl-parser v0.3.2
[INFO] [stderr]   Downloaded etdl-core v0.3.1
[INFO] [stderr]   Downloaded etdl-reliability v0.3.1
[INFO] [stderr]   Downloaded hashlink v0.12.1
[INFO] [stderr]   Downloaded saphyr v0.0.11
[INFO] [stderr]   Downloaded saphyr-parser v0.0.11
[INFO] [stderr]   Downloaded etdl-compiler v0.3.2
[INFO] running `Command { std: "docker" "create" "-v" "/var/lib/crater-agent-workspace/builds/worker-1-tc1/source:/opt/rustwide/workdir:ro,Z" "-v" "/var/lib/crater-agent-workspace/builds/worker-1-tc1/target:/opt/rustwide/target:rw,Z" "-v" "/var/lib/crater-agent-workspace/cargo-home:/opt/rustwide/cargo-home:ro,Z" "-v" "/var/lib/crater-agent-workspace/rustup-home:/opt/rustwide/rustup-home:ro,Z" "-m" "1610612736" "--network" "none" "ghcr.io/rust-lang/crates-build-env/linux@sha256:77db811e55d90add9212f6832c23229e3de5f1c1f9905e8cb07319ea15df73ac" "sleep" "infinity", kill_on_drop: false }`
[INFO] [stdout] d1a074a733740cdb832292dc705fca6d92d6be4d8466d1e26a74842da06d220c
[INFO] running `Command { std: "docker" "start" "d1a074a733740cdb832292dc705fca6d92d6be4d8466d1e26a74842da06d220c", kill_on_drop: false }`
[INFO] running `Command { std: "docker" "inspect" "d1a074a733740cdb832292dc705fca6d92d6be4d8466d1e26a74842da06d220c", kill_on_drop: false }`
[INFO] running `Command { std: "docker" "exec" "-e" "SOURCE_DIR=/opt/rustwide/workdir" "-e" "CARGO_HOME=/opt/rustwide/cargo-home" "-e" "RUSTUP_HOME=/opt/rustwide/rustup-home" "-e" "CARGO_TARGET_DIR=/opt/rustwide/target" "-w" "/opt/rustwide/workdir" "--user" "0:0" "d1a074a733740cdb832292dc705fca6d92d6be4d8466d1e26a74842da06d220c" "/opt/rustwide/cargo-home/bin/cargo" "+1.99.0-beta.8" "metadata" "--no-deps" "--format-version=1", kill_on_drop: false }`
[INFO] running `Command { std: "docker" "inspect" "d1a074a733740cdb832292dc705fca6d92d6be4d8466d1e26a74842da06d220c", kill_on_drop: false }`
[INFO] running `Command { std: "docker" "exec" "-e" "SOURCE_DIR=/opt/rustwide/workdir" "-e" "CARGO_HOME=/opt/rustwide/cargo-home" "-e" "RUSTUP_HOME=/opt/rustwide/rustup-home" "-e" "CARGO_TARGET_DIR=/opt/rustwide/target" "-e" "CARGO_INCREMENTAL=0" "-e" "RUST_BACKTRACE=full" "-e" "RUSTFLAGS=--cap-lints=warn" "-e" "RUSTDOCFLAGS=--cap-lints=warn" "-w" "/opt/rustwide/workdir" "--user" "0:0" "d1a074a733740cdb832292dc705fca6d92d6be4d8466d1e26a74842da06d220c" "/opt/rustwide/cargo-home/bin/cargo" "+1.99.0-beta.8" "build" "--frozen" "--message-format=json" "--release", kill_on_drop: false }`
[INFO] [stderr]    Compiling serde_core v1.0.229
[INFO] [stderr]    Compiling thiserror v2.0.20
[INFO] [stderr]    Compiling thiserror-impl v2.0.20
[INFO] [stderr]    Compiling serde v1.0.229
[INFO] [stderr]    Compiling serde_derive v1.0.229
[INFO] [stderr]    Compiling serde_json v1.0.151
[INFO] [stderr]    Compiling hashbrown v0.17.1
[INFO] [stderr]    Compiling unsafe-libyaml v0.2.11
[INFO] [stderr]    Compiling libc v0.2.189
[INFO] [stderr]    Compiling arraydeque v0.5.1
[INFO] [stderr]    Compiling tokio v1.53.1
[INFO] [stderr]    Compiling ordered-float v5.3.0
[INFO] [stderr]    Compiling saphyr-parser v0.0.11
[INFO] [stderr]    Compiling indexmap v2.14.0
[INFO] [stderr]    Compiling hashlink v0.12.1
[INFO] [stderr]    Compiling saphyr v0.0.11
[INFO] [stderr]    Compiling getrandom v0.2.17
[INFO] [stderr]    Compiling serde_yaml v0.9.34+deprecated
[INFO] [stderr]    Compiling etdl-tree-core v0.3.1
[INFO] [stderr]    Compiling etdl-probability-core v0.3.1
[INFO] [stderr]    Compiling etdl-core v0.3.1
[INFO] [stderr]    Compiling etdl-reliability-core v0.3.1
[INFO] [stderr]    Compiling etdl-parser v0.3.2
[INFO] [stderr]    Compiling etdl-reliability v0.3.1
[INFO] [stderr]    Compiling etdl-compiler v0.3.2
[INFO] [stderr]    Compiling etdl-conformance v0.3.1 (/opt/rustwide/workdir)
[INFO] [stderr]     Finished `release` profile [optimized] target(s) in 45.75s
[INFO] running `Command { std: "docker" "inspect" "d1a074a733740cdb832292dc705fca6d92d6be4d8466d1e26a74842da06d220c", kill_on_drop: false }`
[INFO] running `Command { std: "docker" "exec" "-e" "SOURCE_DIR=/opt/rustwide/workdir" "-e" "CARGO_HOME=/opt/rustwide/cargo-home" "-e" "RUSTUP_HOME=/opt/rustwide/rustup-home" "-e" "CARGO_TARGET_DIR=/opt/rustwide/target" "-e" "CARGO_INCREMENTAL=0" "-e" "RUST_BACKTRACE=full" "-e" "RUSTFLAGS=--cap-lints=warn" "-e" "RUSTDOCFLAGS=--cap-lints=warn" "-w" "/opt/rustwide/workdir" "--user" "0:0" "d1a074a733740cdb832292dc705fca6d92d6be4d8466d1e26a74842da06d220c" "/opt/rustwide/cargo-home/bin/cargo" "+1.99.0-beta.8" "test" "--frozen" "--no-run" "--message-format=json" "--release", kill_on_drop: false }`
[INFO] [stderr]    Compiling etdl-conformance v0.3.1 (/opt/rustwide/workdir)
[INFO] [stderr]     Finished `release` profile [optimized] target(s) in 3.06s
[INFO] running `Command { std: "docker" "inspect" "d1a074a733740cdb832292dc705fca6d92d6be4d8466d1e26a74842da06d220c", kill_on_drop: false }`
[INFO] running `Command { std: "docker" "exec" "-e" "SOURCE_DIR=/opt/rustwide/workdir" "-e" "CARGO_HOME=/opt/rustwide/cargo-home" "-e" "RUSTUP_HOME=/opt/rustwide/rustup-home" "-e" "CARGO_TARGET_DIR=/opt/rustwide/target" "-e" "CARGO_INCREMENTAL=0" "-e" "RUST_BACKTRACE=full" "-e" "RUSTFLAGS=--cap-lints=warn" "-e" "RUSTDOCFLAGS=--cap-lints=warn" "-w" "/opt/rustwide/workdir" "--user" "0:0" "d1a074a733740cdb832292dc705fca6d92d6be4d8466d1e26a74842da06d220c" "/opt/rustwide/cargo-home/bin/cargo" "+1.99.0-beta.8" "test" "--frozen" "--release", kill_on_drop: false }`
[INFO] [stderr]     Finished `release` profile [optimized] target(s) in 0.05s
[INFO] [stderr]      Running unittests src/lib.rs (/opt/rustwide/target/release/deps/etdl_conformance-6b2f07a796dca456)
[INFO] [stdout] 
[INFO] [stdout] running 9 tests
[INFO] [stdout] test report::tests::reliability_areas_are_unsupported_when_the_feature_is_off ... ok
[INFO] [stdout] test reference::tests::exponential_reference_reproduces_the_textbook_identity ... ok
[INFO] [stdout] test reference::tests::binomial_coefficient_known_values ... ok
[INFO] [stdout] test reference::tests::binomial_cdf_plus_survival_ge_of_next_is_one ... ok
[INFO] [stdout] test reference::tests::two_sided_test_far_from_null_is_small ... ok
[INFO] [stdout] test manifest::tests::manifest_serializes_to_json ... ok
[INFO] [stdout] test reference::tests::binomial_pmf_sums_to_one ... ok
[INFO] [stdout] test reference::tests::two_sided_test_at_the_null_is_close_to_one ... ok
[INFO] [stdout] test report::tests::every_area_has_a_level_and_a_detail ... ok
[INFO] [stdout] 
[INFO] [stdout] test result: ok. 9 passed; 0 failed; 0 ignored; 0 measured; 0 filtered out; finished in 0.03s
[INFO] [stdout] 
[INFO] [stderr]      Running tests/architecture.rs (/opt/rustwide/target/release/deps/architecture-8b6f83ea0891ec20)
[INFO] [stdout] 
[INFO] [stdout] running 7 tests
[INFO] [stdout] test arch_006_workspace_dependency_graph_has_no_cycles ... FAILED
[INFO] [stdout] test arch_001_probability_core_has_zero_reliability_dependency ... FAILED
[INFO] [stdout] test arch_002_tree_core_has_zero_reliability_or_probability_dependency ... FAILED
[INFO] [stdout] test arch_004_compiler_reliability_dependency_is_optional ... FAILED
[INFO] [stdout] test arch_003_reliability_may_depend_on_probability_and_tree_but_not_vice_versa ... FAILED
[INFO] [stdout] test arch_007_cli_reliability_family_dependencies_are_all_optional ... FAILED
[INFO] [stdout] test arch_005_wasm_has_zero_dependency_on_the_heavy_reliability_engine ... FAILED
[INFO] [stdout] 
[INFO] [stdout] failures:
[INFO] [stdout] 
[INFO] [stdout] ---- arch_006_workspace_dependency_graph_has_no_cycles stdout ----
[INFO] [stdout] 
[INFO] [stdout] thread 'arch_006_workspace_dependency_graph_has_no_cycles' (1024) panicked at tests/architecture.rs:33:58:
[INFO] [stdout] cargo metadata succeeds: NonZeroExit
[INFO] [stdout] stack backtrace:
[INFO] [stdout]    0:     0x58c5822d2c41 - <<std[70759c8f55707aa4]::sys::backtrace::BacktraceLock>::print::DisplayBacktrace as core[df12db4294e9bfd3]::fmt::Display>::fmt
[INFO] [stdout]    1:     0x58c5822e751a - core[df12db4294e9bfd3]::fmt::write
[INFO] [stdout]    2:     0x58c5822d70dc - <alloc[2182bb758b4b3781]::vec::Vec<u8> as core[df12db4294e9bfd3]::io::write::Write>::write_fmt
[INFO] [stdout]    3:     0x58c5822aefd6 - std[70759c8f55707aa4]::panicking::default_hook::{closure#0}
[INFO] [stdout]    4:     0x58c5822cb3a9 - std[70759c8f55707aa4]::panicking::default_hook
[INFO] [stdout]    5:     0x58c5822584b0 - test[9d35eded1c95d3be]::test_main_inner::<test[9d35eded1c95d3be]::test_main_static::{closure#0}>::{closure#0}
[INFO] [stdout]    6:     0x58c5822cb562 - std[70759c8f55707aa4]::panicking::panic_with_hook
[INFO] [stdout]    7:     0x58c5822af082 - std[70759c8f55707aa4]::panicking::panic_handler::{closure#0}
[INFO] [stdout]    8:     0x58c5822a7e09 - std[70759c8f55707aa4]::sys::backtrace::__rust_end_short_backtrace::<std[70759c8f55707aa4]::panicking::panic_handler::{closure#0}, !>
[INFO] [stdout]    9:     0x58c5822afc7d - __rustc[8fa7c3cbc660c2b3]::rust_begin_unwind
[INFO] [stdout]   10:     0x58c5822e7c4c - core[df12db4294e9bfd3]::panicking::panic_fmt
[INFO] [stdout]   11:     0x58c5822e7a22 - core[df12db4294e9bfd3]::result::unwrap_failed
[INFO] [stdout]   12:     0x58c58224a46e - <architecture[b07d786b8dc572f0]::arch_006_workspace_dependency_graph_has_no_cycles::{closure#0} as core[df12db4294e9bfd3]::ops::function::FnOnce<()>>::call_once
[INFO] [stdout]   13:     0x58c58224b79b - test[9d35eded1c95d3be]::__rust_begin_short_backtrace::<core[df12db4294e9bfd3]::result::Result<(), alloc[2182bb758b4b3781]::string::String>, fn() -> core[df12db4294e9bfd3]::result::Result<(), alloc[2182bb758b4b3781]::string::String>>
[INFO] [stdout]   14:     0x58c582258e05 - test[9d35eded1c95d3be]::run_test::{closure#0}
[INFO] [stdout]   15:     0x58c5822526c4 - std[70759c8f55707aa4]::sys::backtrace::__rust_begin_short_backtrace::<test[9d35eded1c95d3be]::run_test::{closure#1}, ()>
[INFO] [stdout]   16:     0x58c58225bf62 - <std[70759c8f55707aa4]::thread::lifecycle::spawn_unchecked<test[9d35eded1c95d3be]::run_test::{closure#1}, ()>::{closure#1} as core[df12db4294e9bfd3]::ops::function::FnOnce<()>>::call_once::{shim:vtable#0}
[INFO] [stdout]   17:     0x58c5822d2519 - <std[70759c8f55707aa4]::sys::thread::unix::Thread>::new::thread_start
[INFO] [stdout]   18:     0x7ac5f9427dfa - <unknown>
[INFO] [stdout]   19:     0x7ac5f94bb3d4 - clone
[INFO] [stdout]   20:                0x0 - <unknown>
[INFO] [stdout] 
[INFO] [stdout] ---- arch_001_probability_core_has_zero_reliability_dependency stdout ----
[INFO] [stdout] 
[INFO] [stdout] thread 'arch_001_probability_core_has_zero_reliability_dependency' (1019) panicked at tests/architecture.rs:33:58:
[INFO] [stdout] cargo metadata succeeds: NonZeroExit
[INFO] [stdout] stack backtrace:
[INFO] [stdout]    0:     0x58c5822d2c41 - <<std[70759c8f55707aa4]::sys::backtrace::BacktraceLock>::print::DisplayBacktrace as core[df12db4294e9bfd3]::fmt::Display>::fmt
[INFO] [stdout]    1:     0x58c5822e751a - core[df12db4294e9bfd3]::fmt::write
[INFO] [stdout]    2:     0x58c5822d70dc - <alloc[2182bb758b4b3781]::vec::Vec<u8> as core[df12db4294e9bfd3]::io::write::Write>::write_fmt
[INFO] [stdout]    3:     0x58c5822aefd6 - std[70759c8f55707aa4]::panicking::default_hook::{closure#0}
[INFO] [stdout]    4:     0x58c5822cb3a9 - std[70759c8f55707aa4]::panicking::default_hook
[INFO] [stdout]    5:     0x58c5822584b0 - test[9d35eded1c95d3be]::test_main_inner::<test[9d35eded1c95d3be]::test_main_static::{closure#0}>::{closure#0}
[INFO] [stdout]    6:     0x58c5822cb562 - std[70759c8f55707aa4]::panicking::panic_with_hook
[INFO] [stdout]    7:     0x58c5822af082 - std[70759c8f55707aa4]::panicking::panic_handler::{closure#0}
[INFO] [stdout]    8:     0x58c5822a7e09 - std[70759c8f55707aa4]::sys::backtrace::__rust_end_short_backtrace::<std[70759c8f55707aa4]::panicking::panic_handler::{closure#0}, !>
[INFO] [stdout]    9:     0x58c5822afc7d - __rustc[8fa7c3cbc660c2b3]::rust_begin_unwind
[INFO] [stdout]   10:     0x58c5822e7c4c - core[df12db4294e9bfd3]::panicking::panic_fmt
[INFO] [stdout]   11:     0x58c5822e7a22 - core[df12db4294e9bfd3]::result::unwrap_failed
[INFO] [stdout]   12:     0x58c58224a9ab - <architecture[b07d786b8dc572f0]::arch_001_probability_core_has_zero_reliability_dependency::{closure#0} as core[df12db4294e9bfd3]::ops::function::FnOnce<()>>::call_once
[INFO] [stdout]   13:     0x58c58224b79b - test[9d35eded1c95d3be]::__rust_begin_short_backtrace::<core[df12db4294e9bfd3]::result::Result<(), alloc[2182bb758b4b3781]::string::String>, fn() -> core[df12db4294e9bfd3]::result::Result<(), alloc[2182bb758b4b3781]::string::String>>
[INFO] [stdout]   14:     0x58c582258e05 - test[9d35eded1c95d3be]::run_test::{closure#0}
[INFO] [stdout]   15:     0x58c5822526c4 - std[70759c8f55707aa4]::sys::backtrace::__rust_begin_short_backtrace::<test[9d35eded1c95d3be]::run_test::{closure#1}, ()>
[INFO] [stdout]   16:     0x58c58225bf62 - <std[70759c8f55707aa4]::thread::lifecycle::spawn_unchecked<test[9d35eded1c95d3be]::run_test::{closure#1}, ()>::{closure#1} as core[df12db4294e9bfd3]::ops::function::FnOnce<()>>::call_once::{shim:vtable#0}
[INFO] [stdout]   17:     0x58c5822d2519 - <std[70759c8f55707aa4]::sys::thread::unix::Thread>::new::thread_start
[INFO] [stdout]   18:     0x7ac5f9427dfa - <unknown>
[INFO] [stdout]   19:     0x7ac5f94bb3d4 - clone
[INFO] [stdout]   20:                0x0 - <unknown>
[INFO] [stdout] 
[INFO] [stdout] ---- arch_002_tree_core_has_zero_reliability_or_probability_dependency stdout ----
[INFO] [stdout] 
[INFO] [stdout] thread 'arch_002_tree_core_has_zero_reliability_or_probability_dependency' (1020) panicked at tests/architecture.rs:33:58:
[INFO] [stdout] cargo metadata succeeds: NonZeroExit
[INFO] [stdout] stack backtrace:
[INFO] [stdout]    0:     0x58c5822d2c41 - <<std[70759c8f55707aa4]::sys::backtrace::BacktraceLock>::print::DisplayBacktrace as core[df12db4294e9bfd3]::fmt::Display>::fmt
[INFO] [stdout]    1:     0x58c5822e751a - core[df12db4294e9bfd3]::fmt::write
[INFO] [stdout]    2:     0x58c5822d70dc - <alloc[2182bb758b4b3781]::vec::Vec<u8> as core[df12db4294e9bfd3]::io::write::Write>::write_fmt
[INFO] [stdout]    3:     0x58c5822aefd6 - std[70759c8f55707aa4]::panicking::default_hook::{closure#0}
[INFO] [stdout]    4:     0x58c5822cb3a9 - std[70759c8f55707aa4]::panicking::default_hook
[INFO] [stdout]    5:     0x58c5822584b0 - test[9d35eded1c95d3be]::test_main_inner::<test[9d35eded1c95d3be]::test_main_static::{closure#0}>::{closure#0}
[INFO] [stdout]    6:     0x58c5822cb562 - std[70759c8f55707aa4]::panicking::panic_with_hook
[INFO] [stdout]    7:     0x58c5822af082 - std[70759c8f55707aa4]::panicking::panic_handler::{closure#0}
[INFO] [stdout]    8:     0x58c5822a7e09 - std[70759c8f55707aa4]::sys::backtrace::__rust_end_short_backtrace::<std[70759c8f55707aa4]::panicking::panic_handler::{closure#0}, !>
[INFO] [stdout]    9:     0x58c5822afc7d - __rustc[8fa7c3cbc660c2b3]::rust_begin_unwind
[INFO] [stdout]   10:     0x58c5822e7c4c - core[df12db4294e9bfd3]::panicking::panic_fmt
[INFO] [stdout]   11:     0x58c5822e7a22 - core[df12db4294e9bfd3]::result::unwrap_failed
[INFO] [stdout]   12:     0x58c58224b06b - <architecture[b07d786b8dc572f0]::arch_002_tree_core_has_zero_reliability_or_probability_dependency::{closure#0} as core[df12db4294e9bfd3]::ops::function::FnOnce<()>>::call_once
[INFO] [stdout]   13:     0x58c58224b79b - test[9d35eded1c95d3be]::__rust_begin_short_backtrace::<core[df12db4294e9bfd3]::result::Result<(), alloc[2182bb758b4b3781]::string::String>, fn() -> core[df12db4294e9bfd3]::result::Result<(), alloc[2182bb758b4b3781]::string::String>>
[INFO] [stdout]   14:     0x58c582258e05 - test[9d35eded1c95d3be]::run_test::{closure#0}
[INFO] [stdout]   15:     0x58c5822526c4 - std[70759c8f55707aa4]::sys::backtrace::__rust_begin_short_backtrace::<test[9d35eded1c95d3be]::run_test::{closure#1}, ()>
[INFO] [stdout]   16:     0x58c58225bf62 - <std[70759c8f55707aa4]::thread::lifecycle::spawn_unchecked<test[9d35eded1c95d3be]::run_test::{closure#1}, ()>::{closure#1} as core[df12db4294e9bfd3]::ops::function::FnOnce<()>>::call_once::{shim:vtable#0}
[INFO] [stdout]   17:     0x58c5822d2519 - <std[70759c8f55707aa4]::sys::thread::unix::Thread>::new::thread_start
[INFO] [stdout]   18:     0x7ac5f9427dfa - <unknown>
[INFO] [stdout]   19:     0x7ac5f94bb3d4 - clone
[INFO] [stdout]   20:                0x0 - <unknown>
[INFO] [stdout] 
[INFO] [stdout] ---- arch_004_compiler_reliability_dependency_is_optional stdout ----
[INFO] [stdout] 
[INFO] [stdout] thread 'arch_004_compiler_reliability_dependency_is_optional' (1022) panicked at tests/architecture.rs:33:58:
[INFO] [stdout] cargo metadata succeeds: NonZeroExit
[INFO] [stdout] stack backtrace:
[INFO] [stdout]    0:     0x58c5822d2c41 - <<std[70759c8f55707aa4]::sys::backtrace::BacktraceLock>::print::DisplayBacktrace as core[df12db4294e9bfd3]::fmt::Display>::fmt
[INFO] [stdout]    1:     0x58c5822e751a - core[df12db4294e9bfd3]::fmt::write
[INFO] [stdout]    2:     0x58c5822d70dc - <alloc[2182bb758b4b3781]::vec::Vec<u8> as core[df12db4294e9bfd3]::io::write::Write>::write_fmt
[INFO] [stdout]    3:     0x58c5822aefd6 - std[70759c8f55707aa4]::panicking::default_hook::{closure#0}
[INFO] [stdout]    4:     0x58c5822cb3a9 - std[70759c8f55707aa4]::panicking::default_hook
[INFO] [stdout]    5:     0x58c5822584b0 - test[9d35eded1c95d3be]::test_main_inner::<test[9d35eded1c95d3be]::test_main_static::{closure#0}>::{closure#0}
[INFO] [stdout]    6:     0x58c5822cb562 - std[70759c8f55707aa4]::panicking::panic_with_hook
[INFO] [stdout]    7:     0x58c5822af082 - std[70759c8f55707aa4]::panicking::panic_handler::{closure#0}
[INFO] [stdout]    8:     0x58c5822a7e09 - std[70759c8f55707aa4]::sys::backtrace::__rust_end_short_backtrace::<std[70759c8f55707aa4]::panicking::panic_handler::{closure#0}, !>
[INFO] [stdout]    9:     0x58c5822afc7d - __rustc[8fa7c3cbc660c2b3]::rust_begin_unwind
[INFO] [stdout]   10:     0x58c5822e7c4c - core[df12db4294e9bfd3]::panicking::panic_fmt
[INFO] [stdout]   11:     0x58c5822e7a22 - core[df12db4294e9bfd3]::result::unwrap_failed
[INFO] [stdout]   12:     0x58c58224a71a - <architecture[b07d786b8dc572f0]::arch_004_compiler_reliability_dependency_is_optional::{closure#0} as core[df12db4294e9bfd3]::ops::function::FnOnce<()>>::call_once
[INFO] [stdout]   13:     0x58c58224b79b - test[9d35eded1c95d3be]::__rust_begin_short_backtrace::<core[df12db4294e9bfd3]::result::Result<(), alloc[2182bb758b4b3781]::string::String>, fn() -> core[df12db4294e9bfd3]::result::Result<(), alloc[2182bb758b4b3781]::string::String>>
[INFO] [stdout]   14:     0x58c582258e05 - test[9d35eded1c95d3be]::run_test::{closure#0}
[INFO] [stdout]   15:     0x58c5822526c4 - std[70759c8f55707aa4]::sys::backtrace::__rust_begin_short_backtrace::<test[9d35eded1c95d3be]::run_test::{closure#1}, ()>
[INFO] [stdout]   16:     0x58c58225bf62 - <std[70759c8f55707aa4]::thread::lifecycle::spawn_unchecked<test[9d35eded1c95d3be]::run_test::{closure#1}, ()>::{closure#1} as core[df12db4294e9bfd3]::ops::function::FnOnce<()>>::call_once::{shim:vtable#0}
[INFO] [stdout]   17:     0x58c5822d2519 - <std[70759c8f55707aa4]::sys::thread::unix::Thread>::new::thread_start
[INFO] [stdout]   18:     0x7ac5f9427dfa - <unknown>
[INFO] [stdout]   19:     0x7ac5f94bb3d4 - clone
[INFO] [stdout]   20:                0x0 - <unknown>
[INFO] [stdout] 
[INFO] [stdout] ---- arch_003_reliability_may_depend_on_probability_and_tree_but_not_vice_versa stdout ----
[INFO] [stdout] 
[INFO] [stdout] thread 'arch_003_reliability_may_depend_on_probability_and_tree_but_not_vice_versa' (1021) panicked at tests/architecture.rs:33:58:
[INFO] [stdout] cargo metadata succeeds: NonZeroExit
[INFO] [stdout] stack backtrace:
[INFO] [stdout]    0:     0x58c5822d2c41 - <<std[70759c8f55707aa4]::sys::backtrace::BacktraceLock>::print::DisplayBacktrace as core[df12db4294e9bfd3]::fmt::Display>::fmt
[INFO] [stdout]    1:     0x58c5822e751a - core[df12db4294e9bfd3]::fmt::write
[INFO] [stdout]    2:     0x58c5822d70dc - <alloc[2182bb758b4b3781]::vec::Vec<u8> as core[df12db4294e9bfd3]::io::write::Write>::write_fmt
[INFO] [stdout]    3:     0x58c5822aefd6 - std[70759c8f55707aa4]::panicking::default_hook::{closure#0}
[INFO] [stdout]    4:     0x58c5822cb3a9 - std[70759c8f55707aa4]::panicking::default_hook
[INFO] [stdout]    5:     0x58c5822584b0 - test[9d35eded1c95d3be]::test_main_inner::<test[9d35eded1c95d3be]::test_main_static::{closure#0}>::{closure#0}
[INFO] [stdout]    6:     0x58c5822cb562 - std[70759c8f55707aa4]::panicking::panic_with_hook
[INFO] [stdout]    7:     0x58c5822af082 - std[70759c8f55707aa4]::panicking::panic_handler::{closure#0}
[INFO] [stdout]    8:     0x58c5822a7e09 - std[70759c8f55707aa4]::sys::backtrace::__rust_end_short_backtrace::<std[70759c8f55707aa4]::panicking::panic_handler::{closure#0}, !>
[INFO] [stdout]    9:     0x58c5822afc7d - __rustc[8fa7c3cbc660c2b3]::rust_begin_unwind
[INFO] [stdout]   10:     0x58c5822e7c4c - core[df12db4294e9bfd3]::panicking::panic_fmt
[INFO] [stdout]   11:     0x58c5822e7a22 - core[df12db4294e9bfd3]::result::unwrap_failed
[INFO] [stdout]   12:     0x58c58224b69d - <architecture[b07d786b8dc572f0]::arch_003_reliability_may_depend_on_probability_and_tree_but_not_vice_versa::{closure#0} as core[df12db4294e9bfd3]::ops::function::FnOnce<()>>::call_once
[INFO] [stdout]   13:     0x58c58224b79b - test[9d35eded1c95d3be]::__rust_begin_short_backtrace::<core[df12db4294e9bfd3]::result::Result<(), alloc[2182bb758b4b3781]::string::String>, fn() -> core[df12db4294e9bfd3]::result::Result<(), alloc[2182bb758b4b3781]::string::String>>
[INFO] [stdout]   14:     0x58c582258e05 - test[9d35eded1c95d3be]::run_test::{closure#0}
[INFO] [stdout]   15:     0x58c5822526c4 - std[70759c8f55707aa4]::sys::backtrace::__rust_begin_short_backtrace::<test[9d35eded1c95d3be]::run_test::{closure#1}, ()>
[INFO] [stdout]   16:     0x58c58225bf62 - <std[70759c8f55707aa4]::thread::lifecycle::spawn_unchecked<test[9d35eded1c95d3be]::run_test::{closure#1}, ()>::{closure#1} as core[df12db4294e9bfd3]::ops::function::FnOnce<()>>::call_once::{shim:vtable#0}
[INFO] [stdout]   17:     0x58c5822d2519 - <std[70759c8f55707aa4]::sys::thread::unix::Thread>::new::thread_start
[INFO] [stdout]   18:     0x7ac5f9427dfa - <unknown>
[INFO] [stdout]   19:     0x7ac5f94bb3d4 - clone
[INFO] [stdout]   20:                0x0 - <unknown>
[INFO] [stdout] 
[INFO] [stdout] ---- arch_007_cli_reliability_family_dependencies_are_all_optional stdout ----
[INFO] [stdout] 
[INFO] [stdout] thread 'arch_007_cli_reliability_family_dependencies_are_all_optional' (1025) panicked at tests/architecture.rs:33:58:
[INFO] [stdout] cargo metadata succeeds: NonZeroExit
[INFO] [stdout] stack backtrace:
[INFO] [stdout]    0:     0x58c5822d2c41 - <<std[70759c8f55707aa4]::sys::backtrace::BacktraceLock>::print::DisplayBacktrace as core[df12db4294e9bfd3]::fmt::Display>::fmt
[INFO] [stdout]    1:     0x58c5822e751a - core[df12db4294e9bfd3]::fmt::write
[INFO] [stdout]    2:     0x58c5822d70dc - <alloc[2182bb758b4b3781]::vec::Vec<u8> as core[df12db4294e9bfd3]::io::write::Write>::write_fmt
[INFO] [stdout]    3:     0x58c5822aefd6 - std[70759c8f55707aa4]::panicking::default_hook::{closure#0}
[INFO] [stdout]    4:     0x58c5822cb3a9 - std[70759c8f55707aa4]::panicking::default_hook
[INFO] [stdout]    5:     0x58c5822584b0 - test[9d35eded1c95d3be]::test_main_inner::<test[9d35eded1c95d3be]::test_main_static::{closure#0}>::{closure#0}
[INFO] [stdout]    6:     0x58c5822cb562 - std[70759c8f55707aa4]::panicking::panic_with_hook
[INFO] [stdout]    7:     0x58c5822af082 - std[70759c8f55707aa4]::panicking::panic_handler::{closure#0}
[INFO] [stdout]    8:     0x58c5822a7e09 - std[70759c8f55707aa4]::sys::backtrace::__rust_end_short_backtrace::<std[70759c8f55707aa4]::panicking::panic_handler::{closure#0}, !>
[INFO] [stdout]    9:     0x58c5822afc7d - __rustc[8fa7c3cbc660c2b3]::rust_begin_unwind
[INFO] [stdout]   10:     0x58c5822e7c4c - core[df12db4294e9bfd3]::panicking::panic_fmt
[INFO] [stdout]   11:     0x58c5822e7a22 - core[df12db4294e9bfd3]::result::unwrap_failed
[INFO] [stdout]   12:     0x58c58224ad6f - <architecture[b07d786b8dc572f0]::arch_007_cli_reliability_family_dependencies_are_all_optional::{closure#0} as core[df12db4294e9bfd3]::ops::function::FnOnce<()>>::call_once
[INFO] [stdout]   13:     0x58c58224b79b - test[9d35eded1c95d3be]::__rust_begin_short_backtrace::<core[df12db4294e9bfd3]::result::Result<(), alloc[2182bb758b4b3781]::string::String>, fn() -> core[df12db4294e9bfd3]::result::Result<(), alloc[2182bb758b4b3781]::string::String>>
[INFO] [stdout]   14:     0x58c582258e05 - test[9d35eded1c95d3be]::run_test::{closure#0}
[INFO] [stdout]   15:     0x58c5822526c4 - std[70759c8f55707aa4]::sys::backtrace::__rust_begin_short_backtrace::<test[9d35eded1c95d3be]::run_test::{closure#1}, ()>
[INFO] [stdout]   16:     0x58c58225bf62 - <std[70759c8f55707aa4]::thread::lifecycle::spawn_unchecked<test[9d35eded1c95d3be]::run_test::{closure#1}, ()>::{closure#1} as core[df12db4294e9bfd3]::ops::function::FnOnce<()>>::call_once::{shim:vtable#0}
[INFO] [stdout]   17:     0x58c5822d2519 - <std[70759c8f55707aa4]::sys::thread::unix::Thread>::new::thread_start
[INFO] [stdout]   18:     0x7ac5f9427dfa - <unknown>
[INFO] [stdout]   19:     0x7ac5f94bb3d4 - clone
[INFO] [stdout]   20:                0x0 - <unknown>
[INFO] [stdout] 
[INFO] [stdout] ---- arch_005_wasm_has_zero_dependency_on_the_heavy_reliability_engine stdout ----
[INFO] [stdout] 
[INFO] [stdout] thread 'arch_005_wasm_has_zero_dependency_on_the_heavy_reliability_engine' (1023) panicked at tests/architecture.rs:33:58:
[INFO] [stdout] cargo metadata succeeds: NonZeroExit
[INFO] [stdout] stack backtrace:
[INFO] [stdout]    0:     0x58c5822d2c41 - <<std[70759c8f55707aa4]::sys::backtrace::BacktraceLock>::print::DisplayBacktrace as core[df12db4294e9bfd3]::fmt::Display>::fmt
[INFO] [stdout]    1:     0x58c5822e751a - core[df12db4294e9bfd3]::fmt::write
[INFO] [stdout]    2:     0x58c5822d70dc - <alloc[2182bb758b4b3781]::vec::Vec<u8> as core[df12db4294e9bfd3]::io::write::Write>::write_fmt
[INFO] [stdout]    3:     0x58c5822aefd6 - std[70759c8f55707aa4]::panicking::default_hook::{closure#0}
[INFO] [stdout]    4:     0x58c5822cb3a9 - std[70759c8f55707aa4]::panicking::default_hook
[INFO] [stdout]    5:     0x58c5822584b0 - test[9d35eded1c95d3be]::test_main_inner::<test[9d35eded1c95d3be]::test_main_static::{closure#0}>::{closure#0}
[INFO] [stdout]    6:     0x58c5822cb562 - std[70759c8f55707aa4]::panicking::panic_with_hook
[INFO] [stdout]    7:     0x58c5822af082 - std[70759c8f55707aa4]::panicking::panic_handler::{closure#0}
[INFO] [stdout]    8:     0x58c5822a7e09 - std[70759c8f55707aa4]::sys::backtrace::__rust_end_short_backtrace::<std[70759c8f55707aa4]::panicking::panic_handler::{closure#0}, !>
[INFO] [stdout]    9:     0x58c5822afc7d - __rustc[8fa7c3cbc660c2b3]::rust_begin_unwind
[INFO] [stdout]   10:     0x58c5822e7c4c - core[df12db4294e9bfd3]::panicking::panic_fmt
[INFO] [stdout]   11:     0x58c5822e7a22 - core[df12db4294e9bfd3]::result::unwrap_failed
[INFO] [stdout]   12:     0x58c58224b2ba - <architecture[b07d786b8dc572f0]::arch_005_wasm_has_zero_dependency_on_the_heavy_reliability_engine::{closure#0} as core[df12db4294e9bfd3]::ops::function::FnOnce<()>>::call_once
[INFO] [stdout]   13:     0x58c58224b79b - test[9d35eded1c95d3be]::__rust_begin_short_backtrace::<core[df12db4294e9bfd3]::result::Result<(), alloc[2182bb758b4b3781]::string::String>, fn() -> core[df12db4294e9bfd3]::result::Result<(), alloc[2182bb758b4b3781]::string::String>>
[INFO] [stdout]   14:     0x58c582258e05 - test[9d35eded1c95d3be]::run_test::{closure#0}
[INFO] [stdout]   15:     0x58c5822526c4 - std[70759c8f55707aa4]::sys::backtrace::__rust_begin_short_backtrace::<test[9d35eded1c95d3be]::run_test::{closure#1}, ()>
[INFO] [stdout]   16:     0x58c58225bf62 - <std[70759c8f55707aa4]::thread::lifecycle::spawn_unchecked<test[9d35eded1c95d3be]::run_test::{closure#1}, ()>::{closure#1} as core[df12db4294e9bfd3]::ops::function::FnOnce<()>>::call_once::{shim:vtable#0}
[INFO] [stdout]   17:     0x58c5822d2519 - <std[70759c8f55707aa4]::sys::thread::unix::Thread>::new::thread_start
[INFO] [stdout]   18:     0x7ac5f9427dfa - <unknown>
[INFO] [stdout]   19:     0x7ac5f94bb3d4 - clone
[INFO] [stdout]   20:                0x0 - <unknown>
[INFO] [stdout] 
[INFO] [stdout] 
[INFO] [stdout] failures:
[INFO] [stdout]     arch_001_probability_core_has_zero_reliability_dependency
[INFO] [stdout]     arch_002_tree_core_has_zero_reliability_or_probability_dependency
[INFO] [stdout]     arch_003_reliability_may_depend_on_probability_and_tree_but_not_vice_versa
[INFO] [stdout]     arch_004_compiler_reliability_dependency_is_optional
[INFO] [stdout]     arch_005_wasm_has_zero_dependency_on_the_heavy_reliability_engine
[INFO] [stdout]     arch_006_workspace_dependency_graph_has_no_cycles
[INFO] [stdout]     arch_007_cli_reliability_family_dependencies_are_all_optional
[INFO] [stdout] 
[INFO] [stdout] test result: FAILED. 0 passed; 7 failed; 0 ignored; 0 measured; 0 filtered out; finished in 0.14s
[INFO] [stdout] 
[INFO] [stderr] error: test failed, to rerun pass `--test architecture`
[INFO] running `Command { std: "docker" "inspect" "d1a074a733740cdb832292dc705fca6d92d6be4d8466d1e26a74842da06d220c", kill_on_drop: false }`
[INFO] running `Command { std: "docker" "rm" "-f" "d1a074a733740cdb832292dc705fca6d92d6be4d8466d1e26a74842da06d220c", kill_on_drop: false }`
[INFO] [stdout] d1a074a733740cdb832292dc705fca6d92d6be4d8466d1e26a74842da06d220c
