[INFO] fetching crate eszip 0.137.0...
[INFO] testing eszip-0.137.0 against 1.99.0-beta.8+cargoflags=--release for beta-release-1.100-2
[INFO] extracting crate eszip 0.137.0 into /workspace/builds/worker-1-tc1/source
[INFO] started tweaking crates.io crate eszip 0.137.0
[INFO] removed 0 missing examples
[INFO] finished tweaking crates.io crate eszip 0.137.0
[INFO] tweaked toml for crates.io crate eszip 0.137.0 written to /workspace/builds/worker-1-tc1/source/Cargo.toml
[INFO] validating manifest of crates.io crate eszip 0.137.0 on toolchain 1.99.0-beta.8
[INFO] running `Command { std: CARGO_HOME="/workspace/cargo-home" RUSTUP_HOME="/workspace/rustup-home" "/workspace/cargo-home/bin/cargo" "+1.99.0-beta.8" "metadata" "--manifest-path" "Cargo.toml" "--no-deps", kill_on_drop: false }`
[INFO] crate crates.io crate eszip 0.137.0 already has a lockfile, it will not be regenerated
[INFO] running `Command { std: CARGO_HOME="/workspace/cargo-home" RUSTUP_HOME="/workspace/rustup-home" "/workspace/cargo-home/bin/cargo" "+1.99.0-beta.8" "fetch" "--manifest-path" "Cargo.toml", kill_on_drop: false }`
[INFO] [stderr]     Updating crates.io index
[INFO] [stderr]  Downloading crates ...
[INFO] [stderr]   Downloaded yoke v0.7.4
[INFO] [stderr]   Downloaded yoke-derive v0.7.4
[INFO] [stderr]   Downloaded proc-macro2 v1.0.101
[INFO] [stderr]   Downloaded displaydoc v0.2.4
[INFO] [stderr]   Downloaded xxhash-rust v0.8.15
[INFO] [stderr]   Downloaded cfg-if v1.0.3
[INFO] [stderr]   Downloaded parking_lot_core v0.9.9
[INFO] [stderr]   Downloaded foldhash v0.1.4
[INFO] [stderr]   Downloaded lock_api v0.4.11
[INFO] [stderr]   Downloaded either v1.10.0
[INFO] [stderr]   Downloaded errno v0.3.10
[INFO] [stderr]   Downloaded litemap v0.7.3
[INFO] [stderr]   Downloaded semver v1.0.25
[INFO] [stderr]   Downloaded rustls-pki-types v1.12.0
[INFO] [stderr]   Downloaded wasm-streams v0.4.0
[INFO] [stderr]   Downloaded tokio-rustls v0.26.0
[INFO] [stderr]   Downloaded getrandom v0.2.14
[INFO] [stderr]   Downloaded rustls-pemfile v2.1.2
[INFO] [stderr]   Downloaded http-body v1.0.0
[INFO] [stderr]   Downloaded deno_error_macro v0.7.1
[INFO] [stderr]   Downloaded ryu v1.0.17
[INFO] [stderr]   Downloaded quinn-udp v0.5.9
[INFO] [stderr]   Downloaded tinyvec v1.6.0
[INFO] [stderr]   Downloaded import_map v0.25.0
[INFO] [stderr]   Downloaded deno_error v0.7.1
[INFO] [stderr]   Downloaded boxed_error v0.2.3
[INFO] [stderr]   Downloaded sptr v0.3.2
[INFO] [stderr]   Downloaded serde_bytes v0.11.14
[INFO] [stderr]   Downloaded ecow v0.2.3
[INFO] [stderr]   Downloaded capacity_builder v0.5.0
[INFO] [stderr]   Downloaded capacity_builder_macros v0.3.0
[INFO] [stderr]   Downloaded deno_package_json v0.61.0
[INFO] [stderr]   Downloaded bitflags v2.9.3
[INFO] [stderr]   Downloaded quinn v0.11.8
[INFO] [stderr]   Downloaded socket2 v0.5.5
[INFO] [stderr]   Downloaded ipnet v2.9.0
[INFO] [stderr]   Downloaded httparse v1.10.0
[INFO] [stderr]   Downloaded hyper-rustls v0.27.2
[INFO] [stderr]   Downloaded jsonc-parser v0.32.1
[INFO] [stderr]   Downloaded zerocopy-derive v0.7.32
[INFO] [stderr]   Downloaded deno_semver v0.10.1
[INFO] [stderr]   Downloaded bytemuck v1.24.0
[INFO] [stderr]   Downloaded sys_traits v0.1.28
[INFO] [stderr]   Downloaded sys_traits_macros v0.1.0
[INFO] [stderr]   Downloaded deno_maybe_sync v0.46.0
[INFO] [stderr]   Downloaded wasm_dep_analyzer v0.4.0
[INFO] [stderr]   Downloaded deno_media_type v0.4.0
[INFO] [stderr]   Downloaded swc_visit v2.0.1
[INFO] [stderr]   Downloaded if_chain v1.0.2
[INFO] [stderr]   Downloaded deno_path_util v0.6.4
[INFO] [stderr]   Downloaded deno_unsync v0.4.4
[INFO] [stderr]   Downloaded data-url v0.3.1
[INFO] [stderr]   Downloaded text_lines v0.6.0
[INFO] [stderr]   Downloaded outref v0.5.1
[INFO] [stderr]   Downloaded swc_macros_common v1.0.1
[INFO] [stderr]   Downloaded indexmap v2.12.0
[INFO] [stderr]   Downloaded hyper-util v0.1.17
[INFO] [stderr]   Downloaded async-trait v0.1.88
[INFO] [stderr]   Downloaded debugid v0.8.0
[INFO] [stderr]   Downloaded swc_ecma_ast v18.0.0
[INFO] [stderr]   Downloaded swc_atoms v9.0.0
[INFO] [stderr]   Downloaded siphasher v0.3.11
[INFO] [stderr]   Downloaded from_variant v3.0.0
[INFO] [stderr]   Downloaded phf_shared v0.11.2
[INFO] [stderr]   Downloaded phf_macros v0.11.2
[INFO] [stderr]   Downloaded phf_generator v0.11.2
[INFO] [stderr]   Downloaded async-compression v0.4.11
[INFO] [stderr]   Downloaded flate2 v1.0.35
[INFO] [stderr]   Downloaded insta v1.46.3
[INFO] [stderr]   Downloaded hipstr v0.6.0
[INFO] [stderr]   Downloaded swc_sourcemap v9.3.4
[INFO] [stderr]   Downloaded unicode-id-start v1.4.0
[INFO] [stderr]   Downloaded data-encoding v2.5.0
[INFO] [stderr]   Downloaded bytes-str v0.2.7
[INFO] [stderr]   Downloaded swc_eq_ignore_macros v1.0.1
[INFO] [stderr]   Downloaded hstr v3.0.3
[INFO] [stderr]   Downloaded triomphe v0.1.13
[INFO] [stderr]   Downloaded better_scoped_tls v1.0.1
[INFO] [stderr]   Downloaded ast_node v5.0.0
[INFO] [stderr]   Downloaded string_enum v1.0.2
[INFO] [stderr]   Downloaded phf v0.11.2
[INFO] [stderr]   Downloaded is-macro v0.3.5
[INFO] [stderr]   Downloaded par-core v2.0.0
[INFO] [stderr]   Downloaded swc_ecma_transforms_typescript v33.0.0
[INFO] [stderr]   Downloaded swc_config v3.1.2
[INFO] [stderr]   Downloaded tokio-util v0.7.16
[INFO] [stderr]   Downloaded zerocopy v0.7.32
[INFO] [stderr]   Downloaded deno_lockfile v0.61.0
[INFO] [stderr]   Downloaded deno_ast v0.53.3
[INFO] [stderr]   Downloaded swc_ecma_utils v24.0.0
[INFO] [stderr]   Downloaded psm v0.1.21
[INFO] [stderr]   Downloaded smartstring v1.0.1
[INFO] [stderr]   Downloaded swc_config_macro v1.0.1
[INFO] [stderr]   Downloaded swc_ecma_transforms_classes v30.0.0
[INFO] [stderr]   Downloaded pathdiff v0.2.1
[INFO] [stderr]   Downloaded swc_allocator v4.0.1
[INFO] [stderr]   Downloaded reqwest v0.12.5
[INFO] [stderr]   Downloaded h2 v0.4.7
[INFO] [stderr]   Downloaded brotli-decompressor v4.0.1
[INFO] [stderr]   Downloaded deno_npm v0.71.0
[INFO] [stderr]   Downloaded swc_common v17.0.1
[INFO] [stderr]   Downloaded ryu-js v1.0.1
[INFO] [stderr]   Downloaded swc_ecma_transforms_react v33.0.0
[INFO] [stderr]   Downloaded swc_ecma_transforms_macros v1.0.1
[INFO] [stderr]   Downloaded swc_ecma_loader v17.0.0
[INFO] [stderr]   Downloaded swc_ecma_codegen_macros v2.0.2
[INFO] [stderr]   Downloaded swc_ecma_transforms_base v30.0.1
[INFO] [stderr]   Downloaded swc_ecma_transforms_proposal v30.0.0
[INFO] [stderr]   Downloaded quinn-proto v0.11.16
[INFO] [stderr]   Downloaded webpki-roots v0.26.1
[INFO] [stderr]   Downloaded swc_ecma_parser v27.0.7
[INFO] [stderr]   Downloaded object v0.36.3
[INFO] [stderr]   Downloaded monch v0.6.0
[INFO] [stderr]   Downloaded swc_ecma_lexer v26.0.0
[INFO] [stderr]   Downloaded swc_ecma_visit v18.0.1
[INFO] [stderr]   Downloaded stacker v0.1.15
[INFO] [stderr]   Downloaded tokio v1.47.1
[INFO] [stderr]   Downloaded swc_ecma_codegen v20.0.2
[INFO] [stderr]   Downloaded ascii v1.1.0
[INFO] [stderr]   Downloaded brotli v6.0.0
[INFO] [stderr]   Downloaded deno_terminal v0.2.3
[INFO] [stderr]   Downloaded castaway v0.2.3
[INFO] [stderr]   Downloaded dprint-swc-ext v0.26.0
[INFO] [stderr]   Downloaded linux-raw-sys v0.4.13
[INFO] [stderr]   Downloaded deno_graph v0.111.0
[INFO] running `Command { std: "docker" "create" "-v" "/var/lib/crater-agent-workspace/builds/worker-1-tc1/source:/opt/rustwide/workdir:ro,Z" "-v" "/var/lib/crater-agent-workspace/builds/worker-1-tc1/target:/opt/rustwide/target:rw,Z" "-v" "/var/lib/crater-agent-workspace/cargo-home:/opt/rustwide/cargo-home:ro,Z" "-v" "/var/lib/crater-agent-workspace/rustup-home:/opt/rustwide/rustup-home:ro,Z" "-m" "1610612736" "--network" "none" "ghcr.io/rust-lang/crates-build-env/linux@sha256:77db811e55d90add9212f6832c23229e3de5f1c1f9905e8cb07319ea15df73ac" "sleep" "infinity", kill_on_drop: false }`
[INFO] [stdout] e9270418c85d9587bca3812228b46a192ff3c5af26f996af1a01d553dc743809
[INFO] running `Command { std: "docker" "start" "e9270418c85d9587bca3812228b46a192ff3c5af26f996af1a01d553dc743809", kill_on_drop: false }`
[INFO] running `Command { std: "docker" "inspect" "e9270418c85d9587bca3812228b46a192ff3c5af26f996af1a01d553dc743809", kill_on_drop: false }`
[INFO] running `Command { std: "docker" "exec" "-e" "SOURCE_DIR=/opt/rustwide/workdir" "-e" "CARGO_HOME=/opt/rustwide/cargo-home" "-e" "RUSTUP_HOME=/opt/rustwide/rustup-home" "-e" "CARGO_TARGET_DIR=/opt/rustwide/target" "-w" "/opt/rustwide/workdir" "--user" "0:0" "e9270418c85d9587bca3812228b46a192ff3c5af26f996af1a01d553dc743809" "/opt/rustwide/cargo-home/bin/cargo" "+1.99.0-beta.8" "metadata" "--no-deps" "--format-version=1", kill_on_drop: false }`
[INFO] running `Command { std: "docker" "inspect" "e9270418c85d9587bca3812228b46a192ff3c5af26f996af1a01d553dc743809", kill_on_drop: false }`
[INFO] running `Command { std: "docker" "exec" "-e" "SOURCE_DIR=/opt/rustwide/workdir" "-e" "CARGO_HOME=/opt/rustwide/cargo-home" "-e" "RUSTUP_HOME=/opt/rustwide/rustup-home" "-e" "CARGO_TARGET_DIR=/opt/rustwide/target" "-e" "CARGO_INCREMENTAL=0" "-e" "RUST_BACKTRACE=full" "-e" "RUSTFLAGS=--cap-lints=warn" "-e" "RUSTDOCFLAGS=--cap-lints=warn" "-w" "/opt/rustwide/workdir" "--user" "0:0" "e9270418c85d9587bca3812228b46a192ff3c5af26f996af1a01d553dc743809" "/opt/rustwide/cargo-home/bin/cargo" "+1.99.0-beta.8" "build" "--frozen" "--message-format=json" "--release", kill_on_drop: false }`
[INFO] [stderr]    Compiling proc-macro2 v1.0.101
[INFO] [stderr]    Compiling stable_deref_trait v1.2.0
[INFO] [stderr]    Compiling autocfg v1.3.0
[INFO] [stderr]    Compiling version_check v0.9.4
[INFO] [stderr]    Compiling writeable v0.5.5
[INFO] [stderr]    Compiling litemap v0.7.3
[INFO] [stderr]    Compiling memchr v2.8.1
[INFO] [stderr]    Compiling smallvec v1.15.1
[INFO] [stderr]    Compiling icu_locid_transform_data v1.5.0
[INFO] [stderr]    Compiling icu_properties_data v1.5.0
[INFO] [stderr]    Compiling cfg-if v1.0.3
[INFO] [stderr]    Compiling utf16_iter v1.0.5
[INFO] [stderr]    Compiling write16 v1.0.0
[INFO] [stderr]    Compiling icu_normalizer_data v1.5.0
[INFO] [stderr]    Compiling itoa v1.0.15
[INFO] [stderr]    Compiling serde_json v1.0.140
[INFO] [stderr]    Compiling hashbrown v0.16.1
[INFO] [stderr]    Compiling ryu v1.0.17
[INFO] [stderr]    Compiling equivalent v1.0.1
[INFO] [stderr]    Compiling libc v0.2.186
[INFO] [stderr]    Compiling pin-project-lite v0.2.14
[INFO] [stderr]    Compiling rustc-hash v2.1.1
[INFO] [stderr]    Compiling zerocopy v0.7.32
[INFO] [stderr]    Compiling allocator-api2 v0.2.21
[INFO] [stderr]    Compiling radium v0.7.0
[INFO] [stderr]    Compiling anyhow v1.0.98
[INFO] [stderr]    Compiling tap v1.0.1
[INFO] [stderr]    Compiling outref v0.5.1
[INFO] [stderr]    Compiling siphasher v0.3.11
[INFO] [stderr]    Compiling funty v2.0.0
[INFO] [stderr]    Compiling wyz v0.5.1
[INFO] [stderr]    Compiling uuid v1.21.0
[INFO] [stderr]    Compiling ahash v0.8.11
[INFO] [stderr]    Compiling vsimd v0.8.0
[INFO] [stderr]    Compiling num-traits v0.2.19
[INFO] [stderr]    Compiling if_chain v1.0.2
[INFO] [stderr]    Compiling data-encoding v2.5.0
[INFO] [stderr]    Compiling phf_shared v0.11.2
[INFO] [stderr]    Compiling either v1.10.0
[INFO] [stderr]    Compiling unicode-id-start v1.4.0
[INFO] [stderr]    Compiling cc v1.2.56
[INFO] [stderr]    Compiling better_scoped_tls v1.0.1
[INFO] [stderr]    Compiling unicode-width v0.2.2
[INFO] [stderr]    Compiling hashbrown v0.14.5
[INFO] [stderr]    Compiling swc_visit v2.0.1
[INFO] [stderr]    Compiling Inflector v0.11.4
[INFO] [stderr]    Compiling phf_generator v0.11.2
[INFO] [stderr]    Compiling bitflags v2.9.3
[INFO] [stderr]    Compiling static_assertions v1.1.0
[INFO] [stderr]    Compiling smartstring v1.0.1
[INFO] [stderr]    Compiling typenum v1.17.0
[INFO] [stderr]    Compiling generic-array v0.14.7
[INFO] [stderr]    Compiling bitvec v1.0.1
[INFO] [stderr]    Compiling base64-simd v0.8.0
[INFO] [stderr]    Compiling num-integer v0.1.46
[INFO] [stderr]    Compiling seq-macro v0.3.6
[INFO] [stderr]    Compiling indexmap v2.12.0
[INFO] [stderr]    Compiling quote v1.0.45
[INFO] [stderr]    Compiling ryu-js v1.0.1
[INFO] [stderr]    Compiling slab v0.4.9
[INFO] [stderr]    Compiling par-core v2.0.0
[INFO] [stderr]    Compiling syn v2.0.117
[INFO] [stderr]    Compiling sptr v0.3.2
[INFO] [stderr]    Compiling futures-core v0.3.31
[INFO] [stderr]    Compiling futures-sink v0.3.31
[INFO] [stderr]    Compiling unicode-ident v1.0.12
[INFO] [stderr]    Compiling futures-channel v0.3.31
[INFO] [stderr]    Compiling cpufeatures v0.2.12
[INFO] [stderr]    Compiling futures-io v0.3.31
[INFO] [stderr]    Compiling aho-corasick v1.1.3
[INFO] [stderr]    Compiling lock_api v0.4.11
[INFO] [stderr]    Compiling parking_lot_core v0.9.9
[INFO] [stderr]    Compiling regex-syntax v0.8.8
[INFO] [stderr]    Compiling monch v0.6.0
[INFO] [stderr]    Compiling castaway v0.2.3
[INFO] [stderr]    Compiling num_cpus v1.16.0
[INFO] [stderr]    Compiling bumpalo v3.19.0
[INFO] [stderr]    Compiling compact_str v0.7.1
[INFO] [stderr]    Compiling encoding_rs v0.8.35
[INFO] [stderr]    Compiling log v0.4.32
[INFO] [stderr]    Compiling ascii v1.1.0
[INFO] [stderr]    Compiling swc_allocator v4.0.1
[INFO] [stderr]    Compiling bytemuck v1.24.0
[INFO] [stderr]    Compiling pathdiff v0.2.1
[INFO] [stderr]    Compiling termcolor v1.4.1
[INFO] [stderr]    Compiling data-url v0.3.1
[INFO] [stderr]    Compiling psm v0.1.21
[INFO] [stderr]    Compiling stacker v0.1.15
[INFO] [stderr]    Compiling safe_arch v0.7.4
[INFO] [stderr]    Compiling block-buffer v0.10.4
[INFO] [stderr]    Compiling crypto-common v0.1.6
[INFO] [stderr]    Compiling deno_terminal v0.2.3
[INFO] [stderr]    Compiling parking_lot v0.12.3
[INFO] [stderr]    Compiling deno_maybe_sync v0.46.0
[INFO] [stderr]    Compiling digest v0.10.7
[INFO] [stderr]    Compiling tokio v1.47.1
[INFO] [stderr]    Compiling deno_npm v0.71.0
[INFO] [stderr]    Compiling sha1 v0.10.6
[INFO] [stderr]    Compiling wide v0.7.33
[INFO] [stderr]    Compiling sha2 v0.10.8
[INFO] [stderr]    Compiling hashlink v0.8.4
[INFO] [stderr]    Compiling regex-automata v0.4.13
[INFO] [stderr]    Compiling synstructure v0.13.1
[INFO] [stderr]    Compiling swc_macros_common v1.0.1
[INFO] [stderr]    Compiling serde_derive v1.0.228
[INFO] [stderr]    Compiling zerofrom-derive v0.1.7
[INFO] [stderr]    Compiling yoke-derive v0.7.4
[INFO] [stderr]    Compiling zerovec-derive v0.10.3
[INFO] [stderr]    Compiling displaydoc v0.2.4
[INFO] [stderr]    Compiling icu_provider_macros v1.5.0
[INFO] [stderr]    Compiling tracing-attributes v0.1.31
[INFO] [stderr]    Compiling from_variant v3.0.0
[INFO] [stderr]    Compiling ast_node v5.0.0
[INFO] [stderr]    Compiling swc_eq_ignore_macros v1.0.1
[INFO] [stderr]    Compiling phf_macros v0.11.2
[INFO] [stderr]    Compiling is-macro v0.3.5
[INFO] [stderr]    Compiling string_enum v1.0.2
[INFO] [stderr]    Compiling deno_error_macro v0.7.1
[INFO] [stderr]    Compiling thiserror-impl v2.0.12
[INFO] [stderr]    Compiling capacity_builder_macros v0.3.0
[INFO] [stderr]    Compiling futures-macro v0.3.31
[INFO] [stderr]    Compiling sys_traits_macros v0.1.0
[INFO] [stderr]    Compiling swc_config_macro v1.0.1
[INFO] [stderr]    Compiling boxed_error v0.2.3
[INFO] [stderr]    Compiling regex v1.12.2
[INFO] [stderr]    Compiling async-trait v0.1.88
[INFO] [stderr]    Compiling sys_traits v0.1.28
[INFO] [stderr]    Compiling phf v0.11.2
[INFO] [stderr]    Compiling swc_ecma_codegen_macros v2.0.2
[INFO] [stderr]    Compiling swc_ecma_transforms_macros v1.0.1
[INFO] [stderr]    Compiling zerofrom v0.1.7
[INFO] [stderr]    Compiling yoke v0.7.4
[INFO] [stderr]    Compiling futures-util v0.3.31
[INFO] [stderr]    Compiling zerovec v0.10.4
[INFO] [stderr]    Compiling tracing v0.1.44
[INFO] [stderr]    Compiling thiserror v2.0.12
[INFO] [stderr]    Compiling tinystr v0.7.6
[INFO] [stderr]    Compiling icu_locid v1.5.0
[INFO] [stderr]    Compiling icu_collections v1.5.0
[INFO] [stderr]    Compiling serde v1.0.228
[INFO] [stderr]    Compiling icu_provider v1.5.0
[INFO] [stderr]    Compiling bytes-str v0.2.7
[INFO] [stderr]    Compiling triomphe v0.1.13
[INFO] [stderr]    Compiling debugid v0.8.0
[INFO] [stderr]    Compiling num-bigint v0.4.6
[INFO] [stderr]    Compiling serde_bytes v0.11.14
[INFO] [stderr]    Compiling ecow v0.2.3
[INFO] [stderr]    Compiling hipstr v0.6.0
[INFO] [stderr]    Compiling icu_locid_transform v1.5.0
[INFO] [stderr]    Compiling hstr v3.0.3
[INFO] [stderr]    Compiling text_lines v0.6.0
[INFO] [stderr]    Compiling futures-executor v0.3.31
[INFO] [stderr]    Compiling chrono v0.4.42
[INFO] [stderr]    Compiling deno_unsync v0.4.4
[INFO] [stderr]    Compiling swc_atoms v9.0.0
[INFO] [stderr]    Compiling futures v0.3.31
[INFO] [stderr]    Compiling capacity_builder v0.5.0
[INFO] [stderr]    Compiling swc_config v3.1.2
[INFO] [stderr]    Compiling icu_properties v1.5.1
[INFO] [stderr]    Compiling icu_normalizer v1.5.0
[INFO] [stderr]    Compiling idna_adapter v1.2.0
[INFO] [stderr]    Compiling idna v1.1.0
[INFO] [stderr]    Compiling url v2.5.7
[INFO] [stderr]    Compiling swc_sourcemap v9.3.4
[INFO] [stderr]    Compiling deno_error v0.7.1
[INFO] [stderr]    Compiling deno_media_type v0.4.0
[INFO] [stderr]    Compiling deno_semver v0.10.1
[INFO] [stderr]    Compiling deno_path_util v0.6.4
[INFO] [stderr]    Compiling wasm_dep_analyzer v0.4.0
[INFO] [stderr]    Compiling import_map v0.25.0
[INFO] [stderr]    Compiling deno_lockfile v0.61.0
[INFO] [stderr]    Compiling deno_package_json v0.61.0
[INFO] [stderr]    Compiling swc_common v17.0.1
[INFO] [stderr]    Compiling swc_ecma_ast v18.0.0
[INFO] [stderr]    Compiling swc_ecma_loader v17.0.0
[INFO] [stderr]    Compiling swc_ecma_parser v27.0.7
[INFO] [stderr]    Compiling swc_ecma_visit v18.0.1
[INFO] [stderr]    Compiling swc_ecma_codegen v20.0.2
[INFO] [stderr]    Compiling swc_ecma_utils v24.0.0
[INFO] [stderr]    Compiling swc_ecma_lexer v26.0.0
[INFO] [stderr]    Compiling swc_ecma_transforms_base v30.0.1
[INFO] [stderr]    Compiling swc_ecma_transforms_react v33.0.0
[INFO] [stderr]    Compiling swc_ecma_transforms_classes v30.0.0
[INFO] [stderr]    Compiling swc_ecma_transforms_proposal v30.0.0
[INFO] [stderr]    Compiling swc_ecma_transforms_typescript v33.0.0
[INFO] [stderr]    Compiling dprint-swc-ext v0.26.0
[INFO] [stderr]    Compiling deno_ast v0.53.3
[INFO] [stderr]    Compiling deno_graph v0.111.0
[INFO] [stderr]    Compiling eszip v0.137.0 (/opt/rustwide/workdir)
[INFO] [stderr]     Finished `release` profile [optimized] target(s) in 4m 10s
[INFO] running `Command { std: "docker" "inspect" "e9270418c85d9587bca3812228b46a192ff3c5af26f996af1a01d553dc743809", kill_on_drop: false }`
[INFO] running `Command { std: "docker" "exec" "-e" "SOURCE_DIR=/opt/rustwide/workdir" "-e" "CARGO_HOME=/opt/rustwide/cargo-home" "-e" "RUSTUP_HOME=/opt/rustwide/rustup-home" "-e" "CARGO_TARGET_DIR=/opt/rustwide/target" "-e" "CARGO_INCREMENTAL=0" "-e" "RUST_BACKTRACE=full" "-e" "RUSTFLAGS=--cap-lints=warn" "-e" "RUSTDOCFLAGS=--cap-lints=warn" "-w" "/opt/rustwide/workdir" "--user" "0:0" "e9270418c85d9587bca3812228b46a192ff3c5af26f996af1a01d553dc743809" "/opt/rustwide/cargo-home/bin/cargo" "+1.99.0-beta.8" "test" "--frozen" "--no-run" "--message-format=json" "--release", kill_on_drop: false }`
[INFO] [stderr]    Compiling smallvec v1.15.1
[INFO] [stderr]    Compiling bitflags v2.9.3
[INFO] [stderr]    Compiling signal-hook-registry v1.4.2
[INFO] [stderr]    Compiling mio v1.0.3
[INFO] [stderr]    Compiling socket2 v0.6.4
[INFO] [stderr]    Compiling tokio-macros v2.5.0
[INFO] [stderr]    Compiling futures-util v0.3.31
[INFO] [stderr]    Compiling ring v0.17.14
[INFO] [stderr]    Compiling zeroize v1.8.1
[INFO] [stderr]    Compiling http v1.4.0
[INFO] [stderr]    Compiling getrandom v0.2.14
[INFO] [stderr]    Compiling httparse v1.10.0
[INFO] [stderr]    Compiling alloc-no-stdlib v2.0.4
[INFO] [stderr]    Compiling rustls v0.23.40
[INFO] [stderr]    Compiling rustix v0.38.34
[INFO] [stderr]    Compiling adler2 v2.0.0
[INFO] [stderr]    Compiling alloc-stdlib v0.2.2
[INFO] [stderr]    Compiling crc32fast v1.4.2
[INFO] [stderr]    Compiling rustls-pki-types v1.12.0
[INFO] [stderr]    Compiling brotli-decompressor v4.0.1
[INFO] [stderr]    Compiling miniz_oxide v0.8.8
[INFO] [stderr]    Compiling thiserror-impl v1.0.69
[INFO] [stderr]    Compiling linux-raw-sys v0.4.13
[INFO] [stderr]    Compiling icu_normalizer v1.5.0
[INFO] [stderr]    Compiling parking_lot_core v0.9.9
[INFO] [stderr]    Compiling serde_urlencoded v0.7.1
[INFO] [stderr]    Compiling console v0.15.11
[INFO] [stderr]    Compiling parking_lot v0.12.3
[INFO] [stderr]    Compiling yansi v1.0.1
[INFO] [stderr]    Compiling similar v2.7.0
[INFO] [stderr]    Compiling webpki-roots v0.26.1
[INFO] [stderr]    Compiling rustls-pemfile v2.1.2
[INFO] [stderr]    Compiling diff v0.1.13
[INFO] [stderr]    Compiling tokio v1.47.1
[INFO] [stderr]    Compiling http-body v1.0.0
[INFO] [stderr]    Compiling flate2 v1.0.35
[INFO] [stderr]    Compiling idna_adapter v1.2.0
[INFO] [stderr]    Compiling http-body-util v0.1.3
[INFO] [stderr]    Compiling idna v1.1.0
[INFO] [stderr]    Compiling brotli v6.0.0
[INFO] [stderr]    Compiling thiserror v1.0.69
[INFO] [stderr]    Compiling ipnet v2.9.0
[INFO] [stderr]    Compiling pretty_assertions v1.4.1
[INFO] [stderr]    Compiling jsonc-parser v0.32.1
[INFO] [stderr]    Compiling url v2.5.7
[INFO] [stderr]    Compiling swc_sourcemap v9.3.4
[INFO] [stderr]    Compiling deno_error v0.7.1
[INFO] [stderr]    Compiling deno_media_type v0.4.0
[INFO] [stderr]    Compiling deno_semver v0.10.1
[INFO] [stderr]    Compiling deno_path_util v0.6.4
[INFO] [stderr]    Compiling wasm_dep_analyzer v0.4.0
[INFO] [stderr]    Compiling import_map v0.25.0
[INFO] [stderr]    Compiling tempfile v3.10.1
[INFO] [stderr]    Compiling futures-executor v0.3.31
[INFO] [stderr]    Compiling futures v0.3.31
[INFO] [stderr]    Compiling insta v1.46.3
[INFO] [stderr]    Compiling deno_lockfile v0.61.0
[INFO] [stderr]    Compiling deno_package_json v0.61.0
[INFO] [stderr]    Compiling swc_common v17.0.1
[INFO] [stderr]    Compiling deno_npm v0.71.0
[INFO] [stderr]    Compiling tokio-util v0.7.16
[INFO] [stderr]    Compiling deno_unsync v0.4.4
[INFO] [stderr]    Compiling tokio-socks v0.5.3
[INFO] [stderr]    Compiling swc_ecma_ast v18.0.0
[INFO] [stderr]    Compiling swc_ecma_loader v17.0.0
[INFO] [stderr]    Compiling async-compression v0.4.11
[INFO] [stderr]    Compiling h2 v0.4.7
[INFO] [stderr]    Compiling hyper v1.6.0
[INFO] [stderr]    Compiling hyper-util v0.1.17
[INFO] [stderr]    Compiling rustls-webpki v0.103.13
[INFO] [stderr]    Compiling tokio-rustls v0.26.0
[INFO] [stderr]    Compiling hyper-rustls v0.27.2
[INFO] [stderr]    Compiling swc_ecma_parser v27.0.7
[INFO] [stderr]    Compiling swc_ecma_visit v18.0.1
[INFO] [stderr]    Compiling swc_ecma_codegen v20.0.2
[INFO] [stderr]    Compiling reqwest v0.12.5
[INFO] [stderr]    Compiling swc_ecma_utils v24.0.0
[INFO] [stderr]    Compiling swc_ecma_lexer v26.0.0
[INFO] [stderr]    Compiling swc_ecma_transforms_base v30.0.1
[INFO] [stderr]    Compiling swc_ecma_transforms_react v33.0.0
[INFO] [stderr]    Compiling swc_ecma_transforms_classes v30.0.0
[INFO] [stderr]    Compiling swc_ecma_transforms_proposal v30.0.0
[INFO] [stderr]    Compiling swc_ecma_transforms_typescript v33.0.0
[INFO] [stderr]    Compiling dprint-swc-ext v0.26.0
[INFO] [stderr]    Compiling deno_ast v0.53.3
[INFO] [stderr]    Compiling deno_graph v0.111.0
[INFO] [stderr]    Compiling eszip v0.137.0 (/opt/rustwide/workdir)
[INFO] [stderr]     Finished `release` profile [optimized] target(s) in 4m 27s
[INFO] running `Command { std: "docker" "inspect" "e9270418c85d9587bca3812228b46a192ff3c5af26f996af1a01d553dc743809", kill_on_drop: false }`
[INFO] running `Command { std: "docker" "exec" "-e" "SOURCE_DIR=/opt/rustwide/workdir" "-e" "CARGO_HOME=/opt/rustwide/cargo-home" "-e" "RUSTUP_HOME=/opt/rustwide/rustup-home" "-e" "CARGO_TARGET_DIR=/opt/rustwide/target" "-e" "CARGO_INCREMENTAL=0" "-e" "RUST_BACKTRACE=full" "-e" "RUSTFLAGS=--cap-lints=warn" "-e" "RUSTDOCFLAGS=--cap-lints=warn" "-w" "/opt/rustwide/workdir" "--user" "0:0" "e9270418c85d9587bca3812228b46a192ff3c5af26f996af1a01d553dc743809" "/opt/rustwide/cargo-home/bin/cargo" "+1.99.0-beta.8" "test" "--frozen" "--release", kill_on_drop: false }`
[INFO] [stderr]     Finished `release` profile [optimized] target(s) in 0.54s
[INFO] [stderr]      Running unittests lib.rs (/opt/rustwide/target/release/deps/eszip-f3b7e708da1463b2)
[INFO] [stdout] 
[INFO] [stdout] running 41 tests
[INFO] [stdout] test tests::take_source_v1 ... ok
[INFO] [stdout] test tests::parse_small_chunks_reader ... ok
[INFO] [stdout] test tests::parse_v1 ... ok
[INFO] [stdout] test tests::test_eszip_v1_iterator ... ok
[INFO] [stdout] test v1::tests::file_format_parse ... ok
[INFO] [stdout] test tests::test_eszip_v2_iterator ... ok
[INFO] [stdout] test v2::tests::add_to_front_adds_module_to_the_front_instead_of_the_back ... ok
[INFO] [stdout] test tests::take_source_v2 ... ok
[INFO] [stdout] test v2::tests::file_format_parse_redirect ... ok
[INFO] [stdout] test v1::tests::eszipv1_iterator_yields_all_modules ... ok
[INFO] [stdout] test v2::tests::deno_jsonc_as_import_map ... ok
[INFO] [stdout] test v2::tests::from_graph_relative_base ... ok
[INFO] [stdout] test v2::tests::from_graph_wasm ... ok
[INFO] [stdout] test v1::tests::get_transpiled_for_ts ... ok
[INFO] [stdout] test v2::tests::eszipv2_iterator_yields_all_modules ... ok
[INFO] [stdout] test v2::tests::import_map_imported_from_program ... ok
[INFO] [stdout] test v2::tests::from_graph_json ... ok
[INFO] [stdout] test v2::tests::npm_modules_package_resolution ... ignored, implementation postponed
[INFO] [stdout] test v2::tests::file_format_parse_json ... ok
[INFO] [stdout] test v2::tests::from_graph_dynamic ... ok
[INFO] [stdout] test v2::tests::npm_module_source_included_in_eszip ... ok
[INFO] [stdout] test v2::tests::npm_packages_loaded_file ... ok
[INFO] [stdout] test v2::tests::from_graph_redirect ... FAILED
[INFO] [stdout] test v2::tests::import_map ... FAILED
[INFO] [stdout] test v2::tests::npm_packages_not_in_the_graph_are_included_in_the_order_provided ... ok
[INFO] [stdout] test v2::tests::v2_2_defaults_to_no_checksum ... ok
[INFO] [stdout] test v2::tests::v2_2_options_forward_compatibility ... ok
[INFO] [stdout] test v2::tests::v2_2_options_in_header_are_optional ... ok
[INFO] [stdout] test tests::parse_v2 ... ok
[INFO] [stdout] test v2::tests::v2_1_and_older_default_to_sha256_checksum ... ok
[INFO] [stdout] test v2::tests::into_bytes_sequences_modules_depth_first ... ok
[INFO] [stdout] test v2::tests::v2_2_unknown_checksum_function_degrades_to_no_checksum - should panic ... ok
[INFO] [stdout] test v2::tests::test_graph_external ... ok
[INFO] [stdout] test v2::tests::loads_eszip_with_wasm ... ok
[INFO] [stdout] test v2::tests::wrong_checksum ... ok
[INFO] [stdout] test v2::tests::npm_modules_are_included_in_import_order ... ok
[INFO] [stdout] test v2::tests::from_graph_dynamic_data ... ok
[INFO] [stdout] test v2::tests::file_format_roundtrippable ... ok
[INFO] [stdout] test v2::tests::opaque_data ... ok
[INFO] [stdout] test v2::tests::npm_packages ... FAILED
[INFO] [stdout] test v2::tests::npm_empty_snapshot ... FAILED
[INFO] [stdout] 
[INFO] [stdout] failures:
[INFO] [stdout] 
[INFO] [stdout] ---- v2::tests::from_graph_redirect stdout ----
[INFO] [stdout] 
[INFO] [stdout] thread 'v2::tests::from_graph_redirect' (5896) panicked at v2.rs:2259:5:
[INFO] [stdout] assertion failed: `(left == right)`
[INFO] [stdout] 
[INFO] [stdout] [1mDiff[0m [31m< left[0m / [32mright >[0m :
[INFO] [stdout] [31m<file:///[0m[1;48;5;52;31ma[0m[31m.ts[0m
[INFO] [stdout] [32m>file:///[0m[1;48;5;22;32mb[0m[32m.ts[0m
[INFO] [stdout] 
[INFO] [stdout] 
[INFO] [stdout] stack backtrace:
[INFO] [stdout]    0:     0x63b2ac381ce1 - <<std[70759c8f55707aa4]::sys::backtrace::BacktraceLock>::print::DisplayBacktrace as core[df12db4294e9bfd3]::fmt::Display>::fmt
[INFO] [stdout]    1:     0x63b2ac39acba - core[df12db4294e9bfd3]::fmt::write
[INFO] [stdout]    2:     0x63b2ac386efc - <alloc[2182bb758b4b3781]::vec::Vec<u8> as core[df12db4294e9bfd3]::io::write::Write>::write_fmt
[INFO] [stdout]    3:     0x63b2ac35a586 - std[70759c8f55707aa4]::panicking::default_hook::{closure#0}
[INFO] [stdout]    4:     0x63b2ac378c79 - std[70759c8f55707aa4]::panicking::default_hook
[INFO] [stdout]    5:     0x63b2aba5b320 - test[9d35eded1c95d3be]::test_main_inner::<test[9d35eded1c95d3be]::test_main_static::{closure#0}>::{closure#0}
[INFO] [stdout]    6:     0x63b2ac378fa2 - std[70759c8f55707aa4]::panicking::panic_with_hook
[INFO] [stdout]    7:     0x63b2ac35a632 - std[70759c8f55707aa4]::panicking::panic_handler::{closure#0}
[INFO] [stdout]    8:     0x63b2ac352919 - std[70759c8f55707aa4]::sys::backtrace::__rust_end_short_backtrace::<std[70759c8f55707aa4]::panicking::panic_handler::{closure#0}, !>
[INFO] [stdout]    9:     0x63b2ac35b3dd - __rustc[8fa7c3cbc660c2b3]::rust_begin_unwind
[INFO] [stdout]   10:     0x63b2ac39b4dc - core[df12db4294e9bfd3]::panicking::panic_fmt
[INFO] [stdout]   11:     0x63b2ab9319f5 - eszip[8f5b1f38ca9485e3]::v2::tests::from_graph_redirect::{closure#0}
[INFO] [stdout]   12:     0x63b2ab9c42b3 - <tokio[25a3496ff3db519e]::runtime::scheduler::current_thread::Context>::enter::<core[df12db4294e9bfd3]::task::poll::Poll<()>, <tokio[25a3496ff3db519e]::runtime::scheduler::current_thread::CoreGuard>::block_on<core[df12db4294e9bfd3]::pin::Pin<&mut core[df12db4294e9bfd3]::pin::Pin<&mut dyn core[df12db4294e9bfd3]::future::future::Future<Output = ()>>>>::{closure#0}::{closure#0}>
[INFO] [stdout]   13:     0x63b2ab9916fc - <tokio[25a3496ff3db519e]::runtime::context::scoped::Scoped<tokio[25a3496ff3db519e]::runtime::scheduler::Context>>::set::<<tokio[25a3496ff3db519e]::runtime::scheduler::current_thread::CoreGuard>::enter<<tokio[25a3496ff3db519e]::runtime::scheduler::current_thread::CoreGuard>::block_on<core[df12db4294e9bfd3]::pin::Pin<&mut core[df12db4294e9bfd3]::pin::Pin<&mut dyn core[df12db4294e9bfd3]::future::future::Future<Output = ()>>>>::{closure#0}, core[df12db4294e9bfd3]::option::Option<()>>::{closure#0}, (alloc[2182bb758b4b3781]::boxed::Box<tokio[25a3496ff3db519e]::runtime::scheduler::current_thread::Core>, core[df12db4294e9bfd3]::option::Option<()>)>
[INFO] [stdout]   14:     0x63b2ab9c4707 - <tokio[25a3496ff3db519e]::runtime::scheduler::current_thread::CoreGuard>::block_on::<core[df12db4294e9bfd3]::pin::Pin<&mut core[df12db4294e9bfd3]::pin::Pin<&mut dyn core[df12db4294e9bfd3]::future::future::Future<Output = ()>>>>
[INFO] [stdout]   15:     0x63b2ab9d80bd - tokio[25a3496ff3db519e]::runtime::context::runtime::enter_runtime::<<tokio[25a3496ff3db519e]::runtime::scheduler::current_thread::CurrentThread>::block_on<core[df12db4294e9bfd3]::pin::Pin<&mut dyn core[df12db4294e9bfd3]::future::future::Future<Output = ()>>>::{closure#0}, ()>
[INFO] [stdout]   16:     0x63b2ab99e605 - <tokio[25a3496ff3db519e]::runtime::runtime::Runtime>::block_on::<core[df12db4294e9bfd3]::pin::Pin<&mut dyn core[df12db4294e9bfd3]::future::future::Future<Output = ()>>>
[INFO] [stdout]   17:     0x63b2ab94b29b - eszip[8f5b1f38ca9485e3]::v2::tests::from_graph_redirect
[INFO] [stdout]   18:     0x63b2ab9a7289 - <eszip[8f5b1f38ca9485e3]::v2::tests::from_graph_redirect::{closure#0} as core[df12db4294e9bfd3]::ops::function::FnOnce<()>>::call_once
[INFO] [stdout]   19:     0x63b2aba4e60b - test[9d35eded1c95d3be]::__rust_begin_short_backtrace::<core[df12db4294e9bfd3]::result::Result<(), alloc[2182bb758b4b3781]::string::String>, fn() -> core[df12db4294e9bfd3]::result::Result<(), alloc[2182bb758b4b3781]::string::String>>
[INFO] [stdout]   20:     0x63b2aba5bc75 - test[9d35eded1c95d3be]::run_test::{closure#0}
[INFO] [stdout]   21:     0x63b2aba55534 - std[70759c8f55707aa4]::sys::backtrace::__rust_begin_short_backtrace::<test[9d35eded1c95d3be]::run_test::{closure#1}, ()>
[INFO] [stdout]   22:     0x63b2aba5edd2 - <std[70759c8f55707aa4]::thread::lifecycle::spawn_unchecked<test[9d35eded1c95d3be]::run_test::{closure#1}, ()>::{closure#1} as core[df12db4294e9bfd3]::ops::function::FnOnce<()>>::call_once::{shim:vtable#0}
[INFO] [stdout]   23:     0x63b2ac380cf9 - <std[70759c8f55707aa4]::sys::thread::unix::Thread>::new::thread_start
[INFO] [stdout]   24:     0x7ccf17285dfa - <unknown>
[INFO] [stdout]   25:     0x7ccf173193d4 - clone
[INFO] [stdout]   26:                0x0 - <unknown>
[INFO] [stdout] 
[INFO] [stdout] ---- v2::tests::import_map stdout ----
[INFO] [stdout] 
[INFO] [stdout] thread 'v2::tests::import_map' (5899) panicked at v2.rs:2773:5:
[INFO] [stdout] assertion failed: `(left == right)`
[INFO] [stdout] 
[INFO] [stdout] [1mDiff[0m [31m< left[0m / [32mright >[0m :
[INFO] [stdout] [31m<file:///[0m[1;48;5;52;31ma[0m[31m.ts[0m
[INFO] [stdout] [32m>file:///[0m[1;48;5;22;32mb[0m[32m.ts[0m
[INFO] [stdout] 
[INFO] [stdout] 
[INFO] [stdout] stack backtrace:
[INFO] [stdout]    0:     0x63b2ac381ce1 - <<std[70759c8f55707aa4]::sys::backtrace::BacktraceLock>::print::DisplayBacktrace as core[df12db4294e9bfd3]::fmt::Display>::fmt
[INFO] [stdout]    1:     0x63b2ac39acba - core[df12db4294e9bfd3]::fmt::write
[INFO] [stdout]    2:     0x63b2ac386efc - <alloc[2182bb758b4b3781]::vec::Vec<u8> as core[df12db4294e9bfd3]::io::write::Write>::write_fmt
[INFO] [stdout]    3:     0x63b2ac35a586 - std[70759c8f55707aa4]::panicking::default_hook::{closure#0}
[INFO] [stdout]    4:     0x63b2ac378c79 - std[70759c8f55707aa4]::panicking::default_hook
[INFO] [stdout]    5:     0x63b2aba5b320 - test[9d35eded1c95d3be]::test_main_inner::<test[9d35eded1c95d3be]::test_main_static::{closure#0}>::{closure#0}
[INFO] [stdout]    6:     0x63b2ac378fa2 - std[70759c8f55707aa4]::panicking::panic_with_hook
[INFO] [stdout]    7:     0x63b2ac35a632 - std[70759c8f55707aa4]::panicking::panic_handler::{closure#0}
[INFO] [stdout]    8:     0x63b2ac352919 - std[70759c8f55707aa4]::sys::backtrace::__rust_end_short_backtrace::<std[70759c8f55707aa4]::panicking::panic_handler::{closure#0}, !>
[INFO] [stdout]    9:     0x63b2ac35b3dd - __rustc[8fa7c3cbc660c2b3]::rust_begin_unwind
[INFO] [stdout]   10:     0x63b2ac39b4dc - core[df12db4294e9bfd3]::panicking::panic_fmt
[INFO] [stdout]   11:     0x63b2ab927227 - eszip[8f5b1f38ca9485e3]::v2::tests::import_map::{closure#0}
[INFO] [stdout]   12:     0x63b2ab9c42b3 - <tokio[25a3496ff3db519e]::runtime::scheduler::current_thread::Context>::enter::<core[df12db4294e9bfd3]::task::poll::Poll<()>, <tokio[25a3496ff3db519e]::runtime::scheduler::current_thread::CoreGuard>::block_on<core[df12db4294e9bfd3]::pin::Pin<&mut core[df12db4294e9bfd3]::pin::Pin<&mut dyn core[df12db4294e9bfd3]::future::future::Future<Output = ()>>>>::{closure#0}::{closure#0}>
[INFO] [stdout]   13:     0x63b2ab9916fc - <tokio[25a3496ff3db519e]::runtime::context::scoped::Scoped<tokio[25a3496ff3db519e]::runtime::scheduler::Context>>::set::<<tokio[25a3496ff3db519e]::runtime::scheduler::current_thread::CoreGuard>::enter<<tokio[25a3496ff3db519e]::runtime::scheduler::current_thread::CoreGuard>::block_on<core[df12db4294e9bfd3]::pin::Pin<&mut core[df12db4294e9bfd3]::pin::Pin<&mut dyn core[df12db4294e9bfd3]::future::future::Future<Output = ()>>>>::{closure#0}, core[df12db4294e9bfd3]::option::Option<()>>::{closure#0}, (alloc[2182bb758b4b3781]::boxed::Box<tokio[25a3496ff3db519e]::runtime::scheduler::current_thread::Core>, core[df12db4294e9bfd3]::option::Option<()>)>
[INFO] [stdout]   14:     0x63b2ab9c4707 - <tokio[25a3496ff3db519e]::runtime::scheduler::current_thread::CoreGuard>::block_on::<core[df12db4294e9bfd3]::pin::Pin<&mut core[df12db4294e9bfd3]::pin::Pin<&mut dyn core[df12db4294e9bfd3]::future::future::Future<Output = ()>>>>
[INFO] [stdout]   15:     0x63b2ab9d80bd - tokio[25a3496ff3db519e]::runtime::context::runtime::enter_runtime::<<tokio[25a3496ff3db519e]::runtime::scheduler::current_thread::CurrentThread>::block_on<core[df12db4294e9bfd3]::pin::Pin<&mut dyn core[df12db4294e9bfd3]::future::future::Future<Output = ()>>>::{closure#0}, ()>
[INFO] [stdout]   16:     0x63b2ab99e605 - <tokio[25a3496ff3db519e]::runtime::runtime::Runtime>::block_on::<core[df12db4294e9bfd3]::pin::Pin<&mut dyn core[df12db4294e9bfd3]::future::future::Future<Output = ()>>>
[INFO] [stdout]   17:     0x63b2ab94a81a - eszip[8f5b1f38ca9485e3]::v2::tests::import_map
[INFO] [stdout]   18:     0x63b2ab9a7189 - <eszip[8f5b1f38ca9485e3]::v2::tests::import_map::{closure#0} as core[df12db4294e9bfd3]::ops::function::FnOnce<()>>::call_once
[INFO] [stdout]   19:     0x63b2aba4e60b - test[9d35eded1c95d3be]::__rust_begin_short_backtrace::<core[df12db4294e9bfd3]::result::Result<(), alloc[2182bb758b4b3781]::string::String>, fn() -> core[df12db4294e9bfd3]::result::Result<(), alloc[2182bb758b4b3781]::string::String>>
[INFO] [stdout]   20:     0x63b2aba5bc75 - test[9d35eded1c95d3be]::run_test::{closure#0}
[INFO] [stdout]   21:     0x63b2aba55534 - std[70759c8f55707aa4]::sys::backtrace::__rust_begin_short_backtrace::<test[9d35eded1c95d3be]::run_test::{closure#1}, ()>
[INFO] [stdout]   22:     0x63b2aba5edd2 - <std[70759c8f55707aa4]::thread::lifecycle::spawn_unchecked<test[9d35eded1c95d3be]::run_test::{closure#1}, ()>::{closure#1} as core[df12db4294e9bfd3]::ops::function::FnOnce<()>>::call_once::{shim:vtable#0}
[INFO] [stdout]   23:     0x63b2ac380cf9 - <std[70759c8f55707aa4]::sys::thread::unix::Thread>::new::thread_start
[INFO] [stdout]   24:     0x7ccf17285dfa - <unknown>
[INFO] [stdout]   25:     0x7ccf173193d4 - clone
[INFO] [stdout]   26:                0x0 - <unknown>
[INFO] [stdout] 
[INFO] [stdout] ---- v2::tests::npm_packages stdout ----
[INFO] [stdout] ━━━━━━━━━━━━━━━━━━━━━━━━━━━━━━━ Snapshot Summary ━━━━━━━━━━━━━━━━━━━━━━━━━━━━━━━
[INFO] [stdout] Snapshot file: snapshots/eszip__v2__tests__npm_packages.snap
[INFO] [stdout] Snapshot: npm_packages
[INFO] [stdout] Source: v2.rs:3085
[INFO] [stdout] ────────────────────────────────────────────────────────────────────────────────
[INFO] [stdout] Expression: bytes
[INFO] [stdout] ────────────────────────────────────────────────────────────────────────────────
[INFO] [stdout] -old snapshot
[INFO] [stdout] +new results
[INFO] [stdout] ────────────┬───────────────────────────────────────────────────────────────────
[INFO] [stdout]    17    17 │     0,
[INFO] [stdout]    18    18 │     0,
[INFO] [stdout]    19    19 │     0,
[INFO] [stdout]    20    20 │     0,
[INFO] [stdout]    21       │-    156,
[INFO] [stdout]          21 │+    123,
[INFO] [stdout]    22    22 │     0,
[INFO] [stdout]    23    23 │     0,
[INFO] [stdout]    24    24 │     0,
[INFO] [stdout]    25    25 │     15,
[INFO] [stdout] ┈┈┈┈┈┈┈┈┈┈┈┈┼┈┈┈┈┈┈┈┈┈┈┈┈┈┈┈┈┈┈┈┈┈┈┈┈┈┈┈┈┈┈┈┈┈┈┈┈┈┈┈┈┈┈┈┈┈┈┈┈┈┈┈┈┈┈┈┈┈┈┈┈┈┈┈┈┈┈┈
[INFO] [stdout]    67    67 │     58,
[INFO] [stdout]    68    68 │     47,
[INFO] [stdout]    69    69 │     47,
[INFO] [stdout]    70    70 │     47,
[INFO] [stdout]    71       │-    98,
[INFO] [stdout]          71 │+    97,
[INFO] [stdout]    72    72 │     46,
[INFO] [stdout]    73    73 │     116,
[INFO] [stdout]    74    74 │     115,
[INFO] [stdout]    75    75 │     0,
[INFO] [stdout] ┈┈┈┈┈┈┈┈┈┈┈┈┼┈┈┈┈┈┈┈┈┈┈┈┈┈┈┈┈┈┈┈┈┈┈┈┈┈┈┈┈┈┈┈┈┈┈┈┈┈┈┈┈┈┈┈┈┈┈┈┈┈┈┈┈┈┈┈┈┈┈┈┈┈┈┈┈┈┈┈
[INFO] [stdout]    92    92 │     0,
[INFO] [stdout]    93    93 │     0,
[INFO] [stdout]    94    94 │     0,
[INFO] [stdout]    95    95 │     0,
[INFO] [stdout]    96       │-    12,
[INFO] [stdout]    97       │-    102,
[INFO] [stdout]    98       │-    105,
[INFO] [stdout]    99       │-    108,
[INFO] [stdout]   100       │-    101,
[INFO] [stdout]   101       │-    58,
[INFO] [stdout]   102       │-    47,
[INFO] [stdout]   103       │-    47,
[INFO] [stdout]   104       │-    47,
[INFO] [stdout]   105       │-    97,
[INFO] [stdout]   106       │-    46,
[INFO] [stdout]   107       │-    116,
[INFO] [stdout]   108       │-    115,
[INFO] [stdout]   109       │-    1,
[INFO] [stdout]   110       │-    0,
[INFO] [stdout]   111       │-    0,
[INFO] [stdout]   112       │-    0,
[INFO] [stdout]   113       │-    12,
[INFO] [stdout]   114       │-    102,
[INFO] [stdout]   115       │-    105,
[INFO] [stdout]   116       │-    108,
[INFO] [stdout]   117       │-    101,
[INFO] [stdout]   118       │-    58,
[INFO] [stdout]   119       │-    47,
[INFO] [stdout]   120       │-    47,
[INFO] [stdout]   121       │-    47,
[INFO] [stdout]   122       │-    98,
[INFO] [stdout]   123       │-    46,
[INFO] [stdout]   124       │-    116,
[INFO] [stdout]   125       │-    115,
[INFO] [stdout]   126       │-    0,
[INFO] [stdout]   127       │-    0,
[INFO] [stdout]   128       │-    0,
[INFO] [stdout]   129    96 │     3,
[INFO] [stdout]   130    97 │     100,
[INFO] [stdout]   131    98 │     64,
[INFO] [stdout]   132    99 │     53,
[INFO] [stdout] ┈┈┈┈┈┈┈┈┈┈┈┈┼┈┈┈┈┈┈┈┈┈┈┈┈┈┈┈┈┈┈┈┈┈┈┈┈┈┈┈┈┈┈┈┈┈┈┈┈┈┈┈┈┈┈┈┈┈┈┈┈┈┈┈┈┈┈┈┈┈┈┈┈┈┈┈┈┈┈┈
[INFO] [stdout]   579   546 │     58,
[INFO] [stdout]   580   547 │     47,
[INFO] [stdout]   581   548 │     47,
[INFO] [stdout]   582   549 │     47,
[INFO] [stdout]   583       │-    98,
[INFO] [stdout]         550 │+    97,
[INFO] [stdout]   584   551 │     46,
[INFO] [stdout]   585   552 │     116,
[INFO] [stdout]   586   553 │     115,
[INFO] [stdout]   587   554 │     34,
[INFO] [stdout] ────────────┴───────────────────────────────────────────────────────────────────
[INFO] [stdout] 
[INFO] [stdout] thread 'v2::tests::npm_packages' (5906) panicked at v2.rs:3085:5:
[INFO] [stdout] called `Result::unwrap()` on an `Err` value: FileIo(Os { code: 30, kind: ReadOnlyFilesystem, message: "Read-only file system" }, "/opt/rustwide/workdir/snapshots/eszip__v2__tests__npm_packages.snap.new")
[INFO] [stdout] stack backtrace:
[INFO] [stdout]    0:     0x63b2ac381ce1 - <<std[70759c8f55707aa4]::sys::backtrace::BacktraceLock>::print::DisplayBacktrace as core[df12db4294e9bfd3]::fmt::Display>::fmt
[INFO] [stdout]    1:     0x63b2ac39acba - core[df12db4294e9bfd3]::fmt::write
[INFO] [stdout]    2:     0x63b2ac386efc - <alloc[2182bb758b4b3781]::vec::Vec<u8> as core[df12db4294e9bfd3]::io::write::Write>::write_fmt
[INFO] [stdout]    3:     0x63b2ac35a586 - std[70759c8f55707aa4]::panicking::default_hook::{closure#0}
[INFO] [stdout]    4:     0x63b2ac378c79 - std[70759c8f55707aa4]::panicking::default_hook
[INFO] [stdout]    5:     0x63b2aba5b320 - test[9d35eded1c95d3be]::test_main_inner::<test[9d35eded1c95d3be]::test_main_static::{closure#0}>::{closure#0}
[INFO] [stdout]    6:     0x63b2ac378fa2 - std[70759c8f55707aa4]::panicking::panic_with_hook
[INFO] [stdout]    7:     0x63b2ac35a632 - std[70759c8f55707aa4]::panicking::panic_handler::{closure#0}
[INFO] [stdout]    8:     0x63b2ac352919 - std[70759c8f55707aa4]::sys::backtrace::__rust_end_short_backtrace::<std[70759c8f55707aa4]::panicking::panic_handler::{closure#0}, !>
[INFO] [stdout]    9:     0x63b2ac35b3dd - __rustc[8fa7c3cbc660c2b3]::rust_begin_unwind
[INFO] [stdout]   10:     0x63b2ac39b4dc - core[df12db4294e9bfd3]::panicking::panic_fmt
[INFO] [stdout]   11:     0x63b2ac39b2b2 - core[df12db4294e9bfd3]::result::unwrap_failed
[INFO] [stdout]   12:     0x63b2ab92a49b - eszip[8f5b1f38ca9485e3]::v2::tests::npm_packages::{closure#0}
[INFO] [stdout]   13:     0x63b2ab9c42b3 - <tokio[25a3496ff3db519e]::runtime::scheduler::current_thread::Context>::enter::<core[df12db4294e9bfd3]::task::poll::Poll<()>, <tokio[25a3496ff3db519e]::runtime::scheduler::current_thread::CoreGuard>::block_on<core[df12db4294e9bfd3]::pin::Pin<&mut core[df12db4294e9bfd3]::pin::Pin<&mut dyn core[df12db4294e9bfd3]::future::future::Future<Output = ()>>>>::{closure#0}::{closure#0}>
[INFO] [stdout]   14:     0x63b2ab9916fc - <tokio[25a3496ff3db519e]::runtime::context::scoped::Scoped<tokio[25a3496ff3db519e]::runtime::scheduler::Context>>::set::<<tokio[25a3496ff3db519e]::runtime::scheduler::current_thread::CoreGuard>::enter<<tokio[25a3496ff3db519e]::runtime::scheduler::current_thread::CoreGuard>::block_on<core[df12db4294e9bfd3]::pin::Pin<&mut core[df12db4294e9bfd3]::pin::Pin<&mut dyn core[df12db4294e9bfd3]::future::future::Future<Output = ()>>>>::{closure#0}, core[df12db4294e9bfd3]::option::Option<()>>::{closure#0}, (alloc[2182bb758b4b3781]::boxed::Box<tokio[25a3496ff3db519e]::runtime::scheduler::current_thread::Core>, core[df12db4294e9bfd3]::option::Option<()>)>
[INFO] [stdout]   15:     0x63b2ab9c4707 - <tokio[25a3496ff3db519e]::runtime::scheduler::current_thread::CoreGuard>::block_on::<core[df12db4294e9bfd3]::pin::Pin<&mut core[df12db4294e9bfd3]::pin::Pin<&mut dyn core[df12db4294e9bfd3]::future::future::Future<Output = ()>>>>
[INFO] [stdout]   16:     0x63b2ab9d80bd - tokio[25a3496ff3db519e]::runtime::context::runtime::enter_runtime::<<tokio[25a3496ff3db519e]::runtime::scheduler::current_thread::CurrentThread>::block_on<core[df12db4294e9bfd3]::pin::Pin<&mut dyn core[df12db4294e9bfd3]::future::future::Future<Output = ()>>>::{closure#0}, ()>
[INFO] [stdout]   17:     0x63b2ab99e605 - <tokio[25a3496ff3db519e]::runtime::runtime::Runtime>::block_on::<core[df12db4294e9bfd3]::pin::Pin<&mut dyn core[df12db4294e9bfd3]::future::future::Future<Output = ()>>>
[INFO] [stdout]   18:     0x63b2ab94aabb - eszip[8f5b1f38ca9485e3]::v2::tests::npm_packages
[INFO] [stdout]   19:     0x63b2ab9a71c9 - <eszip[8f5b1f38ca9485e3]::v2::tests::npm_packages::{closure#0} as core[df12db4294e9bfd3]::ops::function::FnOnce<()>>::call_once
[INFO] [stdout]   20:     0x63b2aba4e60b - test[9d35eded1c95d3be]::__rust_begin_short_backtrace::<core[df12db4294e9bfd3]::result::Result<(), alloc[2182bb758b4b3781]::string::String>, fn() -> core[df12db4294e9bfd3]::result::Result<(), alloc[2182bb758b4b3781]::string::String>>
[INFO] [stdout]   21:     0x63b2aba5bc75 - test[9d35eded1c95d3be]::run_test::{closure#0}
[INFO] [stdout]   22:     0x63b2aba55534 - std[70759c8f55707aa4]::sys::backtrace::__rust_begin_short_backtrace::<test[9d35eded1c95d3be]::run_test::{closure#1}, ()>
[INFO] [stdout]   23:     0x63b2aba5edd2 - <std[70759c8f55707aa4]::thread::lifecycle::spawn_unchecked<test[9d35eded1c95d3be]::run_test::{closure#1}, ()>::{closure#1} as core[df12db4294e9bfd3]::ops::function::FnOnce<()>>::call_once::{shim:vtable#0}
[INFO] [stdout]   24:     0x63b2ac380cf9 - <std[70759c8f55707aa4]::sys::thread::unix::Thread>::new::thread_start
[INFO] [stdout]   25:     0x7ccf17285dfa - <unknown>
[INFO] [stdout]   26:     0x7ccf173193d4 - clone
[INFO] [stdout]   27:                0x0 - <unknown>
[INFO] [stdout] 
[INFO] [stdout] ---- v2::tests::npm_empty_snapshot stdout ----
[INFO] [stdout] ━━━━━━━━━━━━━━━━━━━━━━━━━━━━━━━ Snapshot Summary ━━━━━━━━━━━━━━━━━━━━━━━━━━━━━━━
[INFO] [stdout] Snapshot file: snapshots/eszip__v2__tests__npm_empty_snapshot.snap
[INFO] [stdout] Snapshot: npm_empty_snapshot
[INFO] [stdout] Source: v2.rs:3210
[INFO] [stdout] ────────────────────────────────────────────────────────────────────────────────
[INFO] [stdout] Expression: bytes
[INFO] [stdout] ────────────────────────────────────────────────────────────────────────────────
[INFO] [stdout] -old snapshot
[INFO] [stdout] +new results
[INFO] [stdout] ────────────┬───────────────────────────────────────────────────────────────────
[INFO] [stdout]    17    17 │     0,
[INFO] [stdout]    18    18 │     0,
[INFO] [stdout]    19    19 │     0,
[INFO] [stdout]    20    20 │     0,
[INFO] [stdout]    21       │-    104,
[INFO] [stdout]          21 │+    71,
[INFO] [stdout]    22    22 │     0,
[INFO] [stdout]    23    23 │     0,
[INFO] [stdout]    24    24 │     0,
[INFO] [stdout]    25    25 │     15,
[INFO] [stdout] ┈┈┈┈┈┈┈┈┈┈┈┈┼┈┈┈┈┈┈┈┈┈┈┈┈┈┈┈┈┈┈┈┈┈┈┈┈┈┈┈┈┈┈┈┈┈┈┈┈┈┈┈┈┈┈┈┈┈┈┈┈┈┈┈┈┈┈┈┈┈┈┈┈┈┈┈┈┈┈┈
[INFO] [stdout]    67    67 │     58,
[INFO] [stdout]    68    68 │     47,
[INFO] [stdout]    69    69 │     47,
[INFO] [stdout]    70    70 │     47,
[INFO] [stdout]    71       │-    98,
[INFO] [stdout]          71 │+    97,
[INFO] [stdout]    72    72 │     46,
[INFO] [stdout]    73    73 │     116,
[INFO] [stdout]    74    74 │     115,
[INFO] [stdout]    75    75 │     0,
[INFO] [stdout] ┈┈┈┈┈┈┈┈┈┈┈┈┼┈┈┈┈┈┈┈┈┈┈┈┈┈┈┈┈┈┈┈┈┈┈┈┈┈┈┈┈┈┈┈┈┈┈┈┈┈┈┈┈┈┈┈┈┈┈┈┈┈┈┈┈┈┈┈┈┈┈┈┈┈┈┈┈┈┈┈
[INFO] [stdout]    92    92 │     0,
[INFO] [stdout]    93    93 │     0,
[INFO] [stdout]    94    94 │     0,
[INFO] [stdout]    95    95 │     0,
[INFO] [stdout]    96       │-    12,
[INFO] [stdout]    97       │-    102,
[INFO] [stdout]    98       │-    105,
[INFO] [stdout]    99       │-    108,
[INFO] [stdout]   100       │-    101,
[INFO] [stdout]   101       │-    58,
[INFO] [stdout]   102       │-    47,
[INFO] [stdout]   103       │-    47,
[INFO] [stdout]   104       │-    47,
[INFO] [stdout]   105       │-    97,
[INFO] [stdout]   106       │-    46,
[INFO] [stdout]   107       │-    116,
[INFO] [stdout]   108       │-    115,
[INFO] [stdout]   109       │-    1,
[INFO] [stdout]   110       │-    0,
[INFO] [stdout]   111       │-    0,
[INFO] [stdout]   112       │-    0,
[INFO] [stdout]   113       │-    12,
[INFO] [stdout]   114       │-    102,
[INFO] [stdout]   115       │-    105,
[INFO] [stdout]   116       │-    108,
[INFO] [stdout]   117       │-    101,
[INFO] [stdout]   118       │-    58,
[INFO] [stdout]   119       │-    47,
[INFO] [stdout]   120       │-    47,
[INFO] [stdout]   121       │-    47,
[INFO] [stdout]   122       │-    98,
[INFO] [stdout]   123       │-    46,
[INFO] [stdout]   124       │-    116,
[INFO] [stdout]   125       │-    115,
[INFO] [stdout]   126       │-    0,
[INFO] [stdout]   127       │-    0,
[INFO] [stdout]   128       │-    0,
[INFO] [stdout]   129    96 │     0,
[INFO] [stdout]   130    97 │     0,
[INFO] [stdout]   131    98 │     0,
[INFO] [stdout]   132    99 │     0,
[INFO] [stdout] ┈┈┈┈┈┈┈┈┈┈┈┈┼┈┈┈┈┈┈┈┈┈┈┈┈┈┈┈┈┈┈┈┈┈┈┈┈┈┈┈┈┈┈┈┈┈┈┈┈┈┈┈┈┈┈┈┈┈┈┈┈┈┈┈┈┈┈┈┈┈┈┈┈┈┈┈┈┈┈┈
[INFO] [stdout]   369   336 │     58,
[INFO] [stdout]   370   337 │     47,
[INFO] [stdout]   371   338 │     47,
[INFO] [stdout]   372   339 │     47,
[INFO] [stdout]   373       │-    98,
[INFO] [stdout]         340 │+    97,
[INFO] [stdout]   374   341 │     46,
[INFO] [stdout]   375   342 │     116,
[INFO] [stdout]   376   343 │     115,
[INFO] [stdout]   377   344 │     34,
[INFO] [stdout] ────────────┴───────────────────────────────────────────────────────────────────
[INFO] [stdout] 
[INFO] [stdout] thread 'v2::tests::npm_empty_snapshot' (5903) panicked at v2.rs:3210:5:
[INFO] [stdout] called `Result::unwrap()` on an `Err` value: FileIo(Os { code: 30, kind: ReadOnlyFilesystem, message: "Read-only file system" }, "/opt/rustwide/workdir/snapshots/eszip__v2__tests__npm_empty_snapshot.snap.new")
[INFO] [stdout] stack backtrace:
[INFO] [stdout]    0:     0x63b2ac381ce1 - <<std[70759c8f55707aa4]::sys::backtrace::BacktraceLock>::print::DisplayBacktrace as core[df12db4294e9bfd3]::fmt::Display>::fmt
[INFO] [stdout]    1:     0x63b2ac39acba - core[df12db4294e9bfd3]::fmt::write
[INFO] [stdout]    2:     0x63b2ac386efc - <alloc[2182bb758b4b3781]::vec::Vec<u8> as core[df12db4294e9bfd3]::io::write::Write>::write_fmt
[INFO] [stdout]    3:     0x63b2ac35a586 - std[70759c8f55707aa4]::panicking::default_hook::{closure#0}
[INFO] [stdout]    4:     0x63b2ac378c79 - std[70759c8f55707aa4]::panicking::default_hook
[INFO] [stdout]    5:     0x63b2aba5b320 - test[9d35eded1c95d3be]::test_main_inner::<test[9d35eded1c95d3be]::test_main_static::{closure#0}>::{closure#0}
[INFO] [stdout]    6:     0x63b2ac378fa2 - std[70759c8f55707aa4]::panicking::panic_with_hook
[INFO] [stdout]    7:     0x63b2ac35a632 - std[70759c8f55707aa4]::panicking::panic_handler::{closure#0}
[INFO] [stdout]    8:     0x63b2ac352919 - std[70759c8f55707aa4]::sys::backtrace::__rust_end_short_backtrace::<std[70759c8f55707aa4]::panicking::panic_handler::{closure#0}, !>
[INFO] [stdout]    9:     0x63b2ac35b3dd - __rustc[8fa7c3cbc660c2b3]::rust_begin_unwind
[INFO] [stdout]   10:     0x63b2ac39b4dc - core[df12db4294e9bfd3]::panicking::panic_fmt
[INFO] [stdout]   11:     0x63b2ac39b2b2 - core[df12db4294e9bfd3]::result::unwrap_failed
[INFO] [stdout]   12:     0x63b2ab930645 - eszip[8f5b1f38ca9485e3]::v2::tests::npm_empty_snapshot::{closure#0}
[INFO] [stdout]   13:     0x63b2ab9c42b3 - <tokio[25a3496ff3db519e]::runtime::scheduler::current_thread::Context>::enter::<core[df12db4294e9bfd3]::task::poll::Poll<()>, <tokio[25a3496ff3db519e]::runtime::scheduler::current_thread::CoreGuard>::block_on<core[df12db4294e9bfd3]::pin::Pin<&mut core[df12db4294e9bfd3]::pin::Pin<&mut dyn core[df12db4294e9bfd3]::future::future::Future<Output = ()>>>>::{closure#0}::{closure#0}>
[INFO] [stdout]   14:     0x63b2ab9916fc - <tokio[25a3496ff3db519e]::runtime::context::scoped::Scoped<tokio[25a3496ff3db519e]::runtime::scheduler::Context>>::set::<<tokio[25a3496ff3db519e]::runtime::scheduler::current_thread::CoreGuard>::enter<<tokio[25a3496ff3db519e]::runtime::scheduler::current_thread::CoreGuard>::block_on<core[df12db4294e9bfd3]::pin::Pin<&mut core[df12db4294e9bfd3]::pin::Pin<&mut dyn core[df12db4294e9bfd3]::future::future::Future<Output = ()>>>>::{closure#0}, core[df12db4294e9bfd3]::option::Option<()>>::{closure#0}, (alloc[2182bb758b4b3781]::boxed::Box<tokio[25a3496ff3db519e]::runtime::scheduler::current_thread::Core>, core[df12db4294e9bfd3]::option::Option<()>)>
[INFO] [stdout]   15:     0x63b2ab9c4707 - <tokio[25a3496ff3db519e]::runtime::scheduler::current_thread::CoreGuard>::block_on::<core[df12db4294e9bfd3]::pin::Pin<&mut core[df12db4294e9bfd3]::pin::Pin<&mut dyn core[df12db4294e9bfd3]::future::future::Future<Output = ()>>>>
[INFO] [stdout]   16:     0x63b2ab9d80bd - tokio[25a3496ff3db519e]::runtime::context::runtime::enter_runtime::<<tokio[25a3496ff3db519e]::runtime::scheduler::current_thread::CurrentThread>::block_on<core[df12db4294e9bfd3]::pin::Pin<&mut dyn core[df12db4294e9bfd3]::future::future::Future<Output = ()>>>::{closure#0}, ()>
[INFO] [stdout]   17:     0x63b2ab99e605 - <tokio[25a3496ff3db519e]::runtime::runtime::Runtime>::block_on::<core[df12db4294e9bfd3]::pin::Pin<&mut dyn core[df12db4294e9bfd3]::future::future::Future<Output = ()>>>
[INFO] [stdout]   18:     0x63b2ab94b14b - eszip[8f5b1f38ca9485e3]::v2::tests::npm_empty_snapshot
[INFO] [stdout]   19:     0x63b2ab9a7269 - <eszip[8f5b1f38ca9485e3]::v2::tests::npm_empty_snapshot::{closure#0} as core[df12db4294e9bfd3]::ops::function::FnOnce<()>>::call_once
[INFO] [stdout]   20:     0x63b2aba4e60b - test[9d35eded1c95d3be]::__rust_begin_short_backtrace::<core[df12db4294e9bfd3]::result::Result<(), alloc[2182bb758b4b3781]::string::String>, fn() -> core[df12db4294e9bfd3]::result::Result<(), alloc[2182bb758b4b3781]::string::String>>
[INFO] [stdout]   21:     0x63b2aba5bc75 - test[9d35eded1c95d3be]::run_test::{closure#0}
[INFO] [stdout]   22:     0x63b2aba55534 - std[70759c8f55707aa4]::sys::backtrace::__rust_begin_short_backtrace::<test[9d35eded1c95d3be]::run_test::{closure#1}, ()>
[INFO] [stdout]   23:     0x63b2aba5edd2 - <std[70759c8f55707aa4]::thread::lifecycle::spawn_unchecked<test[9d35eded1c95d3be]::run_test::{closure#1}, ()>::{closure#1} as core[df12db4294e9bfd3]::ops::function::FnOnce<()>>::call_once::{shim:vtable#0}
[INFO] [stdout]   24:     0x63b2ac380cf9 - <std[70759c8f55707aa4]::sys::thread::unix::Thread>::new::thread_start
[INFO] [stdout]   25:     0x7ccf17285dfa - <unknown>
[INFO] [stdout]   26:     0x7ccf173193d4 - clone
[INFO] [stdout]   27:                0x0 - <unknown>
[INFO] [stdout] 
[INFO] [stdout] 
[INFO] [stdout] failures:
[INFO] [stdout]     v2::tests::from_graph_redirect
[INFO] [stdout]     v2::tests::import_map
[INFO] [stdout]     v2::tests::npm_empty_snapshot
[INFO] [stdout]     v2::tests::npm_packages
[INFO] [stdout] 
[INFO] [stdout] test result: FAILED. 36 passed; 4 failed; 1 ignored; 0 measured; 0 filtered out; finished in 0.61s
[INFO] [stdout] 
[INFO] [stderr] error: test failed, to rerun pass `--lib`
[INFO] running `Command { std: "docker" "inspect" "e9270418c85d9587bca3812228b46a192ff3c5af26f996af1a01d553dc743809", kill_on_drop: false }`
[INFO] running `Command { std: "docker" "rm" "-f" "e9270418c85d9587bca3812228b46a192ff3c5af26f996af1a01d553dc743809", kill_on_drop: false }`
[INFO] [stdout] e9270418c85d9587bca3812228b46a192ff3c5af26f996af1a01d553dc743809
