[INFO] fetching crate esto 0.0.12...
[INFO] testing esto-0.0.12 against 1.100.0-beta.1+cargoflags=--release for beta-release-1.100-2
[INFO] extracting crate esto 0.0.12 into /workspace/builds/worker-5-tc2/source
[INFO] started tweaking crates.io crate esto 0.0.12
[INFO] removed 0 missing tests
[INFO] finished tweaking crates.io crate esto 0.0.12
[INFO] tweaked toml for crates.io crate esto 0.0.12 written to /workspace/builds/worker-5-tc2/source/Cargo.toml
[INFO] validating manifest of crates.io crate esto 0.0.12 on toolchain 1.100.0-beta.1
[INFO] running `Command { std: CARGO_HOME="/workspace/cargo-home" RUSTUP_HOME="/workspace/rustup-home" "/workspace/cargo-home/bin/cargo" "+1.100.0-beta.1" "metadata" "--manifest-path" "Cargo.toml" "--no-deps", kill_on_drop: false }`
[INFO] crate crates.io crate esto 0.0.12 already has a lockfile, it will not be regenerated
[INFO] running `Command { std: CARGO_HOME="/workspace/cargo-home" RUSTUP_HOME="/workspace/rustup-home" "/workspace/cargo-home/bin/cargo" "+1.100.0-beta.1" "fetch" "--manifest-path" "Cargo.toml", kill_on_drop: false }`
[INFO] running `Command { std: "docker" "create" "-v" "/var/lib/crater-agent-workspace/builds/worker-5-tc2/source:/opt/rustwide/workdir:ro,Z" "-v" "/var/lib/crater-agent-workspace/builds/worker-5-tc2/target:/opt/rustwide/target:rw,Z" "-v" "/var/lib/crater-agent-workspace/cargo-home:/opt/rustwide/cargo-home:ro,Z" "-v" "/var/lib/crater-agent-workspace/rustup-home:/opt/rustwide/rustup-home:ro,Z" "-m" "1610612736" "--network" "none" "ghcr.io/rust-lang/crates-build-env/linux@sha256:77db811e55d90add9212f6832c23229e3de5f1c1f9905e8cb07319ea15df73ac" "sleep" "infinity", kill_on_drop: false }`
[INFO] [stdout] c00467d41d1826a64d983191083541bd1fcde3b273c9a4ba5e439279c0d61bdf
[INFO] running `Command { std: "docker" "start" "c00467d41d1826a64d983191083541bd1fcde3b273c9a4ba5e439279c0d61bdf", kill_on_drop: false }`
[INFO] running `Command { std: "docker" "inspect" "c00467d41d1826a64d983191083541bd1fcde3b273c9a4ba5e439279c0d61bdf", kill_on_drop: false }`
[INFO] running `Command { std: "docker" "exec" "-e" "SOURCE_DIR=/opt/rustwide/workdir" "-e" "CARGO_HOME=/opt/rustwide/cargo-home" "-e" "RUSTUP_HOME=/opt/rustwide/rustup-home" "-e" "CARGO_TARGET_DIR=/opt/rustwide/target" "-w" "/opt/rustwide/workdir" "--user" "0:0" "c00467d41d1826a64d983191083541bd1fcde3b273c9a4ba5e439279c0d61bdf" "/opt/rustwide/cargo-home/bin/cargo" "+1.100.0-beta.1" "metadata" "--no-deps" "--format-version=1", kill_on_drop: false }`
[INFO] running `Command { std: "docker" "inspect" "c00467d41d1826a64d983191083541bd1fcde3b273c9a4ba5e439279c0d61bdf", kill_on_drop: false }`
[INFO] running `Command { std: "docker" "exec" "-e" "SOURCE_DIR=/opt/rustwide/workdir" "-e" "CARGO_HOME=/opt/rustwide/cargo-home" "-e" "RUSTUP_HOME=/opt/rustwide/rustup-home" "-e" "CARGO_TARGET_DIR=/opt/rustwide/target" "-e" "CARGO_INCREMENTAL=0" "-e" "RUST_BACKTRACE=full" "-e" "RUSTFLAGS=--cap-lints=warn" "-e" "RUSTDOCFLAGS=--cap-lints=warn" "-w" "/opt/rustwide/workdir" "--user" "0:0" "c00467d41d1826a64d983191083541bd1fcde3b273c9a4ba5e439279c0d61bdf" "/opt/rustwide/cargo-home/bin/cargo" "+1.100.0-beta.1" "build" "--frozen" "--message-format=json" "--release", kill_on_drop: false }`
[INFO] [stderr]    Compiling unicode-ident v1.0.26
[INFO] [stderr]    Compiling allocator-api2 v0.2.21
[INFO] [stderr]    Compiling stable_deref_trait v1.2.1
[INFO] [stderr]    Compiling siphasher v1.0.4
[INFO] [stderr]    Compiling rustversion v1.0.23
[INFO] [stderr]    Compiling rustc-hash v2.1.3
[INFO] [stderr]    Compiling writeable v0.6.4
[INFO] [stderr]    Compiling str_indices v0.4.4
[INFO] [stderr]    Compiling icu_locale_fallback_data v2.3.0
[INFO] [stderr]    Compiling litemap v0.8.3
[INFO] [stderr]    Compiling proc-macro2 v1.0.107
[INFO] [stderr]    Compiling fastrand v2.5.0
[INFO] [stderr]    Compiling oxc_estree v0.152.0
[INFO] [stderr]    Compiling icu_segmenter_data v2.3.0
[INFO] [stderr]    Compiling thiserror v2.0.21
[INFO] [stderr]    Compiling dragonbox_ecma v0.1.12
[INFO] [stderr]    Compiling cow-utils v0.1.3
[INFO] [stderr]    Compiling phf_shared v0.14.0
[INFO] [stderr]    Compiling nonmax v0.5.5
[INFO] [stderr]    Compiling unicode-id-start v1.5.0
[INFO] [stderr]    Compiling smawk v0.3.3
[INFO] [stderr]    Compiling unicode-width v0.2.2
[INFO] [stderr]    Compiling num-integer v0.1.47
[INFO] [stderr]    Compiling serde_json v1.0.151
[INFO] [stderr]    Compiling shlex v2.0.1
[INFO] [stderr]    Compiling find-msvc-tools v0.1.14
[INFO] [stderr]    Compiling hybrid-array v0.4.15
[INFO] [stderr]    Compiling itertools v0.15.0
[INFO] [stderr]    Compiling ref-cast v1.0.27
[INFO] [stderr]    Compiling crossbeam-utils v0.8.23
[INFO] [stderr]    Compiling adler2 v2.0.1
[INFO] [stderr]    Compiling float-cmp v0.10.0
[INFO] [stderr]    Compiling phf v0.14.0
[INFO] [stderr]    Compiling phf_generator v0.14.0
[INFO] [stderr]    Compiling cc v1.5.1
[INFO] [stderr]    Compiling miniz_oxide v0.9.1
[INFO] [stderr]    Compiling num-bigint v0.5.1
[INFO] [stderr]    Compiling vsimd v0.8.0
[INFO] [stderr]    Compiling castaway v0.2.4
[INFO] [stderr]    Compiling escape-simd v0.1.0
[INFO] [stderr]    Compiling outref v0.5.2
[INFO] [stderr]    Compiling compact_str v0.10.0
[INFO] [stderr]    Compiling oxc_sourcemap v9.0.0
[INFO] [stderr]    Compiling hashbrown v0.17.1
[INFO] [stderr]    Compiling hashbrown v0.16.1
[INFO] [stderr]    Compiling relative-path v2.0.1
[INFO] [stderr]    Compiling quote v1.0.47
[INFO] [stderr]    Compiling json-escape-simd v3.1.2
[INFO] [stderr]    Compiling utf8parse v0.2.2
[INFO] [stderr]    Compiling arrayvec v0.7.8
[INFO] [stderr]    Compiling simdutf8 v0.1.5
[INFO] [stderr]    Compiling termcolor v1.4.1
[INFO] [stderr]    Compiling syn v3.0.6
[INFO] [stderr]    Compiling syn v2.0.119
[INFO] [stderr]    Compiling crypto-common v0.2.2
[INFO] [stderr]    Compiling block-buffer v0.12.1
[INFO] [stderr]    Compiling inotify-sys v0.1.8
[INFO] [stderr]    Compiling fast-glob v1.1.2
[INFO] [stderr]    Compiling anstyle-parse v1.0.0
[INFO] [stderr]    Compiling base64-simd v0.8.0
[INFO] [stderr]    Compiling json-strip-comments v3.1.2
[INFO] [stderr]    Compiling is_terminal_polyfill v1.70.2
[INFO] [stderr]    Compiling indexmap v2.14.2
[INFO] [stderr]    Compiling seq-macro v0.3.6
[INFO] [stderr]    Compiling anstyle-query v1.1.5
[INFO] [stderr]    Compiling nodejs-built-in-modules v1.0.0
[INFO] [stderr]    Compiling colorchoice v1.0.5
[INFO] [stderr]    Compiling hmac-sha1-compact v1.1.8
[INFO] [stderr]    Compiling anstream v1.0.0
[INFO] [stderr]    Compiling clap_lex v1.1.1
[INFO] [stderr]    Compiling strsim v0.11.1
[INFO] [stderr]    Compiling unicode-id v0.3.7
[INFO] [stderr]    Compiling inotify v0.11.5
[INFO] [stderr]    Compiling halfbrown v0.4.0
[INFO] [stderr]    Compiling markdown v1.0.0
[INFO] [stderr]    Compiling clap_builder v4.6.7
[INFO] [stderr]    Compiling mio v1.2.3
[INFO] [stderr]    Compiling notify-types v2.1.0
[INFO] [stderr]    Compiling thread_local v1.1.10
[INFO] [stderr]    Compiling value-trait v0.12.2
[INFO] [stderr]    Compiling digest v0.11.3
[INFO] [stderr]    Compiling notify v8.2.0
[INFO] [stderr]    Compiling sha2 v0.11.0
[INFO] [stderr]    Compiling rquickjs-sys v0.14.0
[INFO] [stderr]    Compiling phf_macros v0.14.0
[INFO] [stderr]    Compiling tracing-attributes v0.1.31
[INFO] [stderr]    Compiling ts-rs-macros v12.0.1
[INFO] [stderr]    Compiling synstructure v0.14.0
[INFO] [stderr]    Compiling serde_derive v1.0.229
[INFO] [stderr]    Compiling zerofrom-derive v0.1.8
[INFO] [stderr]    Compiling yoke-derive v0.8.3
[INFO] [stderr]    Compiling zerovec-derive v0.11.6
[INFO] [stderr]    Compiling displaydoc v0.2.7
[INFO] [stderr]    Compiling oxc_ast_macros v0.152.0
[INFO] [stderr]    Compiling thiserror-impl v2.0.21
[INFO] [stderr]    Compiling ref-cast-impl v1.0.27
[INFO] [stderr]    Compiling tracing v0.1.44
[INFO] [stderr]    Compiling clap_derive v4.6.7
[INFO] [stderr]    Compiling zerofrom v0.1.8
[INFO] [stderr]    Compiling zerotrie v0.2.5
[INFO] [stderr]    Compiling simd-json v0.18.1
[INFO] [stderr]    Compiling yoke v0.8.3
[INFO] [stderr]    Compiling zerovec v0.11.8
[INFO] [stderr]    Compiling cobs v0.3.0
[INFO] [stderr]    Compiling ts-rs v12.0.1
[INFO] [stderr]    Compiling serde v1.0.229
[INFO] [stderr]    Compiling esto v0.0.12 (/opt/rustwide/workdir)
[INFO] [stderr]    Compiling clap v4.6.7
[INFO] [stderr]    Compiling tinystr v0.8.4
[INFO] [stderr]    Compiling potential_utf v0.1.6
[INFO] [stderr]    Compiling smallvec v1.16.2
[INFO] [stderr]    Compiling oxc_index v5.0.0
[INFO] [stderr]    Compiling postcard v1.1.3
[INFO] [stderr]    Compiling optative v0.1.4
[INFO] [stderr]    Compiling icu_collections v2.3.0
[INFO] [stderr]    Compiling icu_locale_core v2.3.0
[INFO] [stderr]    Compiling ropey v1.6.1
[INFO] [stderr]    Compiling parking_lot_core v0.9.12
[INFO] [stderr]    Compiling tracing-subscriber v0.3.23
[INFO] [stderr]    Compiling oxc-browserslist v5.0.1
[INFO] [stderr]    Compiling dashmap v6.2.1
[INFO] [stderr]    Compiling oxc_resolver v11.24.3
[INFO] [stderr]    Compiling oxc_data_structures v0.152.0
[INFO] [stderr]    Compiling oxc_allocator v0.152.0
[INFO] [stderr]    Compiling icu_provider v2.3.1
[INFO] [stderr]    Compiling oxc_str v0.152.0
[INFO] [stderr]    Compiling icu_locale_fallback v2.3.0
[INFO] [stderr]    Compiling icu_segmenter v2.3.0
[INFO] [stderr]    Compiling oxc_span v0.152.0
[INFO] [stderr]    Compiling oxc_syntax v0.152.0
[INFO] [stderr]    Compiling textwrap v0.16.4
[INFO] [stderr]    Compiling oxc_diagnostics v0.152.0
[INFO] [stderr]    Compiling oxc_compat v0.152.0
[INFO] [stderr]    Compiling oxc_regular_expression v0.152.0
[INFO] [stderr]    Compiling oxc_ast v0.152.0
[INFO] [stderr]    Compiling oxc_ecmascript v0.152.0
[INFO] [stderr]    Compiling oxc_ast_visit v0.152.0
[INFO] [stderr]    Compiling oxc_parser v0.152.0
[INFO] [stderr]    Compiling oxc_semantic v0.152.0
[INFO] [stderr]    Compiling oxc_traverse v0.152.0
[INFO] [stderr]    Compiling oxc_codegen v0.152.0
[INFO] [stderr]    Compiling oxc_transformer v0.152.0
[INFO] [stderr]    Compiling rquickjs-core v0.14.0
[INFO] [stderr]    Compiling rquickjs v0.14.0
[INFO] [stderr]    Compiling optative-script v0.0.13
[INFO] [stderr]    Compiling optative-script-mdx v0.0.7
[INFO] [stderr]     Finished `release` profile [optimized] target(s) in 3m 03s
[INFO] running `Command { std: "docker" "inspect" "c00467d41d1826a64d983191083541bd1fcde3b273c9a4ba5e439279c0d61bdf", kill_on_drop: false }`
[INFO] running `Command { std: "docker" "exec" "-e" "SOURCE_DIR=/opt/rustwide/workdir" "-e" "CARGO_HOME=/opt/rustwide/cargo-home" "-e" "RUSTUP_HOME=/opt/rustwide/rustup-home" "-e" "CARGO_TARGET_DIR=/opt/rustwide/target" "-e" "CARGO_INCREMENTAL=0" "-e" "RUST_BACKTRACE=full" "-e" "RUSTFLAGS=--cap-lints=warn" "-e" "RUSTDOCFLAGS=--cap-lints=warn" "-w" "/opt/rustwide/workdir" "--user" "0:0" "c00467d41d1826a64d983191083541bd1fcde3b273c9a4ba5e439279c0d61bdf" "/opt/rustwide/cargo-home/bin/cargo" "+1.100.0-beta.1" "test" "--frozen" "--no-run" "--message-format=json" "--release", kill_on_drop: false }`
[INFO] [stderr]    Compiling getrandom v0.4.3
[INFO] [stderr]    Compiling tempfile v3.27.0
[INFO] [stderr]    Compiling esto v0.0.12 (/opt/rustwide/workdir)
[INFO] [stderr]     Finished `release` profile [optimized] target(s) in 3.18s
[INFO] running `Command { std: "docker" "inspect" "c00467d41d1826a64d983191083541bd1fcde3b273c9a4ba5e439279c0d61bdf", kill_on_drop: false }`
[INFO] running `Command { std: "docker" "exec" "-e" "SOURCE_DIR=/opt/rustwide/workdir" "-e" "CARGO_HOME=/opt/rustwide/cargo-home" "-e" "RUSTUP_HOME=/opt/rustwide/rustup-home" "-e" "CARGO_TARGET_DIR=/opt/rustwide/target" "-e" "CARGO_INCREMENTAL=0" "-e" "RUST_BACKTRACE=full" "-e" "RUSTFLAGS=--cap-lints=warn" "-e" "RUSTDOCFLAGS=--cap-lints=warn" "-w" "/opt/rustwide/workdir" "--user" "0:0" "c00467d41d1826a64d983191083541bd1fcde3b273c9a4ba5e439279c0d61bdf" "/opt/rustwide/cargo-home/bin/cargo" "+1.100.0-beta.1" "test" "--frozen" "--release", kill_on_drop: false }`
[INFO] [stderr]     Finished `release` profile [optimized] target(s) in 0.23s
[INFO] [stderr]      Running unittests src/lib.rs (/opt/rustwide/target/release/build/esto/918947268b147185/out/esto-918947268b147185)
[INFO] [stdout] 
[INFO] [stdout] running 0 tests
[INFO] [stdout] 
[INFO] [stdout] test result: ok. 0 passed; 0 failed; 0 ignored; 0 measured; 0 filtered out; finished in 0.00s
[INFO] [stdout] 
[INFO] [stderr]      Running unittests src/main.rs (/opt/rustwide/target/release/build/esto/83bcea2e68b0f234/out/esto-83bcea2e68b0f234)
[INFO] [stdout] 
[INFO] [stdout] running 0 tests
[INFO] [stdout] 
[INFO] [stdout] test result: ok. 0 passed; 0 failed; 0 ignored; 0 measured; 0 filtered out; finished in 0.00s
[INFO] [stdout] 
[INFO] [stderr]      Running tests/cli.rs (/opt/rustwide/target/release/build/esto/415da0ccca2dbb31/out/cli-415da0ccca2dbb31)
[INFO] [stdout] 
[INFO] [stdout] running 25 tests
[INFO] [stderr] esto run: /opt/rustwide/workdir/../../examples/mirror.mjs
[INFO] [stderr] 
[INFO] [stderr] io: No such file or directory (os error 2)
[INFO] [stderr] esto run: /opt/rustwide/workdir/../../examples/mirror.mjs
[INFO] [stderr] 
[INFO] [stderr] io: No such file or directory (os error 2)
[INFO] [stderr] esto run: /opt/rustwide/workdir/../../examples/grounding.eso.jsx
[INFO] [stderr] 
[INFO] [stderr] io: No such file or directory (os error 2)
[INFO] [stderr] esto run: /opt/rustwide/workdir/../../examples/grounding.op.tsx
[INFO] [stderr] 
[INFO] [stderr] io: No such file or directory (os error 2)
[INFO] [stdout] test esto_run::mirror_mjs_creates_output_files ... FAILED
[INFO] [stdout] test esto_run::mirror_mjs_dry_run_exits_with_delta_count ... FAILED
[INFO] [stdout] test esto_run::grounding_creates_task_and_context_files ... FAILED
[INFO] [stdout] test esto_run::grounding_op_tsx_creates_task_files ... FAILED
[INFO] [stdout] test error_messages::mdx_inline_jsx_in_prose_reports_a_positioned_error ... ok
[INFO] [stdout] test error_messages::lifecycle_hook_error_still_tags_the_item_key_and_shows_real_message ... ok
[INFO] [stdout] test error_messages::js_exception_reports_the_real_message_not_generic_quickjs_text ... ok
[INFO] [stderr] esto run: /opt/rustwide/workdir/../../examples/mirror.mjs
[INFO] [stderr] 
[INFO] [stderr] io: No such file or directory (os error 2)
[INFO] [stderr] esto run: /opt/rustwide/workdir/../../examples/mirror.eso.jsx
[INFO] [stderr] 
[INFO] [stderr] io: No such file or directory (os error 2)
[INFO] [stderr] esto run: /opt/rustwide/workdir/../../examples/grounding.op.mdx
[INFO] [stderr] 
[INFO] [stderr] io: No such file or directory (os error 2)
[INFO] [stderr] [enter] beta.txt
[INFO] [stderr] [enter] alpha.txt
[INFO] [stderr] reconciled: 2 enter, 0 update, 0 exit (0 unchanged)
[INFO] [stderr] esto run: /opt/rustwide/workdir/../../examples/mirror.mjs
[INFO] [stderr] 
[INFO] [stderr] io: No such file or directory (os error 2)
[INFO] [stderr] [exit] Bogus.md
[INFO] [stderr] esto run: /opt/rustwide/workdir/../../examples/grounding.eso.jsx
[INFO] [stderr] 
[INFO] [stderr] io: No such file or directory (os error 2)
[INFO] [stderr] esto types: wrote /tmp/.tmpLh68td/esto.d.ts
[INFO] [stderr] esto types: wrote /tmp/.tmpLh68td/tsconfig.esto.json
[INFO] [stderr] [exit] orphan.txt
[INFO] [stderr] reconciled: 0 enter, 0 update, 1 exit (1 unchanged)
[INFO] [stdout] test error_messages::sh_failure_reports_the_command_and_stderr ... ok
[INFO] [stdout] test esto_run::mirror_jsx_creates_output_files ... FAILED
[INFO] [stdout] test esto_types::type_check_fixture_passes_tsc ... ok
[INFO] [stdout] test esto_run::grounding_op_mdx_creates_task_and_context_files ... FAILED
[INFO] [stdout] test esto_run::grounding_dry_run_exits_with_delta_and_writes_nothing ... FAILED
[INFO] [stdout] test esto_types::types_writes_dts_and_tsconfig ... ok
[INFO] [stdout] test esto_fs::esto_fs_supervisor_dry_run_prunes_nothing ... ok
[INFO] [stdout] test esto_fs::esto_fs_file_glob_enters_matched_files ... ok
[INFO] [stdout] test esto_run::mirror_mjs_converged_exits_zero ... FAILED
[INFO] [stdout] test reconciler_backends::unit_without_reconciler_reports_a_clear_error ... ok
[INFO] [stdout] test error_messages::failing_update_does_not_trigger_exit ... ok
[INFO] [stderr] [update] index.md
[INFO] [stdout] test reconciler_backends::optative_json_set_dry_run_never_writes_the_state_file ... ok
[INFO] [stderr] [enter] t1
[INFO] [stdout] test limit::caps_dispatches_and_reports_the_rest_as_limited ... ok
[INFO] [stderr] [enter] keepalive
[INFO] [stderr] [enter] Bar.md
[INFO] [stdout] test limit::without_limit_all_items_dispatch_and_no_warning_appears ... ok
[INFO] [stderr] reconciled: 2 enter, 0 update, 0 exit (0 unchanged)
[INFO] [stdout] test reconciler_backends::optative_json_set_seeds_state_from_file_with_no_observe ... ok
[INFO] [stdout] test reconciler_backends::optative_json_set_update_reconstructs_previous_item_across_separate_runs ... ok
[INFO] [stdout] test esto_fs::esto_fs_supervisor_creates_updates_keeps_prunes ... ok
[INFO] [stderr] reconciled: 1 enter, 1 update, 1 exit (1 unchanged)
[INFO] [stdout] test reconciler_backends::optative_json_set_exit_removes_entry_from_the_state_file ... ok
[INFO] [stdout] 
[INFO] [stdout] failures:
[INFO] [stdout] 
[INFO] [stdout] ---- esto_run::mirror_mjs_creates_output_files stdout ----
[INFO] [stdout] 
[INFO] [stdout] thread 'esto_run::mirror_mjs_creates_output_files' (2950) panicked at tests/cli.rs:31:9:
[INFO] [stdout] esto run mirror.mjs should exit 0
[INFO] [stdout] stack backtrace:
[INFO] [stdout]    0:     0x6414c0222d11 - <<std[617be2ca0a6fd877]::sys::backtrace::BacktraceLock>::print::DisplayBacktrace as core[a373ad73a504971]::fmt::Display>::fmt
[INFO] [stdout]    1:     0x6414c023704a - core[a373ad73a504971]::fmt::write
[INFO] [stdout]    2:     0x6414c02271fc - <alloc[2e1b2a31b91974c5]::vec::Vec<u8> as core[a373ad73a504971]::io::write::Write>::write_fmt
[INFO] [stdout]    3:     0x6414c01fd476 - std[617be2ca0a6fd877]::panicking::default_hook::{closure#0}
[INFO] [stdout]    4:     0x6414c021a539 - std[617be2ca0a6fd877]::panicking::default_hook
[INFO] [stdout]    5:     0x6414c01b5520 - test[aada8e7e76ba119b]::test_main_inner::{closure#0}
[INFO] [stdout]    6:     0x6414c021a6f2 - std[617be2ca0a6fd877]::panicking::panic_with_hook
[INFO] [stdout]    7:     0x6414c01fd554 - std[617be2ca0a6fd877]::panicking::panic_handler::{closure#0}
[INFO] [stdout]    8:     0x6414c01f5ee9 - std[617be2ca0a6fd877]::sys::backtrace::__rust_end_short_backtrace::<std[617be2ca0a6fd877]::panicking::panic_handler::{closure#0}, !>
[INFO] [stdout]    9:     0x6414c01fe12d - __rustc[ea4f61d10b84890b]::rust_begin_unwind
[INFO] [stdout]   10:     0x6414c023777c - core[a373ad73a504971]::panicking::panic_fmt
[INFO] [stdout]   11:     0x6414c019d25a - <cli[9ea508aa70ea4518]::esto_run::mirror_mjs_creates_output_files::{closure#0} as core[a373ad73a504971]::ops::function::FnOnce<()>>::call_once
[INFO] [stdout]   12:     0x6414c01a896b - test[aada8e7e76ba119b]::__rust_begin_short_backtrace::<core[a373ad73a504971]::result::Result<(), alloc[2e1b2a31b91974c5]::string::String>, fn() -> core[a373ad73a504971]::result::Result<(), alloc[2e1b2a31b91974c5]::string::String>>
[INFO] [stdout]   13:     0x6414c01b5b45 - test[aada8e7e76ba119b]::run_test::{closure#0}
[INFO] [stdout]   14:     0x6414c01af434 - std[617be2ca0a6fd877]::sys::backtrace::__rust_begin_short_backtrace::<test[aada8e7e76ba119b]::run_test::{closure#1}, ()>
[INFO] [stdout]   15:     0x6414c01b8bd2 - <std[617be2ca0a6fd877]::thread::lifecycle::spawn_unchecked<test[aada8e7e76ba119b]::run_test::{closure#1}, ()>::{closure#1} as core[a373ad73a504971]::ops::function::FnOnce<()>>::call_once::{shim:vtable#0}
[INFO] [stdout]   16:     0x6414c022202f - <std[617be2ca0a6fd877]::sys::thread::unix::Thread>::new::thread_start
[INFO] [stdout]   17:     0x751857a02dfa - <unknown>
[INFO] [stdout]   18:     0x751857a963d4 - clone
[INFO] [stdout]   19:                0x0 - <unknown>
[INFO] [stdout] 
[INFO] [stdout] ---- esto_run::mirror_mjs_dry_run_exits_with_delta_count stdout ----
[INFO] [stdout] 
[INFO] [stdout] thread 'esto_run::mirror_mjs_dry_run_exits_with_delta_count' (2951) panicked at tests/cli.rs:54:9:
[INFO] [stdout] assertion `left == right` failed: dry-run exit code should equal delta count
[INFO] [stdout]   left: Some(1)
[INFO] [stdout]  right: Some(2)
[INFO] [stdout] stack backtrace:
[INFO] [stdout]    0:     0x6414c0222d11 - <<std[617be2ca0a6fd877]::sys::backtrace::BacktraceLock>::print::DisplayBacktrace as core[a373ad73a504971]::fmt::Display>::fmt
[INFO] [stdout]    1:     0x6414c023704a - core[a373ad73a504971]::fmt::write
[INFO] [stdout]    2:     0x6414c02271fc - <alloc[2e1b2a31b91974c5]::vec::Vec<u8> as core[a373ad73a504971]::io::write::Write>::write_fmt
[INFO] [stdout]    3:     0x6414c01fd476 - std[617be2ca0a6fd877]::panicking::default_hook::{closure#0}
[INFO] [stdout]    4:     0x6414c021a539 - std[617be2ca0a6fd877]::panicking::default_hook
[INFO] [stdout]    5:     0x6414c01b5520 - test[aada8e7e76ba119b]::test_main_inner::{closure#0}
[INFO] [stdout]    6:     0x6414c021a6f2 - std[617be2ca0a6fd877]::panicking::panic_with_hook
[INFO] [stdout]    7:     0x6414c01fd522 - std[617be2ca0a6fd877]::panicking::panic_handler::{closure#0}
[INFO] [stdout]    8:     0x6414c01f5ee9 - std[617be2ca0a6fd877]::sys::backtrace::__rust_end_short_backtrace::<std[617be2ca0a6fd877]::panicking::panic_handler::{closure#0}, !>
[INFO] [stdout]    9:     0x6414c01fe12d - __rustc[ea4f61d10b84890b]::rust_begin_unwind
[INFO] [stdout]   10:     0x6414c023777c - core[a373ad73a504971]::panicking::panic_fmt
[INFO] [stdout]   11:     0x6414c02376f3 - core[a373ad73a504971]::panicking::assert_failed_inner
[INFO] [stdout]   12:     0x6414c01a6409 - core[a373ad73a504971]::panicking::assert_failed::<core[a373ad73a504971]::option::Option<i32>, core[a373ad73a504971]::option::Option<i32>>
[INFO] [stdout]   13:     0x6414c019dfc4 - <cli[9ea508aa70ea4518]::esto_run::mirror_mjs_dry_run_exits_with_delta_count::{closure#0} as core[a373ad73a504971]::ops::function::FnOnce<()>>::call_once
[INFO] [stdout]   14:     0x6414c01a896b - test[aada8e7e76ba119b]::__rust_begin_short_backtrace::<core[a373ad73a504971]::result::Result<(), alloc[2e1b2a31b91974c5]::string::String>, fn() -> core[a373ad73a504971]::result::Result<(), alloc[2e1b2a31b91974c5]::string::String>>
[INFO] [stdout]   15:     0x6414c01b5b45 - test[aada8e7e76ba119b]::run_test::{closure#0}
[INFO] [stdout]   16:     0x6414c01af434 - std[617be2ca0a6fd877]::sys::backtrace::__rust_begin_short_backtrace::<test[aada8e7e76ba119b]::run_test::{closure#1}, ()>
[INFO] [stdout]   17:     0x6414c01b8bd2 - <std[617be2ca0a6fd877]::thread::lifecycle::spawn_unchecked<test[aada8e7e76ba119b]::run_test::{closure#1}, ()>::{closure#1} as core[a373ad73a504971]::ops::function::FnOnce<()>>::call_once::{shim:vtable#0}
[INFO] [stdout]   18:     0x6414c022202f - <std[617be2ca0a6fd877]::sys::thread::unix::Thread>::new::thread_start
[INFO] [stderr] error: test failed, to rerun pass `--test cli`
[INFO] [stdout]   19:     0x751857a02dfa - <unknown>
[INFO] [stdout]   20:     0x751857a963d4 - clone
[INFO] [stdout]   21:                0x0 - <unknown>
[INFO] [stdout] 
[INFO] [stdout] ---- esto_run::grounding_creates_task_and_context_files stdout ----
[INFO] [stdout] 
[INFO] [stdout] thread 'esto_run::grounding_creates_task_and_context_files' (2944) panicked at tests/cli.rs:118:9:
[INFO] [stdout] esto run grounding.eso.jsx should exit 0
[INFO] [stdout] stack backtrace:
[INFO] [stdout]    0:     0x6414c0222d11 - <<std[617be2ca0a6fd877]::sys::backtrace::BacktraceLock>::print::DisplayBacktrace as core[a373ad73a504971]::fmt::Display>::fmt
[INFO] [stdout]    1:     0x6414c023704a - core[a373ad73a504971]::fmt::write
[INFO] [stdout]    2:     0x6414c02271fc - <alloc[2e1b2a31b91974c5]::vec::Vec<u8> as core[a373ad73a504971]::io::write::Write>::write_fmt
[INFO] [stdout]    3:     0x6414c01fd476 - std[617be2ca0a6fd877]::panicking::default_hook::{closure#0}
[INFO] [stdout]    4:     0x6414c021a539 - std[617be2ca0a6fd877]::panicking::default_hook
[INFO] [stdout]    5:     0x6414c01b5520 - test[aada8e7e76ba119b]::test_main_inner::{closure#0}
[INFO] [stdout]    6:     0x6414c021a6f2 - std[617be2ca0a6fd877]::panicking::panic_with_hook
[INFO] [stdout]    7:     0x6414c01fd554 - std[617be2ca0a6fd877]::panicking::panic_handler::{closure#0}
[INFO] [stdout]    8:     0x6414c01f5ee9 - std[617be2ca0a6fd877]::sys::backtrace::__rust_end_short_backtrace::<std[617be2ca0a6fd877]::panicking::panic_handler::{closure#0}, !>
[INFO] [stdout]    9:     0x6414c01fe12d - __rustc[ea4f61d10b84890b]::rust_begin_unwind
[INFO] [stdout]   10:     0x6414c023777c - core[a373ad73a504971]::panicking::panic_fmt
[INFO] [stdout]   11:     0x6414c019dabd - <cli[9ea508aa70ea4518]::esto_run::grounding_creates_task_and_context_files::{closure#0} as core[a373ad73a504971]::ops::function::FnOnce<()>>::call_once
[INFO] [stdout]   12:     0x6414c01a896b - test[aada8e7e76ba119b]::__rust_begin_short_backtrace::<core[a373ad73a504971]::result::Result<(), alloc[2e1b2a31b91974c5]::string::String>, fn() -> core[a373ad73a504971]::result::Result<(), alloc[2e1b2a31b91974c5]::string::String>>
[INFO] [stdout]   13:     0x6414c01b5b45 - test[aada8e7e76ba119b]::run_test::{closure#0}
[INFO] [stdout]   14:     0x6414c01af434 - std[617be2ca0a6fd877]::sys::backtrace::__rust_begin_short_backtrace::<test[aada8e7e76ba119b]::run_test::{closure#1}, ()>
[INFO] [stdout]   15:     0x6414c01b8bd2 - <std[617be2ca0a6fd877]::thread::lifecycle::spawn_unchecked<test[aada8e7e76ba119b]::run_test::{closure#1}, ()>::{closure#1} as core[a373ad73a504971]::ops::function::FnOnce<()>>::call_once::{shim:vtable#0}
[INFO] [stdout]   16:     0x6414c022202f - <std[617be2ca0a6fd877]::sys::thread::unix::Thread>::new::thread_start
[INFO] [stdout]   17:     0x751857a02dfa - <unknown>
[INFO] [stdout]   18:     0x751857a963d4 - clone
[INFO] [stdout]   19:                0x0 - <unknown>
[INFO] [stdout] 
[INFO] [stdout] ---- esto_run::grounding_op_tsx_creates_task_files stdout ----
[INFO] [stdout] 
[INFO] [stdout] thread 'esto_run::grounding_op_tsx_creates_task_files' (2947) panicked at tests/cli.rs:174:9:
[INFO] [stdout] esto run grounding.op.tsx should exit 0
[INFO] [stdout] stack backtrace:
[INFO] [stdout]    0:     0x6414c0222d11 - <<std[617be2ca0a6fd877]::sys::backtrace::BacktraceLock>::print::DisplayBacktrace as core[a373ad73a504971]::fmt::Display>::fmt
[INFO] [stdout]    1:     0x6414c023704a - core[a373ad73a504971]::fmt::write
[INFO] [stdout]    2:     0x6414c02271fc - <alloc[2e1b2a31b91974c5]::vec::Vec<u8> as core[a373ad73a504971]::io::write::Write>::write_fmt
[INFO] [stdout]    3:     0x6414c01fd476 - std[617be2ca0a6fd877]::panicking::default_hook::{closure#0}
[INFO] [stdout]    4:     0x6414c021a539 - std[617be2ca0a6fd877]::panicking::default_hook
[INFO] [stdout]    5:     0x6414c01b5520 - test[aada8e7e76ba119b]::test_main_inner::{closure#0}
[INFO] [stdout]    6:     0x6414c021a6f2 - std[617be2ca0a6fd877]::panicking::panic_with_hook
[INFO] [stdout]    7:     0x6414c01fd554 - std[617be2ca0a6fd877]::panicking::panic_handler::{closure#0}
[INFO] [stdout]    8:     0x6414c01f5ee9 - std[617be2ca0a6fd877]::sys::backtrace::__rust_end_short_backtrace::<std[617be2ca0a6fd877]::panicking::panic_handler::{closure#0}, !>
[INFO] [stdout]    9:     0x6414c01fe12d - __rustc[ea4f61d10b84890b]::rust_begin_unwind
[INFO] [stdout]   10:     0x6414c023777c - core[a373ad73a504971]::panicking::panic_fmt
[INFO] [stdout]   11:     0x6414c019d659 - <cli[9ea508aa70ea4518]::esto_run::grounding_op_tsx_creates_task_files::{closure#0} as core[a373ad73a504971]::ops::function::FnOnce<()>>::call_once
[INFO] [stdout]   12:     0x6414c01a896b - test[aada8e7e76ba119b]::__rust_begin_short_backtrace::<core[a373ad73a504971]::result::Result<(), alloc[2e1b2a31b91974c5]::string::String>, fn() -> core[a373ad73a504971]::result::Result<(), alloc[2e1b2a31b91974c5]::string::String>>
[INFO] [stdout]   13:     0x6414c01b5b45 - test[aada8e7e76ba119b]::run_test::{closure#0}
[INFO] [stdout]   14:     0x6414c01af434 - std[617be2ca0a6fd877]::sys::backtrace::__rust_begin_short_backtrace::<test[aada8e7e76ba119b]::run_test::{closure#1}, ()>
[INFO] [stdout]   15:     0x6414c01b8bd2 - <std[617be2ca0a6fd877]::thread::lifecycle::spawn_unchecked<test[aada8e7e76ba119b]::run_test::{closure#1}, ()>::{closure#1} as core[a373ad73a504971]::ops::function::FnOnce<()>>::call_once::{shim:vtable#0}
[INFO] [stdout]   16:     0x6414c022202f - <std[617be2ca0a6fd877]::sys::thread::unix::Thread>::new::thread_start
[INFO] [stdout]   17:     0x751857a02dfa - <unknown>
[INFO] [stdout]   18:     0x751857a963d4 - clone
[INFO] [stdout]   19:                0x0 - <unknown>
[INFO] [stdout] 
[INFO] [stdout] ---- esto_run::mirror_jsx_creates_output_files stdout ----
[INFO] [stdout] 
[INFO] [stdout] thread 'esto_run::mirror_jsx_creates_output_files' (2948) panicked at tests/cli.rs:101:9:
[INFO] [stdout] esto run mirror.eso.jsx should exit 0
[INFO] [stdout] stack backtrace:
[INFO] [stdout]    0:     0x6414c0222d11 - <<std[617be2ca0a6fd877]::sys::backtrace::BacktraceLock>::print::DisplayBacktrace as core[a373ad73a504971]::fmt::Display>::fmt
[INFO] [stdout]    1:     0x6414c023704a - core[a373ad73a504971]::fmt::write
[INFO] [stdout]    2:     0x6414c02271fc - <alloc[2e1b2a31b91974c5]::vec::Vec<u8> as core[a373ad73a504971]::io::write::Write>::write_fmt
[INFO] [stdout]    3:     0x6414c01fd476 - std[617be2ca0a6fd877]::panicking::default_hook::{closure#0}
[INFO] [stdout]    4:     0x6414c021a539 - std[617be2ca0a6fd877]::panicking::default_hook
[INFO] [stdout]    5:     0x6414c01b5520 - test[aada8e7e76ba119b]::test_main_inner::{closure#0}
[INFO] [stdout]    6:     0x6414c021a6f2 - std[617be2ca0a6fd877]::panicking::panic_with_hook
[INFO] [stdout]    7:     0x6414c01fd554 - std[617be2ca0a6fd877]::panicking::panic_handler::{closure#0}
[INFO] [stdout]    8:     0x6414c01f5ee9 - std[617be2ca0a6fd877]::sys::backtrace::__rust_end_short_backtrace::<std[617be2ca0a6fd877]::panicking::panic_handler::{closure#0}, !>
[INFO] [stdout]    9:     0x6414c01fe12d - __rustc[ea4f61d10b84890b]::rust_begin_unwind
[INFO] [stdout]   10:     0x6414c023777c - core[a373ad73a504971]::panicking::panic_fmt
[INFO] [stdout]   11:     0x6414c019c9e6 - <cli[9ea508aa70ea4518]::esto_run::mirror_jsx_creates_output_files::{closure#0} as core[a373ad73a504971]::ops::function::FnOnce<()>>::call_once
[INFO] [stdout]   12:     0x6414c01a896b - test[aada8e7e76ba119b]::__rust_begin_short_backtrace::<core[a373ad73a504971]::result::Result<(), alloc[2e1b2a31b91974c5]::string::String>, fn() -> core[a373ad73a504971]::result::Result<(), alloc[2e1b2a31b91974c5]::string::String>>
[INFO] [stdout]   13:     0x6414c01b5b45 - test[aada8e7e76ba119b]::run_test::{closure#0}
[INFO] [stdout]   14:     0x6414c01af434 - std[617be2ca0a6fd877]::sys::backtrace::__rust_begin_short_backtrace::<test[aada8e7e76ba119b]::run_test::{closure#1}, ()>
[INFO] [stdout]   15:     0x6414c01b8bd2 - <std[617be2ca0a6fd877]::thread::lifecycle::spawn_unchecked<test[aada8e7e76ba119b]::run_test::{closure#1}, ()>::{closure#1} as core[a373ad73a504971]::ops::function::FnOnce<()>>::call_once::{shim:vtable#0}
[INFO] [stdout]   16:     0x6414c022202f - <std[617be2ca0a6fd877]::sys::thread::unix::Thread>::new::thread_start
[INFO] [stdout]   17:     0x751857a02dfa - <unknown>
[INFO] [stdout]   18:     0x751857a963d4 - clone
[INFO] [stdout]   19:                0x0 - <unknown>
[INFO] [stdout] 
[INFO] [stdout] ---- esto_run::grounding_op_mdx_creates_task_and_context_files stdout ----
[INFO] [stdout] 
[INFO] [stdout] thread 'esto_run::grounding_op_mdx_creates_task_and_context_files' (2946) panicked at tests/cli.rs:195:9:
[INFO] [stdout] esto run grounding.op.mdx should exit 0
[INFO] [stdout] stack backtrace:
[INFO] [stdout]    0:     0x6414c0222d11 - <<std[617be2ca0a6fd877]::sys::backtrace::BacktraceLock>::print::DisplayBacktrace as core[a373ad73a504971]::fmt::Display>::fmt
[INFO] [stdout]    1:     0x6414c023704a - core[a373ad73a504971]::fmt::write
[INFO] [stdout]    2:     0x6414c02271fc - <alloc[2e1b2a31b91974c5]::vec::Vec<u8> as core[a373ad73a504971]::io::write::Write>::write_fmt
[INFO] [stdout]    3:     0x6414c01fd476 - std[617be2ca0a6fd877]::panicking::default_hook::{closure#0}
[INFO] [stdout]    4:     0x6414c021a539 - std[617be2ca0a6fd877]::panicking::default_hook
[INFO] [stdout]    5:     0x6414c01b5520 - test[aada8e7e76ba119b]::test_main_inner::{closure#0}
[INFO] [stdout]    6:     0x6414c021a6f2 - std[617be2ca0a6fd877]::panicking::panic_with_hook
[INFO] [stdout]    7:     0x6414c01fd554 - std[617be2ca0a6fd877]::panicking::panic_handler::{closure#0}
[INFO] [stdout]    8:     0x6414c01f5ee9 - std[617be2ca0a6fd877]::sys::backtrace::__rust_end_short_backtrace::<std[617be2ca0a6fd877]::panicking::panic_handler::{closure#0}, !>
[INFO] [stdout]    9:     0x6414c01fe12d - __rustc[ea4f61d10b84890b]::rust_begin_unwind
[INFO] [stdout]   10:     0x6414c023777c - core[a373ad73a504971]::panicking::panic_fmt
[INFO] [stdout]   11:     0x6414c019e4dc - <cli[9ea508aa70ea4518]::esto_run::grounding_op_mdx_creates_task_and_context_files::{closure#0} as core[a373ad73a504971]::ops::function::FnOnce<()>>::call_once
[INFO] [stdout]   12:     0x6414c01a896b - test[aada8e7e76ba119b]::__rust_begin_short_backtrace::<core[a373ad73a504971]::result::Result<(), alloc[2e1b2a31b91974c5]::string::String>, fn() -> core[a373ad73a504971]::result::Result<(), alloc[2e1b2a31b91974c5]::string::String>>
[INFO] [stdout]   13:     0x6414c01b5b45 - test[aada8e7e76ba119b]::run_test::{closure#0}
[INFO] [stdout]   14:     0x6414c01af434 - std[617be2ca0a6fd877]::sys::backtrace::__rust_begin_short_backtrace::<test[aada8e7e76ba119b]::run_test::{closure#1}, ()>
[INFO] [stdout]   15:     0x6414c01b8bd2 - <std[617be2ca0a6fd877]::thread::lifecycle::spawn_unchecked<test[aada8e7e76ba119b]::run_test::{closure#1}, ()>::{closure#1} as core[a373ad73a504971]::ops::function::FnOnce<()>>::call_once::{shim:vtable#0}
[INFO] [stdout]   16:     0x6414c022202f - <std[617be2ca0a6fd877]::sys::thread::unix::Thread>::new::thread_start
[INFO] [stdout]   17:     0x751857a02dfa - <unknown>
[INFO] [stdout]   18:     0x751857a963d4 - clone
[INFO] [stdout]   19:                0x0 - <unknown>
[INFO] [stdout] 
[INFO] [stdout] ---- esto_run::grounding_dry_run_exits_with_delta_and_writes_nothing stdout ----
[INFO] [stdout] 
[INFO] [stdout] thread 'esto_run::grounding_dry_run_exits_with_delta_and_writes_nothing' (2945) panicked at tests/cli.rs:149:9:
[INFO] [stdout] assertion `left == right` failed: dry-run exit code should equal delta count
[INFO] [stdout]   left: Some(1)
[INFO] [stdout]  right: Some(2)
[INFO] [stdout] stack backtrace:
[INFO] [stdout]    0:     0x6414c0222d11 - <<std[617be2ca0a6fd877]::sys::backtrace::BacktraceLock>::print::DisplayBacktrace as core[a373ad73a504971]::fmt::Display>::fmt
[INFO] [stdout]    1:     0x6414c023704a - core[a373ad73a504971]::fmt::write
[INFO] [stdout]    2:     0x6414c02271fc - <alloc[2e1b2a31b91974c5]::vec::Vec<u8> as core[a373ad73a504971]::io::write::Write>::write_fmt
[INFO] [stdout]    3:     0x6414c01fd476 - std[617be2ca0a6fd877]::panicking::default_hook::{closure#0}
[INFO] [stdout]    4:     0x6414c021a539 - std[617be2ca0a6fd877]::panicking::default_hook
[INFO] [stdout]    5:     0x6414c01b5520 - test[aada8e7e76ba119b]::test_main_inner::{closure#0}
[INFO] [stdout]    6:     0x6414c021a6f2 - std[617be2ca0a6fd877]::panicking::panic_with_hook
[INFO] [stdout]    7:     0x6414c01fd522 - std[617be2ca0a6fd877]::panicking::panic_handler::{closure#0}
[INFO] [stdout]    8:     0x6414c01f5ee9 - std[617be2ca0a6fd877]::sys::backtrace::__rust_end_short_backtrace::<std[617be2ca0a6fd877]::panicking::panic_handler::{closure#0}, !>
[INFO] [stdout]    9:     0x6414c01fe12d - __rustc[ea4f61d10b84890b]::rust_begin_unwind
[INFO] [stdout]   10:     0x6414c023777c - core[a373ad73a504971]::panicking::panic_fmt
[INFO] [stdout]   11:     0x6414c02376f3 - core[a373ad73a504971]::panicking::assert_failed_inner
[INFO] [stdout]   12:     0x6414c01a6409 - core[a373ad73a504971]::panicking::assert_failed::<core[a373ad73a504971]::option::Option<i32>, core[a373ad73a504971]::option::Option<i32>>
[INFO] [stdout]   13:     0x6414c019eac6 - <cli[9ea508aa70ea4518]::esto_run::grounding_dry_run_exits_with_delta_and_writes_nothing::{closure#0} as core[a373ad73a504971]::ops::function::FnOnce<()>>::call_once
[INFO] [stdout]   14:     0x6414c01a896b - test[aada8e7e76ba119b]::__rust_begin_short_backtrace::<core[a373ad73a504971]::result::Result<(), alloc[2e1b2a31b91974c5]::string::String>, fn() -> core[a373ad73a504971]::result::Result<(), alloc[2e1b2a31b91974c5]::string::String>>
[INFO] [stdout]   15:     0x6414c01b5b45 - test[aada8e7e76ba119b]::run_test::{closure#0}
[INFO] [stdout]   16:     0x6414c01af434 - std[617be2ca0a6fd877]::sys::backtrace::__rust_begin_short_backtrace::<test[aada8e7e76ba119b]::run_test::{closure#1}, ()>
[INFO] [stdout]   17:     0x6414c01b8bd2 - <std[617be2ca0a6fd877]::thread::lifecycle::spawn_unchecked<test[aada8e7e76ba119b]::run_test::{closure#1}, ()>::{closure#1} as core[a373ad73a504971]::ops::function::FnOnce<()>>::call_once::{shim:vtable#0}
[INFO] [stdout]   18:     0x6414c022202f - <std[617be2ca0a6fd877]::sys::thread::unix::Thread>::new::thread_start
[INFO] [stdout]   19:     0x751857a02dfa - <unknown>
[INFO] [stdout]   20:     0x751857a963d4 - clone
[INFO] [stdout]   21:                0x0 - <unknown>
[INFO] [stdout] 
[INFO] [stdout] ---- esto_run::mirror_mjs_converged_exits_zero stdout ----
[INFO] [stdout] 
[INFO] [stdout] thread 'esto_run::mirror_mjs_converged_exits_zero' (2949) panicked at tests/cli.rs:84:9:
[INFO] [stdout] second run on converged state should exit 0
[INFO] [stdout] stack backtrace:
[INFO] [stdout]    0:     0x6414c0222d11 - <<std[617be2ca0a6fd877]::sys::backtrace::BacktraceLock>::print::DisplayBacktrace as core[a373ad73a504971]::fmt::Display>::fmt
[INFO] [stdout]    1:     0x6414c023704a - core[a373ad73a504971]::fmt::write
[INFO] [stdout]    2:     0x6414c02271fc - <alloc[2e1b2a31b91974c5]::vec::Vec<u8> as core[a373ad73a504971]::io::write::Write>::write_fmt
[INFO] [stdout]    3:     0x6414c01fd476 - std[617be2ca0a6fd877]::panicking::default_hook::{closure#0}
[INFO] [stdout]    4:     0x6414c021a539 - std[617be2ca0a6fd877]::panicking::default_hook
[INFO] [stdout]    5:     0x6414c01b5520 - test[aada8e7e76ba119b]::test_main_inner::{closure#0}
[INFO] [stdout]    6:     0x6414c021a6f2 - std[617be2ca0a6fd877]::panicking::panic_with_hook
[INFO] [stdout]    7:     0x6414c01fd554 - std[617be2ca0a6fd877]::panicking::panic_handler::{closure#0}
[INFO] [stdout]    8:     0x6414c01f5ee9 - std[617be2ca0a6fd877]::sys::backtrace::__rust_end_short_backtrace::<std[617be2ca0a6fd877]::panicking::panic_handler::{closure#0}, !>
[INFO] [stdout]    9:     0x6414c01fe12d - __rustc[ea4f61d10b84890b]::rust_begin_unwind
[INFO] [stdout]   10:     0x6414c023777c - core[a373ad73a504971]::panicking::panic_fmt
[INFO] [stdout]   11:     0x6414c019ce45 - <cli[9ea508aa70ea4518]::esto_run::mirror_mjs_converged_exits_zero::{closure#0} as core[a373ad73a504971]::ops::function::FnOnce<()>>::call_once
[INFO] [stdout]   12:     0x6414c01a896b - test[aada8e7e76ba119b]::__rust_begin_short_backtrace::<core[a373ad73a504971]::result::Result<(), alloc[2e1b2a31b91974c5]::string::String>, fn() -> core[a373ad73a504971]::result::Result<(), alloc[2e1b2a31b91974c5]::string::String>>
[INFO] [stdout]   13:     0x6414c01b5b45 - test[aada8e7e76ba119b]::run_test::{closure#0}
[INFO] [stdout]   14:     0x6414c01af434 - std[617be2ca0a6fd877]::sys::backtrace::__rust_begin_short_backtrace::<test[aada8e7e76ba119b]::run_test::{closure#1}, ()>
[INFO] [stdout]   15:     0x6414c01b8bd2 - <std[617be2ca0a6fd877]::thread::lifecycle::spawn_unchecked<test[aada8e7e76ba119b]::run_test::{closure#1}, ()>::{closure#1} as core[a373ad73a504971]::ops::function::FnOnce<()>>::call_once::{shim:vtable#0}
[INFO] [stdout]   16:     0x6414c022202f - <std[617be2ca0a6fd877]::sys::thread::unix::Thread>::new::thread_start
[INFO] [stdout]   17:     0x751857a02dfa - <unknown>
[INFO] [stdout]   18:     0x751857a963d4 - clone
[INFO] [stdout]   19:                0x0 - <unknown>
[INFO] [stdout] 
[INFO] [stdout] 
[INFO] [stdout] failures:
[INFO] [stdout]     esto_run::grounding_creates_task_and_context_files
[INFO] [stdout]     esto_run::grounding_dry_run_exits_with_delta_and_writes_nothing
[INFO] [stdout]     esto_run::grounding_op_mdx_creates_task_and_context_files
[INFO] [stdout]     esto_run::grounding_op_tsx_creates_task_files
[INFO] [stdout]     esto_run::mirror_jsx_creates_output_files
[INFO] [stdout]     esto_run::mirror_mjs_converged_exits_zero
[INFO] [stdout]     esto_run::mirror_mjs_creates_output_files
[INFO] [stdout]     esto_run::mirror_mjs_dry_run_exits_with_delta_count
[INFO] [stdout] 
[INFO] [stdout] test result: FAILED. 17 passed; 8 failed; 0 ignored; 0 measured; 0 filtered out; finished in 0.08s
[INFO] [stdout] 
[INFO] running `Command { std: "docker" "inspect" "c00467d41d1826a64d983191083541bd1fcde3b273c9a4ba5e439279c0d61bdf", kill_on_drop: false }`
[INFO] running `Command { std: "docker" "rm" "-f" "c00467d41d1826a64d983191083541bd1fcde3b273c9a4ba5e439279c0d61bdf", kill_on_drop: false }`
[INFO] [stdout] c00467d41d1826a64d983191083541bd1fcde3b273c9a4ba5e439279c0d61bdf
