[INFO] fetching crate estimate_size 0.1.2...
[INFO] testing estimate_size-0.1.2 against 1.99.0-beta.8+cargoflags=--release for beta-release-1.100-2
[INFO] extracting crate estimate_size 0.1.2 into /workspace/builds/worker-3-tc1/source
[INFO] started tweaking crates.io crate estimate_size 0.1.2
[INFO] finished tweaking crates.io crate estimate_size 0.1.2
[INFO] tweaked toml for crates.io crate estimate_size 0.1.2 written to /workspace/builds/worker-3-tc1/source/Cargo.toml
[INFO] validating manifest of crates.io crate estimate_size 0.1.2 on toolchain 1.99.0-beta.8
[INFO] running `Command { std: CARGO_HOME="/workspace/cargo-home" RUSTUP_HOME="/workspace/rustup-home" "/workspace/cargo-home/bin/cargo" "+1.99.0-beta.8" "metadata" "--manifest-path" "Cargo.toml" "--no-deps", kill_on_drop: false }`
[INFO] crate crates.io crate estimate_size 0.1.2 already has a lockfile, it will not be regenerated
[INFO] running `Command { std: CARGO_HOME="/workspace/cargo-home" RUSTUP_HOME="/workspace/rustup-home" "/workspace/cargo-home/bin/cargo" "+1.99.0-beta.8" "fetch" "--manifest-path" "Cargo.toml", kill_on_drop: false }`
[INFO] [stderr]  Downloading crates ...
[INFO] [stderr]   Downloaded serde_json v1.0.144
[INFO] [stderr]   Downloaded serde v1.0.220
[INFO] [stderr]   Downloaded serde_derive v1.0.220
[INFO] [stderr]   Downloaded serde_core v1.0.220
[INFO] running `Command { std: "docker" "create" "-v" "/var/lib/crater-agent-workspace/builds/worker-3-tc1/source:/opt/rustwide/workdir:ro,Z" "-v" "/var/lib/crater-agent-workspace/builds/worker-3-tc1/target:/opt/rustwide/target:rw,Z" "-v" "/var/lib/crater-agent-workspace/cargo-home:/opt/rustwide/cargo-home:ro,Z" "-v" "/var/lib/crater-agent-workspace/rustup-home:/opt/rustwide/rustup-home:ro,Z" "-m" "1610612736" "--network" "none" "ghcr.io/rust-lang/crates-build-env/linux@sha256:77db811e55d90add9212f6832c23229e3de5f1c1f9905e8cb07319ea15df73ac" "sleep" "infinity", kill_on_drop: false }`
[INFO] [stdout] 9c85bbbd452e3075d4062f524449f3aba482150f333372353169f3c045b657a4
[INFO] running `Command { std: "docker" "start" "9c85bbbd452e3075d4062f524449f3aba482150f333372353169f3c045b657a4", kill_on_drop: false }`
[INFO] running `Command { std: "docker" "inspect" "9c85bbbd452e3075d4062f524449f3aba482150f333372353169f3c045b657a4", kill_on_drop: false }`
[INFO] running `Command { std: "docker" "exec" "-e" "SOURCE_DIR=/opt/rustwide/workdir" "-e" "CARGO_HOME=/opt/rustwide/cargo-home" "-e" "RUSTUP_HOME=/opt/rustwide/rustup-home" "-e" "CARGO_TARGET_DIR=/opt/rustwide/target" "-w" "/opt/rustwide/workdir" "--user" "0:0" "9c85bbbd452e3075d4062f524449f3aba482150f333372353169f3c045b657a4" "/opt/rustwide/cargo-home/bin/cargo" "+1.99.0-beta.8" "metadata" "--no-deps" "--format-version=1", kill_on_drop: false }`
[INFO] running `Command { std: "docker" "inspect" "9c85bbbd452e3075d4062f524449f3aba482150f333372353169f3c045b657a4", kill_on_drop: false }`
[INFO] running `Command { std: "docker" "exec" "-e" "SOURCE_DIR=/opt/rustwide/workdir" "-e" "CARGO_HOME=/opt/rustwide/cargo-home" "-e" "RUSTUP_HOME=/opt/rustwide/rustup-home" "-e" "CARGO_TARGET_DIR=/opt/rustwide/target" "-e" "CARGO_INCREMENTAL=0" "-e" "RUST_BACKTRACE=full" "-e" "RUSTFLAGS=--cap-lints=warn" "-e" "RUSTDOCFLAGS=--cap-lints=warn" "-w" "/opt/rustwide/workdir" "--user" "0:0" "9c85bbbd452e3075d4062f524449f3aba482150f333372353169f3c045b657a4" "/opt/rustwide/cargo-home/bin/cargo" "+1.99.0-beta.8" "build" "--frozen" "--message-format=json" "--release", kill_on_drop: false }`
[INFO] [stderr]    Compiling estimate_size v0.1.2 (/opt/rustwide/workdir)
[INFO] [stderr]     Finished `release` profile [optimized] target(s) in 0.14s
[INFO] running `Command { std: "docker" "inspect" "9c85bbbd452e3075d4062f524449f3aba482150f333372353169f3c045b657a4", kill_on_drop: false }`
[INFO] running `Command { std: "docker" "exec" "-e" "SOURCE_DIR=/opt/rustwide/workdir" "-e" "CARGO_HOME=/opt/rustwide/cargo-home" "-e" "RUSTUP_HOME=/opt/rustwide/rustup-home" "-e" "CARGO_TARGET_DIR=/opt/rustwide/target" "-e" "CARGO_INCREMENTAL=0" "-e" "RUST_BACKTRACE=full" "-e" "RUSTFLAGS=--cap-lints=warn" "-e" "RUSTDOCFLAGS=--cap-lints=warn" "-w" "/opt/rustwide/workdir" "--user" "0:0" "9c85bbbd452e3075d4062f524449f3aba482150f333372353169f3c045b657a4" "/opt/rustwide/cargo-home/bin/cargo" "+1.99.0-beta.8" "test" "--frozen" "--no-run" "--message-format=json" "--release", kill_on_drop: false }`
[INFO] [stderr]    Compiling serde_core v1.0.220
[INFO] [stderr]    Compiling quote v1.0.40
[INFO] [stderr]    Compiling serde v1.0.220
[INFO] [stderr]    Compiling serde_json v1.0.144
[INFO] [stderr]    Compiling anstyle v1.0.11
[INFO] [stderr]    Compiling regex-syntax v0.8.6
[INFO] [stderr]    Compiling clap_lex v0.7.5
[INFO] [stderr]    Compiling half v2.6.0
[INFO] [stderr]    Compiling memchr v2.7.5
[INFO] [stderr]    Compiling criterion-plot v0.6.0
[INFO] [stderr]    Compiling syn v2.0.106
[INFO] [stderr]    Compiling clap_builder v4.5.47
[INFO] [stderr]    Compiling ciborium-ll v0.2.2
[INFO] [stderr]    Compiling regex-automata v0.4.10
[INFO] [stderr]    Compiling serde_derive v1.0.220
[INFO] [stderr]    Compiling clap v4.5.47
[INFO] [stderr]    Compiling regex v1.11.2
[INFO] [stderr]    Compiling ciborium v0.2.2
[INFO] [stderr]    Compiling tinytemplate v1.2.1
[INFO] [stderr]    Compiling criterion v0.7.0
[INFO] [stderr]    Compiling estimate_size v0.1.2 (/opt/rustwide/workdir)
[INFO] [stderr]     Finished `release` profile [optimized] target(s) in 24.54s
[INFO] running `Command { std: "docker" "inspect" "9c85bbbd452e3075d4062f524449f3aba482150f333372353169f3c045b657a4", kill_on_drop: false }`
[INFO] running `Command { std: "docker" "exec" "-e" "SOURCE_DIR=/opt/rustwide/workdir" "-e" "CARGO_HOME=/opt/rustwide/cargo-home" "-e" "RUSTUP_HOME=/opt/rustwide/rustup-home" "-e" "CARGO_TARGET_DIR=/opt/rustwide/target" "-e" "CARGO_INCREMENTAL=0" "-e" "RUST_BACKTRACE=full" "-e" "RUSTFLAGS=--cap-lints=warn" "-e" "RUSTDOCFLAGS=--cap-lints=warn" "-w" "/opt/rustwide/workdir" "--user" "0:0" "9c85bbbd452e3075d4062f524449f3aba482150f333372353169f3c045b657a4" "/opt/rustwide/cargo-home/bin/cargo" "+1.99.0-beta.8" "test" "--frozen" "--release", kill_on_drop: false }`
[INFO] [stderr]     Finished `release` profile [optimized] target(s) in 0.08s
[INFO] [stderr]      Running unittests src/lib.rs (/opt/rustwide/target/release/deps/estimate_size-9e297ef02b91d9e5)
[INFO] [stdout] 
[INFO] [stdout] running 11 tests
[INFO] [stdout] test tests::test_iterator_behavior ... ok
[INFO] [stdout] test tests::test_estimate_exact_size ... ok
[INFO] [stdout] test tests::test_chained_iterators ... ok
[INFO] [stdout] test tests::test_with_empty_iterator ... ok
[INFO] [stdout] test tests::test_underflow ... ok
[INFO] [stdout] test tests::test_none_upper_bound ... ok
[INFO] [stdout] test tests::test_saturating_behavior ... FAILED
[INFO] [stdout] test tests::test_with_filter ... ok
[INFO] [stdout] test tests::test_estimate_max_size ... ok
[INFO] [stdout] test tests::test_capacity_optimization ... ok
[INFO] [stdout] test tests::test_estimate_min_size ... ok
[INFO] [stderr] error: test failed, to rerun pass `--lib`
[INFO] [stdout] 
[INFO] [stdout] failures:
[INFO] [stdout] 
[INFO] [stdout] ---- tests::test_saturating_behavior stdout ----
[INFO] [stdout] 
[INFO] [stdout] thread 'tests::test_saturating_behavior' (615) panicked at src/lib.rs:150:9:
[INFO] [stdout] assertion `left == right` failed
[INFO] [stdout]   left: (0, Some(0))
[INFO] [stdout]  right: (0, None)
[INFO] [stdout] stack backtrace:
[INFO] [stdout]    0:     0x634da86cc701 - <<std[70759c8f55707aa4]::sys::backtrace::BacktraceLock>::print::DisplayBacktrace as core[df12db4294e9bfd3]::fmt::Display>::fmt
[INFO] [stdout]    1:     0x634da86e0b1a - core[df12db4294e9bfd3]::fmt::write
[INFO] [stdout]    2:     0x634da86d0b9c - <alloc[2182bb758b4b3781]::vec::Vec<u8> as core[df12db4294e9bfd3]::io::write::Write>::write_fmt
[INFO] [stdout]    3:     0x634da86a8cf6 - std[70759c8f55707aa4]::panicking::default_hook::{closure#0}
[INFO] [stdout]    4:     0x634da86c4e69 - std[70759c8f55707aa4]::panicking::default_hook
[INFO] [stdout]    5:     0x634da86612f0 - test[9d35eded1c95d3be]::test_main_inner::<test[9d35eded1c95d3be]::test_main_static::{closure#0}>::{closure#0}
[INFO] [stdout]    6:     0x634da86c5022 - std[70759c8f55707aa4]::panicking::panic_with_hook
[INFO] [stdout]    7:     0x634da86a8da2 - std[70759c8f55707aa4]::panicking::panic_handler::{closure#0}
[INFO] [stdout]    8:     0x634da86a1b29 - std[70759c8f55707aa4]::sys::backtrace::__rust_end_short_backtrace::<std[70759c8f55707aa4]::panicking::panic_handler::{closure#0}, !>
[INFO] [stdout]    9:     0x634da86a999d - __rustc[8fa7c3cbc660c2b3]::rust_begin_unwind
[INFO] [stdout]   10:     0x634da86e124c - core[df12db4294e9bfd3]::panicking::panic_fmt
[INFO] [stdout]   11:     0x634da86e1163 - core[df12db4294e9bfd3]::panicking::assert_failed_inner
[INFO] [stdout]   12:     0x634da865363d - core[df12db4294e9bfd3]::panicking::assert_failed::<(usize, core[df12db4294e9bfd3]::option::Option<usize>), (usize, core[df12db4294e9bfd3]::option::Option<usize>)>
[INFO] [stdout]   13:     0x634da8654496 - <estimate_size[693ec41b66a4453e]::tests::test_saturating_behavior::{closure#0} as core[df12db4294e9bfd3]::ops::function::FnOnce<()>>::call_once
[INFO] [stdout]   14:     0x634da86545db - test[9d35eded1c95d3be]::__rust_begin_short_backtrace::<core[df12db4294e9bfd3]::result::Result<(), alloc[2182bb758b4b3781]::string::String>, fn() -> core[df12db4294e9bfd3]::result::Result<(), alloc[2182bb758b4b3781]::string::String>>
[INFO] [stdout]   15:     0x634da8661c45 - test[9d35eded1c95d3be]::run_test::{closure#0}
[INFO] [stdout]   16:     0x634da865b504 - std[70759c8f55707aa4]::sys::backtrace::__rust_begin_short_backtrace::<test[9d35eded1c95d3be]::run_test::{closure#1}, ()>
[INFO] [stdout]   17:     0x634da8664da2 - <std[70759c8f55707aa4]::thread::lifecycle::spawn_unchecked<test[9d35eded1c95d3be]::run_test::{closure#1}, ()>::{closure#1} as core[df12db4294e9bfd3]::ops::function::FnOnce<()>>::call_once::{shim:vtable#0}
[INFO] [stdout]   18:     0x634da86cbfd9 - <std[70759c8f55707aa4]::sys::thread::unix::Thread>::new::thread_start
[INFO] [stdout]   19:     0x725b4c4d4dfa - <unknown>
[INFO] [stdout]   20:     0x725b4c5683d4 - clone
[INFO] [stdout]   21:                0x0 - <unknown>
[INFO] [stdout] 
[INFO] [stdout] 
[INFO] [stdout] failures:
[INFO] [stdout]     tests::test_saturating_behavior
[INFO] [stdout] 
[INFO] [stdout] test result: FAILED. 10 passed; 1 failed; 0 ignored; 0 measured; 0 filtered out; finished in 0.01s
[INFO] [stdout] 
[INFO] running `Command { std: "docker" "inspect" "9c85bbbd452e3075d4062f524449f3aba482150f333372353169f3c045b657a4", kill_on_drop: false }`
[INFO] running `Command { std: "docker" "rm" "-f" "9c85bbbd452e3075d4062f524449f3aba482150f333372353169f3c045b657a4", kill_on_drop: false }`
[INFO] [stdout] 9c85bbbd452e3075d4062f524449f3aba482150f333372353169f3c045b657a4
