[INFO] fetching crate esplora-api 0.1.0...
[INFO] testing esplora-api-0.1.0 against 1.100.0-beta.1+cargoflags=--release for beta-release-1.100-2
[INFO] extracting crate esplora-api 0.1.0 into /workspace/builds/worker-1-tc2/source
[INFO] started tweaking crates.io crate esplora-api 0.1.0
[INFO] removed 0 missing tests
[INFO] finished tweaking crates.io crate esplora-api 0.1.0
[INFO] tweaked toml for crates.io crate esplora-api 0.1.0 written to /workspace/builds/worker-1-tc2/source/Cargo.toml
[INFO] validating manifest of crates.io crate esplora-api 0.1.0 on toolchain 1.100.0-beta.1
[INFO] running `Command { std: CARGO_HOME="/workspace/cargo-home" RUSTUP_HOME="/workspace/rustup-home" "/workspace/cargo-home/bin/cargo" "+1.100.0-beta.1" "metadata" "--manifest-path" "Cargo.toml" "--no-deps", kill_on_drop: false }`
[INFO] running `Command { std: CARGO_HOME="/workspace/cargo-home" RUSTUP_HOME="/workspace/rustup-home" "/workspace/cargo-home/bin/cargo" "+1.100.0-beta.1" "generate-lockfile" "--manifest-path" "Cargo.toml", kill_on_drop: false }`
[INFO] [stderr]     Updating crates.io index
[INFO] [stderr]      Locking 150 packages to highest compatible versions
[INFO] [stderr]       Adding reqwest v0.10.10 (available: v0.13.5)
[INFO] [stderr]       Adding tokio v0.2.25 (available: v1.53.3)
[INFO] running `Command { std: CARGO_HOME="/workspace/cargo-home" RUSTUP_HOME="/workspace/rustup-home" "/workspace/cargo-home/bin/cargo" "+1.100.0-beta.1" "fetch" "--manifest-path" "Cargo.toml", kill_on_drop: false }`
[INFO] running `Command { std: "docker" "create" "-v" "/var/lib/crater-agent-workspace/builds/worker-1-tc2/source:/opt/rustwide/workdir:ro,Z" "-v" "/var/lib/crater-agent-workspace/builds/worker-1-tc2/target:/opt/rustwide/target:rw,Z" "-v" "/var/lib/crater-agent-workspace/cargo-home:/opt/rustwide/cargo-home:ro,Z" "-v" "/var/lib/crater-agent-workspace/rustup-home:/opt/rustwide/rustup-home:ro,Z" "-m" "1610612736" "--network" "none" "ghcr.io/rust-lang/crates-build-env/linux@sha256:77db811e55d90add9212f6832c23229e3de5f1c1f9905e8cb07319ea15df73ac" "sleep" "infinity", kill_on_drop: false }`
[INFO] [stdout] be09e10c6da8882ab7de42e53888469eca3506b782dc3967dc64f94f4d9ba40d
[INFO] running `Command { std: "docker" "start" "be09e10c6da8882ab7de42e53888469eca3506b782dc3967dc64f94f4d9ba40d", kill_on_drop: false }`
[INFO] running `Command { std: "docker" "inspect" "be09e10c6da8882ab7de42e53888469eca3506b782dc3967dc64f94f4d9ba40d", kill_on_drop: false }`
[INFO] running `Command { std: "docker" "exec" "-e" "SOURCE_DIR=/opt/rustwide/workdir" "-e" "CARGO_HOME=/opt/rustwide/cargo-home" "-e" "RUSTUP_HOME=/opt/rustwide/rustup-home" "-e" "CARGO_TARGET_DIR=/opt/rustwide/target" "-w" "/opt/rustwide/workdir" "--user" "0:0" "be09e10c6da8882ab7de42e53888469eca3506b782dc3967dc64f94f4d9ba40d" "/opt/rustwide/cargo-home/bin/cargo" "+1.100.0-beta.1" "metadata" "--no-deps" "--format-version=1", kill_on_drop: false }`
[INFO] running `Command { std: "docker" "inspect" "be09e10c6da8882ab7de42e53888469eca3506b782dc3967dc64f94f4d9ba40d", kill_on_drop: false }`
[INFO] running `Command { std: "docker" "exec" "-e" "SOURCE_DIR=/opt/rustwide/workdir" "-e" "CARGO_HOME=/opt/rustwide/cargo-home" "-e" "RUSTUP_HOME=/opt/rustwide/rustup-home" "-e" "CARGO_TARGET_DIR=/opt/rustwide/target" "-e" "CARGO_INCREMENTAL=0" "-e" "RUST_BACKTRACE=full" "-e" "RUSTFLAGS=--cap-lints=warn" "-e" "RUSTDOCFLAGS=--cap-lints=warn" "-w" "/opt/rustwide/workdir" "--user" "0:0" "be09e10c6da8882ab7de42e53888469eca3506b782dc3967dc64f94f4d9ba40d" "/opt/rustwide/cargo-home/bin/cargo" "+1.100.0-beta.1" "build" "--frozen" "--message-format=json" "--release", kill_on_drop: false }`
[INFO] [stderr]    Compiling libc v0.2.191
[INFO] [stderr]    Compiling log v0.4.34
[INFO] [stderr]    Compiling pkg-config v0.3.34
[INFO] [stderr]    Compiling vcpkg v0.2.15
[INFO] [stderr]    Compiling syn v1.0.109
[INFO] [stderr]    Compiling cfg-if v0.1.10
[INFO] [stderr]    Compiling syn v2.0.119
[INFO] [stderr]    Compiling displaydoc v0.2.7
[INFO] [stderr]    Compiling bytes v0.5.6
[INFO] [stderr]    Compiling pin-project-lite v0.1.12
[INFO] [stderr]    Compiling indexmap v1.9.3
[INFO] [stderr]    Compiling openssl v0.10.81
[INFO] [stderr]    Compiling foreign-types-shared v0.1.1
[INFO] [stderr]    Compiling foreign-types v0.3.2
[INFO] [stderr]    Compiling tinystr v0.8.4
[INFO] [stderr]    Compiling zerotrie v0.2.5
[INFO] [stderr]    Compiling icu_collections v2.3.0
[INFO] [stderr]    Compiling openssl-sys v0.9.117
[INFO] [stderr]    Compiling icu_locale_core v2.3.0
[INFO] [stderr]    Compiling tracing v0.1.44
[INFO] [stderr]    Compiling bitflags v2.13.2
[INFO] [stderr]    Compiling native-tls v0.2.18
[INFO] [stderr]    Compiling futures-util v0.3.34
[INFO] [stderr]    Compiling unicase v2.10.0
[INFO] [stderr]    Compiling mime_guess v2.0.5
[INFO] [stderr]    Compiling http-body v0.3.1
[INFO] [stderr]    Compiling futures-channel v0.3.34
[INFO] [stderr]    Compiling httpdate v0.3.2
[INFO] [stderr]    Compiling iovec v0.1.4
[INFO] [stderr]    Compiling net2 v0.2.39
[INFO] [stderr]    Compiling num_cpus v1.17.0
[INFO] [stderr]    Compiling mio v0.6.23
[INFO] [stderr]    Compiling icu_provider v2.3.1
[INFO] [stderr]    Compiling socket2 v0.3.19
[INFO] [stderr]    Compiling icu_properties v2.3.0
[INFO] [stderr]    Compiling icu_normalizer v2.3.0
[INFO] [stderr]    Compiling itoa v0.4.8
[INFO] [stderr]    Compiling serde v1.0.229
[INFO] [stderr]    Compiling idna_adapter v1.2.2
[INFO] [stderr]    Compiling encoding_rs v0.8.42
[INFO] [stderr]    Compiling idna v1.1.0
[INFO] [stderr]    Compiling serde_urlencoded v0.7.1
[INFO] [stderr]    Compiling pin-project-internal v1.1.13
[INFO] [stderr]    Compiling openssl-macros v0.1.1
[INFO] [stderr]    Compiling tokio-macros v0.2.6
[INFO] [stderr]    Compiling base64 v0.13.1
[INFO] [stderr]    Compiling url v2.5.8
[INFO] [stderr]    Compiling ipnet v2.12.2
[INFO] [stderr]    Compiling tokio v0.2.25
[INFO] [stderr]    Compiling pin-project v1.1.13
[INFO] [stderr]    Compiling tracing-futures v0.2.5
[INFO] [stderr]    Compiling tokio-util v0.3.1
[INFO] [stderr]    Compiling h2 v0.2.7
[INFO] [stderr]    Compiling tokio-tls v0.3.1
[INFO] [stderr]    Compiling hyper v0.13.10
[INFO] [stderr]    Compiling hyper-tls v0.4.3
[INFO] [stderr]    Compiling reqwest v0.10.10
[INFO] [stderr]    Compiling esplora-api v0.1.0 (/opt/rustwide/workdir)
[INFO] [stderr]     Finished `release` profile [optimized] target(s) in 1m 41s
[INFO] running `Command { std: "docker" "inspect" "be09e10c6da8882ab7de42e53888469eca3506b782dc3967dc64f94f4d9ba40d", kill_on_drop: false }`
[INFO] running `Command { std: "docker" "exec" "-e" "SOURCE_DIR=/opt/rustwide/workdir" "-e" "CARGO_HOME=/opt/rustwide/cargo-home" "-e" "RUSTUP_HOME=/opt/rustwide/rustup-home" "-e" "CARGO_TARGET_DIR=/opt/rustwide/target" "-e" "CARGO_INCREMENTAL=0" "-e" "RUST_BACKTRACE=full" "-e" "RUSTFLAGS=--cap-lints=warn" "-e" "RUSTDOCFLAGS=--cap-lints=warn" "-w" "/opt/rustwide/workdir" "--user" "0:0" "be09e10c6da8882ab7de42e53888469eca3506b782dc3967dc64f94f4d9ba40d" "/opt/rustwide/cargo-home/bin/cargo" "+1.100.0-beta.1" "test" "--frozen" "--no-run" "--message-format=json" "--release", kill_on_drop: false }`
[INFO] [stderr]    Compiling esplora-api v0.1.0 (/opt/rustwide/workdir)
[INFO] [stderr]     Finished `release` profile [optimized] target(s) in 11.54s
[INFO] running `Command { std: "docker" "inspect" "be09e10c6da8882ab7de42e53888469eca3506b782dc3967dc64f94f4d9ba40d", kill_on_drop: false }`
[INFO] running `Command { std: "docker" "exec" "-e" "SOURCE_DIR=/opt/rustwide/workdir" "-e" "CARGO_HOME=/opt/rustwide/cargo-home" "-e" "RUSTUP_HOME=/opt/rustwide/rustup-home" "-e" "CARGO_TARGET_DIR=/opt/rustwide/target" "-e" "CARGO_INCREMENTAL=0" "-e" "RUST_BACKTRACE=full" "-e" "RUSTFLAGS=--cap-lints=warn" "-e" "RUSTDOCFLAGS=--cap-lints=warn" "-w" "/opt/rustwide/workdir" "--user" "0:0" "be09e10c6da8882ab7de42e53888469eca3506b782dc3967dc64f94f4d9ba40d" "/opt/rustwide/cargo-home/bin/cargo" "+1.100.0-beta.1" "test" "--frozen" "--release", kill_on_drop: false }`
[INFO] [stderr]     Finished `release` profile [optimized] target(s) in 0.19s
[INFO] [stderr]      Running unittests src/lib.rs (/opt/rustwide/target/release/build/esplora-api/462257be161a59ab/out/esplora_api-462257be161a59ab)
[INFO] [stdout] 
[INFO] [stdout] running 0 tests
[INFO] [stdout] 
[INFO] [stdout] test result: ok. 0 passed; 0 failed; 0 ignored; 0 measured; 0 filtered out; finished in 0.00s
[INFO] [stdout] 
[INFO] [stderr]      Running tests/async_impl_tests.rs (/opt/rustwide/target/release/build/esplora-api/207fff846443736a/out/async_impl_tests-207fff846443736a)
[INFO] [stdout] 
[INFO] [stdout] running 37 tests
[INFO] [stdout] test async_client_custom_reqwest_builder ... ok
[INFO] [stdout] test async_get_address_txs_chain ... FAILED
[INFO] [stdout] test async_get_address_prefix ... FAILED
[INFO] [stdout] test async_get_address ... FAILED
[INFO] [stdout] test async_client_custom_header ... ok
[INFO] [stdout] test async_get_address_txs ... FAILED
[INFO] [stdout] test async_client ... ok
[INFO] [stdout] test async_fee_estimate ... FAILED
[INFO] [stdout] test async_get_block_status ... FAILED
[INFO] [stdout] test async_get_address_txs_mempool ... FAILED
[INFO] [stdout] test async_get_address_utxo ... FAILED
[INFO] [stdout] test async_get_block ... FAILED
[INFO] [stdout] test async_get_block_txid_at_index ... FAILED
[INFO] [stdout] test async_get_block_raw_format ... FAILED
[INFO] [stdout] test async_get_block_height ... FAILED
[INFO] [stdout] test async_get_block_txids ... FAILED
[INFO] [stdout] test async_get_block_txs_with_and_without_index ... FAILED
[INFO] [stdout] test async_get_blocks_tip_hash ... FAILED
[INFO] [stdout] test async_get_blocks_tip_height ... FAILED
[INFO] [stdout] test async_get_blocks ... FAILED
[INFO] [stdout] test async_get_mempool_txids ... FAILED
[INFO] [stdout] test async_get_mempool ... FAILED
[INFO] [stdout] test async_get_script_hash_txs ... FAILED
[INFO] [stdout] test async_get_mempool_recent ... FAILED
[INFO] [stdout] test async_get_script_hash ... FAILED
[INFO] [stdout] test async_get_script_hash_txs_chain ... FAILED
[INFO] [stdout] test async_get_script_hash_txs_mempool ... FAILED
[INFO] [stdout] test async_get_script_hash_utxo ... FAILED
[INFO] [stdout] test async_get_tx ... FAILED
[INFO] [stdout] test async_get_tx_merkle_proof ... FAILED
[INFO] [stdout] test async_get_tx_outspends ... FAILED
[INFO] [stdout] test async_get_tx_hex ... FAILED
[INFO] [stdout] test async_get_tx_merkleblock_proof ... FAILED
[INFO] [stdout] test async_get_tx_status ... FAILED
[INFO] [stdout] test async_get_tx_raw ... FAILED
[INFO] [stdout] test async_get_tx_outspend ... FAILED
[INFO] [stdout] test async_post_tx ... FAILED
[INFO] [stdout] 
[INFO] [stdout] failures:
[INFO] [stdout] 
[INFO] [stdout] ---- async_get_address_txs_chain stdout ----
[INFO] [stdout] 
[INFO] [stdout] thread 'async_get_address_txs_chain' (1196) panicked at tests/async_impl_tests.rs:254:27:
[INFO] [stdout] called `Result::unwrap()` on an `Err` value: reqwest::Error { kind: Request, url: Url { scheme: "https", cannot_be_a_base: false, username: "", password: None, host: Some(Domain("blockstream.info")), port: None, path: "/testnet/api//address/n1vgV8XmoggmRXzW3hGD8ZNTAgvhcwT4Gk/txs/chain/d0075b62f8b3e464472b8edecf56083ca3e9e8424f5f332ed2f9045d7fcccddc", query: None, fragment: None }, source: hyper::Error(Connect, ConnectError("dns error", Custom { kind: Uncategorized, error: "failed to lookup address information: Temporary failure in name resolution" })) }
[INFO] [stdout] stack backtrace:
[INFO] [stdout]    0:     0x6429dee4fc41 - <<std[617be2ca0a6fd877]::sys::backtrace::BacktraceLock>::print::DisplayBacktrace as core[a373ad73a504971]::fmt::Display>::fmt
[INFO] [stdout]    1:     0x6429dee65d8a - core[a373ad73a504971]::fmt::write
[INFO] [stdout]    2:     0x6429dee5440c - <alloc[2e1b2a31b91974c5]::vec::Vec<u8> as core[a373ad73a504971]::io::write::Write>::write_fmt
[INFO] [stdout]    3:     0x6429dee2b056 - std[617be2ca0a6fd877]::panicking::default_hook::{closure#0}
[INFO] [stdout]    4:     0x6429dee47c39 - std[617be2ca0a6fd877]::panicking::default_hook
[INFO] [stdout]    5:     0x6429dec94620 - test[aada8e7e76ba119b]::test_main_inner::{closure#0}
[INFO] [stdout]    6:     0x6429dee47f62 - std[617be2ca0a6fd877]::panicking::panic_with_hook
[INFO] [stdout]    7:     0x6429dee2b102 - std[617be2ca0a6fd877]::panicking::panic_handler::{closure#0}
[INFO] [stdout]    8:     0x6429dee23d39 - std[617be2ca0a6fd877]::sys::backtrace::__rust_end_short_backtrace::<std[617be2ca0a6fd877]::panicking::panic_handler::{closure#0}, !>
[INFO] [stdout]    9:     0x6429dee2befd - __rustc[ea4f61d10b84890b]::rust_begin_unwind
[INFO] [stdout]   10:     0x6429dee664ec - core[a373ad73a504971]::panicking::panic_fmt
[INFO] [stdout]   11:     0x6429dee662c2 - core[a373ad73a504971]::result::unwrap_failed
[INFO] [stdout]   12:     0x6429dec40381 - async_impl_tests[2fb4020b78b7598b]::async_get_address_txs_chain::{closure#0}
[INFO] [stdout]   13:     0x6429dec6022d - <tokio[84480eba77d0c788]::macros::scoped_tls::ScopedKey<tokio[84480eba77d0c788]::runtime::basic_scheduler::Context>>::set::<tokio[84480eba77d0c788]::runtime::basic_scheduler::enter<<tokio[84480eba77d0c788]::runtime::basic_scheduler::BasicScheduler<tokio[84480eba77d0c788]::park::either::Either<tokio[84480eba77d0c788]::time::driver::Driver<tokio[84480eba77d0c788]::park::either::Either<tokio[84480eba77d0c788]::io::driver::Driver, tokio[84480eba77d0c788]::park::thread::ParkThread>>, tokio[84480eba77d0c788]::park::either::Either<tokio[84480eba77d0c788]::io::driver::Driver, tokio[84480eba77d0c788]::park::thread::ParkThread>>>>::block_on<async_impl_tests[2fb4020b78b7598b]::async_get_address_txs_chain::{closure#0}>::{closure#0}, (), tokio[84480eba77d0c788]::park::either::Either<tokio[84480eba77d0c788]::time::driver::Driver<tokio[84480eba77d0c788]::park::either::Either<tokio[84480eba77d0c788]::io::driver::Driver, tokio[84480eba77d0c788]::park::thread::ParkThread>>, tokio[84480eba77d0c788]::park::either::Either<tokio[84480eba77d0c788]::io::driver::Driver, tokio[84480eba77d0c788]::park::thread::ParkThread>>>::{closure#0}, ()>
[INFO] [stdout]   14:     0x6429dec6c8bf - tokio[84480eba77d0c788]::runtime::basic_scheduler::enter::<<tokio[84480eba77d0c788]::runtime::basic_scheduler::BasicScheduler<tokio[84480eba77d0c788]::park::either::Either<tokio[84480eba77d0c788]::time::driver::Driver<tokio[84480eba77d0c788]::park::either::Either<tokio[84480eba77d0c788]::io::driver::Driver, tokio[84480eba77d0c788]::park::thread::ParkThread>>, tokio[84480eba77d0c788]::park::either::Either<tokio[84480eba77d0c788]::io::driver::Driver, tokio[84480eba77d0c788]::park::thread::ParkThread>>>>::block_on<async_impl_tests[2fb4020b78b7598b]::async_get_address_txs_chain::{closure#0}>::{closure#0}, (), tokio[84480eba77d0c788]::park::either::Either<tokio[84480eba77d0c788]::time::driver::Driver<tokio[84480eba77d0c788]::park::either::Either<tokio[84480eba77d0c788]::io::driver::Driver, tokio[84480eba77d0c788]::park::thread::ParkThread>>, tokio[84480eba77d0c788]::park::either::Either<tokio[84480eba77d0c788]::io::driver::Driver, tokio[84480eba77d0c788]::park::thread::ParkThread>>>
[INFO] [stdout]   15:     0x6429dec760ad - tokio[84480eba77d0c788]::runtime::context::enter::<<tokio[84480eba77d0c788]::runtime::Runtime>::block_on<async_impl_tests[2fb4020b78b7598b]::async_get_address_txs_chain::{closure#0}>::{closure#0}, ()>
[INFO] [stdout]   16:     0x6429dec7e118 - <async_impl_tests[2fb4020b78b7598b]::async_get_address_txs_chain::{closure#0} as core[a373ad73a504971]::ops::function::FnOnce<()>>::call_once
[INFO] [stdout]   17:     0x6429dec87a6b - test[aada8e7e76ba119b]::__rust_begin_short_backtrace::<core[a373ad73a504971]::result::Result<(), alloc[2e1b2a31b91974c5]::string::String>, fn() -> core[a373ad73a504971]::result::Result<(), alloc[2e1b2a31b91974c5]::string::String>>
[INFO] [stdout]   18:     0x6429dec94c45 - test[aada8e7e76ba119b]::run_test::{closure#0}
[INFO] [stdout]   19:     0x6429dec8e534 - std[617be2ca0a6fd877]::sys::backtrace::__rust_begin_short_backtrace::<test[aada8e7e76ba119b]::run_test::{closure#1}, ()>
[INFO] [stdout]   20:     0x6429dec97cd2 - <std[617be2ca0a6fd877]::thread::lifecycle::spawn_unchecked<test[aada8e7e76ba119b]::run_test::{closure#1}, ()>::{closure#1} as core[a373ad73a504971]::ops::function::FnOnce<()>>::call_once::{shim:vtable#0}
[INFO] [stdout]   21:     0x6429dee4f0ef - <std[617be2ca0a6fd877]::sys::thread::unix::Thread>::new::thread_start
[INFO] [stdout]   22:     0x73718b8a6dfa - <unknown>
[INFO] [stdout]   23:     0x73718b93a3d4 - clone
[INFO] [stdout]   24:                0x0 - <unknown>
[INFO] [stdout] 
[INFO] [stdout] ---- async_get_address_prefix stdout ----
[INFO] [stdout] 
[INFO] [stdout] thread 'async_get_address_prefix' (1194) panicked at tests/async_impl_tests.rs:308:5:
[INFO] [stdout] assertion failed: addresses.is_ok()
[INFO] [stdout] stack backtrace:
[INFO] [stdout]    0:     0x6429dee4fc41 - <<std[617be2ca0a6fd877]::sys::backtrace::BacktraceLock>::print::DisplayBacktrace as core[a373ad73a504971]::fmt::Display>::fmt
[INFO] [stdout]    1:     0x6429dee65d8a - core[a373ad73a504971]::fmt::write
[INFO] [stdout]    2:     0x6429dee5440c - <alloc[2e1b2a31b91974c5]::vec::Vec<u8> as core[a373ad73a504971]::io::write::Write>::write_fmt
[INFO] [stdout]    3:     0x6429dee2b056 - std[617be2ca0a6fd877]::panicking::default_hook::{closure#0}
[INFO] [stdout]    4:     0x6429dee47c39 - std[617be2ca0a6fd877]::panicking::default_hook
[INFO] [stdout]    5:     0x6429dec94620 - test[aada8e7e76ba119b]::test_main_inner::{closure#0}
[INFO] [stdout]    6:     0x6429dee47f62 - std[617be2ca0a6fd877]::panicking::panic_with_hook
[INFO] [stdout]    7:     0x6429dee2b134 - std[617be2ca0a6fd877]::panicking::panic_handler::{closure#0}
[INFO] [stdout]    8:     0x6429dee23d39 - std[617be2ca0a6fd877]::sys::backtrace::__rust_end_short_backtrace::<std[617be2ca0a6fd877]::panicking::panic_handler::{closure#0}, !>
[INFO] [stdout]    9:     0x6429dee2befd - __rustc[ea4f61d10b84890b]::rust_begin_unwind
[INFO] [stdout]   10:     0x6429dee664ec - core[a373ad73a504971]::panicking::panic_fmt
[INFO] [stdout]   11:     0x6429dee664b2 - core[a373ad73a504971]::panicking::panic
[INFO] [stdout]   12:     0x6429dec3dcdc - async_impl_tests[2fb4020b78b7598b]::async_get_address_prefix::{closure#0}
[INFO] [stdout]   13:     0x6429dec5e4dd - <tokio[84480eba77d0c788]::macros::scoped_tls::ScopedKey<tokio[84480eba77d0c788]::runtime::basic_scheduler::Context>>::set::<tokio[84480eba77d0c788]::runtime::basic_scheduler::enter<<tokio[84480eba77d0c788]::runtime::basic_scheduler::BasicScheduler<tokio[84480eba77d0c788]::park::either::Either<tokio[84480eba77d0c788]::time::driver::Driver<tokio[84480eba77d0c788]::park::either::Either<tokio[84480eba77d0c788]::io::driver::Driver, tokio[84480eba77d0c788]::park::thread::ParkThread>>, tokio[84480eba77d0c788]::park::either::Either<tokio[84480eba77d0c788]::io::driver::Driver, tokio[84480eba77d0c788]::park::thread::ParkThread>>>>::block_on<async_impl_tests[2fb4020b78b7598b]::async_get_address_prefix::{closure#0}>::{closure#0}, (), tokio[84480eba77d0c788]::park::either::Either<tokio[84480eba77d0c788]::time::driver::Driver<tokio[84480eba77d0c788]::park::either::Either<tokio[84480eba77d0c788]::io::driver::Driver, tokio[84480eba77d0c788]::park::thread::ParkThread>>, tokio[84480eba77d0c788]::park::either::Either<tokio[84480eba77d0c788]::io::driver::Driver, tokio[84480eba77d0c788]::park::thread::ParkThread>>>::{closure#0}, ()>
[INFO] [stdout]   14:     0x6429dec6c152 - tokio[84480eba77d0c788]::runtime::basic_scheduler::enter::<<tokio[84480eba77d0c788]::runtime::basic_scheduler::BasicScheduler<tokio[84480eba77d0c788]::park::either::Either<tokio[84480eba77d0c788]::time::driver::Driver<tokio[84480eba77d0c788]::park::either::Either<tokio[84480eba77d0c788]::io::driver::Driver, tokio[84480eba77d0c788]::park::thread::ParkThread>>, tokio[84480eba77d0c788]::park::either::Either<tokio[84480eba77d0c788]::io::driver::Driver, tokio[84480eba77d0c788]::park::thread::ParkThread>>>>::block_on<async_impl_tests[2fb4020b78b7598b]::async_get_address_prefix::{closure#0}>::{closure#0}, (), tokio[84480eba77d0c788]::park::either::Either<tokio[84480eba77d0c788]::time::driver::Driver<tokio[84480eba77d0c788]::park::either::Either<tokio[84480eba77d0c788]::io::driver::Driver, tokio[84480eba77d0c788]::park::thread::ParkThread>>, tokio[84480eba77d0c788]::park::either::Either<tokio[84480eba77d0c788]::io::driver::Driver, tokio[84480eba77d0c788]::park::thread::ParkThread>>>
[INFO] [stdout]   15:     0x6429dec757ed - tokio[84480eba77d0c788]::runtime::context::enter::<<tokio[84480eba77d0c788]::runtime::Runtime>::block_on<async_impl_tests[2fb4020b78b7598b]::async_get_address_prefix::{closure#0}>::{closure#0}, ()>
[INFO] [stdout]   16:     0x6429dec7d2bb - <async_impl_tests[2fb4020b78b7598b]::async_get_address_prefix::{closure#0} as core[a373ad73a504971]::ops::function::FnOnce<()>>::call_once
[INFO] [stdout]   17:     0x6429dec87a6b - test[aada8e7e76ba119b]::__rust_begin_short_backtrace::<core[a373ad73a504971]::result::Result<(), alloc[2e1b2a31b91974c5]::string::String>, fn() -> core[a373ad73a504971]::result::Result<(), alloc[2e1b2a31b91974c5]::string::String>>
[INFO] [stdout]   18:     0x6429dec94c45 - test[aada8e7e76ba119b]::run_test::{closure#0}
[INFO] [stdout]   19:     0x6429dec8e534 - std[617be2ca0a6fd877]::sys::backtrace::__rust_begin_short_backtrace::<test[aada8e7e76ba119b]::run_test::{closure#1}, ()>
[INFO] [stdout]   20:     0x6429dec97cd2 - <std[617be2ca0a6fd877]::thread::lifecycle::spawn_unchecked<test[aada8e7e76ba119b]::run_test::{closure#1}, ()>::{closure#1} as core[a373ad73a504971]::ops::function::FnOnce<()>>::call_once::{shim:vtable#0}
[INFO] [stdout]   21:     0x6429dee4f0ef - <std[617be2ca0a6fd877]::sys::thread::unix::Thread>::new::thread_start
[INFO] [stdout]   22:     0x73718b8a6dfa - <unknown>
[INFO] [stdout]   23:     0x73718b93a3d4 - clone
[INFO] [stdout]   24:                0x0 - <unknown>
[INFO] [stdout] 
[INFO] [stdout] ---- async_get_address stdout ----
[INFO] [stdout] 
[INFO] [stdout] thread 'async_get_address' (1193) panicked at tests/async_impl_tests.rs:216:5:
[INFO] [stdout] assertion failed: address.is_ok()
[INFO] [stdout] stack backtrace:
[INFO] [stdout]    0:     0x6429dee4fc41 - <<std[617be2ca0a6fd877]::sys::backtrace::BacktraceLock>::print::DisplayBacktrace as core[a373ad73a504971]::fmt::Display>::fmt
[INFO] [stdout]    1:     0x6429dee65d8a - core[a373ad73a504971]::fmt::write
[INFO] [stdout]    2:     0x6429dee5440c - <alloc[2e1b2a31b91974c5]::vec::Vec<u8> as core[a373ad73a504971]::io::write::Write>::write_fmt
[INFO] [stdout]    3:     0x6429dee2b056 - std[617be2ca0a6fd877]::panicking::default_hook::{closure#0}
[INFO] [stdout]    4:     0x6429dee47c39 - std[617be2ca0a6fd877]::panicking::default_hook
[INFO] [stdout]    5:     0x6429dec94620 - test[aada8e7e76ba119b]::test_main_inner::{closure#0}
[INFO] [stdout]    6:     0x6429dee47f62 - std[617be2ca0a6fd877]::panicking::panic_with_hook
[INFO] [stdout]    7:     0x6429dee2b134 - std[617be2ca0a6fd877]::panicking::panic_handler::{closure#0}
[INFO] [stdout]    8:     0x6429dee23d39 - std[617be2ca0a6fd877]::sys::backtrace::__rust_end_short_backtrace::<std[617be2ca0a6fd877]::panicking::panic_handler::{closure#0}, !>
[INFO] [stdout]    9:     0x6429dee2befd - __rustc[ea4f61d10b84890b]::rust_begin_unwind
[INFO] [stdout]   10:     0x6429dee664ec - core[a373ad73a504971]::panicking::panic_fmt
[INFO] [stdout]   11:     0x6429dee664b2 - core[a373ad73a504971]::panicking::panic
[INFO] [stdout]   12:     0x6429dec388d5 - async_impl_tests[2fb4020b78b7598b]::async_get_address::{closure#0}
[INFO] [stdout]   13:     0x6429dec5ae6d - <tokio[84480eba77d0c788]::macros::scoped_tls::ScopedKey<tokio[84480eba77d0c788]::runtime::basic_scheduler::Context>>::set::<tokio[84480eba77d0c788]::runtime::basic_scheduler::enter<<tokio[84480eba77d0c788]::runtime::basic_scheduler::BasicScheduler<tokio[84480eba77d0c788]::park::either::Either<tokio[84480eba77d0c788]::time::driver::Driver<tokio[84480eba77d0c788]::park::either::Either<tokio[84480eba77d0c788]::io::driver::Driver, tokio[84480eba77d0c788]::park::thread::ParkThread>>, tokio[84480eba77d0c788]::park::either::Either<tokio[84480eba77d0c788]::io::driver::Driver, tokio[84480eba77d0c788]::park::thread::ParkThread>>>>::block_on<async_impl_tests[2fb4020b78b7598b]::async_get_address::{closure#0}>::{closure#0}, (), tokio[84480eba77d0c788]::park::either::Either<tokio[84480eba77d0c788]::time::driver::Driver<tokio[84480eba77d0c788]::park::either::Either<tokio[84480eba77d0c788]::io::driver::Driver, tokio[84480eba77d0c788]::park::thread::ParkThread>>, tokio[84480eba77d0c788]::park::either::Either<tokio[84480eba77d0c788]::io::driver::Driver, tokio[84480eba77d0c788]::park::thread::ParkThread>>>::{closure#0}, ()>
[INFO] [stdout]   14:     0x6429dec6b382 - tokio[84480eba77d0c788]::runtime::basic_scheduler::enter::<<tokio[84480eba77d0c788]::runtime::basic_scheduler::BasicScheduler<tokio[84480eba77d0c788]::park::either::Either<tokio[84480eba77d0c788]::time::driver::Driver<tokio[84480eba77d0c788]::park::either::Either<tokio[84480eba77d0c788]::io::driver::Driver, tokio[84480eba77d0c788]::park::thread::ParkThread>>, tokio[84480eba77d0c788]::park::either::Either<tokio[84480eba77d0c788]::io::driver::Driver, tokio[84480eba77d0c788]::park::thread::ParkThread>>>>::block_on<async_impl_tests[2fb4020b78b7598b]::async_get_address::{closure#0}>::{closure#0}, (), tokio[84480eba77d0c788]::park::either::Either<tokio[84480eba77d0c788]::time::driver::Driver<tokio[84480eba77d0c788]::park::either::Either<tokio[84480eba77d0c788]::io::driver::Driver, tokio[84480eba77d0c788]::park::thread::ParkThread>>, tokio[84480eba77d0c788]::park::either::Either<tokio[84480eba77d0c788]::io::driver::Driver, tokio[84480eba77d0c788]::park::thread::ParkThread>>>
[INFO] [stdout]   15:     0x6429dec747ad - tokio[84480eba77d0c788]::runtime::context::enter::<<tokio[84480eba77d0c788]::runtime::Runtime>::block_on<async_impl_tests[2fb4020b78b7598b]::async_get_address::{closure#0}>::{closure#0}, ()>
[INFO] [stdout]   16:     0x6429dec7b98b - <async_impl_tests[2fb4020b78b7598b]::async_get_address::{closure#0} as core[a373ad73a504971]::ops::function::FnOnce<()>>::call_once
[INFO] [stdout]   17:     0x6429dec87a6b - test[aada8e7e76ba119b]::__rust_begin_short_backtrace::<core[a373ad73a504971]::result::Result<(), alloc[2e1b2a31b91974c5]::string::String>, fn() -> core[a373ad73a504971]::result::Result<(), alloc[2e1b2a31b91974c5]::string::String>>
[INFO] [stdout]   18:     0x6429dec94c45 - test[aada8e7e76ba119b]::run_test::{closure#0}
[INFO] [stdout]   19:     0x6429dec8e534 - std[617be2ca0a6fd877]::sys::backtrace::__rust_begin_short_backtrace::<test[aada8e7e76ba119b]::run_test::{closure#1}, ()>
[INFO] [stdout]   20:     0x6429dec97cd2 - <std[617be2ca0a6fd877]::thread::lifecycle::spawn_unchecked<test[aada8e7e76ba119b]::run_test::{closure#1}, ()>::{closure#1} as core[a373ad73a504971]::ops::function::FnOnce<()>>::call_once::{shim:vtable#0}
[INFO] [stdout]   21:     0x6429dee4f0ef - <std[617be2ca0a6fd877]::sys::thread::unix::Thread>::new::thread_start
[INFO] [stdout]   22:     0x73718b8a6dfa - <unknown>
[INFO] [stdout]   23:     0x73718b93a3d4 - clone
[INFO] [stdout]   24:                0x0 - <unknown>
[INFO] [stdout] 
[INFO] [stdout] ---- async_get_address_txs stdout ----
[INFO] [stdout] 
[INFO] [stdout] thread 'async_get_address_txs' (1195) panicked at tests/async_impl_tests.rs:232:5:
[INFO] [stdout] assertion failed: tx_list.is_ok()
[INFO] [stdout] stack backtrace:
[INFO] [stdout]    0:     0x6429dee4fc41 - <<std[617be2ca0a6fd877]::sys::backtrace::BacktraceLock>::print::DisplayBacktrace as core[a373ad73a504971]::fmt::Display>::fmt
[INFO] [stdout]    1:     0x6429dee65d8a - core[a373ad73a504971]::fmt::write
[INFO] [stdout]    2:     0x6429dee5440c - <alloc[2e1b2a31b91974c5]::vec::Vec<u8> as core[a373ad73a504971]::io::write::Write>::write_fmt
[INFO] [stdout]    3:     0x6429dee2b056 - std[617be2ca0a6fd877]::panicking::default_hook::{closure#0}
[INFO] [stdout]    4:     0x6429dee47c39 - std[617be2ca0a6fd877]::panicking::default_hook
[INFO] [stdout]    5:     0x6429dec94620 - test[aada8e7e76ba119b]::test_main_inner::{closure#0}
[INFO] [stdout]    6:     0x6429dee47f62 - std[617be2ca0a6fd877]::panicking::panic_with_hook
[INFO] [stdout]    7:     0x6429dee2b134 - std[617be2ca0a6fd877]::panicking::panic_handler::{closure#0}
[INFO] [stdout]    8:     0x6429dee23d39 - std[617be2ca0a6fd877]::sys::backtrace::__rust_end_short_backtrace::<std[617be2ca0a6fd877]::panicking::panic_handler::{closure#0}, !>
[INFO] [stdout]    9:     0x6429dee2befd - __rustc[ea4f61d10b84890b]::rust_begin_unwind
[INFO] [stdout]   10:     0x6429dee664ec - core[a373ad73a504971]::panicking::panic_fmt
[INFO] [stdout]   11:     0x6429dee664b2 - core[a373ad73a504971]::panicking::panic
[INFO] [stdout]   12:     0x6429dec3a4fc - async_impl_tests[2fb4020b78b7598b]::async_get_address_txs::{closure#0}
[INFO] [stdout]   13:     0x6429dec5bf2d - <tokio[84480eba77d0c788]::macros::scoped_tls::ScopedKey<tokio[84480eba77d0c788]::runtime::basic_scheduler::Context>>::set::<tokio[84480eba77d0c788]::runtime::basic_scheduler::enter<<tokio[84480eba77d0c788]::runtime::basic_scheduler::BasicScheduler<tokio[84480eba77d0c788]::park::either::Either<tokio[84480eba77d0c788]::time::driver::Driver<tokio[84480eba77d0c788]::park::either::Either<tokio[84480eba77d0c788]::io::driver::Driver, tokio[84480eba77d0c788]::park::thread::ParkThread>>, tokio[84480eba77d0c788]::park::either::Either<tokio[84480eba77d0c788]::io::driver::Driver, tokio[84480eba77d0c788]::park::thread::ParkThread>>>>::block_on<async_impl_tests[2fb4020b78b7598b]::async_get_address_txs::{closure#0}>::{closure#0}, (), tokio[84480eba77d0c788]::park::either::Either<tokio[84480eba77d0c788]::time::driver::Driver<tokio[84480eba77d0c788]::park::either::Either<tokio[84480eba77d0c788]::io::driver::Driver, tokio[84480eba77d0c788]::park::thread::ParkThread>>, tokio[84480eba77d0c788]::park::either::Either<tokio[84480eba77d0c788]::io::driver::Driver, tokio[84480eba77d0c788]::park::thread::ParkThread>>>::{closure#0}, ()>
[INFO] [stdout]   14:     0x6429dec6b7c2 - tokio[84480eba77d0c788]::runtime::basic_scheduler::enter::<<tokio[84480eba77d0c788]::runtime::basic_scheduler::BasicScheduler<tokio[84480eba77d0c788]::park::either::Either<tokio[84480eba77d0c788]::time::driver::Driver<tokio[84480eba77d0c788]::park::either::Either<tokio[84480eba77d0c788]::io::driver::Driver, tokio[84480eba77d0c788]::park::thread::ParkThread>>, tokio[84480eba77d0c788]::park::either::Either<tokio[84480eba77d0c788]::io::driver::Driver, tokio[84480eba77d0c788]::park::thread::ParkThread>>>>::block_on<async_impl_tests[2fb4020b78b7598b]::async_get_address_txs::{closure#0}>::{closure#0}, (), tokio[84480eba77d0c788]::park::either::Either<tokio[84480eba77d0c788]::time::driver::Driver<tokio[84480eba77d0c788]::park::either::Either<tokio[84480eba77d0c788]::io::driver::Driver, tokio[84480eba77d0c788]::park::thread::ParkThread>>, tokio[84480eba77d0c788]::park::either::Either<tokio[84480eba77d0c788]::io::driver::Driver, tokio[84480eba77d0c788]::park::thread::ParkThread>>>
[INFO] [stdout]   15:     0x6429dec74cad - tokio[84480eba77d0c788]::runtime::context::enter::<<tokio[84480eba77d0c788]::runtime::Runtime>::block_on<async_impl_tests[2fb4020b78b7598b]::async_get_address_txs::{closure#0}>::{closure#0}, ()>
[INFO] [stdout]   16:     0x6429dec7c14b - <async_impl_tests[2fb4020b78b7598b]::async_get_address_txs::{closure#0} as core[a373ad73a504971]::ops::function::FnOnce<()>>::call_once
[INFO] [stdout]   17:     0x6429dec87a6b - test[aada8e7e76ba119b]::__rust_begin_short_backtrace::<core[a373ad73a504971]::result::Result<(), alloc[2e1b2a31b91974c5]::string::String>, fn() -> core[a373ad73a504971]::result::Result<(), alloc[2e1b2a31b91974c5]::string::String>>
[INFO] [stdout]   18:     0x6429dec94c45 - test[aada8e7e76ba119b]::run_test::{closure#0}
[INFO] [stdout]   19:     0x6429dec8e534 - std[617be2ca0a6fd877]::sys::backtrace::__rust_begin_short_backtrace::<test[aada8e7e76ba119b]::run_test::{closure#1}, ()>
[INFO] [stdout]   20:     0x6429dec97cd2 - <std[617be2ca0a6fd877]::thread::lifecycle::spawn_unchecked<test[aada8e7e76ba119b]::run_test::{closure#1}, ()>::{closure#1} as core[a373ad73a504971]::ops::function::FnOnce<()>>::call_once::{shim:vtable#0}
[INFO] [stdout]   21:     0x6429dee4f0ef - <std[617be2ca0a6fd877]::sys::thread::unix::Thread>::new::thread_start
[INFO] [stdout]   22:     0x73718b8a6dfa - <unknown>
[INFO] [stdout]   23:     0x73718b93a3d4 - clone
[INFO] [stdout]   24:                0x0 - <unknown>
[INFO] [stdout] 
[INFO] [stdout] ---- async_fee_estimate stdout ----
[INFO] [stdout] 
[INFO] [stdout] thread 'async_fee_estimate' (1192) panicked at tests/async_impl_tests.rs:333:5:
[INFO] [stdout] assertion failed: fee.is_ok()
[INFO] [stdout] stack backtrace:
[INFO] [stdout]    0:     0x6429dee4fc41 - <<std[617be2ca0a6fd877]::sys::backtrace::BacktraceLock>::print::DisplayBacktrace as core[a373ad73a504971]::fmt::Display>::fmt
[INFO] [stdout]    1:     0x6429dee65d8a - core[a373ad73a504971]::fmt::write
[INFO] [stdout]    2:     0x6429dee5440c - <alloc[2e1b2a31b91974c5]::vec::Vec<u8> as core[a373ad73a504971]::io::write::Write>::write_fmt
[INFO] [stdout]    3:     0x6429dee2b056 - std[617be2ca0a6fd877]::panicking::default_hook::{closure#0}
[INFO] [stdout]    4:     0x6429dee47c39 - std[617be2ca0a6fd877]::panicking::default_hook
[INFO] [stdout]    5:     0x6429dec94620 - test[aada8e7e76ba119b]::test_main_inner::{closure#0}
[INFO] [stdout]    6:     0x6429dee47f62 - std[617be2ca0a6fd877]::panicking::panic_with_hook
[INFO] [stdout]    7:     0x6429dee2b134 - std[617be2ca0a6fd877]::panicking::panic_handler::{closure#0}
[INFO] [stdout]    8:     0x6429dee23d39 - std[617be2ca0a6fd877]::sys::backtrace::__rust_end_short_backtrace::<std[617be2ca0a6fd877]::panicking::panic_handler::{closure#0}, !>
[INFO] [stdout]    9:     0x6429dee2befd - __rustc[ea4f61d10b84890b]::rust_begin_unwind
[INFO] [stdout]   10:     0x6429dee664ec - core[a373ad73a504971]::panicking::panic_fmt
[INFO] [stdout]   11:     0x6429dee664b2 - core[a373ad73a504971]::panicking::panic
[INFO] [stdout]   12:     0x6429dec397dd - async_impl_tests[2fb4020b78b7598b]::async_fee_estimate::{closure#0}
[INFO] [stdout]   13:     0x6429dec5b6cd - <tokio[84480eba77d0c788]::macros::scoped_tls::ScopedKey<tokio[84480eba77d0c788]::runtime::basic_scheduler::Context>>::set::<tokio[84480eba77d0c788]::runtime::basic_scheduler::enter<<tokio[84480eba77d0c788]::runtime::basic_scheduler::BasicScheduler<tokio[84480eba77d0c788]::park::either::Either<tokio[84480eba77d0c788]::time::driver::Driver<tokio[84480eba77d0c788]::park::either::Either<tokio[84480eba77d0c788]::io::driver::Driver, tokio[84480eba77d0c788]::park::thread::ParkThread>>, tokio[84480eba77d0c788]::park::either::Either<tokio[84480eba77d0c788]::io::driver::Driver, tokio[84480eba77d0c788]::park::thread::ParkThread>>>>::block_on<async_impl_tests[2fb4020b78b7598b]::async_fee_estimate::{closure#0}>::{closure#0}, (), tokio[84480eba77d0c788]::park::either::Either<tokio[84480eba77d0c788]::time::driver::Driver<tokio[84480eba77d0c788]::park::either::Either<tokio[84480eba77d0c788]::io::driver::Driver, tokio[84480eba77d0c788]::park::thread::ParkThread>>, tokio[84480eba77d0c788]::park::either::Either<tokio[84480eba77d0c788]::io::driver::Driver, tokio[84480eba77d0c788]::park::thread::ParkThread>>>::{closure#0}, ()>
[INFO] [stdout]   14:     0x6429dec6b5a2 - tokio[84480eba77d0c788]::runtime::basic_scheduler::enter::<<tokio[84480eba77d0c788]::runtime::basic_scheduler::BasicScheduler<tokio[84480eba77d0c788]::park::either::Either<tokio[84480eba77d0c788]::time::driver::Driver<tokio[84480eba77d0c788]::park::either::Either<tokio[84480eba77d0c788]::io::driver::Driver, tokio[84480eba77d0c788]::park::thread::ParkThread>>, tokio[84480eba77d0c788]::park::either::Either<tokio[84480eba77d0c788]::io::driver::Driver, tokio[84480eba77d0c788]::park::thread::ParkThread>>>>::block_on<async_impl_tests[2fb4020b78b7598b]::async_fee_estimate::{closure#0}>::{closure#0}, (), tokio[84480eba77d0c788]::park::either::Either<tokio[84480eba77d0c788]::time::driver::Driver<tokio[84480eba77d0c788]::park::either::Either<tokio[84480eba77d0c788]::io::driver::Driver, tokio[84480eba77d0c788]::park::thread::ParkThread>>, tokio[84480eba77d0c788]::park::either::Either<tokio[84480eba77d0c788]::io::driver::Driver, tokio[84480eba77d0c788]::park::thread::ParkThread>>>
[INFO] [stdout]   15:     0x6429dec74a2d - tokio[84480eba77d0c788]::runtime::context::enter::<<tokio[84480eba77d0c788]::runtime::Runtime>::block_on<async_impl_tests[2fb4020b78b7598b]::async_fee_estimate::{closure#0}>::{closure#0}, ()>
[INFO] [stdout]   16:     0x6429dec7bd6b - <async_impl_tests[2fb4020b78b7598b]::async_fee_estimate::{closure#0} as core[a373ad73a504971]::ops::function::FnOnce<()>>::call_once
[INFO] [stdout]   17:     0x6429dec87a6b - test[aada8e7e76ba119b]::__rust_begin_short_backtrace::<core[a373ad73a504971]::result::Result<(), alloc[2e1b2a31b91974c5]::string::String>, fn() -> core[a373ad73a504971]::result::Result<(), alloc[2e1b2a31b91974c5]::string::String>>
[INFO] [stdout]   18:     0x6429dec94c45 - test[aada8e7e76ba119b]::run_test::{closure#0}
[INFO] [stdout]   19:     0x6429dec8e534 - std[617be2ca0a6fd877]::sys::backtrace::__rust_begin_short_backtrace::<test[aada8e7e76ba119b]::run_test::{closure#1}, ()>
[INFO] [stdout]   20:     0x6429dec97cd2 - <std[617be2ca0a6fd877]::thread::lifecycle::spawn_unchecked<test[aada8e7e76ba119b]::run_test::{closure#1}, ()>::{closure#1} as core[a373ad73a504971]::ops::function::FnOnce<()>>::call_once::{shim:vtable#0}
[INFO] [stdout]   21:     0x6429dee4f0ef - <std[617be2ca0a6fd877]::sys::thread::unix::Thread>::new::thread_start
[INFO] [stdout]   22:     0x73718b8a6dfa - <unknown>
[INFO] [stdout]   23:     0x73718b93a3d4 - clone
[INFO] [stdout]   24:                0x0 - <unknown>
[INFO] [stdout] 
[INFO] [stdout] ---- async_get_block_status stdout ----
[INFO] [stdout] 
[INFO] [stdout] thread 'async_get_block_status' (1206) panicked at tests/async_impl_tests.rs:53:5:
[INFO] [stdout] assertion failed: response.is_ok()
[INFO] [stdout] stack backtrace:
[INFO] [stdout]    0:     0x6429dee4fc41 - <<std[617be2ca0a6fd877]::sys::backtrace::BacktraceLock>::print::DisplayBacktrace as core[a373ad73a504971]::fmt::Display>::fmt
[INFO] [stdout]    1:     0x6429dee65d8a - core[a373ad73a504971]::fmt::write
[INFO] [stdout]    2:     0x6429dee5440c - <alloc[2e1b2a31b91974c5]::vec::Vec<u8> as core[a373ad73a504971]::io::write::Write>::write_fmt
[INFO] [stdout]    3:     0x6429dee2b056 - std[617be2ca0a6fd877]::panicking::default_hook::{closure#0}
[INFO] [stdout]    4:     0x6429dee47c39 - std[617be2ca0a6fd877]::panicking::default_hook
[INFO] [stdout]    5:     0x6429dec94620 - test[aada8e7e76ba119b]::test_main_inner::{closure#0}
[INFO] [stdout]    6:     0x6429dee47f62 - std[617be2ca0a6fd877]::panicking::panic_with_hook
[INFO] [stdout]    7:     0x6429dee2b134 - std[617be2ca0a6fd877]::panicking::panic_handler::{closure#0}
[INFO] [stdout]    8:     0x6429dee23d39 - std[617be2ca0a6fd877]::sys::backtrace::__rust_end_short_backtrace::<std[617be2ca0a6fd877]::panicking::panic_handler::{closure#0}, !>
[INFO] [stdout]    9:     0x6429dee2befd - __rustc[ea4f61d10b84890b]::rust_begin_unwind
[INFO] [stdout]   10:     0x6429dee664ec - core[a373ad73a504971]::panicking::panic_fmt
[INFO] [stdout]   11:     0x6429dee664b2 - core[a373ad73a504971]::panicking::panic
[INFO] [stdout]   12:     0x6429dec3cbb6 - async_impl_tests[2fb4020b78b7598b]::async_get_block_status::{closure#0}
[INFO] [stdout]   13:     0x6429dec5d84d - <tokio[84480eba77d0c788]::macros::scoped_tls::ScopedKey<tokio[84480eba77d0c788]::runtime::basic_scheduler::Context>>::set::<tokio[84480eba77d0c788]::runtime::basic_scheduler::enter<<tokio[84480eba77d0c788]::runtime::basic_scheduler::BasicScheduler<tokio[84480eba77d0c788]::park::either::Either<tokio[84480eba77d0c788]::time::driver::Driver<tokio[84480eba77d0c788]::park::either::Either<tokio[84480eba77d0c788]::io::driver::Driver, tokio[84480eba77d0c788]::park::thread::ParkThread>>, tokio[84480eba77d0c788]::park::either::Either<tokio[84480eba77d0c788]::io::driver::Driver, tokio[84480eba77d0c788]::park::thread::ParkThread>>>>::block_on<async_impl_tests[2fb4020b78b7598b]::async_get_block_status::{closure#0}>::{closure#0}, (), tokio[84480eba77d0c788]::park::either::Either<tokio[84480eba77d0c788]::time::driver::Driver<tokio[84480eba77d0c788]::park::either::Either<tokio[84480eba77d0c788]::io::driver::Driver, tokio[84480eba77d0c788]::park::thread::ParkThread>>, tokio[84480eba77d0c788]::park::either::Either<tokio[84480eba77d0c788]::io::driver::Driver, tokio[84480eba77d0c788]::park::thread::ParkThread>>>::{closure#0}, ()>
[INFO] [stdout]   14:     0x6429dec6be22 - tokio[84480eba77d0c788]::runtime::basic_scheduler::enter::<<tokio[84480eba77d0c788]::runtime::basic_scheduler::BasicScheduler<tokio[84480eba77d0c788]::park::either::Either<tokio[84480eba77d0c788]::time::driver::Driver<tokio[84480eba77d0c788]::park::either::Either<tokio[84480eba77d0c788]::io::driver::Driver, tokio[84480eba77d0c788]::park::thread::ParkThread>>, tokio[84480eba77d0c788]::park::either::Either<tokio[84480eba77d0c788]::io::driver::Driver, tokio[84480eba77d0c788]::park::thread::ParkThread>>>>::block_on<async_impl_tests[2fb4020b78b7598b]::async_get_block_status::{closure#0}>::{closure#0}, (), tokio[84480eba77d0c788]::park::either::Either<tokio[84480eba77d0c788]::time::driver::Driver<tokio[84480eba77d0c788]::park::either::Either<tokio[84480eba77d0c788]::io::driver::Driver, tokio[84480eba77d0c788]::park::thread::ParkThread>>, tokio[84480eba77d0c788]::park::either::Either<tokio[84480eba77d0c788]::io::driver::Driver, tokio[84480eba77d0c788]::park::thread::ParkThread>>>
[INFO] [stdout]   15:     0x6429dec7542d - tokio[84480eba77d0c788]::runtime::context::enter::<<tokio[84480eba77d0c788]::runtime::Runtime>::block_on<async_impl_tests[2fb4020b78b7598b]::async_get_block_status::{closure#0}>::{closure#0}, ()>
[INFO] [stdout]   16:     0x6429dec7cceb - <async_impl_tests[2fb4020b78b7598b]::async_get_block_status::{closure#0} as core[a373ad73a504971]::ops::function::FnOnce<()>>::call_once
[INFO] [stdout]   17:     0x6429dec87a6b - test[aada8e7e76ba119b]::__rust_begin_short_backtrace::<core[a373ad73a504971]::result::Result<(), alloc[2e1b2a31b91974c5]::string::String>, fn() -> core[a373ad73a504971]::result::Result<(), alloc[2e1b2a31b91974c5]::string::String>>
[INFO] [stdout]   18:     0x6429dec94c45 - test[aada8e7e76ba119b]::run_test::{closure#0}
[INFO] [stdout]   19:     0x6429dec8e534 - std[617be2ca0a6fd877]::sys::backtrace::__rust_begin_short_backtrace::<test[aada8e7e76ba119b]::run_test::{closure#1}, ()>
[INFO] [stdout]   20:     0x6429dec97cd2 - <std[617be2ca0a6fd877]::thread::lifecycle::spawn_unchecked<test[aada8e7e76ba119b]::run_test::{closure#1}, ()>::{closure#1} as core[a373ad73a504971]::ops::function::FnOnce<()>>::call_once::{shim:vtable#0}
[INFO] [stdout]   21:     0x6429dee4f0ef - <std[617be2ca0a6fd877]::sys::thread::unix::Thread>::new::thread_start
[INFO] [stdout]   22:     0x73718b8a6dfa - <unknown>
[INFO] [stdout]   23:     0x73718b93a3d4 - clone
[INFO] [stdout]   24:                0x0 - <unknown>
[INFO] [stdout] 
[INFO] [stdout] ---- async_get_address_txs_mempool stdout ----
[INFO] [stdout] 
[INFO] [stdout] thread 'async_get_address_txs_mempool' (1198) panicked at tests/async_impl_tests.rs:276:5:
[INFO] [stdout] assertion failed: tx_list.is_ok()
[INFO] [stdout] stack backtrace:
[INFO] [stdout]    0:     0x6429dee4fc41 - <<std[617be2ca0a6fd877]::sys::backtrace::BacktraceLock>::print::DisplayBacktrace as core[a373ad73a504971]::fmt::Display>::fmt
[INFO] [stdout]    1:     0x6429dee65d8a - core[a373ad73a504971]::fmt::write
[INFO] [stdout]    2:     0x6429dee5440c - <alloc[2e1b2a31b91974c5]::vec::Vec<u8> as core[a373ad73a504971]::io::write::Write>::write_fmt
[INFO] [stdout]    3:     0x6429dee2b056 - std[617be2ca0a6fd877]::panicking::default_hook::{closure#0}
[INFO] [stdout]    4:     0x6429dee47c39 - std[617be2ca0a6fd877]::panicking::default_hook
[INFO] [stdout]    5:     0x6429dec94620 - test[aada8e7e76ba119b]::test_main_inner::{closure#0}
[INFO] [stdout]    6:     0x6429dee47f62 - std[617be2ca0a6fd877]::panicking::panic_with_hook
[INFO] [stdout]    7:     0x6429dee2b134 - std[617be2ca0a6fd877]::panicking::panic_handler::{closure#0}
[INFO] [stdout]    8:     0x6429dee23d39 - std[617be2ca0a6fd877]::sys::backtrace::__rust_end_short_backtrace::<std[617be2ca0a6fd877]::panicking::panic_handler::{closure#0}, !>
[INFO] [stdout]    9:     0x6429dee2befd - __rustc[ea4f61d10b84890b]::rust_begin_unwind
[INFO] [stdout]   10:     0x6429dee664ec - core[a373ad73a504971]::panicking::panic_fmt
[INFO] [stdout]   11:     0x6429dee664b2 - core[a373ad73a504971]::panicking::panic
[INFO] [stdout]   12:     0x6429dec4106c - async_impl_tests[2fb4020b78b7598b]::async_get_address_txs_mempool::{closure#0}
[INFO] [stdout]   13:     0x6429dec60a8d - <tokio[84480eba77d0c788]::macros::scoped_tls::ScopedKey<tokio[84480eba77d0c788]::runtime::basic_scheduler::Context>>::set::<tokio[84480eba77d0c788]::runtime::basic_scheduler::enter<<tokio[84480eba77d0c788]::runtime::basic_scheduler::BasicScheduler<tokio[84480eba77d0c788]::park::either::Either<tokio[84480eba77d0c788]::time::driver::Driver<tokio[84480eba77d0c788]::park::either::Either<tokio[84480eba77d0c788]::io::driver::Driver, tokio[84480eba77d0c788]::park::thread::ParkThread>>, tokio[84480eba77d0c788]::park::either::Either<tokio[84480eba77d0c788]::io::driver::Driver, tokio[84480eba77d0c788]::park::thread::ParkThread>>>>::block_on<async_impl_tests[2fb4020b78b7598b]::async_get_address_txs_mempool::{closure#0}>::{closure#0}, (), tokio[84480eba77d0c788]::park::either::Either<tokio[84480eba77d0c788]::time::driver::Driver<tokio[84480eba77d0c788]::park::either::Either<tokio[84480eba77d0c788]::io::driver::Driver, tokio[84480eba77d0c788]::park::thread::ParkThread>>, tokio[84480eba77d0c788]::park::either::Either<tokio[84480eba77d0c788]::io::driver::Driver, tokio[84480eba77d0c788]::park::thread::ParkThread>>>::{closure#0}, ()>
[INFO] [stdout]   14:     0x6429dec6cae2 - tokio[84480eba77d0c788]::runtime::basic_scheduler::enter::<<tokio[84480eba77d0c788]::runtime::basic_scheduler::BasicScheduler<tokio[84480eba77d0c788]::park::either::Either<tokio[84480eba77d0c788]::time::driver::Driver<tokio[84480eba77d0c788]::park::either::Either<tokio[84480eba77d0c788]::io::driver::Driver, tokio[84480eba77d0c788]::park::thread::ParkThread>>, tokio[84480eba77d0c788]::park::either::Either<tokio[84480eba77d0c788]::io::driver::Driver, tokio[84480eba77d0c788]::park::thread::ParkThread>>>>::block_on<async_impl_tests[2fb4020b78b7598b]::async_get_address_txs_mempool::{closure#0}>::{closure#0}, (), tokio[84480eba77d0c788]::park::either::Either<tokio[84480eba77d0c788]::time::driver::Driver<tokio[84480eba77d0c788]::park::either::Either<tokio[84480eba77d0c788]::io::driver::Driver, tokio[84480eba77d0c788]::park::thread::ParkThread>>, tokio[84480eba77d0c788]::park::either::Either<tokio[84480eba77d0c788]::io::driver::Driver, tokio[84480eba77d0c788]::park::thread::ParkThread>>>
[INFO] [stdout]   15:     0x6429dec7632d - tokio[84480eba77d0c788]::runtime::context::enter::<<tokio[84480eba77d0c788]::runtime::Runtime>::block_on<async_impl_tests[2fb4020b78b7598b]::async_get_address_txs_mempool::{closure#0}>::{closure#0}, ()>
[INFO] [stdout]   16:     0x6429dec7e4fb - <async_impl_tests[2fb4020b78b7598b]::async_get_address_txs_mempool::{closure#0} as core[a373ad73a504971]::ops::function::FnOnce<()>>::call_once
[INFO] [stdout]   17:     0x6429dec87a6b - test[aada8e7e76ba119b]::__rust_begin_short_backtrace::<core[a373ad73a504971]::result::Result<(), alloc[2e1b2a31b91974c5]::string::String>, fn() -> core[a373ad73a504971]::result::Result<(), alloc[2e1b2a31b91974c5]::string::String>>
[INFO] [stdout]   18:     0x6429dec94c45 - test[aada8e7e76ba119b]::run_test::{closure#0}
[INFO] [stdout]   19:     0x6429dec8e534 - std[617be2ca0a6fd877]::sys::backtrace::__rust_begin_short_backtrace::<test[aada8e7e76ba119b]::run_test::{closure#1}, ()>
[INFO] [stdout]   20:     0x6429dec97cd2 - <std[617be2ca0a6fd877]::thread::lifecycle::spawn_unchecked<test[aada8e7e76ba119b]::run_test::{closure#1}, ()>::{closure#1} as core[a373ad73a504971]::ops::function::FnOnce<()>>::call_once::{shim:vtable#0}
[INFO] [stdout]   21:     0x6429dee4f0ef - <std[617be2ca0a6fd877]::sys::thread::unix::Thread>::new::thread_start
[INFO] [stdout]   22:     0x73718b8a6dfa - <unknown>
[INFO] [stdout]   23:     0x73718b93a3d4 - clone
[INFO] [stdout]   24:                0x0 - <unknown>
[INFO] [stdout] 
[INFO] [stdout] ---- async_get_address_utxo stdout ----
[INFO] [stdout] 
[INFO] [stdout] thread 'async_get_address_utxo' (1199) panicked at tests/async_impl_tests.rs:294:5:
[INFO] [stdout] assertion failed: utxo.is_ok()
[INFO] [stdout] stack backtrace:
[INFO] [stdout]    0:     0x6429dee4fc41 - <<std[617be2ca0a6fd877]::sys::backtrace::BacktraceLock>::print::DisplayBacktrace as core[a373ad73a504971]::fmt::Display>::fmt
[INFO] [stdout]    1:     0x6429dee65d8a - core[a373ad73a504971]::fmt::write
[INFO] [stdout]    2:     0x6429dee5440c - <alloc[2e1b2a31b91974c5]::vec::Vec<u8> as core[a373ad73a504971]::io::write::Write>::write_fmt
[INFO] [stdout]    3:     0x6429dee2b056 - std[617be2ca0a6fd877]::panicking::default_hook::{closure#0}
[INFO] [stdout]    4:     0x6429dee47c39 - std[617be2ca0a6fd877]::panicking::default_hook
[INFO] [stdout]    5:     0x6429dec94620 - test[aada8e7e76ba119b]::test_main_inner::{closure#0}
[INFO] [stdout]    6:     0x6429dee47f62 - std[617be2ca0a6fd877]::panicking::panic_with_hook
[INFO] [stdout]    7:     0x6429dee2b134 - std[617be2ca0a6fd877]::panicking::panic_handler::{closure#0}
[INFO] [stdout]    8:     0x6429dee23d39 - std[617be2ca0a6fd877]::sys::backtrace::__rust_end_short_backtrace::<std[617be2ca0a6fd877]::panicking::panic_handler::{closure#0}, !>
[INFO] [stdout]    9:     0x6429dee2befd - __rustc[ea4f61d10b84890b]::rust_begin_unwind
[INFO] [stdout]   10:     0x6429dee664ec - core[a373ad73a504971]::panicking::panic_fmt
[INFO] [stdout]   11:     0x6429dee664b2 - core[a373ad73a504971]::panicking::panic
[INFO] [stdout]   12:     0x6429dec3bedc - async_impl_tests[2fb4020b78b7598b]::async_get_address_utxo::{closure#0}
[INFO] [stdout]   13:     0x6429dec5cfed - <tokio[84480eba77d0c788]::macros::scoped_tls::ScopedKey<tokio[84480eba77d0c788]::runtime::basic_scheduler::Context>>::set::<tokio[84480eba77d0c788]::runtime::basic_scheduler::enter<<tokio[84480eba77d0c788]::runtime::basic_scheduler::BasicScheduler<tokio[84480eba77d0c788]::park::either::Either<tokio[84480eba77d0c788]::time::driver::Driver<tokio[84480eba77d0c788]::park::either::Either<tokio[84480eba77d0c788]::io::driver::Driver, tokio[84480eba77d0c788]::park::thread::ParkThread>>, tokio[84480eba77d0c788]::park::either::Either<tokio[84480eba77d0c788]::io::driver::Driver, tokio[84480eba77d0c788]::park::thread::ParkThread>>>>::block_on<async_impl_tests[2fb4020b78b7598b]::async_get_address_utxo::{closure#0}>::{closure#0}, (), tokio[84480eba77d0c788]::park::either::Either<tokio[84480eba77d0c788]::time::driver::Driver<tokio[84480eba77d0c788]::park::either::Either<tokio[84480eba77d0c788]::io::driver::Driver, tokio[84480eba77d0c788]::park::thread::ParkThread>>, tokio[84480eba77d0c788]::park::either::Either<tokio[84480eba77d0c788]::io::driver::Driver, tokio[84480eba77d0c788]::park::thread::ParkThread>>>::{closure#0}, ()>
[INFO] [stdout]   14:     0x6429dec6bc02 - tokio[84480eba77d0c788]::runtime::basic_scheduler::enter::<<tokio[84480eba77d0c788]::runtime::basic_scheduler::BasicScheduler<tokio[84480eba77d0c788]::park::either::Either<tokio[84480eba77d0c788]::time::driver::Driver<tokio[84480eba77d0c788]::park::either::Either<tokio[84480eba77d0c788]::io::driver::Driver, tokio[84480eba77d0c788]::park::thread::ParkThread>>, tokio[84480eba77d0c788]::park::either::Either<tokio[84480eba77d0c788]::io::driver::Driver, tokio[84480eba77d0c788]::park::thread::ParkThread>>>>::block_on<async_impl_tests[2fb4020b78b7598b]::async_get_address_utxo::{closure#0}>::{closure#0}, (), tokio[84480eba77d0c788]::park::either::Either<tokio[84480eba77d0c788]::time::driver::Driver<tokio[84480eba77d0c788]::park::either::Either<tokio[84480eba77d0c788]::io::driver::Driver, tokio[84480eba77d0c788]::park::thread::ParkThread>>, tokio[84480eba77d0c788]::park::either::Either<tokio[84480eba77d0c788]::io::driver::Driver, tokio[84480eba77d0c788]::park::thread::ParkThread>>>
[INFO] [stdout]   15:     0x6429dec751ad - tokio[84480eba77d0c788]::runtime::context::enter::<<tokio[84480eba77d0c788]::runtime::Runtime>::block_on<async_impl_tests[2fb4020b78b7598b]::async_get_address_utxo::{closure#0}>::{closure#0}, ()>
[INFO] [stdout]   16:     0x6429dec7c90b - <async_impl_tests[2fb4020b78b7598b]::async_get_address_utxo::{closure#0} as core[a373ad73a504971]::ops::function::FnOnce<()>>::call_once
[INFO] [stdout]   17:     0x6429dec87a6b - test[aada8e7e76ba119b]::__rust_begin_short_backtrace::<core[a373ad73a504971]::result::Result<(), alloc[2e1b2a31b91974c5]::string::String>, fn() -> core[a373ad73a504971]::result::Result<(), alloc[2e1b2a31b91974c5]::string::String>>
[INFO] [stdout]   18:     0x6429dec94c45 - test[aada8e7e76ba119b]::run_test::{closure#0}
[INFO] [stdout]   19:     0x6429dec8e534 - std[617be2ca0a6fd877]::sys::backtrace::__rust_begin_short_backtrace::<test[aada8e7e76ba119b]::run_test::{closure#1}, ()>
[INFO] [stdout]   20:     0x6429dec97cd2 - <std[617be2ca0a6fd877]::thread::lifecycle::spawn_unchecked<test[aada8e7e76ba119b]::run_test::{closure#1}, ()>::{closure#1} as core[a373ad73a504971]::ops::function::FnOnce<()>>::call_once::{shim:vtable#0}
[INFO] [stdout]   21:     0x6429dee4f0ef - <std[617be2ca0a6fd877]::sys::thread::unix::Thread>::new::thread_start
[INFO] [stdout]   22:     0x73718b8a6dfa - <unknown>
[INFO] [stdout]   23:     0x73718b93a3d4 - clone
[INFO] [stdout]   24:                0x0 - <unknown>
[INFO] [stdout] 
[INFO] [stdout] ---- async_get_block stdout ----
[INFO] [stdout] 
[INFO] [stdout] thread 'async_get_block' (1203) panicked at tests/async_impl_tests.rs:45:5:
[INFO] [stdout] assertion failed: response.is_ok()
[INFO] [stdout] stack backtrace:
[INFO] [stdout]    0:     0x6429dee4fc41 - <<std[617be2ca0a6fd877]::sys::backtrace::BacktraceLock>::print::DisplayBacktrace as core[a373ad73a504971]::fmt::Display>::fmt
[INFO] [stdout]    1:     0x6429dee65d8a - core[a373ad73a504971]::fmt::write
[INFO] [stdout]    2:     0x6429dee5440c - <alloc[2e1b2a31b91974c5]::vec::Vec<u8> as core[a373ad73a504971]::io::write::Write>::write_fmt
[INFO] [stdout]    3:     0x6429dee2b056 - std[617be2ca0a6fd877]::panicking::default_hook::{closure#0}
[INFO] [stdout]    4:     0x6429dee47c39 - std[617be2ca0a6fd877]::panicking::default_hook
[INFO] [stdout]    5:     0x6429dec94620 - test[aada8e7e76ba119b]::test_main_inner::{closure#0}
[INFO] [stdout]    6:     0x6429dee47f62 - std[617be2ca0a6fd877]::panicking::panic_with_hook
[INFO] [stdout]    7:     0x6429dee2b134 - std[617be2ca0a6fd877]::panicking::panic_handler::{closure#0}
[INFO] [stdout]    8:     0x6429dee23d39 - std[617be2ca0a6fd877]::sys::backtrace::__rust_end_short_backtrace::<std[617be2ca0a6fd877]::panicking::panic_handler::{closure#0}, !>
[INFO] [stdout]    9:     0x6429dee2befd - __rustc[ea4f61d10b84890b]::rust_begin_unwind
[INFO] [stdout]   10:     0x6429dee664ec - core[a373ad73a504971]::panicking::panic_fmt
[INFO] [stdout]   11:     0x6429dee664b2 - core[a373ad73a504971]::panicking::panic
[INFO] [stdout]   12:     0x6429dec370d4 - async_impl_tests[2fb4020b78b7598b]::async_get_block::{closure#0}
[INFO] [stdout]   13:     0x6429dec59c6d - <tokio[84480eba77d0c788]::macros::scoped_tls::ScopedKey<tokio[84480eba77d0c788]::runtime::basic_scheduler::Context>>::set::<tokio[84480eba77d0c788]::runtime::basic_scheduler::enter<<tokio[84480eba77d0c788]::runtime::basic_scheduler::BasicScheduler<tokio[84480eba77d0c788]::park::either::Either<tokio[84480eba77d0c788]::time::driver::Driver<tokio[84480eba77d0c788]::park::either::Either<tokio[84480eba77d0c788]::io::driver::Driver, tokio[84480eba77d0c788]::park::thread::ParkThread>>, tokio[84480eba77d0c788]::park::either::Either<tokio[84480eba77d0c788]::io::driver::Driver, tokio[84480eba77d0c788]::park::thread::ParkThread>>>>::block_on<async_impl_tests[2fb4020b78b7598b]::async_get_block::{closure#0}>::{closure#0}, (), tokio[84480eba77d0c788]::park::either::Either<tokio[84480eba77d0c788]::time::driver::Driver<tokio[84480eba77d0c788]::park::either::Either<tokio[84480eba77d0c788]::io::driver::Driver, tokio[84480eba77d0c788]::park::thread::ParkThread>>, tokio[84480eba77d0c788]::park::either::Either<tokio[84480eba77d0c788]::io::driver::Driver, tokio[84480eba77d0c788]::park::thread::ParkThread>>>::{closure#0}, ()>
[INFO] [stdout]   14:     0x6429dec6af42 - tokio[84480eba77d0c788]::runtime::basic_scheduler::enter::<<tokio[84480eba77d0c788]::runtime::basic_scheduler::BasicScheduler<tokio[84480eba77d0c788]::park::either::Either<tokio[84480eba77d0c788]::time::driver::Driver<tokio[84480eba77d0c788]::park::either::Either<tokio[84480eba77d0c788]::io::driver::Driver, tokio[84480eba77d0c788]::park::thread::ParkThread>>, tokio[84480eba77d0c788]::park::either::Either<tokio[84480eba77d0c788]::io::driver::Driver, tokio[84480eba77d0c788]::park::thread::ParkThread>>>>::block_on<async_impl_tests[2fb4020b78b7598b]::async_get_block::{closure#0}>::{closure#0}, (), tokio[84480eba77d0c788]::park::either::Either<tokio[84480eba77d0c788]::time::driver::Driver<tokio[84480eba77d0c788]::park::either::Either<tokio[84480eba77d0c788]::io::driver::Driver, tokio[84480eba77d0c788]::park::thread::ParkThread>>, tokio[84480eba77d0c788]::park::either::Either<tokio[84480eba77d0c788]::io::driver::Driver, tokio[84480eba77d0c788]::park::thread::ParkThread>>>
[INFO] [stdout]   15:     0x6429dec742ad - tokio[84480eba77d0c788]::runtime::context::enter::<<tokio[84480eba77d0c788]::runtime::Runtime>::block_on<async_impl_tests[2fb4020b78b7598b]::async_get_block::{closure#0}>::{closure#0}, ()>
[INFO] [stdout]   16:     0x6429dec7b1cb - <async_impl_tests[2fb4020b78b7598b]::async_get_block::{closure#0} as core[a373ad73a504971]::ops::function::FnOnce<()>>::call_once
[INFO] [stdout]   17:     0x6429dec87a6b - test[aada8e7e76ba119b]::__rust_begin_short_backtrace::<core[a373ad73a504971]::result::Result<(), alloc[2e1b2a31b91974c5]::string::String>, fn() -> core[a373ad73a504971]::result::Result<(), alloc[2e1b2a31b91974c5]::string::String>>
[INFO] [stdout]   18:     0x6429dec94c45 - test[aada8e7e76ba119b]::run_test::{closure#0}
[INFO] [stdout]   19:     0x6429dec8e534 - std[617be2ca0a6fd877]::sys::backtrace::__rust_begin_short_backtrace::<test[aada8e7e76ba119b]::run_test::{closure#1}, ()>
[INFO] [stdout]   20:     0x6429dec97cd2 - <std[617be2ca0a6fd877]::thread::lifecycle::spawn_unchecked<test[aada8e7e76ba119b]::run_test::{closure#1}, ()>::{closure#1} as core[a373ad73a504971]::ops::function::FnOnce<()>>::call_once::{shim:vtable#0}
[INFO] [stdout]   21:     0x6429dee4f0ef - <std[617be2ca0a6fd877]::sys::thread::unix::Thread>::new::thread_start
[INFO] [stdout]   22:     0x73718b8a6dfa - <unknown>
[INFO] [stdout]   23:     0x73718b93a3d4 - clone
[INFO] [stdout]   24:                0x0 - <unknown>
[INFO] [stdout] 
[INFO] [stdout] ---- async_get_block_txid_at_index stdout ----
[INFO] [stdout] 
[INFO] [stdout] thread 'async_get_block_txid_at_index' (1207) panicked at tests/async_impl_tests.rs:90:5:
[INFO] [stdout] assertion failed: txid.is_ok()
[INFO] [stdout] stack backtrace:
[INFO] [stdout]    0:     0x6429dee4fc41 - <<std[617be2ca0a6fd877]::sys::backtrace::BacktraceLock>::print::DisplayBacktrace as core[a373ad73a504971]::fmt::Display>::fmt
[INFO] [stdout]    1:     0x6429dee65d8a - core[a373ad73a504971]::fmt::write
[INFO] [stdout]    2:     0x6429dee5440c - <alloc[2e1b2a31b91974c5]::vec::Vec<u8> as core[a373ad73a504971]::io::write::Write>::write_fmt
[INFO] [stdout]    3:     0x6429dee2b056 - std[617be2ca0a6fd877]::panicking::default_hook::{closure#0}
[INFO] [stdout]    4:     0x6429dee47c39 - std[617be2ca0a6fd877]::panicking::default_hook
[INFO] [stdout]    5:     0x6429dec94620 - test[aada8e7e76ba119b]::test_main_inner::{closure#0}
[INFO] [stdout]    6:     0x6429dee47f62 - std[617be2ca0a6fd877]::panicking::panic_with_hook
[INFO] [stdout]    7:     0x6429dee2b134 - std[617be2ca0a6fd877]::panicking::panic_handler::{closure#0}
[INFO] [stdout]    8:     0x6429dee23d39 - std[617be2ca0a6fd877]::sys::backtrace::__rust_end_short_backtrace::<std[617be2ca0a6fd877]::panicking::panic_handler::{closure#0}, !>
[INFO] [stdout]    9:     0x6429dee2befd - __rustc[ea4f61d10b84890b]::rust_begin_unwind
[INFO] [stdout]   10:     0x6429dee664ec - core[a373ad73a504971]::panicking::panic_fmt
[INFO] [stdout]   11:     0x6429dee664b2 - core[a373ad73a504971]::panicking::panic
[INFO] [stdout]   12:     0x6429dec415c7 - async_impl_tests[2fb4020b78b7598b]::async_get_block_txid_at_index::{closure#0}
[INFO] [stdout]   13:     0x6429dec60ebd - <tokio[84480eba77d0c788]::macros::scoped_tls::ScopedKey<tokio[84480eba77d0c788]::runtime::basic_scheduler::Context>>::set::<tokio[84480eba77d0c788]::runtime::basic_scheduler::enter<<tokio[84480eba77d0c788]::runtime::basic_scheduler::BasicScheduler<tokio[84480eba77d0c788]::park::either::Either<tokio[84480eba77d0c788]::time::driver::Driver<tokio[84480eba77d0c788]::park::either::Either<tokio[84480eba77d0c788]::io::driver::Driver, tokio[84480eba77d0c788]::park::thread::ParkThread>>, tokio[84480eba77d0c788]::park::either::Either<tokio[84480eba77d0c788]::io::driver::Driver, tokio[84480eba77d0c788]::park::thread::ParkThread>>>>::block_on<async_impl_tests[2fb4020b78b7598b]::async_get_block_txid_at_index::{closure#0}>::{closure#0}, (), tokio[84480eba77d0c788]::park::either::Either<tokio[84480eba77d0c788]::time::driver::Driver<tokio[84480eba77d0c788]::park::either::Either<tokio[84480eba77d0c788]::io::driver::Driver, tokio[84480eba77d0c788]::park::thread::ParkThread>>, tokio[84480eba77d0c788]::park::either::Either<tokio[84480eba77d0c788]::io::driver::Driver, tokio[84480eba77d0c788]::park::thread::ParkThread>>>::{closure#0}, ()>
[INFO] [stdout]   14:     0x6429dec6cbf2 - tokio[84480eba77d0c788]::runtime::basic_scheduler::enter::<<tokio[84480eba77d0c788]::runtime::basic_scheduler::BasicScheduler<tokio[84480eba77d0c788]::park::either::Either<tokio[84480eba77d0c788]::time::driver::Driver<tokio[84480eba77d0c788]::park::either::Either<tokio[84480eba77d0c788]::io::driver::Driver, tokio[84480eba77d0c788]::park::thread::ParkThread>>, tokio[84480eba77d0c788]::park::either::Either<tokio[84480eba77d0c788]::io::driver::Driver, tokio[84480eba77d0c788]::park::thread::ParkThread>>>>::block_on<async_impl_tests[2fb4020b78b7598b]::async_get_block_txid_at_index::{closure#0}>::{closure#0}, (), tokio[84480eba77d0c788]::park::either::Either<tokio[84480eba77d0c788]::time::driver::Driver<tokio[84480eba77d0c788]::park::either::Either<tokio[84480eba77d0c788]::io::driver::Driver, tokio[84480eba77d0c788]::park::thread::ParkThread>>, tokio[84480eba77d0c788]::park::either::Either<tokio[84480eba77d0c788]::io::driver::Driver, tokio[84480eba77d0c788]::park::thread::ParkThread>>>
[INFO] [stdout]   15:     0x6429dec7646d - tokio[84480eba77d0c788]::runtime::context::enter::<<tokio[84480eba77d0c788]::runtime::Runtime>::block_on<async_impl_tests[2fb4020b78b7598b]::async_get_block_txid_at_index::{closure#0}>::{closure#0}, ()>
[INFO] [stdout]   16:     0x6429dec7e6eb - <async_impl_tests[2fb4020b78b7598b]::async_get_block_txid_at_index::{closure#0} as core[a373ad73a504971]::ops::function::FnOnce<()>>::call_once
[INFO] [stdout]   17:     0x6429dec87a6b - test[aada8e7e76ba119b]::__rust_begin_short_backtrace::<core[a373ad73a504971]::result::Result<(), alloc[2e1b2a31b91974c5]::string::String>, fn() -> core[a373ad73a504971]::result::Result<(), alloc[2e1b2a31b91974c5]::string::String>>
[INFO] [stdout]   18:     0x6429dec94c45 - test[aada8e7e76ba119b]::run_test::{closure#0}
[INFO] [stdout]   19:     0x6429dec8e534 - std[617be2ca0a6fd877]::sys::backtrace::__rust_begin_short_backtrace::<test[aada8e7e76ba119b]::run_test::{closure#1}, ()>
[INFO] [stdout]   20:     0x6429dec97cd2 - <std[617be2ca0a6fd877]::thread::lifecycle::spawn_unchecked<test[aada8e7e76ba119b]::run_test::{closure#1}, ()>::{closure#1} as core[a373ad73a504971]::ops::function::FnOnce<()>>::call_once::{shim:vtable#0}
[INFO] [stdout]   21:     0x6429dee4f0ef - <std[617be2ca0a6fd877]::sys::thread::unix::Thread>::new::thread_start
[INFO] [stdout]   22:     0x73718b8a6dfa - <unknown>
[INFO] [stdout]   23:     0x73718b93a3d4 - clone
[INFO] [stdout]   24:                0x0 - <unknown>
[INFO] [stdout] 
[INFO] [stdout] ---- async_get_block_raw_format stdout ----
[INFO] [stdout] 
[INFO] [stdout] thread 'async_get_block_raw_format' (1205) panicked at tests/async_impl_tests.rs:99:5:
[INFO] [stdout] assertion `left == right` failed
[INFO] [stdout]   left: true
[INFO] [stdout]  right: false
[INFO] [stdout] stack backtrace:
[INFO] [stdout]    0:     0x6429dee4fc41 - <<std[617be2ca0a6fd877]::sys::backtrace::BacktraceLock>::print::DisplayBacktrace as core[a373ad73a504971]::fmt::Display>::fmt
[INFO] [stdout]    1:     0x6429dee65d8a - core[a373ad73a504971]::fmt::write
[INFO] [stdout]    2:     0x6429dee5440c - <alloc[2e1b2a31b91974c5]::vec::Vec<u8> as core[a373ad73a504971]::io::write::Write>::write_fmt
[INFO] [stdout]    3:     0x6429dee2b056 - std[617be2ca0a6fd877]::panicking::default_hook::{closure#0}
[INFO] [stdout]    4:     0x6429dee47c39 - std[617be2ca0a6fd877]::panicking::default_hook
[INFO] [stdout]    5:     0x6429dec94620 - test[aada8e7e76ba119b]::test_main_inner::{closure#0}
[INFO] [stdout]    6:     0x6429dee47f62 - std[617be2ca0a6fd877]::panicking::panic_with_hook
[INFO] [stdout]    7:     0x6429dee2b102 - std[617be2ca0a6fd877]::panicking::panic_handler::{closure#0}
[INFO] [stdout]    8:     0x6429dee23d39 - std[617be2ca0a6fd877]::sys::backtrace::__rust_end_short_backtrace::<std[617be2ca0a6fd877]::panicking::panic_handler::{closure#0}, !>
[INFO] [stdout]    9:     0x6429dee2befd - __rustc[ea4f61d10b84890b]::rust_begin_unwind
[INFO] [stdout]   10:     0x6429dee664ec - core[a373ad73a504971]::panicking::panic_fmt
[INFO] [stdout]   11:     0x6429dee66403 - core[a373ad73a504971]::panicking::assert_failed_inner
[INFO] [stdout]   12:     0x6429dec8361c - core[a373ad73a504971]::panicking::assert_failed::<bool, bool>
[INFO] [stdout]   13:     0x6429dec3fa43 - async_impl_tests[2fb4020b78b7598b]::async_get_block_raw_format::{closure#0}
[INFO] [stdout]   14:     0x6429dec5f9cd - <tokio[84480eba77d0c788]::macros::scoped_tls::ScopedKey<tokio[84480eba77d0c788]::runtime::basic_scheduler::Context>>::set::<tokio[84480eba77d0c788]::runtime::basic_scheduler::enter<<tokio[84480eba77d0c788]::runtime::basic_scheduler::BasicScheduler<tokio[84480eba77d0c788]::park::either::Either<tokio[84480eba77d0c788]::time::driver::Driver<tokio[84480eba77d0c788]::park::either::Either<tokio[84480eba77d0c788]::io::driver::Driver, tokio[84480eba77d0c788]::park::thread::ParkThread>>, tokio[84480eba77d0c788]::park::either::Either<tokio[84480eba77d0c788]::io::driver::Driver, tokio[84480eba77d0c788]::park::thread::ParkThread>>>>::block_on<async_impl_tests[2fb4020b78b7598b]::async_get_block_raw_format::{closure#0}>::{closure#0}, (), tokio[84480eba77d0c788]::park::either::Either<tokio[84480eba77d0c788]::time::driver::Driver<tokio[84480eba77d0c788]::park::either::Either<tokio[84480eba77d0c788]::io::driver::Driver, tokio[84480eba77d0c788]::park::thread::ParkThread>>, tokio[84480eba77d0c788]::park::either::Either<tokio[84480eba77d0c788]::io::driver::Driver, tokio[84480eba77d0c788]::park::thread::ParkThread>>>::{closure#0}, ()>
[INFO] [stdout]   15:     0x6429dec6c6a2 - tokio[84480eba77d0c788]::runtime::basic_scheduler::enter::<<tokio[84480eba77d0c788]::runtime::basic_scheduler::BasicScheduler<tokio[84480eba77d0c788]::park::either::Either<tokio[84480eba77d0c788]::time::driver::Driver<tokio[84480eba77d0c788]::park::either::Either<tokio[84480eba77d0c788]::io::driver::Driver, tokio[84480eba77d0c788]::park::thread::ParkThread>>, tokio[84480eba77d0c788]::park::either::Either<tokio[84480eba77d0c788]::io::driver::Driver, tokio[84480eba77d0c788]::park::thread::ParkThread>>>>::block_on<async_impl_tests[2fb4020b78b7598b]::async_get_block_raw_format::{closure#0}>::{closure#0}, (), tokio[84480eba77d0c788]::park::either::Either<tokio[84480eba77d0c788]::time::driver::Driver<tokio[84480eba77d0c788]::park::either::Either<tokio[84480eba77d0c788]::io::driver::Driver, tokio[84480eba77d0c788]::park::thread::ParkThread>>, tokio[84480eba77d0c788]::park::either::Either<tokio[84480eba77d0c788]::io::driver::Driver, tokio[84480eba77d0c788]::park::thread::ParkThread>>>
[INFO] [stdout]   16:     0x6429dec75e2d - tokio[84480eba77d0c788]::runtime::context::enter::<<tokio[84480eba77d0c788]::runtime::Runtime>::block_on<async_impl_tests[2fb4020b78b7598b]::async_get_block_raw_format::{closure#0}>::{closure#0}, ()>
[INFO] [stdout]   17:     0x6429dec7dd3b - <async_impl_tests[2fb4020b78b7598b]::async_get_block_raw_format::{closure#0} as core[a373ad73a504971]::ops::function::FnOnce<()>>::call_once
[INFO] [stdout]   18:     0x6429dec87a6b - test[aada8e7e76ba119b]::__rust_begin_short_backtrace::<core[a373ad73a504971]::result::Result<(), alloc[2e1b2a31b91974c5]::string::String>, fn() -> core[a373ad73a504971]::result::Result<(), alloc[2e1b2a31b91974c5]::string::String>>
[INFO] [stdout]   19:     0x6429dec94c45 - test[aada8e7e76ba119b]::run_test::{closure#0}
[INFO] [stdout]   20:     0x6429dec8e534 - std[617be2ca0a6fd877]::sys::backtrace::__rust_begin_short_backtrace::<test[aada8e7e76ba119b]::run_test::{closure#1}, ()>
[INFO] [stdout]   21:     0x6429dec97cd2 - <std[617be2ca0a6fd877]::thread::lifecycle::spawn_unchecked<test[aada8e7e76ba119b]::run_test::{closure#1}, ()>::{closure#1} as core[a373ad73a504971]::ops::function::FnOnce<()>>::call_once::{shim:vtable#0}
[INFO] [stdout]   22:     0x6429dee4f0ef - <std[617be2ca0a6fd877]::sys::thread::unix::Thread>::new::thread_start
[INFO] [stdout]   23:     0x73718b8a6dfa - <unknown>
[INFO] [stdout]   24:     0x73718b93a3d4 - clone
[INFO] [stdout]   25:                0x0 - <unknown>
[INFO] [stdout] 
[INFO] [stdout] ---- async_get_block_height stdout ----
[INFO] [stdout] 
[INFO] [stdout] thread 'async_get_block_height' (1204) panicked at tests/async_impl_tests.rs:104:60:
[INFO] [stdout] called `Result::unwrap()` on an `Err` value: reqwest::Error { kind: Request, url: Url { scheme: "https", cannot_be_a_base: false, username: "", password: None, host: Some(Domain("blockstream.info")), port: None, path: "/testnet/api//block-height/424242", query: None, fragment: None }, source: hyper::Error(Connect, ConnectError("dns error", Custom { kind: Uncategorized, error: "failed to lookup address information: Temporary failure in name resolution" })) }
[INFO] [stdout] stack backtrace:
[INFO] [stdout]    0:     0x6429dee4fc41 - <<std[617be2ca0a6fd877]::sys::backtrace::BacktraceLock>::print::DisplayBacktrace as core[a373ad73a504971]::fmt::Display>::fmt
[INFO] [stdout]    1:     0x6429dee65d8a - core[a373ad73a504971]::fmt::write
[INFO] [stdout]    2:     0x6429dee5440c - <alloc[2e1b2a31b91974c5]::vec::Vec<u8> as core[a373ad73a504971]::io::write::Write>::write_fmt
[INFO] [stdout]    3:     0x6429dee2b056 - std[617be2ca0a6fd877]::panicking::default_hook::{closure#0}
[INFO] [stdout]    4:     0x6429dee47c39 - std[617be2ca0a6fd877]::panicking::default_hook
[INFO] [stdout]    5:     0x6429dec94620 - test[aada8e7e76ba119b]::test_main_inner::{closure#0}
[INFO] [stdout]    6:     0x6429dee47f62 - std[617be2ca0a6fd877]::panicking::panic_with_hook
[INFO] [stdout]    7:     0x6429dee2b102 - std[617be2ca0a6fd877]::panicking::panic_handler::{closure#0}
[INFO] [stdout]    8:     0x6429dee23d39 - std[617be2ca0a6fd877]::sys::backtrace::__rust_end_short_backtrace::<std[617be2ca0a6fd877]::panicking::panic_handler::{closure#0}, !>
[INFO] [stdout]    9:     0x6429dee2befd - __rustc[ea4f61d10b84890b]::rust_begin_unwind
[INFO] [stdout]   10:     0x6429dee664ec - core[a373ad73a504971]::panicking::panic_fmt
[INFO] [stdout]   11:     0x6429dee662c2 - core[a373ad73a504971]::result::unwrap_failed
[INFO] [stdout]   12:     0x6429dec3c502 - async_impl_tests[2fb4020b78b7598b]::async_get_block_height::{closure#0}
[INFO] [stdout]   13:     0x6429dec5d41d - <tokio[84480eba77d0c788]::macros::scoped_tls::ScopedKey<tokio[84480eba77d0c788]::runtime::basic_scheduler::Context>>::set::<tokio[84480eba77d0c788]::runtime::basic_scheduler::enter<<tokio[84480eba77d0c788]::runtime::basic_scheduler::BasicScheduler<tokio[84480eba77d0c788]::park::either::Either<tokio[84480eba77d0c788]::time::driver::Driver<tokio[84480eba77d0c788]::park::either::Either<tokio[84480eba77d0c788]::io::driver::Driver, tokio[84480eba77d0c788]::park::thread::ParkThread>>, tokio[84480eba77d0c788]::park::either::Either<tokio[84480eba77d0c788]::io::driver::Driver, tokio[84480eba77d0c788]::park::thread::ParkThread>>>>::block_on<async_impl_tests[2fb4020b78b7598b]::async_get_block_height::{closure#0}>::{closure#0}, (), tokio[84480eba77d0c788]::park::either::Either<tokio[84480eba77d0c788]::time::driver::Driver<tokio[84480eba77d0c788]::park::either::Either<tokio[84480eba77d0c788]::io::driver::Driver, tokio[84480eba77d0c788]::park::thread::ParkThread>>, tokio[84480eba77d0c788]::park::either::Either<tokio[84480eba77d0c788]::io::driver::Driver, tokio[84480eba77d0c788]::park::thread::ParkThread>>>::{closure#0}, ()>
[INFO] [stdout]   14:     0x6429dec6bd12 - tokio[84480eba77d0c788]::runtime::basic_scheduler::enter::<<tokio[84480eba77d0c788]::runtime::basic_scheduler::BasicScheduler<tokio[84480eba77d0c788]::park::either::Either<tokio[84480eba77d0c788]::time::driver::Driver<tokio[84480eba77d0c788]::park::either::Either<tokio[84480eba77d0c788]::io::driver::Driver, tokio[84480eba77d0c788]::park::thread::ParkThread>>, tokio[84480eba77d0c788]::park::either::Either<tokio[84480eba77d0c788]::io::driver::Driver, tokio[84480eba77d0c788]::park::thread::ParkThread>>>>::block_on<async_impl_tests[2fb4020b78b7598b]::async_get_block_height::{closure#0}>::{closure#0}, (), tokio[84480eba77d0c788]::park::either::Either<tokio[84480eba77d0c788]::time::driver::Driver<tokio[84480eba77d0c788]::park::either::Either<tokio[84480eba77d0c788]::io::driver::Driver, tokio[84480eba77d0c788]::park::thread::ParkThread>>, tokio[84480eba77d0c788]::park::either::Either<tokio[84480eba77d0c788]::io::driver::Driver, tokio[84480eba77d0c788]::park::thread::ParkThread>>>
[INFO] [stdout]   15:     0x6429dec752ed - tokio[84480eba77d0c788]::runtime::context::enter::<<tokio[84480eba77d0c788]::runtime::Runtime>::block_on<async_impl_tests[2fb4020b78b7598b]::async_get_block_height::{closure#0}>::{closure#0}, ()>
[INFO] [stdout]   16:     0x6429dec7cafb - <async_impl_tests[2fb4020b78b7598b]::async_get_block_height::{closure#0} as core[a373ad73a504971]::ops::function::FnOnce<()>>::call_once
[INFO] [stdout]   17:     0x6429dec87a6b - test[aada8e7e76ba119b]::__rust_begin_short_backtrace::<core[a373ad73a504971]::result::Result<(), alloc[2e1b2a31b91974c5]::string::String>, fn() -> core[a373ad73a504971]::result::Result<(), alloc[2e1b2a31b91974c5]::string::String>>
[INFO] [stdout]   18:     0x6429dec94c45 - test[aada8e7e76ba119b]::run_test::{closure#0}
[INFO] [stdout]   19:     0x6429dec8e534 - std[617be2ca0a6fd877]::sys::backtrace::__rust_begin_short_backtrace::<test[aada8e7e76ba119b]::run_test::{closure#1}, ()>
[INFO] [stdout]   20:     0x6429dec97cd2 - <std[617be2ca0a6fd877]::thread::lifecycle::spawn_unchecked<test[aada8e7e76ba119b]::run_test::{closure#1}, ()>::{closure#1} as core[a373ad73a504971]::ops::function::FnOnce<()>>::call_once::{shim:vtable#0}
[INFO] [stdout]   21:     0x6429dee4f0ef - <std[617be2ca0a6fd877]::sys::thread::unix::Thread>::new::thread_start
[INFO] [stdout]   22:     0x73718b8a6dfa - <unknown>
[INFO] [stdout]   23:     0x73718b93a3d4 - clone
[INFO] [stdout]   24:                0x0 - <unknown>
[INFO] [stdout] 
[INFO] [stdout] ---- async_get_block_txids stdout ----
[INFO] [stdout] 
[INFO] [stdout] thread 'async_get_block_txids' (1209) panicked at tests/async_impl_tests.rs:79:5:
[INFO] [stdout] assertion failed: txids_list.is_ok()
[INFO] [stdout] stack backtrace:
[INFO] [stdout]    0:     0x6429dee4fc41 - <<std[617be2ca0a6fd877]::sys::backtrace::BacktraceLock>::print::DisplayBacktrace as core[a373ad73a504971]::fmt::Display>::fmt
[INFO] [stdout]    1:     0x6429dee65d8a - core[a373ad73a504971]::fmt::write
[INFO] [stdout]    2:     0x6429dee5440c - <alloc[2e1b2a31b91974c5]::vec::Vec<u8> as core[a373ad73a504971]::io::write::Write>::write_fmt
[INFO] [stdout]    3:     0x6429dee2b056 - std[617be2ca0a6fd877]::panicking::default_hook::{closure#0}
[INFO] [stdout]    4:     0x6429dee47c39 - std[617be2ca0a6fd877]::panicking::default_hook
[INFO] [stdout]    5:     0x6429dec94620 - test[aada8e7e76ba119b]::test_main_inner::{closure#0}
[INFO] [stdout]    6:     0x6429dee47f62 - std[617be2ca0a6fd877]::panicking::panic_with_hook
[INFO] [stdout]    7:     0x6429dee2b134 - std[617be2ca0a6fd877]::panicking::panic_handler::{closure#0}
[INFO] [stdout]    8:     0x6429dee23d39 - std[617be2ca0a6fd877]::sys::backtrace::__rust_end_short_backtrace::<std[617be2ca0a6fd877]::panicking::panic_handler::{closure#0}, !>
[INFO] [stdout]    9:     0x6429dee2befd - __rustc[ea4f61d10b84890b]::rust_begin_unwind
[INFO] [stdout]   10:     0x6429dee664ec - core[a373ad73a504971]::panicking::panic_fmt
[INFO] [stdout]   11:     0x6429dee664b2 - core[a373ad73a504971]::panicking::panic
[INFO] [stdout]   12:     0x6429dec3aa0c - async_impl_tests[2fb4020b78b7598b]::async_get_block_txids::{closure#0}
[INFO] [stdout]   13:     0x6429dec5c35d - <tokio[84480eba77d0c788]::macros::scoped_tls::ScopedKey<tokio[84480eba77d0c788]::runtime::basic_scheduler::Context>>::set::<tokio[84480eba77d0c788]::runtime::basic_scheduler::enter<<tokio[84480eba77d0c788]::runtime::basic_scheduler::BasicScheduler<tokio[84480eba77d0c788]::park::either::Either<tokio[84480eba77d0c788]::time::driver::Driver<tokio[84480eba77d0c788]::park::either::Either<tokio[84480eba77d0c788]::io::driver::Driver, tokio[84480eba77d0c788]::park::thread::ParkThread>>, tokio[84480eba77d0c788]::park::either::Either<tokio[84480eba77d0c788]::io::driver::Driver, tokio[84480eba77d0c788]::park::thread::ParkThread>>>>::block_on<async_impl_tests[2fb4020b78b7598b]::async_get_block_txids::{closure#0}>::{closure#0}, (), tokio[84480eba77d0c788]::park::either::Either<tokio[84480eba77d0c788]::time::driver::Driver<tokio[84480eba77d0c788]::park::either::Either<tokio[84480eba77d0c788]::io::driver::Driver, tokio[84480eba77d0c788]::park::thread::ParkThread>>, tokio[84480eba77d0c788]::park::either::Either<tokio[84480eba77d0c788]::io::driver::Driver, tokio[84480eba77d0c788]::park::thread::ParkThread>>>::{closure#0}, ()>
[INFO] [stdout]   14:     0x6429dec6b8d2 - tokio[84480eba77d0c788]::runtime::basic_scheduler::enter::<<tokio[84480eba77d0c788]::runtime::basic_scheduler::BasicScheduler<tokio[84480eba77d0c788]::park::either::Either<tokio[84480eba77d0c788]::time::driver::Driver<tokio[84480eba77d0c788]::park::either::Either<tokio[84480eba77d0c788]::io::driver::Driver, tokio[84480eba77d0c788]::park::thread::ParkThread>>, tokio[84480eba77d0c788]::park::either::Either<tokio[84480eba77d0c788]::io::driver::Driver, tokio[84480eba77d0c788]::park::thread::ParkThread>>>>::block_on<async_impl_tests[2fb4020b78b7598b]::async_get_block_txids::{closure#0}>::{closure#0}, (), tokio[84480eba77d0c788]::park::either::Either<tokio[84480eba77d0c788]::time::driver::Driver<tokio[84480eba77d0c788]::park::either::Either<tokio[84480eba77d0c788]::io::driver::Driver, tokio[84480eba77d0c788]::park::thread::ParkThread>>, tokio[84480eba77d0c788]::park::either::Either<tokio[84480eba77d0c788]::io::driver::Driver, tokio[84480eba77d0c788]::park::thread::ParkThread>>>
[INFO] [stdout]   15:     0x6429dec74ded - tokio[84480eba77d0c788]::runtime::context::enter::<<tokio[84480eba77d0c788]::runtime::Runtime>::block_on<async_impl_tests[2fb4020b78b7598b]::async_get_block_txids::{closure#0}>::{closure#0}, ()>
[INFO] [stdout]   16:     0x6429dec7c33b - <async_impl_tests[2fb4020b78b7598b]::async_get_block_txids::{closure#0} as core[a373ad73a504971]::ops::function::FnOnce<()>>::call_once
[INFO] [stdout]   17:     0x6429dec87a6b - test[aada8e7e76ba119b]::__rust_begin_short_backtrace::<core[a373ad73a504971]::result::Result<(), alloc[2e1b2a31b91974c5]::string::String>, fn() -> core[a373ad73a504971]::result::Result<(), alloc[2e1b2a31b91974c5]::string::String>>
[INFO] [stdout]   18:     0x6429dec94c45 - test[aada8e7e76ba119b]::run_test::{closure#0}
[INFO] [stdout]   19:     0x6429dec8e534 - std[617be2ca0a6fd877]::sys::backtrace::__rust_begin_short_backtrace::<test[aada8e7e76ba119b]::run_test::{closure#1}, ()>
[INFO] [stdout]   20:     0x6429dec97cd2 - <std[617be2ca0a6fd877]::thread::lifecycle::spawn_unchecked<test[aada8e7e76ba119b]::run_test::{closure#1}, ()>::{closure#1} as core[a373ad73a504971]::ops::function::FnOnce<()>>::call_once::{shim:vtable#0}
[INFO] [stdout]   21:     0x6429dee4f0ef - <std[617be2ca0a6fd877]::sys::thread::unix::Thread>::new::thread_start
[INFO] [stdout]   22:     0x73718b8a6dfa - <unknown>
[INFO] [stdout]   23:     0x73718b93a3d4 - clone
[INFO] [stdout]   24:                0x0 - <unknown>
[INFO] [stdout] 
[INFO] [stdout] ---- async_get_block_txs_with_and_without_index stdout ----
[INFO] [stdout] 
[INFO] [stdout] thread 'async_get_block_txs_with_and_without_index' (1212) panicked at tests/async_impl_tests.rs:70:5:
[INFO] [stdout] assertion failed: first_txs_index.is_ok()
[INFO] [stdout] stack backtrace:
[INFO] [stdout]    0:     0x6429dee4fc41 - <<std[617be2ca0a6fd877]::sys::backtrace::BacktraceLock>::print::DisplayBacktrace as core[a373ad73a504971]::fmt::Display>::fmt
[INFO] [stdout]    1:     0x6429dee65d8a - core[a373ad73a504971]::fmt::write
[INFO] [stdout]    2:     0x6429dee5440c - <alloc[2e1b2a31b91974c5]::vec::Vec<u8> as core[a373ad73a504971]::io::write::Write>::write_fmt
[INFO] [stdout]    3:     0x6429dee2b056 - std[617be2ca0a6fd877]::panicking::default_hook::{closure#0}
[INFO] [stdout]    4:     0x6429dee47c39 - std[617be2ca0a6fd877]::panicking::default_hook
[INFO] [stdout]    5:     0x6429dec94620 - test[aada8e7e76ba119b]::test_main_inner::{closure#0}
[INFO] [stdout]    6:     0x6429dee47f62 - std[617be2ca0a6fd877]::panicking::panic_with_hook
[INFO] [stdout]    7:     0x6429dee2b134 - std[617be2ca0a6fd877]::panicking::panic_handler::{closure#0}
[INFO] [stdout]    8:     0x6429dee23d39 - std[617be2ca0a6fd877]::sys::backtrace::__rust_end_short_backtrace::<std[617be2ca0a6fd877]::panicking::panic_handler::{closure#0}, !>
[INFO] [stdout]    9:     0x6429dee2befd - __rustc[ea4f61d10b84890b]::rust_begin_unwind
[INFO] [stdout]   10:     0x6429dee664ec - core[a373ad73a504971]::panicking::panic_fmt
[INFO] [stdout]   11:     0x6429dee664b2 - core[a373ad73a504971]::panicking::panic
[INFO] [stdout]   12:     0x6429dec42926 - async_impl_tests[2fb4020b78b7598b]::async_get_block_txs_with_and_without_index::{closure#0}
[INFO] [stdout]   13:     0x6429dec61f7d - <tokio[84480eba77d0c788]::macros::scoped_tls::ScopedKey<tokio[84480eba77d0c788]::runtime::basic_scheduler::Context>>::set::<tokio[84480eba77d0c788]::runtime::basic_scheduler::enter<<tokio[84480eba77d0c788]::runtime::basic_scheduler::BasicScheduler<tokio[84480eba77d0c788]::park::either::Either<tokio[84480eba77d0c788]::time::driver::Driver<tokio[84480eba77d0c788]::park::either::Either<tokio[84480eba77d0c788]::io::driver::Driver, tokio[84480eba77d0c788]::park::thread::ParkThread>>, tokio[84480eba77d0c788]::park::either::Either<tokio[84480eba77d0c788]::io::driver::Driver, tokio[84480eba77d0c788]::park::thread::ParkThread>>>>::block_on<async_impl_tests[2fb4020b78b7598b]::async_get_block_txs_with_and_without_index::{closure#0}>::{closure#0}, (), tokio[84480eba77d0c788]::park::either::Either<tokio[84480eba77d0c788]::time::driver::Driver<tokio[84480eba77d0c788]::park::either::Either<tokio[84480eba77d0c788]::io::driver::Driver, tokio[84480eba77d0c788]::park::thread::ParkThread>>, tokio[84480eba77d0c788]::park::either::Either<tokio[84480eba77d0c788]::io::driver::Driver, tokio[84480eba77d0c788]::park::thread::ParkThread>>>::{closure#0}, ()>
[INFO] [stdout]   14:     0x6429dec6d032 - tokio[84480eba77d0c788]::runtime::basic_scheduler::enter::<<tokio[84480eba77d0c788]::runtime::basic_scheduler::BasicScheduler<tokio[84480eba77d0c788]::park::either::Either<tokio[84480eba77d0c788]::time::driver::Driver<tokio[84480eba77d0c788]::park::either::Either<tokio[84480eba77d0c788]::io::driver::Driver, tokio[84480eba77d0c788]::park::thread::ParkThread>>, tokio[84480eba77d0c788]::park::either::Either<tokio[84480eba77d0c788]::io::driver::Driver, tokio[84480eba77d0c788]::park::thread::ParkThread>>>>::block_on<async_impl_tests[2fb4020b78b7598b]::async_get_block_txs_with_and_without_index::{closure#0}>::{closure#0}, (), tokio[84480eba77d0c788]::park::either::Either<tokio[84480eba77d0c788]::time::driver::Driver<tokio[84480eba77d0c788]::park::either::Either<tokio[84480eba77d0c788]::io::driver::Driver, tokio[84480eba77d0c788]::park::thread::ParkThread>>, tokio[84480eba77d0c788]::park::either::Either<tokio[84480eba77d0c788]::io::driver::Driver, tokio[84480eba77d0c788]::park::thread::ParkThread>>>
[INFO] [stdout]   15:     0x6429dec7696d - tokio[84480eba77d0c788]::runtime::context::enter::<<tokio[84480eba77d0c788]::runtime::Runtime>::block_on<async_impl_tests[2fb4020b78b7598b]::async_get_block_txs_with_and_without_index::{closure#0}>::{closure#0}, ()>
[INFO] [stdout]   16:     0x6429dec7f69b - <async_impl_tests[2fb4020b78b7598b]::async_get_block_txs_with_and_without_index::{closure#0} as core[a373ad73a504971]::ops::function::FnOnce<()>>::call_once
[INFO] [stdout]   17:     0x6429dec87a6b - test[aada8e7e76ba119b]::__rust_begin_short_backtrace::<core[a373ad73a504971]::result::Result<(), alloc[2e1b2a31b91974c5]::string::String>, fn() -> core[a373ad73a504971]::result::Result<(), alloc[2e1b2a31b91974c5]::string::String>>
[INFO] [stdout]   18:     0x6429dec94c45 - test[aada8e7e76ba119b]::run_test::{closure#0}
[INFO] [stdout]   19:     0x6429dec8e534 - std[617be2ca0a6fd877]::sys::backtrace::__rust_begin_short_backtrace::<test[aada8e7e76ba119b]::run_test::{closure#1}, ()>
[INFO] [stdout]   20:     0x6429dec97cd2 - <std[617be2ca0a6fd877]::thread::lifecycle::spawn_unchecked<test[aada8e7e76ba119b]::run_test::{closure#1}, ()>::{closure#1} as core[a373ad73a504971]::ops::function::FnOnce<()>>::call_once::{shim:vtable#0}
[INFO] [stdout]   21:     0x6429dee4f0ef - <std[617be2ca0a6fd877]::sys::thread::unix::Thread>::new::thread_start
[INFO] [stdout]   22:     0x73718b8a6dfa - <unknown>
[INFO] [stdout]   23:     0x73718b93a3d4 - clone
[INFO] [stdout]   24:                0x0 - <unknown>
[INFO] [stdout] 
[INFO] [stdout] ---- async_get_blocks_tip_hash stdout ----
[INFO] [stdout] 
[INFO] [stdout] thread 'async_get_blocks_tip_hash' (1215) panicked at tests/async_impl_tests.rs:129:5:
[INFO] [stdout] assertion failed: hash.is_ok()
[INFO] [stdout] stack backtrace:
[INFO] [stdout]    0:     0x6429dee4fc41 - <<std[617be2ca0a6fd877]::sys::backtrace::BacktraceLock>::print::DisplayBacktrace as core[a373ad73a504971]::fmt::Display>::fmt
[INFO] [stdout]    1:     0x6429dee65d8a - core[a373ad73a504971]::fmt::write
[INFO] [stdout]    2:     0x6429dee5440c - <alloc[2e1b2a31b91974c5]::vec::Vec<u8> as core[a373ad73a504971]::io::write::Write>::write_fmt
[INFO] [stdout]    3:     0x6429dee2b056 - std[617be2ca0a6fd877]::panicking::default_hook::{closure#0}
[INFO] [stdout]    4:     0x6429dee47c39 - std[617be2ca0a6fd877]::panicking::default_hook
[INFO] [stdout]    5:     0x6429dec94620 - test[aada8e7e76ba119b]::test_main_inner::{closure#0}
[INFO] [stdout]    6:     0x6429dee47f62 - std[617be2ca0a6fd877]::panicking::panic_with_hook
[INFO] [stdout]    7:     0x6429dee2b134 - std[617be2ca0a6fd877]::panicking::panic_handler::{closure#0}
[INFO] [stdout]    8:     0x6429dee23d39 - std[617be2ca0a6fd877]::sys::backtrace::__rust_end_short_backtrace::<std[617be2ca0a6fd877]::panicking::panic_handler::{closure#0}, !>
[INFO] [stdout]    9:     0x6429dee2befd - __rustc[ea4f61d10b84890b]::rust_begin_unwind
[INFO] [stdout]   10:     0x6429dee664ec - core[a373ad73a504971]::panicking::panic_fmt
[INFO] [stdout]   11:     0x6429dee664b2 - core[a373ad73a504971]::panicking::panic
[INFO] [stdout]   12:     0x6429dec3e84e - async_impl_tests[2fb4020b78b7598b]::async_get_blocks_tip_hash::{closure#0}
[INFO] [stdout]   13:     0x6429dec5ed3d - <tokio[84480eba77d0c788]::macros::scoped_tls::ScopedKey<tokio[84480eba77d0c788]::runtime::basic_scheduler::Context>>::set::<tokio[84480eba77d0c788]::runtime::basic_scheduler::enter<<tokio[84480eba77d0c788]::runtime::basic_scheduler::BasicScheduler<tokio[84480eba77d0c788]::park::either::Either<tokio[84480eba77d0c788]::time::driver::Driver<tokio[84480eba77d0c788]::park::either::Either<tokio[84480eba77d0c788]::io::driver::Driver, tokio[84480eba77d0c788]::park::thread::ParkThread>>, tokio[84480eba77d0c788]::park::either::Either<tokio[84480eba77d0c788]::io::driver::Driver, tokio[84480eba77d0c788]::park::thread::ParkThread>>>>::block_on<async_impl_tests[2fb4020b78b7598b]::async_get_blocks_tip_hash::{closure#0}>::{closure#0}, (), tokio[84480eba77d0c788]::park::either::Either<tokio[84480eba77d0c788]::time::driver::Driver<tokio[84480eba77d0c788]::park::either::Either<tokio[84480eba77d0c788]::io::driver::Driver, tokio[84480eba77d0c788]::park::thread::ParkThread>>, tokio[84480eba77d0c788]::park::either::Either<tokio[84480eba77d0c788]::io::driver::Driver, tokio[84480eba77d0c788]::park::thread::ParkThread>>>::{closure#0}, ()>
[INFO] [stdout]   14:     0x6429dec6c36f - tokio[84480eba77d0c788]::runtime::basic_scheduler::enter::<<tokio[84480eba77d0c788]::runtime::basic_scheduler::BasicScheduler<tokio[84480eba77d0c788]::park::either::Either<tokio[84480eba77d0c788]::time::driver::Driver<tokio[84480eba77d0c788]::park::either::Either<tokio[84480eba77d0c788]::io::driver::Driver, tokio[84480eba77d0c788]::park::thread::ParkThread>>, tokio[84480eba77d0c788]::park::either::Either<tokio[84480eba77d0c788]::io::driver::Driver, tokio[84480eba77d0c788]::park::thread::ParkThread>>>>::block_on<async_impl_tests[2fb4020b78b7598b]::async_get_blocks_tip_hash::{closure#0}>::{closure#0}, (), tokio[84480eba77d0c788]::park::either::Either<tokio[84480eba77d0c788]::time::driver::Driver<tokio[84480eba77d0c788]::park::either::Either<tokio[84480eba77d0c788]::io::driver::Driver, tokio[84480eba77d0c788]::park::thread::ParkThread>>, tokio[84480eba77d0c788]::park::either::Either<tokio[84480eba77d0c788]::io::driver::Driver, tokio[84480eba77d0c788]::park::thread::ParkThread>>>
[INFO] [stdout]   15:     0x6429dec75a6d - tokio[84480eba77d0c788]::runtime::context::enter::<<tokio[84480eba77d0c788]::runtime::Runtime>::block_on<async_impl_tests[2fb4020b78b7598b]::async_get_blocks_tip_hash::{closure#0}>::{closure#0}, ()>
[INFO] [stdout]   16:     0x6429dec7d698 - <async_impl_tests[2fb4020b78b7598b]::async_get_blocks_tip_hash::{closure#0} as core[a373ad73a504971]::ops::function::FnOnce<()>>::call_once
[INFO] [stdout]   17:     0x6429dec87a6b - test[aada8e7e76ba119b]::__rust_begin_short_backtrace::<core[a373ad73a504971]::result::Result<(), alloc[2e1b2a31b91974c5]::string::String>, fn() -> core[a373ad73a504971]::result::Result<(), alloc[2e1b2a31b91974c5]::string::String>>
[INFO] [stdout]   18:     0x6429dec94c45 - test[aada8e7e76ba119b]::run_test::{closure#0}
[INFO] [stdout]   19:     0x6429dec8e534 - std[617be2ca0a6fd877]::sys::backtrace::__rust_begin_short_backtrace::<test[aada8e7e76ba119b]::run_test::{closure#1}, ()>
[INFO] [stdout]   20:     0x6429dec97cd2 - <std[617be2ca0a6fd877]::thread::lifecycle::spawn_unchecked<test[aada8e7e76ba119b]::run_test::{closure#1}, ()>::{closure#1} as core[a373ad73a504971]::ops::function::FnOnce<()>>::call_once::{shim:vtable#0}
[INFO] [stdout]   21:     0x6429dee4f0ef - <std[617be2ca0a6fd877]::sys::thread::unix::Thread>::new::thread_start
[INFO] [stdout]   22:     0x73718b8a6dfa - <unknown>
[INFO] [stdout]   23:     0x73718b93a3d4 - clone
[INFO] [stdout]   24:                0x0 - <unknown>
[INFO] [stdout] 
[INFO] [stdout] ---- async_get_blocks_tip_height stdout ----
[INFO] [stdout] 
[INFO] [stdout] thread 'async_get_blocks_tip_height' (1217) panicked at tests/async_impl_tests.rs:121:5:
[INFO] [stdout] assertion failed: height.is_ok()
[INFO] [stdout] stack backtrace:
[INFO] [stdout]    0:     0x6429dee4fc41 - <<std[617be2ca0a6fd877]::sys::backtrace::BacktraceLock>::print::DisplayBacktrace as core[a373ad73a504971]::fmt::Display>::fmt
[INFO] [stdout]    1:     0x6429dee65d8a - core[a373ad73a504971]::fmt::write
[INFO] [stdout]    2:     0x6429dee5440c - <alloc[2e1b2a31b91974c5]::vec::Vec<u8> as core[a373ad73a504971]::io::write::Write>::write_fmt
[INFO] [stdout]    3:     0x6429dee2b056 - std[617be2ca0a6fd877]::panicking::default_hook::{closure#0}
[INFO] [stdout]    4:     0x6429dee47c39 - std[617be2ca0a6fd877]::panicking::default_hook
[INFO] [stdout]    5:     0x6429dec94620 - test[aada8e7e76ba119b]::test_main_inner::{closure#0}
[INFO] [stdout]    6:     0x6429dee47f62 - std[617be2ca0a6fd877]::panicking::panic_with_hook
[INFO] [stdout]    7:     0x6429dee2b134 - std[617be2ca0a6fd877]::panicking::panic_handler::{closure#0}
[INFO] [stdout]    8:     0x6429dee23d39 - std[617be2ca0a6fd877]::sys::backtrace::__rust_end_short_backtrace::<std[617be2ca0a6fd877]::panicking::panic_handler::{closure#0}, !>
[INFO] [stdout]    9:     0x6429dee2befd - __rustc[ea4f61d10b84890b]::rust_begin_unwind
[INFO] [stdout]   10:     0x6429dee664ec - core[a373ad73a504971]::panicking::panic_fmt
[INFO] [stdout]   11:     0x6429dee664b2 - core[a373ad73a504971]::panicking::panic
[INFO] [stdout]   12:     0x6429dec40aab - async_impl_tests[2fb4020b78b7598b]::async_get_blocks_tip_height::{closure#0}
[INFO] [stdout]   13:     0x6429dec6065d - <tokio[84480eba77d0c788]::macros::scoped_tls::ScopedKey<tokio[84480eba77d0c788]::runtime::basic_scheduler::Context>>::set::<tokio[84480eba77d0c788]::runtime::basic_scheduler::enter<<tokio[84480eba77d0c788]::runtime::basic_scheduler::BasicScheduler<tokio[84480eba77d0c788]::park::either::Either<tokio[84480eba77d0c788]::time::driver::Driver<tokio[84480eba77d0c788]::park::either::Either<tokio[84480eba77d0c788]::io::driver::Driver, tokio[84480eba77d0c788]::park::thread::ParkThread>>, tokio[84480eba77d0c788]::park::either::Either<tokio[84480eba77d0c788]::io::driver::Driver, tokio[84480eba77d0c788]::park::thread::ParkThread>>>>::block_on<async_impl_tests[2fb4020b78b7598b]::async_get_blocks_tip_height::{closure#0}>::{closure#0}, (), tokio[84480eba77d0c788]::park::either::Either<tokio[84480eba77d0c788]::time::driver::Driver<tokio[84480eba77d0c788]::park::either::Either<tokio[84480eba77d0c788]::io::driver::Driver, tokio[84480eba77d0c788]::park::thread::ParkThread>>, tokio[84480eba77d0c788]::park::either::Either<tokio[84480eba77d0c788]::io::driver::Driver, tokio[84480eba77d0c788]::park::thread::ParkThread>>>::{closure#0}, ()>
[INFO] [stdout]   14:     0x6429dec6c9cf - tokio[84480eba77d0c788]::runtime::basic_scheduler::enter::<<tokio[84480eba77d0c788]::runtime::basic_scheduler::BasicScheduler<tokio[84480eba77d0c788]::park::either::Either<tokio[84480eba77d0c788]::time::driver::Driver<tokio[84480eba77d0c788]::park::either::Either<tokio[84480eba77d0c788]::io::driver::Driver, tokio[84480eba77d0c788]::park::thread::ParkThread>>, tokio[84480eba77d0c788]::park::either::Either<tokio[84480eba77d0c788]::io::driver::Driver, tokio[84480eba77d0c788]::park::thread::ParkThread>>>>::block_on<async_impl_tests[2fb4020b78b7598b]::async_get_blocks_tip_height::{closure#0}>::{closure#0}, (), tokio[84480eba77d0c788]::park::either::Either<tokio[84480eba77d0c788]::time::driver::Driver<tokio[84480eba77d0c788]::park::either::Either<tokio[84480eba77d0c788]::io::driver::Driver, tokio[84480eba77d0c788]::park::thread::ParkThread>>, tokio[84480eba77d0c788]::park::either::Either<tokio[84480eba77d0c788]::io::driver::Driver, tokio[84480eba77d0c788]::park::thread::ParkThread>>>
[INFO] [stdout]   15:     0x6429dec761ed - tokio[84480eba77d0c788]::runtime::context::enter::<<tokio[84480eba77d0c788]::runtime::Runtime>::block_on<async_impl_tests[2fb4020b78b7598b]::async_get_blocks_tip_height::{closure#0}>::{closure#0}, ()>
[INFO] [stdout]   16:     0x6429dec7e308 - <async_impl_tests[2fb4020b78b7598b]::async_get_blocks_tip_height::{closure#0} as core[a373ad73a504971]::ops::function::FnOnce<()>>::call_once
[INFO] [stdout]   17:     0x6429dec87a6b - test[aada8e7e76ba119b]::__rust_begin_short_backtrace::<core[a373ad73a504971]::result::Result<(), alloc[2e1b2a31b91974c5]::string::String>, fn() -> core[a373ad73a504971]::result::Result<(), alloc[2e1b2a31b91974c5]::string::String>>
[INFO] [stdout]   18:     0x6429dec94c45 - test[aada8e7e76ba119b]::run_test::{closure#0}
[INFO] [stdout]   19:     0x6429dec8e534 - std[617be2ca0a6fd877]::sys::backtrace::__rust_begin_short_backtrace::<test[aada8e7e76ba119b]::run_test::{closure#1}, ()>
[INFO] [stdout]   20:     0x6429dec97cd2 - <std[617be2ca0a6fd877]::thread::lifecycle::spawn_unchecked<test[aada8e7e76ba119b]::run_test::{closure#1}, ()>::{closure#1} as core[a373ad73a504971]::ops::function::FnOnce<()>>::call_once::{shim:vtable#0}
[INFO] [stdout]   21:     0x6429dee4f0ef - <std[617be2ca0a6fd877]::sys::thread::unix::Thread>::new::thread_start
[INFO] [stdout]   22:     0x73718b8a6dfa - <unknown>
[INFO] [stdout]   23:     0x73718b93a3d4 - clone
[INFO] [stdout]   24:                0x0 - <unknown>
[INFO] [stdout] 
[INFO] [stdout] ---- async_get_blocks stdout ----
[INFO] [stdout] 
[INFO] [stdout] thread 'async_get_blocks' (1214) panicked at tests/async_impl_tests.rs:113:5:
[INFO] [stdout] assertion failed: blocks.is_ok()
[INFO] [stdout] stack backtrace:
[INFO] [stdout]    0:     0x6429dee4fc41 - <<std[617be2ca0a6fd877]::sys::backtrace::BacktraceLock>::print::DisplayBacktrace as core[a373ad73a504971]::fmt::Display>::fmt
[INFO] [stdout]    1:     0x6429dee65d8a - core[a373ad73a504971]::fmt::write
[INFO] [stdout]    2:     0x6429dee5440c - <alloc[2e1b2a31b91974c5]::vec::Vec<u8> as core[a373ad73a504971]::io::write::Write>::write_fmt
[INFO] [stdout]    3:     0x6429dee2b056 - std[617be2ca0a6fd877]::panicking::default_hook::{closure#0}
[INFO] [stdout]    4:     0x6429dee47c39 - std[617be2ca0a6fd877]::panicking::default_hook
[INFO] [stdout]    5:     0x6429dec94620 - test[aada8e7e76ba119b]::test_main_inner::{closure#0}
[INFO] [stdout]    6:     0x6429dee47f62 - std[617be2ca0a6fd877]::panicking::panic_with_hook
[INFO] [stdout]    7:     0x6429dee2b134 - std[617be2ca0a6fd877]::panicking::panic_handler::{closure#0}
[INFO] [stdout]    8:     0x6429dee23d39 - std[617be2ca0a6fd877]::sys::backtrace::__rust_end_short_backtrace::<std[617be2ca0a6fd877]::panicking::panic_handler::{closure#0}, !>
[INFO] [stdout]    9:     0x6429dee2befd - __rustc[ea4f61d10b84890b]::rust_begin_unwind
[INFO] [stdout]   10:     0x6429dee664ec - core[a373ad73a504971]::panicking::panic_fmt
[INFO] [stdout]   11:     0x6429dee664b2 - core[a373ad73a504971]::panicking::panic
[INFO] [stdout]   12:     0x6429dec3761b - async_impl_tests[2fb4020b78b7598b]::async_get_blocks::{closure#0}
[INFO] [stdout]   13:     0x6429dec5a1dd - <tokio[84480eba77d0c788]::macros::scoped_tls::ScopedKey<tokio[84480eba77d0c788]::runtime::basic_scheduler::Context>>::set::<tokio[84480eba77d0c788]::runtime::basic_scheduler::enter<<tokio[84480eba77d0c788]::runtime::basic_scheduler::BasicScheduler<tokio[84480eba77d0c788]::park::either::Either<tokio[84480eba77d0c788]::time::driver::Driver<tokio[84480eba77d0c788]::park::either::Either<tokio[84480eba77d0c788]::io::driver::Driver, tokio[84480eba77d0c788]::park::thread::ParkThread>>, tokio[84480eba77d0c788]::park::either::Either<tokio[84480eba77d0c788]::io::driver::Driver, tokio[84480eba77d0c788]::park::thread::ParkThread>>>>::block_on<async_impl_tests[2fb4020b78b7598b]::async_get_blocks::{closure#0}>::{closure#0}, (), tokio[84480eba77d0c788]::park::either::Either<tokio[84480eba77d0c788]::time::driver::Driver<tokio[84480eba77d0c788]::park::either::Either<tokio[84480eba77d0c788]::io::driver::Driver, tokio[84480eba77d0c788]::park::thread::ParkThread>>, tokio[84480eba77d0c788]::park::either::Either<tokio[84480eba77d0c788]::io::driver::Driver, tokio[84480eba77d0c788]::park::thread::ParkThread>>>::{closure#0}, ()>
[INFO] [stdout]   14:     0x6429dec6b04f - tokio[84480eba77d0c788]::runtime::basic_scheduler::enter::<<tokio[84480eba77d0c788]::runtime::basic_scheduler::BasicScheduler<tokio[84480eba77d0c788]::park::either::Either<tokio[84480eba77d0c788]::time::driver::Driver<tokio[84480eba77d0c788]::park::either::Either<tokio[84480eba77d0c788]::io::driver::Driver, tokio[84480eba77d0c788]::park::thread::ParkThread>>, tokio[84480eba77d0c788]::park::either::Either<tokio[84480eba77d0c788]::io::driver::Driver, tokio[84480eba77d0c788]::park::thread::ParkThread>>>>::block_on<async_impl_tests[2fb4020b78b7598b]::async_get_blocks::{closure#0}>::{closure#0}, (), tokio[84480eba77d0c788]::park::either::Either<tokio[84480eba77d0c788]::time::driver::Driver<tokio[84480eba77d0c788]::park::either::Either<tokio[84480eba77d0c788]::io::driver::Driver, tokio[84480eba77d0c788]::park::thread::ParkThread>>, tokio[84480eba77d0c788]::park::either::Either<tokio[84480eba77d0c788]::io::driver::Driver, tokio[84480eba77d0c788]::park::thread::ParkThread>>>
[INFO] [stdout]   15:     0x6429dec743ed - tokio[84480eba77d0c788]::runtime::context::enter::<<tokio[84480eba77d0c788]::runtime::Runtime>::block_on<async_impl_tests[2fb4020b78b7598b]::async_get_blocks::{closure#0}>::{closure#0}, ()>
[INFO] [stdout]   16:     0x6429dec7b3b8 - <async_impl_tests[2fb4020b78b7598b]::async_get_blocks::{closure#0} as core[a373ad73a504971]::ops::function::FnOnce<()>>::call_once
[INFO] [stdout]   17:     0x6429dec87a6b - test[aada8e7e76ba119b]::__rust_begin_short_backtrace::<core[a373ad73a504971]::result::Result<(), alloc[2e1b2a31b91974c5]::string::String>, fn() -> core[a373ad73a504971]::result::Result<(), alloc[2e1b2a31b91974c5]::string::String>>
[INFO] [stdout]   18:     0x6429dec94c45 - test[aada8e7e76ba119b]::run_test::{closure#0}
[INFO] [stdout]   19:     0x6429dec8e534 - std[617be2ca0a6fd877]::sys::backtrace::__rust_begin_short_backtrace::<test[aada8e7e76ba119b]::run_test::{closure#1}, ()>
[INFO] [stdout]   20:     0x6429dec97cd2 - <std[617be2ca0a6fd877]::thread::lifecycle::spawn_unchecked<test[aada8e7e76ba119b]::run_test::{closure#1}, ()>::{closure#1} as core[a373ad73a504971]::ops::function::FnOnce<()>>::call_once::{shim:vtable#0}
[INFO] [stdout]   21:     0x6429dee4f0ef - <std[617be2ca0a6fd877]::sys::thread::unix::Thread>::new::thread_start
[INFO] [stdout]   22:     0x73718b8a6dfa - <unknown>
[INFO] [stdout]   23:     0x73718b93a3d4 - clone
[INFO] [stdout]   24:                0x0 - <unknown>
[INFO] [stdout] 
[INFO] [stdout] ---- async_get_mempool_txids stdout ----
[INFO] [stdout] 
[INFO] [stdout] thread 'async_get_mempool_txids' (1224) panicked at tests/async_impl_tests.rs:321:5:
[INFO] [stdout] assertion failed: mempool_txids.is_ok()
[INFO] [stdout] stack backtrace:
[INFO] [stdout]    0:     0x6429dee4fc41 - <<std[617be2ca0a6fd877]::sys::backtrace::BacktraceLock>::print::DisplayBacktrace as core[a373ad73a504971]::fmt::Display>::fmt
[INFO] [stdout]    1:     0x6429dee65d8a - core[a373ad73a504971]::fmt::write
[INFO] [stdout]    2:     0x6429dee5440c - <alloc[2e1b2a31b91974c5]::vec::Vec<u8> as core[a373ad73a504971]::io::write::Write>::write_fmt
[INFO] [stdout]    3:     0x6429dee2b056 - std[617be2ca0a6fd877]::panicking::default_hook::{closure#0}
[INFO] [stdout]    4:     0x6429dee47c39 - std[617be2ca0a6fd877]::panicking::default_hook
[INFO] [stdout]    5:     0x6429dec94620 - test[aada8e7e76ba119b]::test_main_inner::{closure#0}
[INFO] [stdout]    6:     0x6429dee47f62 - std[617be2ca0a6fd877]::panicking::panic_with_hook
[INFO] [stdout]    7:     0x6429dee2b134 - std[617be2ca0a6fd877]::panicking::panic_handler::{closure#0}
[INFO] [stdout]    8:     0x6429dee23d39 - std[617be2ca0a6fd877]::sys::backtrace::__rust_end_short_backtrace::<std[617be2ca0a6fd877]::panicking::panic_handler::{closure#0}, !>
[INFO] [stdout]    9:     0x6429dee2befd - __rustc[ea4f61d10b84890b]::rust_begin_unwind
[INFO] [stdout]   10:     0x6429dee664ec - core[a373ad73a504971]::panicking::panic_fmt
[INFO] [stdout]   11:     0x6429dee664b2 - core[a373ad73a504971]::panicking::panic
[INFO] [stdout]   12:     0x6429dec3d7bf - async_impl_tests[2fb4020b78b7598b]::async_get_mempool_txids::{closure#0}
[INFO] [stdout]   13:     0x6429dec5e0ad - <tokio[84480eba77d0c788]::macros::scoped_tls::ScopedKey<tokio[84480eba77d0c788]::runtime::basic_scheduler::Context>>::set::<tokio[84480eba77d0c788]::runtime::basic_scheduler::enter<<tokio[84480eba77d0c788]::runtime::basic_scheduler::BasicScheduler<tokio[84480eba77d0c788]::park::either::Either<tokio[84480eba77d0c788]::time::driver::Driver<tokio[84480eba77d0c788]::park::either::Either<tokio[84480eba77d0c788]::io::driver::Driver, tokio[84480eba77d0c788]::park::thread::ParkThread>>, tokio[84480eba77d0c788]::park::either::Either<tokio[84480eba77d0c788]::io::driver::Driver, tokio[84480eba77d0c788]::park::thread::ParkThread>>>>::block_on<async_impl_tests[2fb4020b78b7598b]::async_get_mempool_txids::{closure#0}>::{closure#0}, (), tokio[84480eba77d0c788]::park::either::Either<tokio[84480eba77d0c788]::time::driver::Driver<tokio[84480eba77d0c788]::park::either::Either<tokio[84480eba77d0c788]::io::driver::Driver, tokio[84480eba77d0c788]::park::thread::ParkThread>>, tokio[84480eba77d0c788]::park::either::Either<tokio[84480eba77d0c788]::io::driver::Driver, tokio[84480eba77d0c788]::park::thread::ParkThread>>>::{closure#0}, ()>
[INFO] [stdout]   14:     0x6429dec6c042 - tokio[84480eba77d0c788]::runtime::basic_scheduler::enter::<<tokio[84480eba77d0c788]::runtime::basic_scheduler::BasicScheduler<tokio[84480eba77d0c788]::park::either::Either<tokio[84480eba77d0c788]::time::driver::Driver<tokio[84480eba77d0c788]::park::either::Either<tokio[84480eba77d0c788]::io::driver::Driver, tokio[84480eba77d0c788]::park::thread::ParkThread>>, tokio[84480eba77d0c788]::park::either::Either<tokio[84480eba77d0c788]::io::driver::Driver, tokio[84480eba77d0c788]::park::thread::ParkThread>>>>::block_on<async_impl_tests[2fb4020b78b7598b]::async_get_mempool_txids::{closure#0}>::{closure#0}, (), tokio[84480eba77d0c788]::park::either::Either<tokio[84480eba77d0c788]::time::driver::Driver<tokio[84480eba77d0c788]::park::either::Either<tokio[84480eba77d0c788]::io::driver::Driver, tokio[84480eba77d0c788]::park::thread::ParkThread>>, tokio[84480eba77d0c788]::park::either::Either<tokio[84480eba77d0c788]::io::driver::Driver, tokio[84480eba77d0c788]::park::thread::ParkThread>>>
[INFO] [stdout]   15:     0x6429dec756ad - tokio[84480eba77d0c788]::runtime::context::enter::<<tokio[84480eba77d0c788]::runtime::Runtime>::block_on<async_impl_tests[2fb4020b78b7598b]::async_get_mempool_txids::{closure#0}>::{closure#0}, ()>
[INFO] [stdout]   16:     0x6429dec7d0cb - <async_impl_tests[2fb4020b78b7598b]::async_get_mempool_txids::{closure#0} as core[a373ad73a504971]::ops::function::FnOnce<()>>::call_once
[INFO] [stdout]   17:     0x6429dec87a6b - test[aada8e7e76ba119b]::__rust_begin_short_backtrace::<core[a373ad73a504971]::result::Result<(), alloc[2e1b2a31b91974c5]::string::String>, fn() -> core[a373ad73a504971]::result::Result<(), alloc[2e1b2a31b91974c5]::string::String>>
[INFO] [stdout]   18:     0x6429dec94c45 - test[aada8e7e76ba119b]::run_test::{closure#0}
[INFO] [stdout]   19:     0x6429dec8e534 - std[617be2ca0a6fd877]::sys::backtrace::__rust_begin_short_backtrace::<test[aada8e7e76ba119b]::run_test::{closure#1}, ()>
[INFO] [stdout]   20:     0x6429dec97cd2 - <std[617be2ca0a6fd877]::thread::lifecycle::spawn_unchecked<test[aada8e7e76ba119b]::run_test::{closure#1}, ()>::{closure#1} as core[a373ad73a504971]::ops::function::FnOnce<()>>::call_once::{shim:vtable#0}
[INFO] [stdout]   21:     0x6429dee4f0ef - <std[617be2ca0a6fd877]::sys::thread::unix::Thread>::new::thread_start
[INFO] [stdout]   22:     0x73718b8a6dfa - <unknown>
[INFO] [stdout]   23:     0x73718b93a3d4 - clone
[INFO] [stdout]   24:                0x0 - <unknown>
[INFO] [stdout] 
[INFO] [stdout] ---- async_get_mempool stdout ----
[INFO] [stdout] 
[INFO] [stdout] thread 'async_get_mempool' (1219) panicked at tests/async_impl_tests.rs:315:5:
[INFO] [stdout] assertion failed: mempool.is_ok()
[INFO] [stdout] stack backtrace:
[INFO] [stdout]    0:     0x6429dee4fc41 - <<std[617be2ca0a6fd877]::sys::backtrace::BacktraceLock>::print::DisplayBacktrace as core[a373ad73a504971]::fmt::Display>::fmt
[INFO] [stdout]    1:     0x6429dee65d8a - core[a373ad73a504971]::fmt::write
[INFO] [stdout]    2:     0x6429dee5440c - <alloc[2e1b2a31b91974c5]::vec::Vec<u8> as core[a373ad73a504971]::io::write::Write>::write_fmt
[INFO] [stdout]    3:     0x6429dee2b056 - std[617be2ca0a6fd877]::panicking::default_hook::{closure#0}
[INFO] [stdout]    4:     0x6429dee47c39 - std[617be2ca0a6fd877]::panicking::default_hook
[INFO] [stdout]    5:     0x6429dec94620 - test[aada8e7e76ba119b]::test_main_inner::{closure#0}
[INFO] [stdout]    6:     0x6429dee47f62 - std[617be2ca0a6fd877]::panicking::panic_with_hook
[INFO] [stdout]    7:     0x6429dee2b134 - std[617be2ca0a6fd877]::panicking::panic_handler::{closure#0}
[INFO] [stdout]    8:     0x6429dee23d39 - std[617be2ca0a6fd877]::sys::backtrace::__rust_end_short_backtrace::<std[617be2ca0a6fd877]::panicking::panic_handler::{closure#0}, !>
[INFO] [stdout]    9:     0x6429dee2befd - __rustc[ea4f61d10b84890b]::rust_begin_unwind
[INFO] [stdout]   10:     0x6429dee664ec - core[a373ad73a504971]::panicking::panic_fmt
[INFO] [stdout]   11:     0x6429dee664b2 - core[a373ad73a504971]::panicking::panic
[INFO] [stdout]   12:     0x6429dec38f82 - async_impl_tests[2fb4020b78b7598b]::async_get_mempool::{closure#0}
[INFO] [stdout]   13:     0x6429dec5b29d - <tokio[84480eba77d0c788]::macros::scoped_tls::ScopedKey<tokio[84480eba77d0c788]::runtime::basic_scheduler::Context>>::set::<tokio[84480eba77d0c788]::runtime::basic_scheduler::enter<<tokio[84480eba77d0c788]::runtime::basic_scheduler::BasicScheduler<tokio[84480eba77d0c788]::park::either::Either<tokio[84480eba77d0c788]::time::driver::Driver<tokio[84480eba77d0c788]::park::either::Either<tokio[84480eba77d0c788]::io::driver::Driver, tokio[84480eba77d0c788]::park::thread::ParkThread>>, tokio[84480eba77d0c788]::park::either::Either<tokio[84480eba77d0c788]::io::driver::Driver, tokio[84480eba77d0c788]::park::thread::ParkThread>>>>::block_on<async_impl_tests[2fb4020b78b7598b]::async_get_mempool::{closure#0}>::{closure#0}, (), tokio[84480eba77d0c788]::park::either::Either<tokio[84480eba77d0c788]::time::driver::Driver<tokio[84480eba77d0c788]::park::either::Either<tokio[84480eba77d0c788]::io::driver::Driver, tokio[84480eba77d0c788]::park::thread::ParkThread>>, tokio[84480eba77d0c788]::park::either::Either<tokio[84480eba77d0c788]::io::driver::Driver, tokio[84480eba77d0c788]::park::thread::ParkThread>>>::{closure#0}, ()>
[INFO] [stdout]   14:     0x6429dec6b492 - tokio[84480eba77d0c788]::runtime::basic_scheduler::enter::<<tokio[84480eba77d0c788]::runtime::basic_scheduler::BasicScheduler<tokio[84480eba77d0c788]::park::either::Either<tokio[84480eba77d0c788]::time::driver::Driver<tokio[84480eba77d0c788]::park::either::Either<tokio[84480eba77d0c788]::io::driver::Driver, tokio[84480eba77d0c788]::park::thread::ParkThread>>, tokio[84480eba77d0c788]::park::either::Either<tokio[84480eba77d0c788]::io::driver::Driver, tokio[84480eba77d0c788]::park::thread::ParkThread>>>>::block_on<async_impl_tests[2fb4020b78b7598b]::async_get_mempool::{closure#0}>::{closure#0}, (), tokio[84480eba77d0c788]::park::either::Either<tokio[84480eba77d0c788]::time::driver::Driver<tokio[84480eba77d0c788]::park::either::Either<tokio[84480eba77d0c788]::io::driver::Driver, tokio[84480eba77d0c788]::park::thread::ParkThread>>, tokio[84480eba77d0c788]::park::either::Either<tokio[84480eba77d0c788]::io::driver::Driver, tokio[84480eba77d0c788]::park::thread::ParkThread>>>
[INFO] [stdout]   15:     0x6429dec748ed - tokio[84480eba77d0c788]::runtime::context::enter::<<tokio[84480eba77d0c788]::runtime::Runtime>::block_on<async_impl_tests[2fb4020b78b7598b]::async_get_mempool::{closure#0}>::{closure#0}, ()>
[INFO] [stdout]   16:     0x6429dec7bb7b - <async_impl_tests[2fb4020b78b7598b]::async_get_mempool::{closure#0} as core[a373ad73a504971]::ops::function::FnOnce<()>>::call_once
[INFO] [stdout]   17:     0x6429dec87a6b - test[aada8e7e76ba119b]::__rust_begin_short_backtrace::<core[a373ad73a504971]::result::Result<(), alloc[2e1b2a31b91974c5]::string::String>, fn() -> core[a373ad73a504971]::result::Result<(), alloc[2e1b2a31b91974c5]::string::String>>
[INFO] [stdout]   18:     0x6429dec94c45 - test[aada8e7e76ba119b]::run_test::{closure#0}
[INFO] [stdout]   19:     0x6429dec8e534 - std[617be2ca0a6fd877]::sys::backtrace::__rust_begin_short_backtrace::<test[aada8e7e76ba119b]::run_test::{closure#1}, ()>
[INFO] [stdout]   20:     0x6429dec97cd2 - <std[617be2ca0a6fd877]::thread::lifecycle::spawn_unchecked<test[aada8e7e76ba119b]::run_test::{closure#1}, ()>::{closure#1} as core[a373ad73a504971]::ops::function::FnOnce<()>>::call_once::{shim:vtable#0}
[INFO] [stdout]   21:     0x6429dee4f0ef - <std[617be2ca0a6fd877]::sys::thread::unix::Thread>::new::thread_start
[INFO] [stdout]   22:     0x73718b8a6dfa - <unknown>
[INFO] [stdout]   23:     0x73718b93a3d4 - clone
[INFO] [stdout]   24:                0x0 - <unknown>
[INFO] [stdout] 
[INFO] [stdout] ---- async_get_script_hash_txs stdout ----
[INFO] [stdout] 
[INFO] [stdout] thread 'async_get_script_hash_txs' (1227) panicked at tests/async_impl_tests.rs:240:5:
[INFO] [stdout] assertion failed: tx_list.is_ok()
[INFO] [stdout] stack backtrace:
[INFO] [stdout]    0:     0x6429dee4fc41 - <<std[617be2ca0a6fd877]::sys::backtrace::BacktraceLock>::print::DisplayBacktrace as core[a373ad73a504971]::fmt::Display>::fmt
[INFO] [stdout]    1:     0x6429dee65d8a - core[a373ad73a504971]::fmt::write
[INFO] [stdout]    2:     0x6429dee5440c - <alloc[2e1b2a31b91974c5]::vec::Vec<u8> as core[a373ad73a504971]::io::write::Write>::write_fmt
[INFO] [stdout]    3:     0x6429dee2b056 - std[617be2ca0a6fd877]::panicking::default_hook::{closure#0}
[INFO] [stdout]    4:     0x6429dee47c39 - std[617be2ca0a6fd877]::panicking::default_hook
[INFO] [stdout]    5:     0x6429dec94620 - test[aada8e7e76ba119b]::test_main_inner::{closure#0}
[INFO] [stdout]    6:     0x6429dee47f62 - std[617be2ca0a6fd877]::panicking::panic_with_hook
[INFO] [stdout]    7:     0x6429dee2b134 - std[617be2ca0a6fd877]::panicking::panic_handler::{closure#0}
[INFO] [stdout]    8:     0x6429dee23d39 - std[617be2ca0a6fd877]::sys::backtrace::__rust_end_short_backtrace::<std[617be2ca0a6fd877]::panicking::panic_handler::{closure#0}, !>
[INFO] [stdout]    9:     0x6429dee2befd - __rustc[ea4f61d10b84890b]::rust_begin_unwind
[INFO] [stdout]   10:     0x6429dee664ec - core[a373ad73a504971]::panicking::panic_fmt
[INFO] [stdout]   11:     0x6429dee664b2 - core[a373ad73a504971]::panicking::panic
[INFO] [stdout]   12:     0x6429dec3ed7c - async_impl_tests[2fb4020b78b7598b]::async_get_script_hash_txs::{closure#0}
[INFO] [stdout]   13:     0x6429dec5f16d - <tokio[84480eba77d0c788]::macros::scoped_tls::ScopedKey<tokio[84480eba77d0c788]::runtime::basic_scheduler::Context>>::set::<tokio[84480eba77d0c788]::runtime::basic_scheduler::enter<<tokio[84480eba77d0c788]::runtime::basic_scheduler::BasicScheduler<tokio[84480eba77d0c788]::park::either::Either<tokio[84480eba77d0c788]::time::driver::Driver<tokio[84480eba77d0c788]::park::either::Either<tokio[84480eba77d0c788]::io::driver::Driver, tokio[84480eba77d0c788]::park::thread::ParkThread>>, tokio[84480eba77d0c788]::park::either::Either<tokio[84480eba77d0c788]::io::driver::Driver, tokio[84480eba77d0c788]::park::thread::ParkThread>>>>::block_on<async_impl_tests[2fb4020b78b7598b]::async_get_script_hash_txs::{closure#0}>::{closure#0}, (), tokio[84480eba77d0c788]::park::either::Either<tokio[84480eba77d0c788]::time::driver::Driver<tokio[84480eba77d0c788]::park::either::Either<tokio[84480eba77d0c788]::io::driver::Driver, tokio[84480eba77d0c788]::park::thread::ParkThread>>, tokio[84480eba77d0c788]::park::either::Either<tokio[84480eba77d0c788]::io::driver::Driver, tokio[84480eba77d0c788]::park::thread::ParkThread>>>::{closure#0}, ()>
[INFO] [stdout]   14:     0x6429dec6c482 - tokio[84480eba77d0c788]::runtime::basic_scheduler::enter::<<tokio[84480eba77d0c788]::runtime::basic_scheduler::BasicScheduler<tokio[84480eba77d0c788]::park::either::Either<tokio[84480eba77d0c788]::time::driver::Driver<tokio[84480eba77d0c788]::park::either::Either<tokio[84480eba77d0c788]::io::driver::Driver, tokio[84480eba77d0c788]::park::thread::ParkThread>>, tokio[84480eba77d0c788]::park::either::Either<tokio[84480eba77d0c788]::io::driver::Driver, tokio[84480eba77d0c788]::park::thread::ParkThread>>>>::block_on<async_impl_tests[2fb4020b78b7598b]::async_get_script_hash_txs::{closure#0}>::{closure#0}, (), tokio[84480eba77d0c788]::park::either::Either<tokio[84480eba77d0c788]::time::driver::Driver<tokio[84480eba77d0c788]::park::either::Either<tokio[84480eba77d0c788]::io::driver::Driver, tokio[84480eba77d0c788]::park::thread::ParkThread>>, tokio[84480eba77d0c788]::park::either::Either<tokio[84480eba77d0c788]::io::driver::Driver, tokio[84480eba77d0c788]::park::thread::ParkThread>>>
[INFO] [stdout]   15:     0x6429dec75bad - tokio[84480eba77d0c788]::runtime::context::enter::<<tokio[84480eba77d0c788]::runtime::Runtime>::block_on<async_impl_tests[2fb4020b78b7598b]::async_get_script_hash_txs::{closure#0}>::{closure#0}, ()>
[INFO] [stdout]   16:     0x6429dec7d88b - <async_impl_tests[2fb4020b78b7598b]::async_get_script_hash_txs::{closure#0} as core[a373ad73a504971]::ops::function::FnOnce<()>>::call_once
[INFO] [stdout]   17:     0x6429dec87a6b - test[aada8e7e76ba119b]::__rust_begin_short_backtrace::<core[a373ad73a504971]::result::Result<(), alloc[2e1b2a31b91974c5]::string::String>, fn() -> core[a373ad73a504971]::result::Result<(), alloc[2e1b2a31b91974c5]::string::String>>
[INFO] [stdout]   18:     0x6429dec94c45 - test[aada8e7e76ba119b]::run_test::{closure#0}
[INFO] [stdout]   19:     0x6429dec8e534 - std[617be2ca0a6fd877]::sys::backtrace::__rust_begin_short_backtrace::<test[aada8e7e76ba119b]::run_test::{closure#1}, ()>
[INFO] [stdout]   20:     0x6429dec97cd2 - <std[617be2ca0a6fd877]::thread::lifecycle::spawn_unchecked<test[aada8e7e76ba119b]::run_test::{closure#1}, ()>::{closure#1} as core[a373ad73a504971]::ops::function::FnOnce<()>>::call_once::{shim:vtable#0}
[INFO] [stderr] error: test failed, to rerun pass `--test async_impl_tests`
[INFO] [stdout]   21:     0x6429dee4f0ef - <std[617be2ca0a6fd877]::sys::thread::unix::Thread>::new::thread_start
[INFO] [stdout]   22:     0x73718b8a6dfa - <unknown>
[INFO] [stdout]   23:     0x73718b93a3d4 - clone
[INFO] [stdout]   24:                0x0 - <unknown>
[INFO] [stdout] 
[INFO] [stdout] ---- async_get_mempool_recent stdout ----
[INFO] [stdout] 
[INFO] [stdout] thread 'async_get_mempool_recent' (1222) panicked at tests/async_impl_tests.rs:327:5:
[INFO] [stdout] assertion failed: mempool_txids.is_ok()
[INFO] [stdout] stack backtrace:
[INFO] [stdout]    0:     0x6429dee4fc41 - <<std[617be2ca0a6fd877]::sys::backtrace::BacktraceLock>::print::DisplayBacktrace as core[a373ad73a504971]::fmt::Display>::fmt
[INFO] [stdout]    1:     0x6429dee65d8a - core[a373ad73a504971]::fmt::write
[INFO] [stdout]    2:     0x6429dee5440c - <alloc[2e1b2a31b91974c5]::vec::Vec<u8> as core[a373ad73a504971]::io::write::Write>::write_fmt
[INFO] [stdout]    3:     0x6429dee2b056 - std[617be2ca0a6fd877]::panicking::default_hook::{closure#0}
[INFO] [stdout]    4:     0x6429dee47c39 - std[617be2ca0a6fd877]::panicking::default_hook
[INFO] [stdout]    5:     0x6429dec94620 - test[aada8e7e76ba119b]::test_main_inner::{closure#0}
[INFO] [stdout]    6:     0x6429dee47f62 - std[617be2ca0a6fd877]::panicking::panic_with_hook
[INFO] [stdout]    7:     0x6429dee2b134 - std[617be2ca0a6fd877]::panicking::panic_handler::{closure#0}
[INFO] [stdout]    8:     0x6429dee23d39 - std[617be2ca0a6fd877]::sys::backtrace::__rust_end_short_backtrace::<std[617be2ca0a6fd877]::panicking::panic_handler::{closure#0}, !>
[INFO] [stdout]    9:     0x6429dee2befd - __rustc[ea4f61d10b84890b]::rust_begin_unwind
[INFO] [stdout]   10:     0x6429dee664ec - core[a373ad73a504971]::panicking::panic_fmt
[INFO] [stdout]   11:     0x6429dee664b2 - core[a373ad73a504971]::panicking::panic
[INFO] [stdout]   12:     0x6429dec3e2c4 - async_impl_tests[2fb4020b78b7598b]::async_get_mempool_recent::{closure#0}
[INFO] [stdout]   13:     0x6429dec5e90d - <tokio[84480eba77d0c788]::macros::scoped_tls::ScopedKey<tokio[84480eba77d0c788]::runtime::basic_scheduler::Context>>::set::<tokio[84480eba77d0c788]::runtime::basic_scheduler::enter<<tokio[84480eba77d0c788]::runtime::basic_scheduler::BasicScheduler<tokio[84480eba77d0c788]::park::either::Either<tokio[84480eba77d0c788]::time::driver::Driver<tokio[84480eba77d0c788]::park::either::Either<tokio[84480eba77d0c788]::io::driver::Driver, tokio[84480eba77d0c788]::park::thread::ParkThread>>, tokio[84480eba77d0c788]::park::either::Either<tokio[84480eba77d0c788]::io::driver::Driver, tokio[84480eba77d0c788]::park::thread::ParkThread>>>>::block_on<async_impl_tests[2fb4020b78b7598b]::async_get_mempool_recent::{closure#0}>::{closure#0}, (), tokio[84480eba77d0c788]::park::either::Either<tokio[84480eba77d0c788]::time::driver::Driver<tokio[84480eba77d0c788]::park::either::Either<tokio[84480eba77d0c788]::io::driver::Driver, tokio[84480eba77d0c788]::park::thread::ParkThread>>, tokio[84480eba77d0c788]::park::either::Either<tokio[84480eba77d0c788]::io::driver::Driver, tokio[84480eba77d0c788]::park::thread::ParkThread>>>::{closure#0}, ()>
[INFO] [stdout]   14:     0x6429dec6c262 - tokio[84480eba77d0c788]::runtime::basic_scheduler::enter::<<tokio[84480eba77d0c788]::runtime::basic_scheduler::BasicScheduler<tokio[84480eba77d0c788]::park::either::Either<tokio[84480eba77d0c788]::time::driver::Driver<tokio[84480eba77d0c788]::park::either::Either<tokio[84480eba77d0c788]::io::driver::Driver, tokio[84480eba77d0c788]::park::thread::ParkThread>>, tokio[84480eba77d0c788]::park::either::Either<tokio[84480eba77d0c788]::io::driver::Driver, tokio[84480eba77d0c788]::park::thread::ParkThread>>>>::block_on<async_impl_tests[2fb4020b78b7598b]::async_get_mempool_recent::{closure#0}>::{closure#0}, (), tokio[84480eba77d0c788]::park::either::Either<tokio[84480eba77d0c788]::time::driver::Driver<tokio[84480eba77d0c788]::park::either::Either<tokio[84480eba77d0c788]::io::driver::Driver, tokio[84480eba77d0c788]::park::thread::ParkThread>>, tokio[84480eba77d0c788]::park::either::Either<tokio[84480eba77d0c788]::io::driver::Driver, tokio[84480eba77d0c788]::park::thread::ParkThread>>>
[INFO] [stdout]   15:     0x6429dec7592d - tokio[84480eba77d0c788]::runtime::context::enter::<<tokio[84480eba77d0c788]::runtime::Runtime>::block_on<async_impl_tests[2fb4020b78b7598b]::async_get_mempool_recent::{closure#0}>::{closure#0}, ()>
[INFO] [stdout]   16:     0x6429dec7d4ab - <async_impl_tests[2fb4020b78b7598b]::async_get_mempool_recent::{closure#0} as core[a373ad73a504971]::ops::function::FnOnce<()>>::call_once
[INFO] [stdout]   17:     0x6429dec87a6b - test[aada8e7e76ba119b]::__rust_begin_short_backtrace::<core[a373ad73a504971]::result::Result<(), alloc[2e1b2a31b91974c5]::string::String>, fn() -> core[a373ad73a504971]::result::Result<(), alloc[2e1b2a31b91974c5]::string::String>>
[INFO] [stdout]   18:     0x6429dec94c45 - test[aada8e7e76ba119b]::run_test::{closure#0}
[INFO] [stdout]   19:     0x6429dec8e534 - std[617be2ca0a6fd877]::sys::backtrace::__rust_begin_short_backtrace::<test[aada8e7e76ba119b]::run_test::{closure#1}, ()>
[INFO] [stdout]   20:     0x6429dec97cd2 - <std[617be2ca0a6fd877]::thread::lifecycle::spawn_unchecked<test[aada8e7e76ba119b]::run_test::{closure#1}, ()>::{closure#1} as core[a373ad73a504971]::ops::function::FnOnce<()>>::call_once::{shim:vtable#0}
[INFO] [stdout]   21:     0x6429dee4f0ef - <std[617be2ca0a6fd877]::sys::thread::unix::Thread>::new::thread_start
[INFO] [stdout]   22:     0x73718b8a6dfa - <unknown>
[INFO] [stdout]   23:     0x73718b93a3d4 - clone
[INFO] [stdout]   24:                0x0 - <unknown>
[INFO] [stdout] 
[INFO] [stdout] ---- async_get_script_hash stdout ----
[INFO] [stdout] 
[INFO] [stdout] thread 'async_get_script_hash' (1226) panicked at tests/async_impl_tests.rs:224:5:
[INFO] [stdout] assertion failed: address.is_ok()
[INFO] [stdout] stack backtrace:
[INFO] [stdout]    0:     0x6429dee4fc41 - <<std[617be2ca0a6fd877]::sys::backtrace::BacktraceLock>::print::DisplayBacktrace as core[a373ad73a504971]::fmt::Display>::fmt
[INFO] [stdout]    1:     0x6429dee65d8a - core[a373ad73a504971]::fmt::write
[INFO] [stdout]    2:     0x6429dee5440c - <alloc[2e1b2a31b91974c5]::vec::Vec<u8> as core[a373ad73a504971]::io::write::Write>::write_fmt
[INFO] [stdout]    3:     0x6429dee2b056 - std[617be2ca0a6fd877]::panicking::default_hook::{closure#0}
[INFO] [stdout]    4:     0x6429dee47c39 - std[617be2ca0a6fd877]::panicking::default_hook
[INFO] [stdout]    5:     0x6429dec94620 - test[aada8e7e76ba119b]::test_main_inner::{closure#0}
[INFO] [stdout]    6:     0x6429dee47f62 - std[617be2ca0a6fd877]::panicking::panic_with_hook
[INFO] [stdout]    7:     0x6429dee2b134 - std[617be2ca0a6fd877]::panicking::panic_handler::{closure#0}
[INFO] [stdout]    8:     0x6429dee23d39 - std[617be2ca0a6fd877]::sys::backtrace::__rust_end_short_backtrace::<std[617be2ca0a6fd877]::panicking::panic_handler::{closure#0}, !>
[INFO] [stdout]    9:     0x6429dee2befd - __rustc[ea4f61d10b84890b]::rust_begin_unwind
[INFO] [stdout]   10:     0x6429dee664ec - core[a373ad73a504971]::panicking::panic_fmt
[INFO] [stdout]   11:     0x6429dee664b2 - core[a373ad73a504971]::panicking::panic
[INFO] [stdout]   12:     0x6429dec3b075 - async_impl_tests[2fb4020b78b7598b]::async_get_script_hash::{closure#0}
[INFO] [stdout]   13:     0x6429dec5c78d - <tokio[84480eba77d0c788]::macros::scoped_tls::ScopedKey<tokio[84480eba77d0c788]::runtime::basic_scheduler::Context>>::set::<tokio[84480eba77d0c788]::runtime::basic_scheduler::enter<<tokio[84480eba77d0c788]::runtime::basic_scheduler::BasicScheduler<tokio[84480eba77d0c788]::park::either::Either<tokio[84480eba77d0c788]::time::driver::Driver<tokio[84480eba77d0c788]::park::either::Either<tokio[84480eba77d0c788]::io::driver::Driver, tokio[84480eba77d0c788]::park::thread::ParkThread>>, tokio[84480eba77d0c788]::park::either::Either<tokio[84480eba77d0c788]::io::driver::Driver, tokio[84480eba77d0c788]::park::thread::ParkThread>>>>::block_on<async_impl_tests[2fb4020b78b7598b]::async_get_script_hash::{closure#0}>::{closure#0}, (), tokio[84480eba77d0c788]::park::either::Either<tokio[84480eba77d0c788]::time::driver::Driver<tokio[84480eba77d0c788]::park::either::Either<tokio[84480eba77d0c788]::io::driver::Driver, tokio[84480eba77d0c788]::park::thread::ParkThread>>, tokio[84480eba77d0c788]::park::either::Either<tokio[84480eba77d0c788]::io::driver::Driver, tokio[84480eba77d0c788]::park::thread::ParkThread>>>::{closure#0}, ()>
[INFO] [stdout]   14:     0x6429dec6b9e2 - tokio[84480eba77d0c788]::runtime::basic_scheduler::enter::<<tokio[84480eba77d0c788]::runtime::basic_scheduler::BasicScheduler<tokio[84480eba77d0c788]::park::either::Either<tokio[84480eba77d0c788]::time::driver::Driver<tokio[84480eba77d0c788]::park::either::Either<tokio[84480eba77d0c788]::io::driver::Driver, tokio[84480eba77d0c788]::park::thread::ParkThread>>, tokio[84480eba77d0c788]::park::either::Either<tokio[84480eba77d0c788]::io::driver::Driver, tokio[84480eba77d0c788]::park::thread::ParkThread>>>>::block_on<async_impl_tests[2fb4020b78b7598b]::async_get_script_hash::{closure#0}>::{closure#0}, (), tokio[84480eba77d0c788]::park::either::Either<tokio[84480eba77d0c788]::time::driver::Driver<tokio[84480eba77d0c788]::park::either::Either<tokio[84480eba77d0c788]::io::driver::Driver, tokio[84480eba77d0c788]::park::thread::ParkThread>>, tokio[84480eba77d0c788]::park::either::Either<tokio[84480eba77d0c788]::io::driver::Driver, tokio[84480eba77d0c788]::park::thread::ParkThread>>>
[INFO] [stdout]   15:     0x6429dec74f2d - tokio[84480eba77d0c788]::runtime::context::enter::<<tokio[84480eba77d0c788]::runtime::Runtime>::block_on<async_impl_tests[2fb4020b78b7598b]::async_get_script_hash::{closure#0}>::{closure#0}, ()>
[INFO] [stdout]   16:     0x6429dec7c52b - <async_impl_tests[2fb4020b78b7598b]::async_get_script_hash::{closure#0} as core[a373ad73a504971]::ops::function::FnOnce<()>>::call_once
[INFO] [stdout]   17:     0x6429dec87a6b - test[aada8e7e76ba119b]::__rust_begin_short_backtrace::<core[a373ad73a504971]::result::Result<(), alloc[2e1b2a31b91974c5]::string::String>, fn() -> core[a373ad73a504971]::result::Result<(), alloc[2e1b2a31b91974c5]::string::String>>
[INFO] [stdout]   18:     0x6429dec94c45 - test[aada8e7e76ba119b]::run_test::{closure#0}
[INFO] [stdout]   19:     0x6429dec8e534 - std[617be2ca0a6fd877]::sys::backtrace::__rust_begin_short_backtrace::<test[aada8e7e76ba119b]::run_test::{closure#1}, ()>
[INFO] [stdout]   20:     0x6429dec97cd2 - <std[617be2ca0a6fd877]::thread::lifecycle::spawn_unchecked<test[aada8e7e76ba119b]::run_test::{closure#1}, ()>::{closure#1} as core[a373ad73a504971]::ops::function::FnOnce<()>>::call_once::{shim:vtable#0}
[INFO] [stdout]   21:     0x6429dee4f0ef - <std[617be2ca0a6fd877]::sys::thread::unix::Thread>::new::thread_start
[INFO] [stdout]   22:     0x73718b8a6dfa - <unknown>
[INFO] [stdout]   23:     0x73718b93a3d4 - clone
[INFO] [stdout]   24:                0x0 - <unknown>
[INFO] [stdout] 
[INFO] [stdout] ---- async_get_script_hash_txs_chain stdout ----
[INFO] [stdout] 
[INFO] [stdout] thread 'async_get_script_hash_txs_chain' (1231) panicked at tests/async_impl_tests.rs:268:5:
[INFO] [stdout] assertion failed: tx_list.is_ok()
[INFO] [stdout] stack backtrace:
[INFO] [stdout]    0:     0x6429dee4fc41 - <<std[617be2ca0a6fd877]::sys::backtrace::BacktraceLock>::print::DisplayBacktrace as core[a373ad73a504971]::fmt::Display>::fmt
[INFO] [stdout]    1:     0x6429dee65d8a - core[a373ad73a504971]::fmt::write
[INFO] [stdout]    2:     0x6429dee5440c - <alloc[2e1b2a31b91974c5]::vec::Vec<u8> as core[a373ad73a504971]::io::write::Write>::write_fmt
[INFO] [stdout]    3:     0x6429dee2b056 - std[617be2ca0a6fd877]::panicking::default_hook::{closure#0}
[INFO] [stdout]    4:     0x6429dee47c39 - std[617be2ca0a6fd877]::panicking::default_hook
[INFO] [stdout]    5:     0x6429dec94620 - test[aada8e7e76ba119b]::test_main_inner::{closure#0}
[INFO] [stdout]    6:     0x6429dee47f62 - std[617be2ca0a6fd877]::panicking::panic_with_hook
[INFO] [stdout]    7:     0x6429dee2b134 - std[617be2ca0a6fd877]::panicking::panic_handler::{closure#0}
[INFO] [stdout]    8:     0x6429dee23d39 - std[617be2ca0a6fd877]::sys::backtrace::__rust_end_short_backtrace::<std[617be2ca0a6fd877]::panicking::panic_handler::{closure#0}, !>
[INFO] [stdout]    9:     0x6429dee2befd - __rustc[ea4f61d10b84890b]::rust_begin_unwind
[INFO] [stdout]   10:     0x6429dee664ec - core[a373ad73a504971]::panicking::panic_fmt
[INFO] [stdout]   11:     0x6429dee664b2 - core[a373ad73a504971]::panicking::panic
[INFO] [stdout]   12:     0x6429dec420cb - async_impl_tests[2fb4020b78b7598b]::async_get_script_hash_txs_chain::{closure#0}
[INFO] [stdout]   13:     0x6429dec6171d - <tokio[84480eba77d0c788]::macros::scoped_tls::ScopedKey<tokio[84480eba77d0c788]::runtime::basic_scheduler::Context>>::set::<tokio[84480eba77d0c788]::runtime::basic_scheduler::enter<<tokio[84480eba77d0c788]::runtime::basic_scheduler::BasicScheduler<tokio[84480eba77d0c788]::park::either::Either<tokio[84480eba77d0c788]::time::driver::Driver<tokio[84480eba77d0c788]::park::either::Either<tokio[84480eba77d0c788]::io::driver::Driver, tokio[84480eba77d0c788]::park::thread::ParkThread>>, tokio[84480eba77d0c788]::park::either::Either<tokio[84480eba77d0c788]::io::driver::Driver, tokio[84480eba77d0c788]::park::thread::ParkThread>>>>::block_on<async_impl_tests[2fb4020b78b7598b]::async_get_script_hash_txs_chain::{closure#0}>::{closure#0}, (), tokio[84480eba77d0c788]::park::either::Either<tokio[84480eba77d0c788]::time::driver::Driver<tokio[84480eba77d0c788]::park::either::Either<tokio[84480eba77d0c788]::io::driver::Driver, tokio[84480eba77d0c788]::park::thread::ParkThread>>, tokio[84480eba77d0c788]::park::either::Either<tokio[84480eba77d0c788]::io::driver::Driver, tokio[84480eba77d0c788]::park::thread::ParkThread>>>::{closure#0}, ()>
[INFO] [stdout]   14:     0x6429dec6ce12 - tokio[84480eba77d0c788]::runtime::basic_scheduler::enter::<<tokio[84480eba77d0c788]::runtime::basic_scheduler::BasicScheduler<tokio[84480eba77d0c788]::park::either::Either<tokio[84480eba77d0c788]::time::driver::Driver<tokio[84480eba77d0c788]::park::either::Either<tokio[84480eba77d0c788]::io::driver::Driver, tokio[84480eba77d0c788]::park::thread::ParkThread>>, tokio[84480eba77d0c788]::park::either::Either<tokio[84480eba77d0c788]::io::driver::Driver, tokio[84480eba77d0c788]::park::thread::ParkThread>>>>::block_on<async_impl_tests[2fb4020b78b7598b]::async_get_script_hash_txs_chain::{closure#0}>::{closure#0}, (), tokio[84480eba77d0c788]::park::either::Either<tokio[84480eba77d0c788]::time::driver::Driver<tokio[84480eba77d0c788]::park::either::Either<tokio[84480eba77d0c788]::io::driver::Driver, tokio[84480eba77d0c788]::park::thread::ParkThread>>, tokio[84480eba77d0c788]::park::either::Either<tokio[84480eba77d0c788]::io::driver::Driver, tokio[84480eba77d0c788]::park::thread::ParkThread>>>
[INFO] [stdout]   15:     0x6429dec766ed - tokio[84480eba77d0c788]::runtime::context::enter::<<tokio[84480eba77d0c788]::runtime::Runtime>::block_on<async_impl_tests[2fb4020b78b7598b]::async_get_script_hash_txs_chain::{closure#0}>::{closure#0}, ()>
[INFO] [stdout]   16:     0x6429dec7eacb - <async_impl_tests[2fb4020b78b7598b]::async_get_script_hash_txs_chain::{closure#0} as core[a373ad73a504971]::ops::function::FnOnce<()>>::call_once
[INFO] [stdout]   17:     0x6429dec87a6b - test[aada8e7e76ba119b]::__rust_begin_short_backtrace::<core[a373ad73a504971]::result::Result<(), alloc[2e1b2a31b91974c5]::string::String>, fn() -> core[a373ad73a504971]::result::Result<(), alloc[2e1b2a31b91974c5]::string::String>>
[INFO] [stdout]   18:     0x6429dec94c45 - test[aada8e7e76ba119b]::run_test::{closure#0}
[INFO] [stdout]   19:     0x6429dec8e534 - std[617be2ca0a6fd877]::sys::backtrace::__rust_begin_short_backtrace::<test[aada8e7e76ba119b]::run_test::{closure#1}, ()>
[INFO] [stdout]   20:     0x6429dec97cd2 - <std[617be2ca0a6fd877]::thread::lifecycle::spawn_unchecked<test[aada8e7e76ba119b]::run_test::{closure#1}, ()>::{closure#1} as core[a373ad73a504971]::ops::function::FnOnce<()>>::call_once::{shim:vtable#0}
[INFO] [stdout]   21:     0x6429dee4f0ef - <std[617be2ca0a6fd877]::sys::thread::unix::Thread>::new::thread_start
[INFO] [stdout]   22:     0x73718b8a6dfa - <unknown>
[INFO] [stdout]   23:     0x73718b93a3d4 - clone
[INFO] [stdout]   24:                0x0 - <unknown>
[INFO] [stdout] 
[INFO] [stdout] ---- async_get_script_hash_txs_mempool stdout ----
[INFO] [stdout] 
[INFO] [stdout] thread 'async_get_script_hash_txs_mempool' (1232) panicked at tests/async_impl_tests.rs:286:5:
[INFO] [stdout] assertion failed: tx_list.is_ok()
[INFO] [stdout] stack backtrace:
[INFO] [stdout]    0:     0x6429dee4fc41 - <<std[617be2ca0a6fd877]::sys::backtrace::BacktraceLock>::print::DisplayBacktrace as core[a373ad73a504971]::fmt::Display>::fmt
[INFO] [stdout]    1:     0x6429dee65d8a - core[a373ad73a504971]::fmt::write
[INFO] [stdout]    2:     0x6429dee5440c - <alloc[2e1b2a31b91974c5]::vec::Vec<u8> as core[a373ad73a504971]::io::write::Write>::write_fmt
[INFO] [stdout]    3:     0x6429dee2b056 - std[617be2ca0a6fd877]::panicking::default_hook::{closure#0}
[INFO] [stdout]    4:     0x6429dee47c39 - std[617be2ca0a6fd877]::panicking::default_hook
[INFO] [stdout]    5:     0x6429dec94620 - test[aada8e7e76ba119b]::test_main_inner::{closure#0}
[INFO] [stdout]    6:     0x6429dee47f62 - std[617be2ca0a6fd877]::panicking::panic_with_hook
[INFO] [stdout]    7:     0x6429dee2b134 - std[617be2ca0a6fd877]::panicking::panic_handler::{closure#0}
[INFO] [stdout]    8:     0x6429dee23d39 - std[617be2ca0a6fd877]::sys::backtrace::__rust_end_short_backtrace::<std[617be2ca0a6fd877]::panicking::panic_handler::{closure#0}, !>
[INFO] [stdout]    9:     0x6429dee2befd - __rustc[ea4f61d10b84890b]::rust_begin_unwind
[INFO] [stdout]   10:     0x6429dee664ec - core[a373ad73a504971]::panicking::panic_fmt
[INFO] [stdout]   11:     0x6429dee664b2 - core[a373ad73a504971]::panicking::panic
[INFO] [stdout]   12:     0x6429dec425ec - async_impl_tests[2fb4020b78b7598b]::async_get_script_hash_txs_mempool::{closure#0}
[INFO] [stdout]   13:     0x6429dec61b4d - <tokio[84480eba77d0c788]::macros::scoped_tls::ScopedKey<tokio[84480eba77d0c788]::runtime::basic_scheduler::Context>>::set::<tokio[84480eba77d0c788]::runtime::basic_scheduler::enter<<tokio[84480eba77d0c788]::runtime::basic_scheduler::BasicScheduler<tokio[84480eba77d0c788]::park::either::Either<tokio[84480eba77d0c788]::time::driver::Driver<tokio[84480eba77d0c788]::park::either::Either<tokio[84480eba77d0c788]::io::driver::Driver, tokio[84480eba77d0c788]::park::thread::ParkThread>>, tokio[84480eba77d0c788]::park::either::Either<tokio[84480eba77d0c788]::io::driver::Driver, tokio[84480eba77d0c788]::park::thread::ParkThread>>>>::block_on<async_impl_tests[2fb4020b78b7598b]::async_get_script_hash_txs_mempool::{closure#0}>::{closure#0}, (), tokio[84480eba77d0c788]::park::either::Either<tokio[84480eba77d0c788]::time::driver::Driver<tokio[84480eba77d0c788]::park::either::Either<tokio[84480eba77d0c788]::io::driver::Driver, tokio[84480eba77d0c788]::park::thread::ParkThread>>, tokio[84480eba77d0c788]::park::either::Either<tokio[84480eba77d0c788]::io::driver::Driver, tokio[84480eba77d0c788]::park::thread::ParkThread>>>::{closure#0}, ()>
[INFO] [stdout]   14:     0x6429dec6cf22 - tokio[84480eba77d0c788]::runtime::basic_scheduler::enter::<<tokio[84480eba77d0c788]::runtime::basic_scheduler::BasicScheduler<tokio[84480eba77d0c788]::park::either::Either<tokio[84480eba77d0c788]::time::driver::Driver<tokio[84480eba77d0c788]::park::either::Either<tokio[84480eba77d0c788]::io::driver::Driver, tokio[84480eba77d0c788]::park::thread::ParkThread>>, tokio[84480eba77d0c788]::park::either::Either<tokio[84480eba77d0c788]::io::driver::Driver, tokio[84480eba77d0c788]::park::thread::ParkThread>>>>::block_on<async_impl_tests[2fb4020b78b7598b]::async_get_script_hash_txs_mempool::{closure#0}>::{closure#0}, (), tokio[84480eba77d0c788]::park::either::Either<tokio[84480eba77d0c788]::time::driver::Driver<tokio[84480eba77d0c788]::park::either::Either<tokio[84480eba77d0c788]::io::driver::Driver, tokio[84480eba77d0c788]::park::thread::ParkThread>>, tokio[84480eba77d0c788]::park::either::Either<tokio[84480eba77d0c788]::io::driver::Driver, tokio[84480eba77d0c788]::park::thread::ParkThread>>>
[INFO] [stdout]   15:     0x6429dec7682d - tokio[84480eba77d0c788]::runtime::context::enter::<<tokio[84480eba77d0c788]::runtime::Runtime>::block_on<async_impl_tests[2fb4020b78b7598b]::async_get_script_hash_txs_mempool::{closure#0}>::{closure#0}, ()>
[INFO] [stdout]   16:     0x6429dec7ecbb - <async_impl_tests[2fb4020b78b7598b]::async_get_script_hash_txs_mempool::{closure#0} as core[a373ad73a504971]::ops::function::FnOnce<()>>::call_once
[INFO] [stdout]   17:     0x6429dec87a6b - test[aada8e7e76ba119b]::__rust_begin_short_backtrace::<core[a373ad73a504971]::result::Result<(), alloc[2e1b2a31b91974c5]::string::String>, fn() -> core[a373ad73a504971]::result::Result<(), alloc[2e1b2a31b91974c5]::string::String>>
[INFO] [stdout]   18:     0x6429dec94c45 - test[aada8e7e76ba119b]::run_test::{closure#0}
[INFO] [stdout]   19:     0x6429dec8e534 - std[617be2ca0a6fd877]::sys::backtrace::__rust_begin_short_backtrace::<test[aada8e7e76ba119b]::run_test::{closure#1}, ()>
[INFO] [stdout]   20:     0x6429dec97cd2 - <std[617be2ca0a6fd877]::thread::lifecycle::spawn_unchecked<test[aada8e7e76ba119b]::run_test::{closure#1}, ()>::{closure#1} as core[a373ad73a504971]::ops::function::FnOnce<()>>::call_once::{shim:vtable#0}
[INFO] [stdout]   21:     0x6429dee4f0ef - <std[617be2ca0a6fd877]::sys::thread::unix::Thread>::new::thread_start
[INFO] [stdout]   22:     0x73718b8a6dfa - <unknown>
[INFO] [stdout]   23:     0x73718b93a3d4 - clone
[INFO] [stdout]   24:                0x0 - <unknown>
[INFO] [stdout] 
[INFO] [stdout] ---- async_get_script_hash_utxo stdout ----
[INFO] [stdout] 
[INFO] [stdout] thread 'async_get_script_hash_utxo' (1233) panicked at tests/async_impl_tests.rs:302:5:
[INFO] [stdout] assertion failed: utxo.is_ok()
[INFO] [stdout] stack backtrace:
[INFO] [stdout]    0:     0x6429dee4fc41 - <<std[617be2ca0a6fd877]::sys::backtrace::BacktraceLock>::print::DisplayBacktrace as core[a373ad73a504971]::fmt::Display>::fmt
[INFO] [stdout]    1:     0x6429dee65d8a - core[a373ad73a504971]::fmt::write
[INFO] [stdout]    2:     0x6429dee5440c - <alloc[2e1b2a31b91974c5]::vec::Vec<u8> as core[a373ad73a504971]::io::write::Write>::write_fmt
[INFO] [stdout]    3:     0x6429dee2b056 - std[617be2ca0a6fd877]::panicking::default_hook::{closure#0}
[INFO] [stdout]    4:     0x6429dee47c39 - std[617be2ca0a6fd877]::panicking::default_hook
[INFO] [stdout]    5:     0x6429dec94620 - test[aada8e7e76ba119b]::test_main_inner::{closure#0}
[INFO] [stdout]    6:     0x6429dee47f62 - std[617be2ca0a6fd877]::panicking::panic_with_hook
[INFO] [stdout]    7:     0x6429dee2b134 - std[617be2ca0a6fd877]::panicking::panic_handler::{closure#0}
[INFO] [stdout]    8:     0x6429dee23d39 - std[617be2ca0a6fd877]::sys::backtrace::__rust_end_short_backtrace::<std[617be2ca0a6fd877]::panicking::panic_handler::{closure#0}, !>
[INFO] [stdout]    9:     0x6429dee2befd - __rustc[ea4f61d10b84890b]::rust_begin_unwind
[INFO] [stdout]   10:     0x6429dee664ec - core[a373ad73a504971]::panicking::panic_fmt
[INFO] [stdout]   11:     0x6429dee664b2 - core[a373ad73a504971]::panicking::panic
[INFO] [stdout]   12:     0x6429dec3ffcc - async_impl_tests[2fb4020b78b7598b]::async_get_script_hash_utxo::{closure#0}
[INFO] [stdout]   13:     0x6429dec5fdfd - <tokio[84480eba77d0c788]::macros::scoped_tls::ScopedKey<tokio[84480eba77d0c788]::runtime::basic_scheduler::Context>>::set::<tokio[84480eba77d0c788]::runtime::basic_scheduler::enter<<tokio[84480eba77d0c788]::runtime::basic_scheduler::BasicScheduler<tokio[84480eba77d0c788]::park::either::Either<tokio[84480eba77d0c788]::time::driver::Driver<tokio[84480eba77d0c788]::park::either::Either<tokio[84480eba77d0c788]::io::driver::Driver, tokio[84480eba77d0c788]::park::thread::ParkThread>>, tokio[84480eba77d0c788]::park::either::Either<tokio[84480eba77d0c788]::io::driver::Driver, tokio[84480eba77d0c788]::park::thread::ParkThread>>>>::block_on<async_impl_tests[2fb4020b78b7598b]::async_get_script_hash_utxo::{closure#0}>::{closure#0}, (), tokio[84480eba77d0c788]::park::either::Either<tokio[84480eba77d0c788]::time::driver::Driver<tokio[84480eba77d0c788]::park::either::Either<tokio[84480eba77d0c788]::io::driver::Driver, tokio[84480eba77d0c788]::park::thread::ParkThread>>, tokio[84480eba77d0c788]::park::either::Either<tokio[84480eba77d0c788]::io::driver::Driver, tokio[84480eba77d0c788]::park::thread::ParkThread>>>::{closure#0}, ()>
[INFO] [stdout]   14:     0x6429dec6c7b2 - tokio[84480eba77d0c788]::runtime::basic_scheduler::enter::<<tokio[84480eba77d0c788]::runtime::basic_scheduler::BasicScheduler<tokio[84480eba77d0c788]::park::either::Either<tokio[84480eba77d0c788]::time::driver::Driver<tokio[84480eba77d0c788]::park::either::Either<tokio[84480eba77d0c788]::io::driver::Driver, tokio[84480eba77d0c788]::park::thread::ParkThread>>, tokio[84480eba77d0c788]::park::either::Either<tokio[84480eba77d0c788]::io::driver::Driver, tokio[84480eba77d0c788]::park::thread::ParkThread>>>>::block_on<async_impl_tests[2fb4020b78b7598b]::async_get_script_hash_utxo::{closure#0}>::{closure#0}, (), tokio[84480eba77d0c788]::park::either::Either<tokio[84480eba77d0c788]::time::driver::Driver<tokio[84480eba77d0c788]::park::either::Either<tokio[84480eba77d0c788]::io::driver::Driver, tokio[84480eba77d0c788]::park::thread::ParkThread>>, tokio[84480eba77d0c788]::park::either::Either<tokio[84480eba77d0c788]::io::driver::Driver, tokio[84480eba77d0c788]::park::thread::ParkThread>>>
[INFO] [stdout]   15:     0x6429dec75f6d - tokio[84480eba77d0c788]::runtime::context::enter::<<tokio[84480eba77d0c788]::runtime::Runtime>::block_on<async_impl_tests[2fb4020b78b7598b]::async_get_script_hash_utxo::{closure#0}>::{closure#0}, ()>
[INFO] [stdout]   16:     0x6429dec7df2b - <async_impl_tests[2fb4020b78b7598b]::async_get_script_hash_utxo::{closure#0} as core[a373ad73a504971]::ops::function::FnOnce<()>>::call_once
[INFO] [stdout]   17:     0x6429dec87a6b - test[aada8e7e76ba119b]::__rust_begin_short_backtrace::<core[a373ad73a504971]::result::Result<(), alloc[2e1b2a31b91974c5]::string::String>, fn() -> core[a373ad73a504971]::result::Result<(), alloc[2e1b2a31b91974c5]::string::String>>
[INFO] [stdout]   18:     0x6429dec94c45 - test[aada8e7e76ba119b]::run_test::{closure#0}
[INFO] [stdout]   19:     0x6429dec8e534 - std[617be2ca0a6fd877]::sys::backtrace::__rust_begin_short_backtrace::<test[aada8e7e76ba119b]::run_test::{closure#1}, ()>
[INFO] [stdout]   20:     0x6429dec97cd2 - <std[617be2ca0a6fd877]::thread::lifecycle::spawn_unchecked<test[aada8e7e76ba119b]::run_test::{closure#1}, ()>::{closure#1} as core[a373ad73a504971]::ops::function::FnOnce<()>>::call_once::{shim:vtable#0}
[INFO] [stdout]   21:     0x6429dee4f0ef - <std[617be2ca0a6fd877]::sys::thread::unix::Thread>::new::thread_start
[INFO] [stdout]   22:     0x73718b8a6dfa - <unknown>
[INFO] [stdout]   23:     0x73718b93a3d4 - clone
[INFO] [stdout]   24:                0x0 - <unknown>
[INFO] [stdout] 
[INFO] [stdout] ---- async_get_tx stdout ----
[INFO] [stdout] 
[INFO] [stdout] thread 'async_get_tx' (1236) panicked at tests/async_impl_tests.rs:138:5:
[INFO] [stdout] assertion `left == right` failed
[INFO] [stdout]   left: true
[INFO] [stdout]  right: false
[INFO] [stdout] stack backtrace:
[INFO] [stdout]    0:     0x6429dee4fc41 - <<std[617be2ca0a6fd877]::sys::backtrace::BacktraceLock>::print::DisplayBacktrace as core[a373ad73a504971]::fmt::Display>::fmt
[INFO] [stdout]    1:     0x6429dee65d8a - core[a373ad73a504971]::fmt::write
[INFO] [stdout]    2:     0x6429dee5440c - <alloc[2e1b2a31b91974c5]::vec::Vec<u8> as core[a373ad73a504971]::io::write::Write>::write_fmt
[INFO] [stdout]    3:     0x6429dee2b056 - std[617be2ca0a6fd877]::panicking::default_hook::{closure#0}
[INFO] [stdout]    4:     0x6429dee47c39 - std[617be2ca0a6fd877]::panicking::default_hook
[INFO] [stdout]    5:     0x6429dec94620 - test[aada8e7e76ba119b]::test_main_inner::{closure#0}
[INFO] [stdout]    6:     0x6429dee47f62 - std[617be2ca0a6fd877]::panicking::panic_with_hook
[INFO] [stdout]    7:     0x6429dee2b102 - std[617be2ca0a6fd877]::panicking::panic_handler::{closure#0}
[INFO] [stdout]    8:     0x6429dee23d39 - std[617be2ca0a6fd877]::sys::backtrace::__rust_end_short_backtrace::<std[617be2ca0a6fd877]::panicking::panic_handler::{closure#0}, !>
[INFO] [stdout]    9:     0x6429dee2befd - __rustc[ea4f61d10b84890b]::rust_begin_unwind
[INFO] [stdout]   10:     0x6429dee664ec - core[a373ad73a504971]::panicking::panic_fmt
[INFO] [stdout]   11:     0x6429dee66403 - core[a373ad73a504971]::panicking::assert_failed_inner
[INFO] [stdout]   12:     0x6429dec8361c - core[a373ad73a504971]::panicking::assert_failed::<bool, bool>
[INFO] [stdout]   13:     0x6429dec36640 - async_impl_tests[2fb4020b78b7598b]::async_get_tx::{closure#0}
[INFO] [stdout]   14:     0x6429dec5940d - <tokio[84480eba77d0c788]::macros::scoped_tls::ScopedKey<tokio[84480eba77d0c788]::runtime::basic_scheduler::Context>>::set::<tokio[84480eba77d0c788]::runtime::basic_scheduler::enter<<tokio[84480eba77d0c788]::runtime::basic_scheduler::BasicScheduler<tokio[84480eba77d0c788]::park::either::Either<tokio[84480eba77d0c788]::time::driver::Driver<tokio[84480eba77d0c788]::park::either::Either<tokio[84480eba77d0c788]::io::driver::Driver, tokio[84480eba77d0c788]::park::thread::ParkThread>>, tokio[84480eba77d0c788]::park::either::Either<tokio[84480eba77d0c788]::io::driver::Driver, tokio[84480eba77d0c788]::park::thread::ParkThread>>>>::block_on<async_impl_tests[2fb4020b78b7598b]::async_get_tx::{closure#0}>::{closure#0}, (), tokio[84480eba77d0c788]::park::either::Either<tokio[84480eba77d0c788]::time::driver::Driver<tokio[84480eba77d0c788]::park::either::Either<tokio[84480eba77d0c788]::io::driver::Driver, tokio[84480eba77d0c788]::park::thread::ParkThread>>, tokio[84480eba77d0c788]::park::either::Either<tokio[84480eba77d0c788]::io::driver::Driver, tokio[84480eba77d0c788]::park::thread::ParkThread>>>::{closure#0}, ()>
[INFO] [stdout]   15:     0x6429dec6ad22 - tokio[84480eba77d0c788]::runtime::basic_scheduler::enter::<<tokio[84480eba77d0c788]::runtime::basic_scheduler::BasicScheduler<tokio[84480eba77d0c788]::park::either::Either<tokio[84480eba77d0c788]::time::driver::Driver<tokio[84480eba77d0c788]::park::either::Either<tokio[84480eba77d0c788]::io::driver::Driver, tokio[84480eba77d0c788]::park::thread::ParkThread>>, tokio[84480eba77d0c788]::park::either::Either<tokio[84480eba77d0c788]::io::driver::Driver, tokio[84480eba77d0c788]::park::thread::ParkThread>>>>::block_on<async_impl_tests[2fb4020b78b7598b]::async_get_tx::{closure#0}>::{closure#0}, (), tokio[84480eba77d0c788]::park::either::Either<tokio[84480eba77d0c788]::time::driver::Driver<tokio[84480eba77d0c788]::park::either::Either<tokio[84480eba77d0c788]::io::driver::Driver, tokio[84480eba77d0c788]::park::thread::ParkThread>>, tokio[84480eba77d0c788]::park::either::Either<tokio[84480eba77d0c788]::io::driver::Driver, tokio[84480eba77d0c788]::park::thread::ParkThread>>>
[INFO] [stdout]   16:     0x6429dec7402d - tokio[84480eba77d0c788]::runtime::context::enter::<<tokio[84480eba77d0c788]::runtime::Runtime>::block_on<async_impl_tests[2fb4020b78b7598b]::async_get_tx::{closure#0}>::{closure#0}, ()>
[INFO] [stdout]   17:     0x6429dec7adeb - <async_impl_tests[2fb4020b78b7598b]::async_get_tx::{closure#0} as core[a373ad73a504971]::ops::function::FnOnce<()>>::call_once
[INFO] [stdout]   18:     0x6429dec87a6b - test[aada8e7e76ba119b]::__rust_begin_short_backtrace::<core[a373ad73a504971]::result::Result<(), alloc[2e1b2a31b91974c5]::string::String>, fn() -> core[a373ad73a504971]::result::Result<(), alloc[2e1b2a31b91974c5]::string::String>>
[INFO] [stdout]   19:     0x6429dec94c45 - test[aada8e7e76ba119b]::run_test::{closure#0}
[INFO] [stdout]   20:     0x6429dec8e534 - std[617be2ca0a6fd877]::sys::backtrace::__rust_begin_short_backtrace::<test[aada8e7e76ba119b]::run_test::{closure#1}, ()>
[INFO] [stdout]   21:     0x6429dec97cd2 - <std[617be2ca0a6fd877]::thread::lifecycle::spawn_unchecked<test[aada8e7e76ba119b]::run_test::{closure#1}, ()>::{closure#1} as core[a373ad73a504971]::ops::function::FnOnce<()>>::call_once::{shim:vtable#0}
[INFO] [stdout]   22:     0x6429dee4f0ef - <std[617be2ca0a6fd877]::sys::thread::unix::Thread>::new::thread_start
[INFO] [stdout]   23:     0x73718b8a6dfa - <unknown>
[INFO] [stdout]   24:     0x73718b93a3d4 - clone
[INFO] [stdout]   25:                0x0 - <unknown>
[INFO] [stdout] 
[INFO] [stdout] ---- async_get_tx_merkle_proof stdout ----
[INFO] [stdout] 
[INFO] [stdout] thread 'async_get_tx_merkle_proof' (1239) panicked at tests/async_impl_tests.rs:183:5:
[INFO] [stdout] assertion failed: merkle_proof.is_ok()
[INFO] [stdout] stack backtrace:
[INFO] [stdout]    0:     0x6429dee4fc41 - <<std[617be2ca0a6fd877]::sys::backtrace::BacktraceLock>::print::DisplayBacktrace as core[a373ad73a504971]::fmt::Display>::fmt
[INFO] [stdout]    1:     0x6429dee65d8a - core[a373ad73a504971]::fmt::write
[INFO] [stdout]    2:     0x6429dee5440c - <alloc[2e1b2a31b91974c5]::vec::Vec<u8> as core[a373ad73a504971]::io::write::Write>::write_fmt
[INFO] [stdout]    3:     0x6429dee2b056 - std[617be2ca0a6fd877]::panicking::default_hook::{closure#0}
[INFO] [stdout]    4:     0x6429dee47c39 - std[617be2ca0a6fd877]::panicking::default_hook
[INFO] [stdout]    5:     0x6429dec94620 - test[aada8e7e76ba119b]::test_main_inner::{closure#0}
[INFO] [stdout]    6:     0x6429dee47f62 - std[617be2ca0a6fd877]::panicking::panic_with_hook
[INFO] [stdout]    7:     0x6429dee2b134 - std[617be2ca0a6fd877]::panicking::panic_handler::{closure#0}
[INFO] [stdout]    8:     0x6429dee23d39 - std[617be2ca0a6fd877]::sys::backtrace::__rust_end_short_backtrace::<std[617be2ca0a6fd877]::panicking::panic_handler::{closure#0}, !>
[INFO] [stdout]    9:     0x6429dee2befd - __rustc[ea4f61d10b84890b]::rust_begin_unwind
[INFO] [stdout]   10:     0x6429dee664ec - core[a373ad73a504971]::panicking::panic_fmt
[INFO] [stdout]   11:     0x6429dee664b2 - core[a373ad73a504971]::panicking::panic
[INFO] [stdout]   12:     0x6429dec3f3b5 - async_impl_tests[2fb4020b78b7598b]::async_get_tx_merkle_proof::{closure#0}
[INFO] [stdout]   13:     0x6429dec5f59d - <tokio[84480eba77d0c788]::macros::scoped_tls::ScopedKey<tokio[84480eba77d0c788]::runtime::basic_scheduler::Context>>::set::<tokio[84480eba77d0c788]::runtime::basic_scheduler::enter<<tokio[84480eba77d0c788]::runtime::basic_scheduler::BasicScheduler<tokio[84480eba77d0c788]::park::either::Either<tokio[84480eba77d0c788]::time::driver::Driver<tokio[84480eba77d0c788]::park::either::Either<tokio[84480eba77d0c788]::io::driver::Driver, tokio[84480eba77d0c788]::park::thread::ParkThread>>, tokio[84480eba77d0c788]::park::either::Either<tokio[84480eba77d0c788]::io::driver::Driver, tokio[84480eba77d0c788]::park::thread::ParkThread>>>>::block_on<async_impl_tests[2fb4020b78b7598b]::async_get_tx_merkle_proof::{closure#0}>::{closure#0}, (), tokio[84480eba77d0c788]::park::either::Either<tokio[84480eba77d0c788]::time::driver::Driver<tokio[84480eba77d0c788]::park::either::Either<tokio[84480eba77d0c788]::io::driver::Driver, tokio[84480eba77d0c788]::park::thread::ParkThread>>, tokio[84480eba77d0c788]::park::either::Either<tokio[84480eba77d0c788]::io::driver::Driver, tokio[84480eba77d0c788]::park::thread::ParkThread>>>::{closure#0}, ()>
[INFO] [stdout]   14:     0x6429dec6c592 - tokio[84480eba77d0c788]::runtime::basic_scheduler::enter::<<tokio[84480eba77d0c788]::runtime::basic_scheduler::BasicScheduler<tokio[84480eba77d0c788]::park::either::Either<tokio[84480eba77d0c788]::time::driver::Driver<tokio[84480eba77d0c788]::park::either::Either<tokio[84480eba77d0c788]::io::driver::Driver, tokio[84480eba77d0c788]::park::thread::ParkThread>>, tokio[84480eba77d0c788]::park::either::Either<tokio[84480eba77d0c788]::io::driver::Driver, tokio[84480eba77d0c788]::park::thread::ParkThread>>>>::block_on<async_impl_tests[2fb4020b78b7598b]::async_get_tx_merkle_proof::{closure#0}>::{closure#0}, (), tokio[84480eba77d0c788]::park::either::Either<tokio[84480eba77d0c788]::time::driver::Driver<tokio[84480eba77d0c788]::park::either::Either<tokio[84480eba77d0c788]::io::driver::Driver, tokio[84480eba77d0c788]::park::thread::ParkThread>>, tokio[84480eba77d0c788]::park::either::Either<tokio[84480eba77d0c788]::io::driver::Driver, tokio[84480eba77d0c788]::park::thread::ParkThread>>>
[INFO] [stdout]   15:     0x6429dec75ced - tokio[84480eba77d0c788]::runtime::context::enter::<<tokio[84480eba77d0c788]::runtime::Runtime>::block_on<async_impl_tests[2fb4020b78b7598b]::async_get_tx_merkle_proof::{closure#0}>::{closure#0}, ()>
[INFO] [stdout]   16:     0x6429dec7da7b - <async_impl_tests[2fb4020b78b7598b]::async_get_tx_merkle_proof::{closure#0} as core[a373ad73a504971]::ops::function::FnOnce<()>>::call_once
[INFO] [stdout]   17:     0x6429dec87a6b - test[aada8e7e76ba119b]::__rust_begin_short_backtrace::<core[a373ad73a504971]::result::Result<(), alloc[2e1b2a31b91974c5]::string::String>, fn() -> core[a373ad73a504971]::result::Result<(), alloc[2e1b2a31b91974c5]::string::String>>
[INFO] [stdout]   18:     0x6429dec94c45 - test[aada8e7e76ba119b]::run_test::{closure#0}
[INFO] [stdout]   19:     0x6429dec8e534 - std[617be2ca0a6fd877]::sys::backtrace::__rust_begin_short_backtrace::<test[aada8e7e76ba119b]::run_test::{closure#1}, ()>
[INFO] [stdout]   20:     0x6429dec97cd2 - <std[617be2ca0a6fd877]::thread::lifecycle::spawn_unchecked<test[aada8e7e76ba119b]::run_test::{closure#1}, ()>::{closure#1} as core[a373ad73a504971]::ops::function::FnOnce<()>>::call_once::{shim:vtable#0}
[INFO] [stdout]   21:     0x6429dee4f0ef - <std[617be2ca0a6fd877]::sys::thread::unix::Thread>::new::thread_start
[INFO] [stdout]   22:     0x73718b8a6dfa - <unknown>
[INFO] [stdout]   23:     0x73718b93a3d4 - clone
[INFO] [stdout]   24:                0x0 - <unknown>
[INFO] [stdout] 
[INFO] [stdout] ---- async_get_tx_outspends stdout ----
[INFO] [stdout] 
[INFO] [stdout] thread 'async_get_tx_outspends' (1245) panicked at tests/async_impl_tests.rs:202:5:
[INFO] [stdout] assertion failed: outpends.is_ok()
[INFO] [stdout] stack backtrace:
[INFO] [stdout]    0:     0x6429dee4fc41 - <<std[617be2ca0a6fd877]::sys::backtrace::BacktraceLock>::print::DisplayBacktrace as core[a373ad73a504971]::fmt::Display>::fmt
[INFO] [stdout]    1:     0x6429dee65d8a - core[a373ad73a504971]::fmt::write
[INFO] [stdout]    2:     0x6429dee5440c - <alloc[2e1b2a31b91974c5]::vec::Vec<u8> as core[a373ad73a504971]::io::write::Write>::write_fmt
[INFO] [stdout]    3:     0x6429dee2b056 - std[617be2ca0a6fd877]::panicking::default_hook::{closure#0}
[INFO] [stdout]    4:     0x6429dee47c39 - std[617be2ca0a6fd877]::panicking::default_hook
[INFO] [stdout]    5:     0x6429dec94620 - test[aada8e7e76ba119b]::test_main_inner::{closure#0}
[INFO] [stdout]    6:     0x6429dee47f62 - std[617be2ca0a6fd877]::panicking::panic_with_hook
[INFO] [stdout]    7:     0x6429dee2b134 - std[617be2ca0a6fd877]::panicking::panic_handler::{closure#0}
[INFO] [stdout]    8:     0x6429dee23d39 - std[617be2ca0a6fd877]::sys::backtrace::__rust_end_short_backtrace::<std[617be2ca0a6fd877]::panicking::panic_handler::{closure#0}, !>
[INFO] [stdout]    9:     0x6429dee2befd - __rustc[ea4f61d10b84890b]::rust_begin_unwind
[INFO] [stdout]   10:     0x6429dee664ec - core[a373ad73a504971]::panicking::panic_fmt
[INFO] [stdout]   11:     0x6429dee664b2 - core[a373ad73a504971]::panicking::panic
[INFO] [stdout]   12:     0x6429dec3d261 - async_impl_tests[2fb4020b78b7598b]::async_get_tx_outspends::{closure#0}
[INFO] [stdout]   13:     0x6429dec5dc7d - <tokio[84480eba77d0c788]::macros::scoped_tls::ScopedKey<tokio[84480eba77d0c788]::runtime::basic_scheduler::Context>>::set::<tokio[84480eba77d0c788]::runtime::basic_scheduler::enter<<tokio[84480eba77d0c788]::runtime::basic_scheduler::BasicScheduler<tokio[84480eba77d0c788]::park::either::Either<tokio[84480eba77d0c788]::time::driver::Driver<tokio[84480eba77d0c788]::park::either::Either<tokio[84480eba77d0c788]::io::driver::Driver, tokio[84480eba77d0c788]::park::thread::ParkThread>>, tokio[84480eba77d0c788]::park::either::Either<tokio[84480eba77d0c788]::io::driver::Driver, tokio[84480eba77d0c788]::park::thread::ParkThread>>>>::block_on<async_impl_tests[2fb4020b78b7598b]::async_get_tx_outspends::{closure#0}>::{closure#0}, (), tokio[84480eba77d0c788]::park::either::Either<tokio[84480eba77d0c788]::time::driver::Driver<tokio[84480eba77d0c788]::park::either::Either<tokio[84480eba77d0c788]::io::driver::Driver, tokio[84480eba77d0c788]::park::thread::ParkThread>>, tokio[84480eba77d0c788]::park::either::Either<tokio[84480eba77d0c788]::io::driver::Driver, tokio[84480eba77d0c788]::park::thread::ParkThread>>>::{closure#0}, ()>
[INFO] [stdout]   14:     0x6429dec6bf32 - tokio[84480eba77d0c788]::runtime::basic_scheduler::enter::<<tokio[84480eba77d0c788]::runtime::basic_scheduler::BasicScheduler<tokio[84480eba77d0c788]::park::either::Either<tokio[84480eba77d0c788]::time::driver::Driver<tokio[84480eba77d0c788]::park::either::Either<tokio[84480eba77d0c788]::io::driver::Driver, tokio[84480eba77d0c788]::park::thread::ParkThread>>, tokio[84480eba77d0c788]::park::either::Either<tokio[84480eba77d0c788]::io::driver::Driver, tokio[84480eba77d0c788]::park::thread::ParkThread>>>>::block_on<async_impl_tests[2fb4020b78b7598b]::async_get_tx_outspends::{closure#0}>::{closure#0}, (), tokio[84480eba77d0c788]::park::either::Either<tokio[84480eba77d0c788]::time::driver::Driver<tokio[84480eba77d0c788]::park::either::Either<tokio[84480eba77d0c788]::io::driver::Driver, tokio[84480eba77d0c788]::park::thread::ParkThread>>, tokio[84480eba77d0c788]::park::either::Either<tokio[84480eba77d0c788]::io::driver::Driver, tokio[84480eba77d0c788]::park::thread::ParkThread>>>
[INFO] [stdout]   15:     0x6429dec7556d - tokio[84480eba77d0c788]::runtime::context::enter::<<tokio[84480eba77d0c788]::runtime::Runtime>::block_on<async_impl_tests[2fb4020b78b7598b]::async_get_tx_outspends::{closure#0}>::{closure#0}, ()>
[INFO] [stdout]   16:     0x6429dec7cedb - <async_impl_tests[2fb4020b78b7598b]::async_get_tx_outspends::{closure#0} as core[a373ad73a504971]::ops::function::FnOnce<()>>::call_once
[INFO] [stdout]   17:     0x6429dec87a6b - test[aada8e7e76ba119b]::__rust_begin_short_backtrace::<core[a373ad73a504971]::result::Result<(), alloc[2e1b2a31b91974c5]::string::String>, fn() -> core[a373ad73a504971]::result::Result<(), alloc[2e1b2a31b91974c5]::string::String>>
[INFO] [stdout]   18:     0x6429dec94c45 - test[aada8e7e76ba119b]::run_test::{closure#0}
[INFO] [stdout]   19:     0x6429dec8e534 - std[617be2ca0a6fd877]::sys::backtrace::__rust_begin_short_backtrace::<test[aada8e7e76ba119b]::run_test::{closure#1}, ()>
[INFO] [stdout]   20:     0x6429dec97cd2 - <std[617be2ca0a6fd877]::thread::lifecycle::spawn_unchecked<test[aada8e7e76ba119b]::run_test::{closure#1}, ()>::{closure#1} as core[a373ad73a504971]::ops::function::FnOnce<()>>::call_once::{shim:vtable#0}
[INFO] [stdout]   21:     0x6429dee4f0ef - <std[617be2ca0a6fd877]::sys::thread::unix::Thread>::new::thread_start
[INFO] [stdout]   22:     0x73718b8a6dfa - <unknown>
[INFO] [stdout]   23:     0x73718b93a3d4 - clone
[INFO] [stdout]   24:                0x0 - <unknown>
[INFO] [stdout] 
[INFO] [stdout] ---- async_get_tx_hex stdout ----
[INFO] [stdout] 
[INFO] [stdout] thread 'async_get_tx_hex' (1238) panicked at tests/async_impl_tests.rs:165:5:
[INFO] [stdout] assertion failed: tx_hex.is_ok()
[INFO] [stdout] stack backtrace:
[INFO] [stdout]    0:     0x6429dee4fc41 - <<std[617be2ca0a6fd877]::sys::backtrace::BacktraceLock>::print::DisplayBacktrace as core[a373ad73a504971]::fmt::Display>::fmt
[INFO] [stdout]    1:     0x6429dee65d8a - core[a373ad73a504971]::fmt::write
[INFO] [stdout]    2:     0x6429dee5440c - <alloc[2e1b2a31b91974c5]::vec::Vec<u8> as core[a373ad73a504971]::io::write::Write>::write_fmt
[INFO] [stdout]    3:     0x6429dee2b056 - std[617be2ca0a6fd877]::panicking::default_hook::{closure#0}
[INFO] [stdout]    4:     0x6429dee47c39 - std[617be2ca0a6fd877]::panicking::default_hook
[INFO] [stdout]    5:     0x6429dec94620 - test[aada8e7e76ba119b]::test_main_inner::{closure#0}
[INFO] [stdout]    6:     0x6429dee47f62 - std[617be2ca0a6fd877]::panicking::panic_with_hook
[INFO] [stdout]    7:     0x6429dee2b134 - std[617be2ca0a6fd877]::panicking::panic_handler::{closure#0}
[INFO] [stdout]    8:     0x6429dee23d39 - std[617be2ca0a6fd877]::sys::backtrace::__rust_end_short_backtrace::<std[617be2ca0a6fd877]::panicking::panic_handler::{closure#0}, !>
[INFO] [stdout]    9:     0x6429dee2befd - __rustc[ea4f61d10b84890b]::rust_begin_unwind
[INFO] [stdout]   10:     0x6429dee664ec - core[a373ad73a504971]::panicking::panic_fmt
[INFO] [stdout]   11:     0x6429dee664b2 - core[a373ad73a504971]::panicking::panic
[INFO] [stdout]   12:     0x6429dec37bcd - async_impl_tests[2fb4020b78b7598b]::async_get_tx_hex::{closure#0}
[INFO] [stdout]   13:     0x6429dec5a60d - <tokio[84480eba77d0c788]::macros::scoped_tls::ScopedKey<tokio[84480eba77d0c788]::runtime::basic_scheduler::Context>>::set::<tokio[84480eba77d0c788]::runtime::basic_scheduler::enter<<tokio[84480eba77d0c788]::runtime::basic_scheduler::BasicScheduler<tokio[84480eba77d0c788]::park::either::Either<tokio[84480eba77d0c788]::time::driver::Driver<tokio[84480eba77d0c788]::park::either::Either<tokio[84480eba77d0c788]::io::driver::Driver, tokio[84480eba77d0c788]::park::thread::ParkThread>>, tokio[84480eba77d0c788]::park::either::Either<tokio[84480eba77d0c788]::io::driver::Driver, tokio[84480eba77d0c788]::park::thread::ParkThread>>>>::block_on<async_impl_tests[2fb4020b78b7598b]::async_get_tx_hex::{closure#0}>::{closure#0}, (), tokio[84480eba77d0c788]::park::either::Either<tokio[84480eba77d0c788]::time::driver::Driver<tokio[84480eba77d0c788]::park::either::Either<tokio[84480eba77d0c788]::io::driver::Driver, tokio[84480eba77d0c788]::park::thread::ParkThread>>, tokio[84480eba77d0c788]::park::either::Either<tokio[84480eba77d0c788]::io::driver::Driver, tokio[84480eba77d0c788]::park::thread::ParkThread>>>::{closure#0}, ()>
[INFO] [stdout]   14:     0x6429dec6b15f - tokio[84480eba77d0c788]::runtime::basic_scheduler::enter::<<tokio[84480eba77d0c788]::runtime::basic_scheduler::BasicScheduler<tokio[84480eba77d0c788]::park::either::Either<tokio[84480eba77d0c788]::time::driver::Driver<tokio[84480eba77d0c788]::park::either::Either<tokio[84480eba77d0c788]::io::driver::Driver, tokio[84480eba77d0c788]::park::thread::ParkThread>>, tokio[84480eba77d0c788]::park::either::Either<tokio[84480eba77d0c788]::io::driver::Driver, tokio[84480eba77d0c788]::park::thread::ParkThread>>>>::block_on<async_impl_tests[2fb4020b78b7598b]::async_get_tx_hex::{closure#0}>::{closure#0}, (), tokio[84480eba77d0c788]::park::either::Either<tokio[84480eba77d0c788]::time::driver::Driver<tokio[84480eba77d0c788]::park::either::Either<tokio[84480eba77d0c788]::io::driver::Driver, tokio[84480eba77d0c788]::park::thread::ParkThread>>, tokio[84480eba77d0c788]::park::either::Either<tokio[84480eba77d0c788]::io::driver::Driver, tokio[84480eba77d0c788]::park::thread::ParkThread>>>
[INFO] [stdout]   15:     0x6429dec7452d - tokio[84480eba77d0c788]::runtime::context::enter::<<tokio[84480eba77d0c788]::runtime::Runtime>::block_on<async_impl_tests[2fb4020b78b7598b]::async_get_tx_hex::{closure#0}>::{closure#0}, ()>
[INFO] [stdout]   16:     0x6429dec7b5a8 - <async_impl_tests[2fb4020b78b7598b]::async_get_tx_hex::{closure#0} as core[a373ad73a504971]::ops::function::FnOnce<()>>::call_once
[INFO] [stdout]   17:     0x6429dec87a6b - test[aada8e7e76ba119b]::__rust_begin_short_backtrace::<core[a373ad73a504971]::result::Result<(), alloc[2e1b2a31b91974c5]::string::String>, fn() -> core[a373ad73a504971]::result::Result<(), alloc[2e1b2a31b91974c5]::string::String>>
[INFO] [stdout]   18:     0x6429dec94c45 - test[aada8e7e76ba119b]::run_test::{closure#0}
[INFO] [stdout]   19:     0x6429dec8e534 - std[617be2ca0a6fd877]::sys::backtrace::__rust_begin_short_backtrace::<test[aada8e7e76ba119b]::run_test::{closure#1}, ()>
[INFO] [stdout]   20:     0x6429dec97cd2 - <std[617be2ca0a6fd877]::thread::lifecycle::spawn_unchecked<test[aada8e7e76ba119b]::run_test::{closure#1}, ()>::{closure#1} as core[a373ad73a504971]::ops::function::FnOnce<()>>::call_once::{shim:vtable#0}
[INFO] [stdout]   21:     0x6429dee4f0ef - <std[617be2ca0a6fd877]::sys::thread::unix::Thread>::new::thread_start
[INFO] [stdout]   22:     0x73718b8a6dfa - <unknown>
[INFO] [stdout]   23:     0x73718b93a3d4 - clone
[INFO] [stdout]   24:                0x0 - <unknown>
[INFO] [stdout] 
[INFO] [stdout] ---- async_get_tx_merkleblock_proof stdout ----
[INFO] [stdout] 
[INFO] [stdout] thread 'async_get_tx_merkleblock_proof' (1242) panicked at tests/async_impl_tests.rs:175:5:
[INFO] [stdout] assertion failed: tx_hex.is_ok()
[INFO] [stdout] stack backtrace:
[INFO] [stdout]    0:     0x6429dee4fc41 - <<std[617be2ca0a6fd877]::sys::backtrace::BacktraceLock>::print::DisplayBacktrace as core[a373ad73a504971]::fmt::Display>::fmt
[INFO] [stdout]    1:     0x6429dee65d8a - core[a373ad73a504971]::fmt::write
[INFO] [stdout]    2:     0x6429dee5440c - <alloc[2e1b2a31b91974c5]::vec::Vec<u8> as core[a373ad73a504971]::io::write::Write>::write_fmt
[INFO] [stdout]    3:     0x6429dee2b056 - std[617be2ca0a6fd877]::panicking::default_hook::{closure#0}
[INFO] [stdout]    4:     0x6429dee47c39 - std[617be2ca0a6fd877]::panicking::default_hook
[INFO] [stdout]    5:     0x6429dec94620 - test[aada8e7e76ba119b]::test_main_inner::{closure#0}
[INFO] [stdout]    6:     0x6429dee47f62 - std[617be2ca0a6fd877]::panicking::panic_with_hook
[INFO] [stdout]    7:     0x6429dee2b134 - std[617be2ca0a6fd877]::panicking::panic_handler::{closure#0}
[INFO] [stdout]    8:     0x6429dee23d39 - std[617be2ca0a6fd877]::sys::backtrace::__rust_end_short_backtrace::<std[617be2ca0a6fd877]::panicking::panic_handler::{closure#0}, !>
[INFO] [stdout]    9:     0x6429dee2befd - __rustc[ea4f61d10b84890b]::rust_begin_unwind
[INFO] [stdout]   10:     0x6429dee664ec - core[a373ad73a504971]::panicking::panic_fmt
[INFO] [stdout]   11:     0x6429dee664b2 - core[a373ad73a504971]::panicking::panic
[INFO] [stdout]   12:     0x6429dec41b0d - async_impl_tests[2fb4020b78b7598b]::async_get_tx_merkleblock_proof::{closure#0}
[INFO] [stdout]   13:     0x6429dec612ed - <tokio[84480eba77d0c788]::macros::scoped_tls::ScopedKey<tokio[84480eba77d0c788]::runtime::basic_scheduler::Context>>::set::<tokio[84480eba77d0c788]::runtime::basic_scheduler::enter<<tokio[84480eba77d0c788]::runtime::basic_scheduler::BasicScheduler<tokio[84480eba77d0c788]::park::either::Either<tokio[84480eba77d0c788]::time::driver::Driver<tokio[84480eba77d0c788]::park::either::Either<tokio[84480eba77d0c788]::io::driver::Driver, tokio[84480eba77d0c788]::park::thread::ParkThread>>, tokio[84480eba77d0c788]::park::either::Either<tokio[84480eba77d0c788]::io::driver::Driver, tokio[84480eba77d0c788]::park::thread::ParkThread>>>>::block_on<async_impl_tests[2fb4020b78b7598b]::async_get_tx_merkleblock_proof::{closure#0}>::{closure#0}, (), tokio[84480eba77d0c788]::park::either::Either<tokio[84480eba77d0c788]::time::driver::Driver<tokio[84480eba77d0c788]::park::either::Either<tokio[84480eba77d0c788]::io::driver::Driver, tokio[84480eba77d0c788]::park::thread::ParkThread>>, tokio[84480eba77d0c788]::park::either::Either<tokio[84480eba77d0c788]::io::driver::Driver, tokio[84480eba77d0c788]::park::thread::ParkThread>>>::{closure#0}, ()>
[INFO] [stdout]   14:     0x6429dec6ccff - tokio[84480eba77d0c788]::runtime::basic_scheduler::enter::<<tokio[84480eba77d0c788]::runtime::basic_scheduler::BasicScheduler<tokio[84480eba77d0c788]::park::either::Either<tokio[84480eba77d0c788]::time::driver::Driver<tokio[84480eba77d0c788]::park::either::Either<tokio[84480eba77d0c788]::io::driver::Driver, tokio[84480eba77d0c788]::park::thread::ParkThread>>, tokio[84480eba77d0c788]::park::either::Either<tokio[84480eba77d0c788]::io::driver::Driver, tokio[84480eba77d0c788]::park::thread::ParkThread>>>>::block_on<async_impl_tests[2fb4020b78b7598b]::async_get_tx_merkleblock_proof::{closure#0}>::{closure#0}, (), tokio[84480eba77d0c788]::park::either::Either<tokio[84480eba77d0c788]::time::driver::Driver<tokio[84480eba77d0c788]::park::either::Either<tokio[84480eba77d0c788]::io::driver::Driver, tokio[84480eba77d0c788]::park::thread::ParkThread>>, tokio[84480eba77d0c788]::park::either::Either<tokio[84480eba77d0c788]::io::driver::Driver, tokio[84480eba77d0c788]::park::thread::ParkThread>>>
[INFO] [stdout]   15:     0x6429dec765ad - tokio[84480eba77d0c788]::runtime::context::enter::<<tokio[84480eba77d0c788]::runtime::Runtime>::block_on<async_impl_tests[2fb4020b78b7598b]::async_get_tx_merkleblock_proof::{closure#0}>::{closure#0}, ()>
[INFO] [stdout]   16:     0x6429dec7e8d8 - <async_impl_tests[2fb4020b78b7598b]::async_get_tx_merkleblock_proof::{closure#0} as core[a373ad73a504971]::ops::function::FnOnce<()>>::call_once
[INFO] [stdout]   17:     0x6429dec87a6b - test[aada8e7e76ba119b]::__rust_begin_short_backtrace::<core[a373ad73a504971]::result::Result<(), alloc[2e1b2a31b91974c5]::string::String>, fn() -> core[a373ad73a504971]::result::Result<(), alloc[2e1b2a31b91974c5]::string::String>>
[INFO] [stdout]   18:     0x6429dec94c45 - test[aada8e7e76ba119b]::run_test::{closure#0}
[INFO] [stdout]   19:     0x6429dec8e534 - std[617be2ca0a6fd877]::sys::backtrace::__rust_begin_short_backtrace::<test[aada8e7e76ba119b]::run_test::{closure#1}, ()>
[INFO] [stdout]   20:     0x6429dec97cd2 - <std[617be2ca0a6fd877]::thread::lifecycle::spawn_unchecked<test[aada8e7e76ba119b]::run_test::{closure#1}, ()>::{closure#1} as core[a373ad73a504971]::ops::function::FnOnce<()>>::call_once::{shim:vtable#0}
[INFO] [stdout]   21:     0x6429dee4f0ef - <std[617be2ca0a6fd877]::sys::thread::unix::Thread>::new::thread_start
[INFO] [stdout]   22:     0x73718b8a6dfa - <unknown>
[INFO] [stdout]   23:     0x73718b93a3d4 - clone
[INFO] [stdout]   24:                0x0 - <unknown>
[INFO] [stdout] 
[INFO] [stdout] ---- async_get_tx_status stdout ----
[INFO] [stdout] 
[INFO] [stdout] thread 'async_get_tx_status' (1249) panicked at tests/async_impl_tests.rs:147:5:
[INFO] [stdout] assertion failed: tx_status.is_ok()
[INFO] [stdout] stack backtrace:
[INFO] [stdout]    0:     0x6429dee4fc41 - <<std[617be2ca0a6fd877]::sys::backtrace::BacktraceLock>::print::DisplayBacktrace as core[a373ad73a504971]::fmt::Display>::fmt
[INFO] [stdout]    1:     0x6429dee65d8a - core[a373ad73a504971]::fmt::write
[INFO] [stdout]    2:     0x6429dee5440c - <alloc[2e1b2a31b91974c5]::vec::Vec<u8> as core[a373ad73a504971]::io::write::Write>::write_fmt
[INFO] [stdout]    3:     0x6429dee2b056 - std[617be2ca0a6fd877]::panicking::default_hook::{closure#0}
[INFO] [stdout]    4:     0x6429dee47c39 - std[617be2ca0a6fd877]::panicking::default_hook
[INFO] [stdout]    5:     0x6429dec94620 - test[aada8e7e76ba119b]::test_main_inner::{closure#0}
[INFO] [stdout]    6:     0x6429dee47f62 - std[617be2ca0a6fd877]::panicking::panic_with_hook
[INFO] [stdout]    7:     0x6429dee2b134 - std[617be2ca0a6fd877]::panicking::panic_handler::{closure#0}
[INFO] [stdout]    8:     0x6429dee23d39 - std[617be2ca0a6fd877]::sys::backtrace::__rust_end_short_backtrace::<std[617be2ca0a6fd877]::panicking::panic_handler::{closure#0}, !>
[INFO] [stdout]    9:     0x6429dee2befd - __rustc[ea4f61d10b84890b]::rust_begin_unwind
[INFO] [stdout]   10:     0x6429dee664ec - core[a373ad73a504971]::panicking::panic_fmt
[INFO] [stdout]   11:     0x6429dee664b2 - core[a373ad73a504971]::panicking::panic
[INFO] [stdout]   12:     0x6429dec39f51 - async_impl_tests[2fb4020b78b7598b]::async_get_tx_status::{closure#0}
[INFO] [stdout]   13:     0x6429dec5bafd - <tokio[84480eba77d0c788]::macros::scoped_tls::ScopedKey<tokio[84480eba77d0c788]::runtime::basic_scheduler::Context>>::set::<tokio[84480eba77d0c788]::runtime::basic_scheduler::enter<<tokio[84480eba77d0c788]::runtime::basic_scheduler::BasicScheduler<tokio[84480eba77d0c788]::park::either::Either<tokio[84480eba77d0c788]::time::driver::Driver<tokio[84480eba77d0c788]::park::either::Either<tokio[84480eba77d0c788]::io::driver::Driver, tokio[84480eba77d0c788]::park::thread::ParkThread>>, tokio[84480eba77d0c788]::park::either::Either<tokio[84480eba77d0c788]::io::driver::Driver, tokio[84480eba77d0c788]::park::thread::ParkThread>>>>::block_on<async_impl_tests[2fb4020b78b7598b]::async_get_tx_status::{closure#0}>::{closure#0}, (), tokio[84480eba77d0c788]::park::either::Either<tokio[84480eba77d0c788]::time::driver::Driver<tokio[84480eba77d0c788]::park::either::Either<tokio[84480eba77d0c788]::io::driver::Driver, tokio[84480eba77d0c788]::park::thread::ParkThread>>, tokio[84480eba77d0c788]::park::either::Either<tokio[84480eba77d0c788]::io::driver::Driver, tokio[84480eba77d0c788]::park::thread::ParkThread>>>::{closure#0}, ()>
[INFO] [stdout]   14:     0x6429dec6b6b2 - tokio[84480eba77d0c788]::runtime::basic_scheduler::enter::<<tokio[84480eba77d0c788]::runtime::basic_scheduler::BasicScheduler<tokio[84480eba77d0c788]::park::either::Either<tokio[84480eba77d0c788]::time::driver::Driver<tokio[84480eba77d0c788]::park::either::Either<tokio[84480eba77d0c788]::io::driver::Driver, tokio[84480eba77d0c788]::park::thread::ParkThread>>, tokio[84480eba77d0c788]::park::either::Either<tokio[84480eba77d0c788]::io::driver::Driver, tokio[84480eba77d0c788]::park::thread::ParkThread>>>>::block_on<async_impl_tests[2fb4020b78b7598b]::async_get_tx_status::{closure#0}>::{closure#0}, (), tokio[84480eba77d0c788]::park::either::Either<tokio[84480eba77d0c788]::time::driver::Driver<tokio[84480eba77d0c788]::park::either::Either<tokio[84480eba77d0c788]::io::driver::Driver, tokio[84480eba77d0c788]::park::thread::ParkThread>>, tokio[84480eba77d0c788]::park::either::Either<tokio[84480eba77d0c788]::io::driver::Driver, tokio[84480eba77d0c788]::park::thread::ParkThread>>>
[INFO] [stdout]   15:     0x6429dec74b6d - tokio[84480eba77d0c788]::runtime::context::enter::<<tokio[84480eba77d0c788]::runtime::Runtime>::block_on<async_impl_tests[2fb4020b78b7598b]::async_get_tx_status::{closure#0}>::{closure#0}, ()>
[INFO] [stdout]   16:     0x6429dec7bf5b - <async_impl_tests[2fb4020b78b7598b]::async_get_tx_status::{closure#0} as core[a373ad73a504971]::ops::function::FnOnce<()>>::call_once
[INFO] [stdout]   17:     0x6429dec87a6b - test[aada8e7e76ba119b]::__rust_begin_short_backtrace::<core[a373ad73a504971]::result::Result<(), alloc[2e1b2a31b91974c5]::string::String>, fn() -> core[a373ad73a504971]::result::Result<(), alloc[2e1b2a31b91974c5]::string::String>>
[INFO] [stdout]   18:     0x6429dec94c45 - test[aada8e7e76ba119b]::run_test::{closure#0}
[INFO] [stdout]   19:     0x6429dec8e534 - std[617be2ca0a6fd877]::sys::backtrace::__rust_begin_short_backtrace::<test[aada8e7e76ba119b]::run_test::{closure#1}, ()>
[INFO] [stdout]   20:     0x6429dec97cd2 - <std[617be2ca0a6fd877]::thread::lifecycle::spawn_unchecked<test[aada8e7e76ba119b]::run_test::{closure#1}, ()>::{closure#1} as core[a373ad73a504971]::ops::function::FnOnce<()>>::call_once::{shim:vtable#0}
[INFO] [stdout]   21:     0x6429dee4f0ef - <std[617be2ca0a6fd877]::sys::thread::unix::Thread>::new::thread_start
[INFO] [stdout]   22:     0x73718b8a6dfa - <unknown>
[INFO] [stdout]   23:     0x73718b93a3d4 - clone
[INFO] [stdout]   24:                0x0 - <unknown>
[INFO] [stdout] 
[INFO] [stdout] ---- async_get_tx_raw stdout ----
[INFO] [stdout] 
[INFO] [stdout] thread 'async_get_tx_raw' (1247) panicked at tests/async_impl_tests.rs:156:5:
[INFO] [stdout] assertion failed: tx_raw.is_ok()
[INFO] [stdout] stack backtrace:
[INFO] [stdout]    0:     0x6429dee4fc41 - <<std[617be2ca0a6fd877]::sys::backtrace::BacktraceLock>::print::DisplayBacktrace as core[a373ad73a504971]::fmt::Display>::fmt
[INFO] [stdout]    1:     0x6429dee65d8a - core[a373ad73a504971]::fmt::write
[INFO] [stdout]    2:     0x6429dee5440c - <alloc[2e1b2a31b91974c5]::vec::Vec<u8> as core[a373ad73a504971]::io::write::Write>::write_fmt
[INFO] [stdout]    3:     0x6429dee2b056 - std[617be2ca0a6fd877]::panicking::default_hook::{closure#0}
[INFO] [stdout]    4:     0x6429dee47c39 - std[617be2ca0a6fd877]::panicking::default_hook
[INFO] [stdout]    5:     0x6429dec94620 - test[aada8e7e76ba119b]::test_main_inner::{closure#0}
[INFO] [stdout]    6:     0x6429dee47f62 - std[617be2ca0a6fd877]::panicking::panic_with_hook
[INFO] [stdout]    7:     0x6429dee2b134 - std[617be2ca0a6fd877]::panicking::panic_handler::{closure#0}
[INFO] [stdout]    8:     0x6429dee23d39 - std[617be2ca0a6fd877]::sys::backtrace::__rust_end_short_backtrace::<std[617be2ca0a6fd877]::panicking::panic_handler::{closure#0}, !>
[INFO] [stdout]    9:     0x6429dee2befd - __rustc[ea4f61d10b84890b]::rust_begin_unwind
[INFO] [stdout]   10:     0x6429dee664ec - core[a373ad73a504971]::panicking::panic_fmt
[INFO] [stdout]   11:     0x6429dee664b2 - core[a373ad73a504971]::panicking::panic
[INFO] [stdout]   12:     0x6429dec381eb - async_impl_tests[2fb4020b78b7598b]::async_get_tx_raw::{closure#0}
[INFO] [stdout]   13:     0x6429dec5aa3d - <tokio[84480eba77d0c788]::macros::scoped_tls::ScopedKey<tokio[84480eba77d0c788]::runtime::basic_scheduler::Context>>::set::<tokio[84480eba77d0c788]::runtime::basic_scheduler::enter<<tokio[84480eba77d0c788]::runtime::basic_scheduler::BasicScheduler<tokio[84480eba77d0c788]::park::either::Either<tokio[84480eba77d0c788]::time::driver::Driver<tokio[84480eba77d0c788]::park::either::Either<tokio[84480eba77d0c788]::io::driver::Driver, tokio[84480eba77d0c788]::park::thread::ParkThread>>, tokio[84480eba77d0c788]::park::either::Either<tokio[84480eba77d0c788]::io::driver::Driver, tokio[84480eba77d0c788]::park::thread::ParkThread>>>>::block_on<async_impl_tests[2fb4020b78b7598b]::async_get_tx_raw::{closure#0}>::{closure#0}, (), tokio[84480eba77d0c788]::park::either::Either<tokio[84480eba77d0c788]::time::driver::Driver<tokio[84480eba77d0c788]::park::either::Either<tokio[84480eba77d0c788]::io::driver::Driver, tokio[84480eba77d0c788]::park::thread::ParkThread>>, tokio[84480eba77d0c788]::park::either::Either<tokio[84480eba77d0c788]::io::driver::Driver, tokio[84480eba77d0c788]::park::thread::ParkThread>>>::{closure#0}, ()>
[INFO] [stdout]   14:     0x6429dec6b272 - tokio[84480eba77d0c788]::runtime::basic_scheduler::enter::<<tokio[84480eba77d0c788]::runtime::basic_scheduler::BasicScheduler<tokio[84480eba77d0c788]::park::either::Either<tokio[84480eba77d0c788]::time::driver::Driver<tokio[84480eba77d0c788]::park::either::Either<tokio[84480eba77d0c788]::io::driver::Driver, tokio[84480eba77d0c788]::park::thread::ParkThread>>, tokio[84480eba77d0c788]::park::either::Either<tokio[84480eba77d0c788]::io::driver::Driver, tokio[84480eba77d0c788]::park::thread::ParkThread>>>>::block_on<async_impl_tests[2fb4020b78b7598b]::async_get_tx_raw::{closure#0}>::{closure#0}, (), tokio[84480eba77d0c788]::park::either::Either<tokio[84480eba77d0c788]::time::driver::Driver<tokio[84480eba77d0c788]::park::either::Either<tokio[84480eba77d0c788]::io::driver::Driver, tokio[84480eba77d0c788]::park::thread::ParkThread>>, tokio[84480eba77d0c788]::park::either::Either<tokio[84480eba77d0c788]::io::driver::Driver, tokio[84480eba77d0c788]::park::thread::ParkThread>>>
[INFO] [stdout]   15:     0x6429dec7466d - tokio[84480eba77d0c788]::runtime::context::enter::<<tokio[84480eba77d0c788]::runtime::Runtime>::block_on<async_impl_tests[2fb4020b78b7598b]::async_get_tx_raw::{closure#0}>::{closure#0}, ()>
[INFO] [stdout]   16:     0x6429dec7b79b - <async_impl_tests[2fb4020b78b7598b]::async_get_tx_raw::{closure#0} as core[a373ad73a504971]::ops::function::FnOnce<()>>::call_once
[INFO] [stdout]   17:     0x6429dec87a6b - test[aada8e7e76ba119b]::__rust_begin_short_backtrace::<core[a373ad73a504971]::result::Result<(), alloc[2e1b2a31b91974c5]::string::String>, fn() -> core[a373ad73a504971]::result::Result<(), alloc[2e1b2a31b91974c5]::string::String>>
[INFO] [stdout]   18:     0x6429dec94c45 - test[aada8e7e76ba119b]::run_test::{closure#0}
[INFO] [stdout]   19:     0x6429dec8e534 - std[617be2ca0a6fd877]::sys::backtrace::__rust_begin_short_backtrace::<test[aada8e7e76ba119b]::run_test::{closure#1}, ()>
[INFO] [stdout]   20:     0x6429dec97cd2 - <std[617be2ca0a6fd877]::thread::lifecycle::spawn_unchecked<test[aada8e7e76ba119b]::run_test::{closure#1}, ()>::{closure#1} as core[a373ad73a504971]::ops::function::FnOnce<()>>::call_once::{shim:vtable#0}
[INFO] [stdout]   21:     0x6429dee4f0ef - <std[617be2ca0a6fd877]::sys::thread::unix::Thread>::new::thread_start
[INFO] [stdout]   22:     0x73718b8a6dfa - <unknown>
[INFO] [stdout]   23:     0x73718b93a3d4 - clone
[INFO] [stdout]   24:                0x0 - <unknown>
[INFO] [stdout] 
[INFO] [stdout] ---- async_get_tx_outspend stdout ----
[INFO] [stdout] 
[INFO] [stdout] thread 'async_get_tx_outspend' (1244) panicked at tests/async_impl_tests.rs:194:5:
[INFO] [stdout] assertion failed: outspend.is_ok()
[INFO] [stdout] stack backtrace:
[INFO] [stdout]    0:     0x6429dee4fc41 - <<std[617be2ca0a6fd877]::sys::backtrace::BacktraceLock>::print::DisplayBacktrace as core[a373ad73a504971]::fmt::Display>::fmt
[INFO] [stdout]    1:     0x6429dee65d8a - core[a373ad73a504971]::fmt::write
[INFO] [stdout]    2:     0x6429dee5440c - <alloc[2e1b2a31b91974c5]::vec::Vec<u8> as core[a373ad73a504971]::io::write::Write>::write_fmt
[INFO] [stdout]    3:     0x6429dee2b056 - std[617be2ca0a6fd877]::panicking::default_hook::{closure#0}
[INFO] [stdout]    4:     0x6429dee47c39 - std[617be2ca0a6fd877]::panicking::default_hook
[INFO] [stdout]    5:     0x6429dec94620 - test[aada8e7e76ba119b]::test_main_inner::{closure#0}
[INFO] [stdout]    6:     0x6429dee47f62 - std[617be2ca0a6fd877]::panicking::panic_with_hook
[INFO] [stdout]    7:     0x6429dee2b134 - std[617be2ca0a6fd877]::panicking::panic_handler::{closure#0}
[INFO] [stdout]    8:     0x6429dee23d39 - std[617be2ca0a6fd877]::sys::backtrace::__rust_end_short_backtrace::<std[617be2ca0a6fd877]::panicking::panic_handler::{closure#0}, !>
[INFO] [stdout]    9:     0x6429dee2befd - __rustc[ea4f61d10b84890b]::rust_begin_unwind
[INFO] [stdout]   10:     0x6429dee664ec - core[a373ad73a504971]::panicking::panic_fmt
[INFO] [stdout]   11:     0x6429dee664b2 - core[a373ad73a504971]::panicking::panic
[INFO] [stdout]   12:     0x6429dec3b943 - async_impl_tests[2fb4020b78b7598b]::async_get_tx_outspend::{closure#0}
[INFO] [stdout]   13:     0x6429dec5cbbd - <tokio[84480eba77d0c788]::macros::scoped_tls::ScopedKey<tokio[84480eba77d0c788]::runtime::basic_scheduler::Context>>::set::<tokio[84480eba77d0c788]::runtime::basic_scheduler::enter<<tokio[84480eba77d0c788]::runtime::basic_scheduler::BasicScheduler<tokio[84480eba77d0c788]::park::either::Either<tokio[84480eba77d0c788]::time::driver::Driver<tokio[84480eba77d0c788]::park::either::Either<tokio[84480eba77d0c788]::io::driver::Driver, tokio[84480eba77d0c788]::park::thread::ParkThread>>, tokio[84480eba77d0c788]::park::either::Either<tokio[84480eba77d0c788]::io::driver::Driver, tokio[84480eba77d0c788]::park::thread::ParkThread>>>>::block_on<async_impl_tests[2fb4020b78b7598b]::async_get_tx_outspend::{closure#0}>::{closure#0}, (), tokio[84480eba77d0c788]::park::either::Either<tokio[84480eba77d0c788]::time::driver::Driver<tokio[84480eba77d0c788]::park::either::Either<tokio[84480eba77d0c788]::io::driver::Driver, tokio[84480eba77d0c788]::park::thread::ParkThread>>, tokio[84480eba77d0c788]::park::either::Either<tokio[84480eba77d0c788]::io::driver::Driver, tokio[84480eba77d0c788]::park::thread::ParkThread>>>::{closure#0}, ()>
[INFO] [stdout]   14:     0x6429dec6baef - tokio[84480eba77d0c788]::runtime::basic_scheduler::enter::<<tokio[84480eba77d0c788]::runtime::basic_scheduler::BasicScheduler<tokio[84480eba77d0c788]::park::either::Either<tokio[84480eba77d0c788]::time::driver::Driver<tokio[84480eba77d0c788]::park::either::Either<tokio[84480eba77d0c788]::io::driver::Driver, tokio[84480eba77d0c788]::park::thread::ParkThread>>, tokio[84480eba77d0c788]::park::either::Either<tokio[84480eba77d0c788]::io::driver::Driver, tokio[84480eba77d0c788]::park::thread::ParkThread>>>>::block_on<async_impl_tests[2fb4020b78b7598b]::async_get_tx_outspend::{closure#0}>::{closure#0}, (), tokio[84480eba77d0c788]::park::either::Either<tokio[84480eba77d0c788]::time::driver::Driver<tokio[84480eba77d0c788]::park::either::Either<tokio[84480eba77d0c788]::io::driver::Driver, tokio[84480eba77d0c788]::park::thread::ParkThread>>, tokio[84480eba77d0c788]::park::either::Either<tokio[84480eba77d0c788]::io::driver::Driver, tokio[84480eba77d0c788]::park::thread::ParkThread>>>
[INFO] [stdout]   15:     0x6429dec7506d - tokio[84480eba77d0c788]::runtime::context::enter::<<tokio[84480eba77d0c788]::runtime::Runtime>::block_on<async_impl_tests[2fb4020b78b7598b]::async_get_tx_outspend::{closure#0}>::{closure#0}, ()>
[INFO] [stdout]   16:     0x6429dec7c718 - <async_impl_tests[2fb4020b78b7598b]::async_get_tx_outspend::{closure#0} as core[a373ad73a504971]::ops::function::FnOnce<()>>::call_once
[INFO] [stdout]   17:     0x6429dec87a6b - test[aada8e7e76ba119b]::__rust_begin_short_backtrace::<core[a373ad73a504971]::result::Result<(), alloc[2e1b2a31b91974c5]::string::String>, fn() -> core[a373ad73a504971]::result::Result<(), alloc[2e1b2a31b91974c5]::string::String>>
[INFO] [stdout]   18:     0x6429dec94c45 - test[aada8e7e76ba119b]::run_test::{closure#0}
[INFO] [stdout]   19:     0x6429dec8e534 - std[617be2ca0a6fd877]::sys::backtrace::__rust_begin_short_backtrace::<test[aada8e7e76ba119b]::run_test::{closure#1}, ()>
[INFO] [stdout]   20:     0x6429dec97cd2 - <std[617be2ca0a6fd877]::thread::lifecycle::spawn_unchecked<test[aada8e7e76ba119b]::run_test::{closure#1}, ()>::{closure#1} as core[a373ad73a504971]::ops::function::FnOnce<()>>::call_once::{shim:vtable#0}
[INFO] [stdout]   21:     0x6429dee4f0ef - <std[617be2ca0a6fd877]::sys::thread::unix::Thread>::new::thread_start
[INFO] [stdout]   22:     0x73718b8a6dfa - <unknown>
[INFO] [stdout]   23:     0x73718b93a3d4 - clone
[INFO] [stdout]   24:                0x0 - <unknown>
[INFO] [stdout] 
[INFO] [stdout] ---- async_post_tx stdout ----
[INFO] [stdout] 
[INFO] [stdout] thread 'async_post_tx' (1251) panicked at tests/async_impl_tests.rs:208:5:
[INFO] [stdout] assertion failed: resp.is_ok()
[INFO] [stdout] stack backtrace:
[INFO] [stdout]    0:     0x6429dee4fc41 - <<std[617be2ca0a6fd877]::sys::backtrace::BacktraceLock>::print::DisplayBacktrace as core[a373ad73a504971]::fmt::Display>::fmt
[INFO] [stdout]    1:     0x6429dee65d8a - core[a373ad73a504971]::fmt::write
[INFO] [stdout]    2:     0x6429dee5440c - <alloc[2e1b2a31b91974c5]::vec::Vec<u8> as core[a373ad73a504971]::io::write::Write>::write_fmt
[INFO] [stdout]    3:     0x6429dee2b056 - std[617be2ca0a6fd877]::panicking::default_hook::{closure#0}
[INFO] [stdout]    4:     0x6429dee47c39 - std[617be2ca0a6fd877]::panicking::default_hook
[INFO] [stdout]    5:     0x6429dec94620 - test[aada8e7e76ba119b]::test_main_inner::{closure#0}
[INFO] [stdout]    6:     0x6429dee47f62 - std[617be2ca0a6fd877]::panicking::panic_with_hook
[INFO] [stdout]    7:     0x6429dee2b134 - std[617be2ca0a6fd877]::panicking::panic_handler::{closure#0}
[INFO] [stdout]    8:     0x6429dee23d39 - std[617be2ca0a6fd877]::sys::backtrace::__rust_end_short_backtrace::<std[617be2ca0a6fd877]::panicking::panic_handler::{closure#0}, !>
[INFO] [stdout]    9:     0x6429dee2befd - __rustc[ea4f61d10b84890b]::rust_begin_unwind
[INFO] [stdout]   10:     0x6429dee664ec - core[a373ad73a504971]::panicking::panic_fmt
[INFO] [stdout]   11:     0x6429dee664b2 - core[a373ad73a504971]::panicking::panic
[INFO] [stdout]   12:     0x6429dec36d47 - async_impl_tests[2fb4020b78b7598b]::async_post_tx::{closure#0}
[INFO] [stdout]   13:     0x6429dec5983d - <tokio[84480eba77d0c788]::macros::scoped_tls::ScopedKey<tokio[84480eba77d0c788]::runtime::basic_scheduler::Context>>::set::<tokio[84480eba77d0c788]::runtime::basic_scheduler::enter<<tokio[84480eba77d0c788]::runtime::basic_scheduler::BasicScheduler<tokio[84480eba77d0c788]::park::either::Either<tokio[84480eba77d0c788]::time::driver::Driver<tokio[84480eba77d0c788]::park::either::Either<tokio[84480eba77d0c788]::io::driver::Driver, tokio[84480eba77d0c788]::park::thread::ParkThread>>, tokio[84480eba77d0c788]::park::either::Either<tokio[84480eba77d0c788]::io::driver::Driver, tokio[84480eba77d0c788]::park::thread::ParkThread>>>>::block_on<async_impl_tests[2fb4020b78b7598b]::async_post_tx::{closure#0}>::{closure#0}, (), tokio[84480eba77d0c788]::park::either::Either<tokio[84480eba77d0c788]::time::driver::Driver<tokio[84480eba77d0c788]::park::either::Either<tokio[84480eba77d0c788]::io::driver::Driver, tokio[84480eba77d0c788]::park::thread::ParkThread>>, tokio[84480eba77d0c788]::park::either::Either<tokio[84480eba77d0c788]::io::driver::Driver, tokio[84480eba77d0c788]::park::thread::ParkThread>>>::{closure#0}, ()>
[INFO] [stdout]   14:     0x6429dec6ae2f - tokio[84480eba77d0c788]::runtime::basic_scheduler::enter::<<tokio[84480eba77d0c788]::runtime::basic_scheduler::BasicScheduler<tokio[84480eba77d0c788]::park::either::Either<tokio[84480eba77d0c788]::time::driver::Driver<tokio[84480eba77d0c788]::park::either::Either<tokio[84480eba77d0c788]::io::driver::Driver, tokio[84480eba77d0c788]::park::thread::ParkThread>>, tokio[84480eba77d0c788]::park::either::Either<tokio[84480eba77d0c788]::io::driver::Driver, tokio[84480eba77d0c788]::park::thread::ParkThread>>>>::block_on<async_impl_tests[2fb4020b78b7598b]::async_post_tx::{closure#0}>::{closure#0}, (), tokio[84480eba77d0c788]::park::either::Either<tokio[84480eba77d0c788]::time::driver::Driver<tokio[84480eba77d0c788]::park::either::Either<tokio[84480eba77d0c788]::io::driver::Driver, tokio[84480eba77d0c788]::park::thread::ParkThread>>, tokio[84480eba77d0c788]::park::either::Either<tokio[84480eba77d0c788]::io::driver::Driver, tokio[84480eba77d0c788]::park::thread::ParkThread>>>
[INFO] [stdout]   15:     0x6429dec7416d - tokio[84480eba77d0c788]::runtime::context::enter::<<tokio[84480eba77d0c788]::runtime::Runtime>::block_on<async_impl_tests[2fb4020b78b7598b]::async_post_tx::{closure#0}>::{closure#0}, ()>
[INFO] [stdout]   16:     0x6429dec7afd8 - <async_impl_tests[2fb4020b78b7598b]::async_post_tx::{closure#0} as core[a373ad73a504971]::ops::function::FnOnce<()>>::call_once
[INFO] [stdout]   17:     0x6429dec87a6b - test[aada8e7e76ba119b]::__rust_begin_short_backtrace::<core[a373ad73a504971]::result::Result<(), alloc[2e1b2a31b91974c5]::string::String>, fn() -> core[a373ad73a504971]::result::Result<(), alloc[2e1b2a31b91974c5]::string::String>>
[INFO] [stdout]   18:     0x6429dec94c45 - test[aada8e7e76ba119b]::run_test::{closure#0}
[INFO] [stdout]   19:     0x6429dec8e534 - std[617be2ca0a6fd877]::sys::backtrace::__rust_begin_short_backtrace::<test[aada8e7e76ba119b]::run_test::{closure#1}, ()>
[INFO] [stdout]   20:     0x6429dec97cd2 - <std[617be2ca0a6fd877]::thread::lifecycle::spawn_unchecked<test[aada8e7e76ba119b]::run_test::{closure#1}, ()>::{closure#1} as core[a373ad73a504971]::ops::function::FnOnce<()>>::call_once::{shim:vtable#0}
[INFO] [stdout]   21:     0x6429dee4f0ef - <std[617be2ca0a6fd877]::sys::thread::unix::Thread>::new::thread_start
[INFO] [stdout]   22:     0x73718b8a6dfa - <unknown>
[INFO] [stdout]   23:     0x73718b93a3d4 - clone
[INFO] [stdout]   24:                0x0 - <unknown>
[INFO] [stdout] 
[INFO] [stdout] 
[INFO] [stdout] failures:
[INFO] [stdout]     async_fee_estimate
[INFO] [stdout]     async_get_address
[INFO] [stdout]     async_get_address_prefix
[INFO] [stdout]     async_get_address_txs
[INFO] [stdout]     async_get_address_txs_chain
[INFO] [stdout]     async_get_address_txs_mempool
[INFO] [stdout]     async_get_address_utxo
[INFO] [stdout]     async_get_block
[INFO] [stdout]     async_get_block_height
[INFO] [stdout]     async_get_block_raw_format
[INFO] [stdout]     async_get_block_status
[INFO] [stdout]     async_get_block_txid_at_index
[INFO] [stdout]     async_get_block_txids
[INFO] [stdout]     async_get_block_txs_with_and_without_index
[INFO] [stdout]     async_get_blocks
[INFO] [stdout]     async_get_blocks_tip_hash
[INFO] [stdout]     async_get_blocks_tip_height
[INFO] [stdout]     async_get_mempool
[INFO] [stdout]     async_get_mempool_recent
[INFO] [stdout]     async_get_mempool_txids
[INFO] [stdout]     async_get_script_hash
[INFO] [stdout]     async_get_script_hash_txs
[INFO] [stdout]     async_get_script_hash_txs_chain
[INFO] [stdout]     async_get_script_hash_txs_mempool
[INFO] [stdout]     async_get_script_hash_utxo
[INFO] [stdout]     async_get_tx
[INFO] [stdout]     async_get_tx_hex
[INFO] [stdout]     async_get_tx_merkle_proof
[INFO] [stdout]     async_get_tx_merkleblock_proof
[INFO] [stdout]     async_get_tx_outspend
[INFO] [stdout]     async_get_tx_outspends
[INFO] [stdout]     async_get_tx_raw
[INFO] [stdout]     async_get_tx_status
[INFO] [stdout]     async_post_tx
[INFO] [stdout] 
[INFO] [stdout] test result: FAILED. 3 passed; 34 failed; 0 ignored; 0 measured; 0 filtered out; finished in 1.72s
[INFO] [stdout] 
[INFO] running `Command { std: "docker" "inspect" "be09e10c6da8882ab7de42e53888469eca3506b782dc3967dc64f94f4d9ba40d", kill_on_drop: false }`
[INFO] running `Command { std: "docker" "rm" "-f" "be09e10c6da8882ab7de42e53888469eca3506b782dc3967dc64f94f4d9ba40d", kill_on_drop: false }`
[INFO] [stdout] be09e10c6da8882ab7de42e53888469eca3506b782dc3967dc64f94f4d9ba40d
