[INFO] fetching crate espg 0.2.0...
[INFO] testing espg-0.2.0 against 1.100.0-beta.1+cargoflags=--release for beta-release-1.100-2
[INFO] extracting crate espg 0.2.0 into /workspace/builds/worker-5-tc2/source
[INFO] started tweaking crates.io crate espg 0.2.0
[INFO] removed 0 missing examples
[INFO] finished tweaking crates.io crate espg 0.2.0
[INFO] tweaked toml for crates.io crate espg 0.2.0 written to /workspace/builds/worker-5-tc2/source/Cargo.toml
[INFO] validating manifest of crates.io crate espg 0.2.0 on toolchain 1.100.0-beta.1
[INFO] running `Command { std: CARGO_HOME="/workspace/cargo-home" RUSTUP_HOME="/workspace/rustup-home" "/workspace/cargo-home/bin/cargo" "+1.100.0-beta.1" "metadata" "--manifest-path" "Cargo.toml" "--no-deps", kill_on_drop: false }`
[INFO] crate crates.io crate espg 0.2.0 already has a lockfile, it will not be regenerated
[INFO] running `Command { std: CARGO_HOME="/workspace/cargo-home" RUSTUP_HOME="/workspace/rustup-home" "/workspace/cargo-home/bin/cargo" "+1.100.0-beta.1" "fetch" "--manifest-path" "Cargo.toml", kill_on_drop: false }`
[INFO] running `Command { std: "docker" "create" "-v" "/var/lib/crater-agent-workspace/builds/worker-5-tc2/source:/opt/rustwide/workdir:ro,Z" "-v" "/var/lib/crater-agent-workspace/builds/worker-5-tc2/target:/opt/rustwide/target:rw,Z" "-v" "/var/lib/crater-agent-workspace/cargo-home:/opt/rustwide/cargo-home:ro,Z" "-v" "/var/lib/crater-agent-workspace/rustup-home:/opt/rustwide/rustup-home:ro,Z" "-m" "1610612736" "--network" "none" "ghcr.io/rust-lang/crates-build-env/linux@sha256:77db811e55d90add9212f6832c23229e3de5f1c1f9905e8cb07319ea15df73ac" "sleep" "infinity", kill_on_drop: false }`
[INFO] [stdout] 72948004af40bd55adf3b8f3b15a82f0d3fcb5f635f9f76cad20d7d37c6f8889
[INFO] running `Command { std: "docker" "start" "72948004af40bd55adf3b8f3b15a82f0d3fcb5f635f9f76cad20d7d37c6f8889", kill_on_drop: false }`
[INFO] running `Command { std: "docker" "inspect" "72948004af40bd55adf3b8f3b15a82f0d3fcb5f635f9f76cad20d7d37c6f8889", kill_on_drop: false }`
[INFO] running `Command { std: "docker" "exec" "-e" "SOURCE_DIR=/opt/rustwide/workdir" "-e" "CARGO_HOME=/opt/rustwide/cargo-home" "-e" "RUSTUP_HOME=/opt/rustwide/rustup-home" "-e" "CARGO_TARGET_DIR=/opt/rustwide/target" "-w" "/opt/rustwide/workdir" "--user" "0:0" "72948004af40bd55adf3b8f3b15a82f0d3fcb5f635f9f76cad20d7d37c6f8889" "/opt/rustwide/cargo-home/bin/cargo" "+1.100.0-beta.1" "metadata" "--no-deps" "--format-version=1", kill_on_drop: false }`
[INFO] running `Command { std: "docker" "inspect" "72948004af40bd55adf3b8f3b15a82f0d3fcb5f635f9f76cad20d7d37c6f8889", kill_on_drop: false }`
[INFO] running `Command { std: "docker" "exec" "-e" "SOURCE_DIR=/opt/rustwide/workdir" "-e" "CARGO_HOME=/opt/rustwide/cargo-home" "-e" "RUSTUP_HOME=/opt/rustwide/rustup-home" "-e" "CARGO_TARGET_DIR=/opt/rustwide/target" "-e" "CARGO_INCREMENTAL=0" "-e" "RUST_BACKTRACE=full" "-e" "RUSTFLAGS=--cap-lints=warn" "-e" "RUSTDOCFLAGS=--cap-lints=warn" "-w" "/opt/rustwide/workdir" "--user" "0:0" "72948004af40bd55adf3b8f3b15a82f0d3fcb5f635f9f76cad20d7d37c6f8889" "/opt/rustwide/cargo-home/bin/cargo" "+1.100.0-beta.1" "build" "--frozen" "--message-format=json" "--release", kill_on_drop: false }`
[INFO] [stderr]    Compiling libc v0.2.172
[INFO] [stderr]    Compiling proc-macro2 v1.0.95
[INFO] [stderr]    Compiling autocfg v1.4.0
[INFO] [stderr]    Compiling zerocopy v0.8.25
[INFO] [stderr]    Compiling getrandom v0.3.3
[INFO] [stderr]    Compiling memchr v2.7.4
[INFO] [stderr]    Compiling serde_core v1.0.228
[INFO] [stderr]    Compiling bytes v1.10.1
[INFO] [stderr]    Compiling tinyvec v1.9.0
[INFO] [stderr]    Compiling zmij v1.0.8
[INFO] [stderr]    Compiling futures-channel v0.3.31
[INFO] [stderr]    Compiling futures-task v0.3.31
[INFO] [stderr]    Compiling unicode-properties v0.1.3
[INFO] [stderr]    Compiling parking_lot_core v0.9.11
[INFO] [stderr]    Compiling generic-array v0.14.7
[INFO] [stderr]    Compiling serde_json v1.0.148
[INFO] [stderr]    Compiling futures-io v0.3.31
[INFO] [stderr]    Compiling fallible-iterator v0.2.0
[INFO] [stderr]    Compiling siphasher v1.0.1
[INFO] [stderr]    Compiling thiserror v2.0.17
[INFO] [stderr]    Compiling log v0.4.27
[INFO] [stderr]    Compiling percent-encoding v2.3.1
[INFO] [stderr]    Compiling slab v0.4.9
[INFO] [stderr]    Compiling lock_api v0.4.13
[INFO] [stderr]    Compiling phf_shared v0.13.1
[INFO] [stderr]    Compiling whoami v1.6.0
[INFO] [stderr]    Compiling itertools v0.14.0
[INFO] [stderr]    Compiling mutants v0.0.3
[INFO] [stderr]    Compiling quote v1.0.40
[INFO] [stderr]    Compiling syn v2.0.101
[INFO] [stderr]    Compiling phf v0.13.1
[INFO] [stderr]    Compiling block-buffer v0.10.4
[INFO] [stderr]    Compiling crypto-common v0.1.6
[INFO] [stderr]    Compiling digest v0.10.7
[INFO] [stderr]    Compiling sha2 v0.10.9
[INFO] [stderr]    Compiling hmac v0.12.1
[INFO] [stderr]    Compiling md-5 v0.10.6
[INFO] [stderr]    Compiling unicode-normalization v0.1.24
[INFO] [stderr]    Compiling mio v1.0.4
[INFO] [stderr]    Compiling signal-hook-registry v1.4.5
[INFO] [stderr]    Compiling socket2 v0.5.10
[INFO] [stderr]    Compiling socket2 v0.6.1
[INFO] [stderr]    Compiling rand_core v0.9.3
[INFO] [stderr]    Compiling parking_lot v0.12.4
[INFO] [stderr]    Compiling stringprep v0.1.5
[INFO] [stderr]    Compiling ppv-lite86 v0.2.21
[INFO] [stderr]    Compiling rand_chacha v0.9.0
[INFO] [stderr]    Compiling rand v0.9.1
[INFO] [stderr]    Compiling postgres-protocol v0.6.9
[INFO] [stderr]    Compiling futures-macro v0.3.31
[INFO] [stderr]    Compiling tokio-macros v2.5.0
[INFO] [stderr]    Compiling async-trait v0.1.88
[INFO] [stderr]    Compiling thiserror-impl v2.0.17
[INFO] [stderr]    Compiling serde_derive v1.0.228
[INFO] [stderr]    Compiling tokio v1.45.1
[INFO] [stderr]    Compiling futures-util v0.3.31
[INFO] [stderr]    Compiling postgres-types v0.2.11
[INFO] [stderr]    Compiling serde v1.0.228
[INFO] [stderr]    Compiling futures-executor v0.3.31
[INFO] [stderr]    Compiling futures v0.3.31
[INFO] [stderr]    Compiling tokio-util v0.7.15
[INFO] [stderr]    Compiling tokio-stream v0.1.17
[INFO] [stderr]    Compiling tokio-postgres v0.7.15
[INFO] [stderr]    Compiling espg v0.2.0 (/opt/rustwide/workdir)
[INFO] [stderr] warning: unused dependency `futures`
[INFO] [stderr]  --> Cargo.toml:8:15
[INFO] [stderr]   |
[INFO] [stderr] 8 | [dependencies.futures]
[INFO] [stderr]   |               ^^^^^^^^
[INFO] [stderr]   |
[INFO] [stderr]   = note: `cargo::unused_dependencies` is set to `warn` by default
[INFO] [stderr] help: consider removing the dependency on `futures`
[INFO] [stderr] warning: unused dependency `tokio-stream`
[INFO] [stderr]   --> Cargo.toml:58:15
[INFO] [stderr]    |
[INFO] [stderr] 58 | [dependencies.tokio-stream]
[INFO] [stderr]    |               ^^^^^^^^^^^^^
[INFO] [stderr]    |
[INFO] [stderr] help: consider removing the dependency on `tokio-stream`
[INFO] [stderr] warning: `espg` (manifest) generated 2 warnings
[INFO] [stderr]     Finished `release` profile [optimized] target(s) in 43.71s
[INFO] running `Command { std: "docker" "inspect" "72948004af40bd55adf3b8f3b15a82f0d3fcb5f635f9f76cad20d7d37c6f8889", kill_on_drop: false }`
[INFO] running `Command { std: "docker" "exec" "-e" "SOURCE_DIR=/opt/rustwide/workdir" "-e" "CARGO_HOME=/opt/rustwide/cargo-home" "-e" "RUSTUP_HOME=/opt/rustwide/rustup-home" "-e" "CARGO_TARGET_DIR=/opt/rustwide/target" "-e" "CARGO_INCREMENTAL=0" "-e" "RUST_BACKTRACE=full" "-e" "RUSTFLAGS=--cap-lints=warn" "-e" "RUSTDOCFLAGS=--cap-lints=warn" "-w" "/opt/rustwide/workdir" "--user" "0:0" "72948004af40bd55adf3b8f3b15a82f0d3fcb5f635f9f76cad20d7d37c6f8889" "/opt/rustwide/cargo-home/bin/cargo" "+1.100.0-beta.1" "test" "--frozen" "--no-run" "--message-format=json" "--release", kill_on_drop: false }`
[INFO] [stderr]    Compiling syn v2.0.101
[INFO] [stderr]    Compiling log v0.4.27
[INFO] [stderr]    Compiling tracing-core v0.1.36
[INFO] [stderr]    Compiling clap_lex v0.7.6
[INFO] [stderr]    Compiling num_cpus v1.17.0
[INFO] [stderr]    Compiling thread_local v1.1.9
[INFO] [stderr]    Compiling clap_builder v4.5.53
[INFO] [stderr]    Compiling tracing-log v0.2.0
[INFO] [stderr]    Compiling tracing-subscriber v0.3.22
[INFO] [stderr]    Compiling tokio-macros v2.5.0
[INFO] [stderr]    Compiling futures-macro v0.3.31
[INFO] [stderr]    Compiling tracing-attributes v0.1.31
[INFO] [stderr]    Compiling async-trait v0.1.88
[INFO] [stderr]    Compiling clap_derive v4.5.49
[INFO] [stderr]    Compiling thiserror-impl v2.0.17
[INFO] [stderr]    Compiling serde_derive v1.0.228
[INFO] [stderr]    Compiling futures-util v0.3.31
[INFO] [stderr]    Compiling tokio v1.45.1
[INFO] [stderr]    Compiling tracing v0.1.44
[INFO] [stderr]    Compiling thiserror v2.0.17
[INFO] [stderr]    Compiling clap v4.5.53
[INFO] [stderr]    Compiling serde v1.0.228
[INFO] [stderr]    Compiling futures-executor v0.3.31
[INFO] [stderr]    Compiling futures v0.3.31
[INFO] [stderr]    Compiling tokio-util v0.7.15
[INFO] [stderr]    Compiling deadpool-runtime v0.1.4
[INFO] [stderr]    Compiling deadpool v0.12.2
[INFO] [stderr]    Compiling tokio-postgres v0.7.15
[INFO] [stderr]    Compiling tokio-stream v0.1.17
[INFO] [stderr]    Compiling pgmanager v0.3.1
[INFO] [stderr]    Compiling deadpool-postgres v0.14.1
[INFO] [stderr]    Compiling espg v0.2.0 (/opt/rustwide/workdir)
[INFO] [stderr] warning: unused dependency `futures`
[INFO] [stderr]  --> Cargo.toml:8:15
[INFO] [stderr]   |
[INFO] [stderr] 8 | [dependencies.futures]
[INFO] [stderr]   |               ^^^^^^^^
[INFO] [stderr]   |
[INFO] [stderr]   = note: `cargo::unused_dependencies` is set to `warn` by default
[INFO] [stderr] help: consider removing the dependency on `futures`
[INFO] [stderr] warning: unused dependency `tokio-stream`
[INFO] [stderr]   --> Cargo.toml:58:15
[INFO] [stderr]    |
[INFO] [stderr] 58 | [dependencies.tokio-stream]
[INFO] [stderr]    |               ^^^^^^^^^^^^^
[INFO] [stderr]    |
[INFO] [stderr] help: consider removing the dependency on `tokio-stream`
[INFO] [stderr] warning: `espg` (manifest) generated 2 warnings
[INFO] [stderr]     Finished `release` profile [optimized] target(s) in 52.70s
[INFO] running `Command { std: "docker" "inspect" "72948004af40bd55adf3b8f3b15a82f0d3fcb5f635f9f76cad20d7d37c6f8889", kill_on_drop: false }`
[INFO] running `Command { std: "docker" "exec" "-e" "SOURCE_DIR=/opt/rustwide/workdir" "-e" "CARGO_HOME=/opt/rustwide/cargo-home" "-e" "RUSTUP_HOME=/opt/rustwide/rustup-home" "-e" "CARGO_TARGET_DIR=/opt/rustwide/target" "-e" "CARGO_INCREMENTAL=0" "-e" "RUST_BACKTRACE=full" "-e" "RUSTFLAGS=--cap-lints=warn" "-e" "RUSTDOCFLAGS=--cap-lints=warn" "-w" "/opt/rustwide/workdir" "--user" "0:0" "72948004af40bd55adf3b8f3b15a82f0d3fcb5f635f9f76cad20d7d37c6f8889" "/opt/rustwide/cargo-home/bin/cargo" "+1.100.0-beta.1" "test" "--frozen" "--release", kill_on_drop: false }`
[INFO] [stderr] warning: unused dependency `futures`
[INFO] [stderr]  --> Cargo.toml:8:15
[INFO] [stderr]   |
[INFO] [stderr] 8 | [dependencies.futures]
[INFO] [stderr]   |               ^^^^^^^^
[INFO] [stderr]   |
[INFO] [stderr]   = note: `cargo::unused_dependencies` is set to `warn` by default
[INFO] [stderr] help: consider removing the dependency on `futures`
[INFO] [stderr] warning: unused dependency `tokio-stream`
[INFO] [stderr]   --> Cargo.toml:58:15
[INFO] [stderr]    |
[INFO] [stderr] 58 | [dependencies.tokio-stream]
[INFO] [stderr]    |               ^^^^^^^^^^^^^
[INFO] [stderr]    |
[INFO] [stderr] help: consider removing the dependency on `tokio-stream`
[INFO] [stderr] warning: `espg` (manifest) generated 2 warnings
[INFO] [stderr]     Finished `release` profile [optimized] target(s) in 0.23s
[INFO] [stderr]      Running unittests src/lib.rs (/opt/rustwide/target/release/build/espg/057720f4fc43eb6d/out/espg-057720f4fc43eb6d)
[INFO] [stdout] 
[INFO] [stdout] running 18 tests
[INFO] [stdout] test event_stores::postgres::tests::test_commands ... FAILED
[INFO] [stdout] test event_stores::postgres::tests::test_deadpool_integration ... FAILED
[INFO] [stdout] test event_stores::postgres::tests::test_get_commits_from_hash_with_vec ... FAILED
[INFO] [stdout] test id::tests::test_id_debug ... ok
[INFO] [stdout] test tests::test_aggregate_reducer ... ok
[INFO] [stdout] test id::tests::test_id_display ... ok
[INFO] [stdout] test tests::test_snapshot_key ... ok
[INFO] [stdout] test tests::test_from_vec ... ok
[INFO] [stdout] test id::tests::test_id_from_string ... ok
[INFO] [stdout] test id::tests::test_id_from_str ... ok
[INFO] [stdout] test event_stores::postgres::tests::test_not_found ... FAILED
[INFO] [stdout] test event_stores::postgres::tests::test_snapshot ... FAILED
[INFO] [stdout] test event_stores::postgres::tests::test_rollback ... FAILED
[INFO] [stdout] test event_stores::postgres::tests::test_postgres_event_store ... FAILED
[INFO] [stdout] test event_stores::postgres::tests::test_get_commits ... FAILED
[INFO] [stdout] test tests::test_name ... ok
[INFO] [stdout] test event_stores::postgres::tests::test_commit_conflict ... FAILED
[INFO] [stdout] test event_stores::postgres::tests::test_get_missing_aggregate ... FAILED
[INFO] [stdout] 
[INFO] [stdout] failures:
[INFO] [stdout] 
[INFO] [stdout] ---- event_stores::postgres::tests::test_commands stdout ----
[INFO] [stdout] 
[INFO] [stdout] thread 'event_stores::postgres::tests::test_commands' (2032) panicked at /opt/rustwide/cargo-home/registry/src/index.crates.io-1949cf8c6b5b557f/pgmanager-0.3.1/src/lib.rs:42:10:
[INFO] [stdout] Failed to connect to test manager socket: Os { code: 2, kind: NotFound, message: "No such file or directory" }
[INFO] [stdout] stack backtrace:
[INFO] [stdout]    0:     0x5ee7ab03ee21 - <<std[617be2ca0a6fd877]::sys::backtrace::BacktraceLock>::print::DisplayBacktrace as core[a373ad73a504971]::fmt::Display>::fmt
[INFO] [stdout]    1:     0x5ee7ab0551fa - core[a373ad73a504971]::fmt::write
[INFO] [stdout]    2:     0x5ee7ab04354c - <alloc[2e1b2a31b91974c5]::vec::Vec<u8> as core[a373ad73a504971]::io::write::Write>::write_fmt
[INFO] [stdout]    3:     0x5ee7ab019e76 - std[617be2ca0a6fd877]::panicking::default_hook::{closure#0}
[INFO] [stdout]    4:     0x5ee7ab036c99 - std[617be2ca0a6fd877]::panicking::default_hook
[INFO] [stdout]    5:     0x5ee7aaf68470 - test[aada8e7e76ba119b]::test_main_inner::{closure#0}
[INFO] [stdout]    6:     0x5ee7ab036fc2 - std[617be2ca0a6fd877]::panicking::panic_with_hook
[INFO] [stdout]    7:     0x5ee7ab019f22 - std[617be2ca0a6fd877]::panicking::panic_handler::{closure#0}
[INFO] [stdout]    8:     0x5ee7ab012b89 - std[617be2ca0a6fd877]::sys::backtrace::__rust_end_short_backtrace::<std[617be2ca0a6fd877]::panicking::panic_handler::{closure#0}, !>
[INFO] [stdout]    9:     0x5ee7ab01ad1d - __rustc[ea4f61d10b84890b]::rust_begin_unwind
[INFO] [stdout]   10:     0x5ee7ab05595c - core[a373ad73a504971]::panicking::panic_fmt
[INFO] [stdout]   11:     0x5ee7ab055732 - core[a373ad73a504971]::result::unwrap_failed
[INFO] [stdout]   12:     0x5ee7aaefa084 - espg[67c671d963a3aac4]::test_helper::get_test_database::{closure#0}
[INFO] [stdout]   13:     0x5ee7aaefa77c - espg[67c671d963a3aac4]::event_stores::postgres::tests::test_commands::{closure#0}
[INFO] [stdout]   14:     0x5ee7aaf31ad2 - <tokio[6321d4f858596d4d]::runtime::runtime::Runtime>::block_on::<core[a373ad73a504971]::pin::Pin<&mut dyn core[a373ad73a504971]::future::future::Future<Output = core[a373ad73a504971]::result::Result<(), espg[67c671d963a3aac4]::error::Error>>>>
[INFO] [stdout]   15:     0x5ee7aaf096c5 - <espg[67c671d963a3aac4]::event_stores::postgres::tests::test_commands::{closure#0} as core[a373ad73a504971]::ops::function::FnOnce<()>>::call_once
[INFO] [stdout]   16:     0x5ee7aaf5b8bb - test[aada8e7e76ba119b]::__rust_begin_short_backtrace::<core[a373ad73a504971]::result::Result<(), alloc[2e1b2a31b91974c5]::string::String>, fn() -> core[a373ad73a504971]::result::Result<(), alloc[2e1b2a31b91974c5]::string::String>>
[INFO] [stderr] error: test failed, to rerun pass `--lib`
[INFO] [stdout]   17:     0x5ee7aaf68a95 - test[aada8e7e76ba119b]::run_test::{closure#0}
[INFO] [stdout]   18:     0x5ee7aaf62384 - std[617be2ca0a6fd877]::sys::backtrace::__rust_begin_short_backtrace::<test[aada8e7e76ba119b]::run_test::{closure#1}, ()>
[INFO] [stdout]   19:     0x5ee7aaf6bb22 - <std[617be2ca0a6fd877]::thread::lifecycle::spawn_unchecked<test[aada8e7e76ba119b]::run_test::{closure#1}, ()>::{closure#1} as core[a373ad73a504971]::ops::function::FnOnce<()>>::call_once::{shim:vtable#0}
[INFO] [stdout]   20:     0x5ee7ab03e2cf - <std[617be2ca0a6fd877]::sys::thread::unix::Thread>::new::thread_start
[INFO] [stdout]   21:     0x71fa224f6dfa - <unknown>
[INFO] [stdout]   22:     0x71fa2258a3d4 - clone
[INFO] [stdout]   23:                0x0 - <unknown>
[INFO] [stdout] 
[INFO] [stdout] ---- event_stores::postgres::tests::test_deadpool_integration stdout ----
[INFO] [stdout] 
[INFO] [stdout] thread 'event_stores::postgres::tests::test_deadpool_integration' (2034) panicked at /opt/rustwide/cargo-home/registry/src/index.crates.io-1949cf8c6b5b557f/pgmanager-0.3.1/src/lib.rs:42:10:
[INFO] [stdout] Failed to connect to test manager socket: Os { code: 2, kind: NotFound, message: "No such file or directory" }
[INFO] [stdout] stack backtrace:
[INFO] [stdout]    0:     0x5ee7ab03ee21 - <<std[617be2ca0a6fd877]::sys::backtrace::BacktraceLock>::print::DisplayBacktrace as core[a373ad73a504971]::fmt::Display>::fmt
[INFO] [stdout]    1:     0x5ee7ab0551fa - core[a373ad73a504971]::fmt::write
[INFO] [stdout]    2:     0x5ee7ab04354c - <alloc[2e1b2a31b91974c5]::vec::Vec<u8> as core[a373ad73a504971]::io::write::Write>::write_fmt
[INFO] [stdout]    3:     0x5ee7ab019e76 - std[617be2ca0a6fd877]::panicking::default_hook::{closure#0}
[INFO] [stdout]    4:     0x5ee7ab036c99 - std[617be2ca0a6fd877]::panicking::default_hook
[INFO] [stdout]    5:     0x5ee7aaf68470 - test[aada8e7e76ba119b]::test_main_inner::{closure#0}
[INFO] [stdout]    6:     0x5ee7ab036fc2 - std[617be2ca0a6fd877]::panicking::panic_with_hook
[INFO] [stdout]    7:     0x5ee7ab019f22 - std[617be2ca0a6fd877]::panicking::panic_handler::{closure#0}
[INFO] [stdout]    8:     0x5ee7ab012b89 - std[617be2ca0a6fd877]::sys::backtrace::__rust_end_short_backtrace::<std[617be2ca0a6fd877]::panicking::panic_handler::{closure#0}, !>
[INFO] [stdout]    9:     0x5ee7ab01ad1d - __rustc[ea4f61d10b84890b]::rust_begin_unwind
[INFO] [stdout]   10:     0x5ee7ab05595c - core[a373ad73a504971]::panicking::panic_fmt
[INFO] [stdout]   11:     0x5ee7ab055732 - core[a373ad73a504971]::result::unwrap_failed
[INFO] [stdout]   12:     0x5ee7aaefa084 - espg[67c671d963a3aac4]::test_helper::get_test_database::{closure#0}
[INFO] [stdout]   13:     0x5ee7aaefff87 - espg[67c671d963a3aac4]::event_stores::postgres::tests::test_deadpool_integration::{closure#0}
[INFO] [stdout]   14:     0x5ee7aaf31ad2 - <tokio[6321d4f858596d4d]::runtime::runtime::Runtime>::block_on::<core[a373ad73a504971]::pin::Pin<&mut dyn core[a373ad73a504971]::future::future::Future<Output = core[a373ad73a504971]::result::Result<(), espg[67c671d963a3aac4]::error::Error>>>>
[INFO] [stdout]   15:     0x5ee7aaf0a0e5 - <espg[67c671d963a3aac4]::event_stores::postgres::tests::test_deadpool_integration::{closure#0} as core[a373ad73a504971]::ops::function::FnOnce<()>>::call_once
[INFO] [stdout]   16:     0x5ee7aaf5b8bb - test[aada8e7e76ba119b]::__rust_begin_short_backtrace::<core[a373ad73a504971]::result::Result<(), alloc[2e1b2a31b91974c5]::string::String>, fn() -> core[a373ad73a504971]::result::Result<(), alloc[2e1b2a31b91974c5]::string::String>>
[INFO] [stdout]   17:     0x5ee7aaf68a95 - test[aada8e7e76ba119b]::run_test::{closure#0}
[INFO] [stdout]   18:     0x5ee7aaf62384 - std[617be2ca0a6fd877]::sys::backtrace::__rust_begin_short_backtrace::<test[aada8e7e76ba119b]::run_test::{closure#1}, ()>
[INFO] [stdout]   19:     0x5ee7aaf6bb22 - <std[617be2ca0a6fd877]::thread::lifecycle::spawn_unchecked<test[aada8e7e76ba119b]::run_test::{closure#1}, ()>::{closure#1} as core[a373ad73a504971]::ops::function::FnOnce<()>>::call_once::{shim:vtable#0}
[INFO] [stdout]   20:     0x5ee7ab03e2cf - <std[617be2ca0a6fd877]::sys::thread::unix::Thread>::new::thread_start
[INFO] [stdout]   21:     0x71fa224f6dfa - <unknown>
[INFO] [stdout]   22:     0x71fa2258a3d4 - clone
[INFO] [stdout]   23:                0x0 - <unknown>
[INFO] [stdout] 
[INFO] [stdout] ---- event_stores::postgres::tests::test_get_commits_from_hash_with_vec stdout ----
[INFO] [stdout] 
[INFO] [stdout] thread 'event_stores::postgres::tests::test_get_commits_from_hash_with_vec' (2036) panicked at /opt/rustwide/cargo-home/registry/src/index.crates.io-1949cf8c6b5b557f/pgmanager-0.3.1/src/lib.rs:42:10:
[INFO] [stdout] Failed to connect to test manager socket: Os { code: 2, kind: NotFound, message: "No such file or directory" }
[INFO] [stdout] stack backtrace:
[INFO] [stdout]    0:     0x5ee7ab03ee21 - <<std[617be2ca0a6fd877]::sys::backtrace::BacktraceLock>::print::DisplayBacktrace as core[a373ad73a504971]::fmt::Display>::fmt
[INFO] [stdout]    1:     0x5ee7ab0551fa - core[a373ad73a504971]::fmt::write
[INFO] [stdout]    2:     0x5ee7ab04354c - <alloc[2e1b2a31b91974c5]::vec::Vec<u8> as core[a373ad73a504971]::io::write::Write>::write_fmt
[INFO] [stdout]    3:     0x5ee7ab019e76 - std[617be2ca0a6fd877]::panicking::default_hook::{closure#0}
[INFO] [stdout]    4:     0x5ee7ab036c99 - std[617be2ca0a6fd877]::panicking::default_hook
[INFO] [stdout]    5:     0x5ee7aaf68470 - test[aada8e7e76ba119b]::test_main_inner::{closure#0}
[INFO] [stdout]    6:     0x5ee7ab036fc2 - std[617be2ca0a6fd877]::panicking::panic_with_hook
[INFO] [stdout]    7:     0x5ee7ab019f22 - std[617be2ca0a6fd877]::panicking::panic_handler::{closure#0}
[INFO] [stdout]    8:     0x5ee7ab012b89 - std[617be2ca0a6fd877]::sys::backtrace::__rust_end_short_backtrace::<std[617be2ca0a6fd877]::panicking::panic_handler::{closure#0}, !>
[INFO] [stdout]    9:     0x5ee7ab01ad1d - __rustc[ea4f61d10b84890b]::rust_begin_unwind
[INFO] [stdout]   10:     0x5ee7ab05595c - core[a373ad73a504971]::panicking::panic_fmt
[INFO] [stdout]   11:     0x5ee7ab055732 - core[a373ad73a504971]::result::unwrap_failed
[INFO] [stdout]   12:     0x5ee7aaefa084 - espg[67c671d963a3aac4]::test_helper::get_test_database::{closure#0}
[INFO] [stdout]   13:     0x5ee7aaf057b3 - espg[67c671d963a3aac4]::event_stores::postgres::tests::test_get_commits_from_hash_with_vec::{closure#0}
[INFO] [stdout]   14:     0x5ee7aaf31ad2 - <tokio[6321d4f858596d4d]::runtime::runtime::Runtime>::block_on::<core[a373ad73a504971]::pin::Pin<&mut dyn core[a373ad73a504971]::future::future::Future<Output = core[a373ad73a504971]::result::Result<(), espg[67c671d963a3aac4]::error::Error>>>>
[INFO] [stdout]   15:     0x5ee7aaf0a5f5 - <espg[67c671d963a3aac4]::event_stores::postgres::tests::test_get_commits_from_hash_with_vec::{closure#0} as core[a373ad73a504971]::ops::function::FnOnce<()>>::call_once
[INFO] [stdout]   16:     0x5ee7aaf5b8bb - test[aada8e7e76ba119b]::__rust_begin_short_backtrace::<core[a373ad73a504971]::result::Result<(), alloc[2e1b2a31b91974c5]::string::String>, fn() -> core[a373ad73a504971]::result::Result<(), alloc[2e1b2a31b91974c5]::string::String>>
[INFO] [stdout]   17:     0x5ee7aaf68a95 - test[aada8e7e76ba119b]::run_test::{closure#0}
[INFO] [stdout]   18:     0x5ee7aaf62384 - std[617be2ca0a6fd877]::sys::backtrace::__rust_begin_short_backtrace::<test[aada8e7e76ba119b]::run_test::{closure#1}, ()>
[INFO] [stdout]   19:     0x5ee7aaf6bb22 - <std[617be2ca0a6fd877]::thread::lifecycle::spawn_unchecked<test[aada8e7e76ba119b]::run_test::{closure#1}, ()>::{closure#1} as core[a373ad73a504971]::ops::function::FnOnce<()>>::call_once::{shim:vtable#0}
[INFO] [stdout]   20:     0x5ee7ab03e2cf - <std[617be2ca0a6fd877]::sys::thread::unix::Thread>::new::thread_start
[INFO] [stdout]   21:     0x71fa224f6dfa - <unknown>
[INFO] [stdout]   22:     0x71fa2258a3d4 - clone
[INFO] [stdout]   23:                0x0 - <unknown>
[INFO] [stdout] 
[INFO] [stdout] ---- event_stores::postgres::tests::test_not_found stdout ----
[INFO] [stdout] 
[INFO] [stdout] thread 'event_stores::postgres::tests::test_not_found' (2038) panicked at /opt/rustwide/cargo-home/registry/src/index.crates.io-1949cf8c6b5b557f/pgmanager-0.3.1/src/lib.rs:42:10:
[INFO] [stdout] Failed to connect to test manager socket: Os { code: 2, kind: NotFound, message: "No such file or directory" }
[INFO] [stdout] stack backtrace:
[INFO] [stdout]    0:     0x5ee7ab03ee21 - <<std[617be2ca0a6fd877]::sys::backtrace::BacktraceLock>::print::DisplayBacktrace as core[a373ad73a504971]::fmt::Display>::fmt
[INFO] [stdout]    1:     0x5ee7ab0551fa - core[a373ad73a504971]::fmt::write
[INFO] [stdout]    2:     0x5ee7ab04354c - <alloc[2e1b2a31b91974c5]::vec::Vec<u8> as core[a373ad73a504971]::io::write::Write>::write_fmt
[INFO] [stdout]    3:     0x5ee7ab019e76 - std[617be2ca0a6fd877]::panicking::default_hook::{closure#0}
[INFO] [stdout]    4:     0x5ee7ab036c99 - std[617be2ca0a6fd877]::panicking::default_hook
[INFO] [stdout]    5:     0x5ee7aaf68470 - test[aada8e7e76ba119b]::test_main_inner::{closure#0}
[INFO] [stdout]    6:     0x5ee7ab036fc2 - std[617be2ca0a6fd877]::panicking::panic_with_hook
[INFO] [stdout]    7:     0x5ee7ab019f22 - std[617be2ca0a6fd877]::panicking::panic_handler::{closure#0}
[INFO] [stdout]    8:     0x5ee7ab012b89 - std[617be2ca0a6fd877]::sys::backtrace::__rust_end_short_backtrace::<std[617be2ca0a6fd877]::panicking::panic_handler::{closure#0}, !>
[INFO] [stdout]    9:     0x5ee7ab01ad1d - __rustc[ea4f61d10b84890b]::rust_begin_unwind
[INFO] [stdout]   10:     0x5ee7ab05595c - core[a373ad73a504971]::panicking::panic_fmt
[INFO] [stdout]   11:     0x5ee7ab055732 - core[a373ad73a504971]::result::unwrap_failed
[INFO] [stdout]   12:     0x5ee7aaefa084 - espg[67c671d963a3aac4]::test_helper::get_test_database::{closure#0}
[INFO] [stdout]   13:     0x5ee7aaefe072 - espg[67c671d963a3aac4]::event_stores::postgres::tests::test_not_found::{closure#0}
[INFO] [stdout]   14:     0x5ee7aaf31ad2 - <tokio[6321d4f858596d4d]::runtime::runtime::Runtime>::block_on::<core[a373ad73a504971]::pin::Pin<&mut dyn core[a373ad73a504971]::future::future::Future<Output = core[a373ad73a504971]::result::Result<(), espg[67c671d963a3aac4]::error::Error>>>>
[INFO] [stdout]   15:     0x5ee7aaf09bd5 - <espg[67c671d963a3aac4]::event_stores::postgres::tests::test_not_found::{closure#0} as core[a373ad73a504971]::ops::function::FnOnce<()>>::call_once
[INFO] [stdout]   16:     0x5ee7aaf5b8bb - test[aada8e7e76ba119b]::__rust_begin_short_backtrace::<core[a373ad73a504971]::result::Result<(), alloc[2e1b2a31b91974c5]::string::String>, fn() -> core[a373ad73a504971]::result::Result<(), alloc[2e1b2a31b91974c5]::string::String>>
[INFO] [stdout]   17:     0x5ee7aaf68a95 - test[aada8e7e76ba119b]::run_test::{closure#0}
[INFO] [stdout]   18:     0x5ee7aaf62384 - std[617be2ca0a6fd877]::sys::backtrace::__rust_begin_short_backtrace::<test[aada8e7e76ba119b]::run_test::{closure#1}, ()>
[INFO] [stdout]   19:     0x5ee7aaf6bb22 - <std[617be2ca0a6fd877]::thread::lifecycle::spawn_unchecked<test[aada8e7e76ba119b]::run_test::{closure#1}, ()>::{closure#1} as core[a373ad73a504971]::ops::function::FnOnce<()>>::call_once::{shim:vtable#0}
[INFO] [stdout]   20:     0x5ee7ab03e2cf - <std[617be2ca0a6fd877]::sys::thread::unix::Thread>::new::thread_start
[INFO] [stdout]   21:     0x71fa224f6dfa - <unknown>
[INFO] [stdout]   22:     0x71fa2258a3d4 - clone
[INFO] [stdout]   23:                0x0 - <unknown>
[INFO] [stdout] 
[INFO] [stdout] ---- event_stores::postgres::tests::test_snapshot stdout ----
[INFO] [stdout] 
[INFO] [stdout] thread 'event_stores::postgres::tests::test_snapshot' (2041) panicked at /opt/rustwide/cargo-home/registry/src/index.crates.io-1949cf8c6b5b557f/pgmanager-0.3.1/src/lib.rs:42:10:
[INFO] [stdout] Failed to connect to test manager socket: Os { code: 2, kind: NotFound, message: "No such file or directory" }
[INFO] [stdout] stack backtrace:
[INFO] [stdout]    0:     0x5ee7ab03ee21 - <<std[617be2ca0a6fd877]::sys::backtrace::BacktraceLock>::print::DisplayBacktrace as core[a373ad73a504971]::fmt::Display>::fmt
[INFO] [stdout]    1:     0x5ee7ab0551fa - core[a373ad73a504971]::fmt::write
[INFO] [stdout]    2:     0x5ee7ab04354c - <alloc[2e1b2a31b91974c5]::vec::Vec<u8> as core[a373ad73a504971]::io::write::Write>::write_fmt
[INFO] [stdout]    3:     0x5ee7ab019e76 - std[617be2ca0a6fd877]::panicking::default_hook::{closure#0}
[INFO] [stdout]    4:     0x5ee7ab036c99 - std[617be2ca0a6fd877]::panicking::default_hook
[INFO] [stdout]    5:     0x5ee7aaf68470 - test[aada8e7e76ba119b]::test_main_inner::{closure#0}
[INFO] [stdout]    6:     0x5ee7ab036fc2 - std[617be2ca0a6fd877]::panicking::panic_with_hook
[INFO] [stdout]    7:     0x5ee7ab019f22 - std[617be2ca0a6fd877]::panicking::panic_handler::{closure#0}
[INFO] [stdout]    8:     0x5ee7ab012b89 - std[617be2ca0a6fd877]::sys::backtrace::__rust_end_short_backtrace::<std[617be2ca0a6fd877]::panicking::panic_handler::{closure#0}, !>
[INFO] [stdout]    9:     0x5ee7ab01ad1d - __rustc[ea4f61d10b84890b]::rust_begin_unwind
[INFO] [stdout]   10:     0x5ee7ab05595c - core[a373ad73a504971]::panicking::panic_fmt
[INFO] [stdout]   11:     0x5ee7ab055732 - core[a373ad73a504971]::result::unwrap_failed
[INFO] [stdout]   12:     0x5ee7aaefa084 - espg[67c671d963a3aac4]::test_helper::get_test_database::{closure#0}
[INFO] [stdout]   13:     0x5ee7aaefd2d9 - espg[67c671d963a3aac4]::event_stores::postgres::tests::test_snapshot::{closure#0}
[INFO] [stdout]   14:     0x5ee7aaf31ad2 - <tokio[6321d4f858596d4d]::runtime::runtime::Runtime>::block_on::<core[a373ad73a504971]::pin::Pin<&mut dyn core[a373ad73a504971]::future::future::Future<Output = core[a373ad73a504971]::result::Result<(), espg[67c671d963a3aac4]::error::Error>>>>
[INFO] [stdout]   15:     0x5ee7aaf09a25 - <espg[67c671d963a3aac4]::event_stores::postgres::tests::test_snapshot::{closure#0} as core[a373ad73a504971]::ops::function::FnOnce<()>>::call_once
[INFO] [stdout]   16:     0x5ee7aaf5b8bb - test[aada8e7e76ba119b]::__rust_begin_short_backtrace::<core[a373ad73a504971]::result::Result<(), alloc[2e1b2a31b91974c5]::string::String>, fn() -> core[a373ad73a504971]::result::Result<(), alloc[2e1b2a31b91974c5]::string::String>>
[INFO] [stdout]   17:     0x5ee7aaf68a95 - test[aada8e7e76ba119b]::run_test::{closure#0}
[INFO] [stdout]   18:     0x5ee7aaf62384 - std[617be2ca0a6fd877]::sys::backtrace::__rust_begin_short_backtrace::<test[aada8e7e76ba119b]::run_test::{closure#1}, ()>
[INFO] [stdout]   19:     0x5ee7aaf6bb22 - <std[617be2ca0a6fd877]::thread::lifecycle::spawn_unchecked<test[aada8e7e76ba119b]::run_test::{closure#1}, ()>::{closure#1} as core[a373ad73a504971]::ops::function::FnOnce<()>>::call_once::{shim:vtable#0}
[INFO] [stdout]   20:     0x5ee7ab03e2cf - <std[617be2ca0a6fd877]::sys::thread::unix::Thread>::new::thread_start
[INFO] [stdout]   21:     0x71fa224f6dfa - <unknown>
[INFO] [stdout]   22:     0x71fa2258a3d4 - clone
[INFO] [stdout]   23:                0x0 - <unknown>
[INFO] [stdout] 
[INFO] [stdout] ---- event_stores::postgres::tests::test_rollback stdout ----
[INFO] [stdout] 
[INFO] [stdout] thread 'event_stores::postgres::tests::test_rollback' (2040) panicked at /opt/rustwide/cargo-home/registry/src/index.crates.io-1949cf8c6b5b557f/pgmanager-0.3.1/src/lib.rs:42:10:
[INFO] [stdout] Failed to connect to test manager socket: Os { code: 2, kind: NotFound, message: "No such file or directory" }
[INFO] [stdout] stack backtrace:
[INFO] [stdout]    0:     0x5ee7ab03ee21 - <<std[617be2ca0a6fd877]::sys::backtrace::BacktraceLock>::print::DisplayBacktrace as core[a373ad73a504971]::fmt::Display>::fmt
[INFO] [stdout]    1:     0x5ee7ab0551fa - core[a373ad73a504971]::fmt::write
[INFO] [stdout]    2:     0x5ee7ab04354c - <alloc[2e1b2a31b91974c5]::vec::Vec<u8> as core[a373ad73a504971]::io::write::Write>::write_fmt
[INFO] [stdout]    3:     0x5ee7ab019e76 - std[617be2ca0a6fd877]::panicking::default_hook::{closure#0}
[INFO] [stdout]    4:     0x5ee7ab036c99 - std[617be2ca0a6fd877]::panicking::default_hook
[INFO] [stdout]    5:     0x5ee7aaf68470 - test[aada8e7e76ba119b]::test_main_inner::{closure#0}
[INFO] [stdout]    6:     0x5ee7ab036fc2 - std[617be2ca0a6fd877]::panicking::panic_with_hook
[INFO] [stdout]    7:     0x5ee7ab019f22 - std[617be2ca0a6fd877]::panicking::panic_handler::{closure#0}
[INFO] [stdout]    8:     0x5ee7ab012b89 - std[617be2ca0a6fd877]::sys::backtrace::__rust_end_short_backtrace::<std[617be2ca0a6fd877]::panicking::panic_handler::{closure#0}, !>
[INFO] [stdout]    9:     0x5ee7ab01ad1d - __rustc[ea4f61d10b84890b]::rust_begin_unwind
[INFO] [stdout]   10:     0x5ee7ab05595c - core[a373ad73a504971]::panicking::panic_fmt
[INFO] [stdout]   11:     0x5ee7ab055732 - core[a373ad73a504971]::result::unwrap_failed
[INFO] [stdout]   12:     0x5ee7aaefa084 - espg[67c671d963a3aac4]::test_helper::get_test_database::{closure#0}
[INFO] [stdout]   13:     0x5ee7aaefbeb9 - espg[67c671d963a3aac4]::event_stores::postgres::tests::test_rollback::{closure#0}
[INFO] [stdout]   14:     0x5ee7aaf31ad2 - <tokio[6321d4f858596d4d]::runtime::runtime::Runtime>::block_on::<core[a373ad73a504971]::pin::Pin<&mut dyn core[a373ad73a504971]::future::future::Future<Output = core[a373ad73a504971]::result::Result<(), espg[67c671d963a3aac4]::error::Error>>>>
[INFO] [stdout]   15:     0x5ee7aaf09875 - <espg[67c671d963a3aac4]::event_stores::postgres::tests::test_rollback::{closure#0} as core[a373ad73a504971]::ops::function::FnOnce<()>>::call_once
[INFO] [stdout]   16:     0x5ee7aaf5b8bb - test[aada8e7e76ba119b]::__rust_begin_short_backtrace::<core[a373ad73a504971]::result::Result<(), alloc[2e1b2a31b91974c5]::string::String>, fn() -> core[a373ad73a504971]::result::Result<(), alloc[2e1b2a31b91974c5]::string::String>>
[INFO] [stdout]   17:     0x5ee7aaf68a95 - test[aada8e7e76ba119b]::run_test::{closure#0}
[INFO] [stdout]   18:     0x5ee7aaf62384 - std[617be2ca0a6fd877]::sys::backtrace::__rust_begin_short_backtrace::<test[aada8e7e76ba119b]::run_test::{closure#1}, ()>
[INFO] [stdout]   19:     0x5ee7aaf6bb22 - <std[617be2ca0a6fd877]::thread::lifecycle::spawn_unchecked<test[aada8e7e76ba119b]::run_test::{closure#1}, ()>::{closure#1} as core[a373ad73a504971]::ops::function::FnOnce<()>>::call_once::{shim:vtable#0}
[INFO] [stdout]   20:     0x5ee7ab03e2cf - <std[617be2ca0a6fd877]::sys::thread::unix::Thread>::new::thread_start
[INFO] [stdout]   21:     0x71fa224f6dfa - <unknown>
[INFO] [stdout]   22:     0x71fa2258a3d4 - clone
[INFO] [stdout]   23:                0x0 - <unknown>
[INFO] [stdout] 
[INFO] [stdout] ---- event_stores::postgres::tests::test_postgres_event_store stdout ----
[INFO] [stdout] 
[INFO] [stdout] thread 'event_stores::postgres::tests::test_postgres_event_store' (2039) panicked at /opt/rustwide/cargo-home/registry/src/index.crates.io-1949cf8c6b5b557f/pgmanager-0.3.1/src/lib.rs:42:10:
[INFO] [stdout] Failed to connect to test manager socket: Os { code: 2, kind: NotFound, message: "No such file or directory" }
[INFO] [stdout] stack backtrace:
[INFO] [stdout]    0:     0x5ee7ab03ee21 - <<std[617be2ca0a6fd877]::sys::backtrace::BacktraceLock>::print::DisplayBacktrace as core[a373ad73a504971]::fmt::Display>::fmt
[INFO] [stdout]    1:     0x5ee7ab0551fa - core[a373ad73a504971]::fmt::write
[INFO] [stdout]    2:     0x5ee7ab04354c - <alloc[2e1b2a31b91974c5]::vec::Vec<u8> as core[a373ad73a504971]::io::write::Write>::write_fmt
[INFO] [stdout]    3:     0x5ee7ab019e76 - std[617be2ca0a6fd877]::panicking::default_hook::{closure#0}
[INFO] [stdout]    4:     0x5ee7ab036c99 - std[617be2ca0a6fd877]::panicking::default_hook
[INFO] [stdout]    5:     0x5ee7aaf68470 - test[aada8e7e76ba119b]::test_main_inner::{closure#0}
[INFO] [stdout]    6:     0x5ee7ab036fc2 - std[617be2ca0a6fd877]::panicking::panic_with_hook
[INFO] [stdout]    7:     0x5ee7ab019f22 - std[617be2ca0a6fd877]::panicking::panic_handler::{closure#0}
[INFO] [stdout]    8:     0x5ee7ab012b89 - std[617be2ca0a6fd877]::sys::backtrace::__rust_end_short_backtrace::<std[617be2ca0a6fd877]::panicking::panic_handler::{closure#0}, !>
[INFO] [stdout]    9:     0x5ee7ab01ad1d - __rustc[ea4f61d10b84890b]::rust_begin_unwind
[INFO] [stdout]   10:     0x5ee7ab05595c - core[a373ad73a504971]::panicking::panic_fmt
[INFO] [stdout]   11:     0x5ee7ab055732 - core[a373ad73a504971]::result::unwrap_failed
[INFO] [stdout]   12:     0x5ee7aaefa084 - espg[67c671d963a3aac4]::test_helper::get_test_database::{closure#0}
[INFO] [stdout]   13:     0x5ee7aaf040d2 - espg[67c671d963a3aac4]::event_stores::postgres::tests::test_postgres_event_store::{closure#0}
[INFO] [stdout]   14:     0x5ee7aaf31ad2 - <tokio[6321d4f858596d4d]::runtime::runtime::Runtime>::block_on::<core[a373ad73a504971]::pin::Pin<&mut dyn core[a373ad73a504971]::future::future::Future<Output = core[a373ad73a504971]::result::Result<(), espg[67c671d963a3aac4]::error::Error>>>>
[INFO] [stdout]   15:     0x5ee7aaf0a295 - <espg[67c671d963a3aac4]::event_stores::postgres::tests::test_postgres_event_store::{closure#0} as core[a373ad73a504971]::ops::function::FnOnce<()>>::call_once
[INFO] [stdout]   16:     0x5ee7aaf5b8bb - test[aada8e7e76ba119b]::__rust_begin_short_backtrace::<core[a373ad73a504971]::result::Result<(), alloc[2e1b2a31b91974c5]::string::String>, fn() -> core[a373ad73a504971]::result::Result<(), alloc[2e1b2a31b91974c5]::string::String>>
[INFO] [stdout]   17:     0x5ee7aaf68a95 - test[aada8e7e76ba119b]::run_test::{closure#0}
[INFO] [stdout]   18:     0x5ee7aaf62384 - std[617be2ca0a6fd877]::sys::backtrace::__rust_begin_short_backtrace::<test[aada8e7e76ba119b]::run_test::{closure#1}, ()>
[INFO] [stdout]   19:     0x5ee7aaf6bb22 - <std[617be2ca0a6fd877]::thread::lifecycle::spawn_unchecked<test[aada8e7e76ba119b]::run_test::{closure#1}, ()>::{closure#1} as core[a373ad73a504971]::ops::function::FnOnce<()>>::call_once::{shim:vtable#0}
[INFO] [stdout]   20:     0x5ee7ab03e2cf - <std[617be2ca0a6fd877]::sys::thread::unix::Thread>::new::thread_start
[INFO] [stdout]   21:     0x71fa224f6dfa - <unknown>
[INFO] [stdout]   22:     0x71fa2258a3d4 - clone
[INFO] [stdout]   23:                0x0 - <unknown>
[INFO] [stdout] 
[INFO] [stdout] ---- event_stores::postgres::tests::test_get_commits stdout ----
[INFO] [stdout] 
[INFO] [stdout] thread 'event_stores::postgres::tests::test_get_commits' (2035) panicked at /opt/rustwide/cargo-home/registry/src/index.crates.io-1949cf8c6b5b557f/pgmanager-0.3.1/src/lib.rs:42:10:
[INFO] [stdout] Failed to connect to test manager socket: Os { code: 2, kind: NotFound, message: "No such file or directory" }
[INFO] [stdout] stack backtrace:
[INFO] [stdout]    0:     0x5ee7ab03ee21 - <<std[617be2ca0a6fd877]::sys::backtrace::BacktraceLock>::print::DisplayBacktrace as core[a373ad73a504971]::fmt::Display>::fmt
[INFO] [stdout]    1:     0x5ee7ab0551fa - core[a373ad73a504971]::fmt::write
[INFO] [stdout]    2:     0x5ee7ab04354c - <alloc[2e1b2a31b91974c5]::vec::Vec<u8> as core[a373ad73a504971]::io::write::Write>::write_fmt
[INFO] [stdout]    3:     0x5ee7ab019e76 - std[617be2ca0a6fd877]::panicking::default_hook::{closure#0}
[INFO] [stdout]    4:     0x5ee7ab036c99 - std[617be2ca0a6fd877]::panicking::default_hook
[INFO] [stdout]    5:     0x5ee7aaf68470 - test[aada8e7e76ba119b]::test_main_inner::{closure#0}
[INFO] [stdout]    6:     0x5ee7ab036fc2 - std[617be2ca0a6fd877]::panicking::panic_with_hook
[INFO] [stdout]    7:     0x5ee7ab019f22 - std[617be2ca0a6fd877]::panicking::panic_handler::{closure#0}
[INFO] [stdout]    8:     0x5ee7ab012b89 - std[617be2ca0a6fd877]::sys::backtrace::__rust_end_short_backtrace::<std[617be2ca0a6fd877]::panicking::panic_handler::{closure#0}, !>
[INFO] [stdout]    9:     0x5ee7ab01ad1d - __rustc[ea4f61d10b84890b]::rust_begin_unwind
[INFO] [stdout]   10:     0x5ee7ab05595c - core[a373ad73a504971]::panicking::panic_fmt
[INFO] [stdout]   11:     0x5ee7ab055732 - core[a373ad73a504971]::result::unwrap_failed
[INFO] [stdout]   12:     0x5ee7aaefa084 - espg[67c671d963a3aac4]::test_helper::get_test_database::{closure#0}
[INFO] [stdout]   13:     0x5ee7aaefe8d7 - espg[67c671d963a3aac4]::event_stores::postgres::tests::test_get_commits::{closure#0}
[INFO] [stdout]   14:     0x5ee7aaf31ad2 - <tokio[6321d4f858596d4d]::runtime::runtime::Runtime>::block_on::<core[a373ad73a504971]::pin::Pin<&mut dyn core[a373ad73a504971]::future::future::Future<Output = core[a373ad73a504971]::result::Result<(), espg[67c671d963a3aac4]::error::Error>>>>
[INFO] [stdout]   15:     0x5ee7aaf09d85 - <espg[67c671d963a3aac4]::event_stores::postgres::tests::test_get_commits::{closure#0} as core[a373ad73a504971]::ops::function::FnOnce<()>>::call_once
[INFO] [stdout]   16:     0x5ee7aaf5b8bb - test[aada8e7e76ba119b]::__rust_begin_short_backtrace::<core[a373ad73a504971]::result::Result<(), alloc[2e1b2a31b91974c5]::string::String>, fn() -> core[a373ad73a504971]::result::Result<(), alloc[2e1b2a31b91974c5]::string::String>>
[INFO] [stdout]   17:     0x5ee7aaf68a95 - test[aada8e7e76ba119b]::run_test::{closure#0}
[INFO] [stdout]   18:     0x5ee7aaf62384 - std[617be2ca0a6fd877]::sys::backtrace::__rust_begin_short_backtrace::<test[aada8e7e76ba119b]::run_test::{closure#1}, ()>
[INFO] [stdout]   19:     0x5ee7aaf6bb22 - <std[617be2ca0a6fd877]::thread::lifecycle::spawn_unchecked<test[aada8e7e76ba119b]::run_test::{closure#1}, ()>::{closure#1} as core[a373ad73a504971]::ops::function::FnOnce<()>>::call_once::{shim:vtable#0}
[INFO] [stdout]   20:     0x5ee7ab03e2cf - <std[617be2ca0a6fd877]::sys::thread::unix::Thread>::new::thread_start
[INFO] [stdout]   21:     0x71fa224f6dfa - <unknown>
[INFO] [stdout]   22:     0x71fa2258a3d4 - clone
[INFO] [stdout]   23:                0x0 - <unknown>
[INFO] [stdout] 
[INFO] [stdout] ---- event_stores::postgres::tests::test_commit_conflict stdout ----
[INFO] [stdout] 
[INFO] [stdout] thread 'event_stores::postgres::tests::test_commit_conflict' (2033) panicked at /opt/rustwide/cargo-home/registry/src/index.crates.io-1949cf8c6b5b557f/pgmanager-0.3.1/src/lib.rs:42:10:
[INFO] [stdout] Failed to connect to test manager socket: Os { code: 2, kind: NotFound, message: "No such file or directory" }
[INFO] [stdout] stack backtrace:
[INFO] [stdout]    0:     0x5ee7ab03ee21 - <<std[617be2ca0a6fd877]::sys::backtrace::BacktraceLock>::print::DisplayBacktrace as core[a373ad73a504971]::fmt::Display>::fmt
[INFO] [stdout]    1:     0x5ee7ab0551fa - core[a373ad73a504971]::fmt::write
[INFO] [stdout]    2:     0x5ee7ab04354c - <alloc[2e1b2a31b91974c5]::vec::Vec<u8> as core[a373ad73a504971]::io::write::Write>::write_fmt
[INFO] [stdout]    3:     0x5ee7ab019e76 - std[617be2ca0a6fd877]::panicking::default_hook::{closure#0}
[INFO] [stdout]    4:     0x5ee7ab036c99 - std[617be2ca0a6fd877]::panicking::default_hook
[INFO] [stdout]    5:     0x5ee7aaf68470 - test[aada8e7e76ba119b]::test_main_inner::{closure#0}
[INFO] [stdout]    6:     0x5ee7ab036fc2 - std[617be2ca0a6fd877]::panicking::panic_with_hook
[INFO] [stdout]    7:     0x5ee7ab019f22 - std[617be2ca0a6fd877]::panicking::panic_handler::{closure#0}
[INFO] [stdout]    8:     0x5ee7ab012b89 - std[617be2ca0a6fd877]::sys::backtrace::__rust_end_short_backtrace::<std[617be2ca0a6fd877]::panicking::panic_handler::{closure#0}, !>
[INFO] [stdout]    9:     0x5ee7ab01ad1d - __rustc[ea4f61d10b84890b]::rust_begin_unwind
[INFO] [stdout]   10:     0x5ee7ab05595c - core[a373ad73a504971]::panicking::panic_fmt
[INFO] [stdout]   11:     0x5ee7ab055732 - core[a373ad73a504971]::result::unwrap_failed
[INFO] [stdout]   12:     0x5ee7aaefa084 - espg[67c671d963a3aac4]::test_helper::get_test_database::{closure#0}
[INFO] [stdout]   13:     0x5ee7aaeff4a2 - espg[67c671d963a3aac4]::event_stores::postgres::tests::test_commit_conflict::{closure#0}
[INFO] [stdout]   14:     0x5ee7aaf31ad2 - <tokio[6321d4f858596d4d]::runtime::runtime::Runtime>::block_on::<core[a373ad73a504971]::pin::Pin<&mut dyn core[a373ad73a504971]::future::future::Future<Output = core[a373ad73a504971]::result::Result<(), espg[67c671d963a3aac4]::error::Error>>>>
[INFO] [stdout]   15:     0x5ee7aaf09f35 - <espg[67c671d963a3aac4]::event_stores::postgres::tests::test_commit_conflict::{closure#0} as core[a373ad73a504971]::ops::function::FnOnce<()>>::call_once
[INFO] [stdout]   16:     0x5ee7aaf5b8bb - test[aada8e7e76ba119b]::__rust_begin_short_backtrace::<core[a373ad73a504971]::result::Result<(), alloc[2e1b2a31b91974c5]::string::String>, fn() -> core[a373ad73a504971]::result::Result<(), alloc[2e1b2a31b91974c5]::string::String>>
[INFO] [stdout]   17:     0x5ee7aaf68a95 - test[aada8e7e76ba119b]::run_test::{closure#0}
[INFO] [stdout]   18:     0x5ee7aaf62384 - std[617be2ca0a6fd877]::sys::backtrace::__rust_begin_short_backtrace::<test[aada8e7e76ba119b]::run_test::{closure#1}, ()>
[INFO] [stdout]   19:     0x5ee7aaf6bb22 - <std[617be2ca0a6fd877]::thread::lifecycle::spawn_unchecked<test[aada8e7e76ba119b]::run_test::{closure#1}, ()>::{closure#1} as core[a373ad73a504971]::ops::function::FnOnce<()>>::call_once::{shim:vtable#0}
[INFO] [stdout]   20:     0x5ee7ab03e2cf - <std[617be2ca0a6fd877]::sys::thread::unix::Thread>::new::thread_start
[INFO] [stdout]   21:     0x71fa224f6dfa - <unknown>
[INFO] [stdout]   22:     0x71fa2258a3d4 - clone
[INFO] [stdout]   23:                0x0 - <unknown>
[INFO] [stdout] 
[INFO] [stdout] ---- event_stores::postgres::tests::test_get_missing_aggregate stdout ----
[INFO] [stdout] 
[INFO] [stdout] thread 'event_stores::postgres::tests::test_get_missing_aggregate' (2037) panicked at /opt/rustwide/cargo-home/registry/src/index.crates.io-1949cf8c6b5b557f/pgmanager-0.3.1/src/lib.rs:42:10:
[INFO] [stdout] Failed to connect to test manager socket: Os { code: 2, kind: NotFound, message: "No such file or directory" }
[INFO] [stdout] stack backtrace:
[INFO] [stdout]    0:     0x5ee7ab03ee21 - <<std[617be2ca0a6fd877]::sys::backtrace::BacktraceLock>::print::DisplayBacktrace as core[a373ad73a504971]::fmt::Display>::fmt
[INFO] [stdout]    1:     0x5ee7ab0551fa - core[a373ad73a504971]::fmt::write
[INFO] [stdout]    2:     0x5ee7ab04354c - <alloc[2e1b2a31b91974c5]::vec::Vec<u8> as core[a373ad73a504971]::io::write::Write>::write_fmt
[INFO] [stdout]    3:     0x5ee7ab019e76 - std[617be2ca0a6fd877]::panicking::default_hook::{closure#0}
[INFO] [stdout]    4:     0x5ee7ab036c99 - std[617be2ca0a6fd877]::panicking::default_hook
[INFO] [stdout]    5:     0x5ee7aaf68470 - test[aada8e7e76ba119b]::test_main_inner::{closure#0}
[INFO] [stdout]    6:     0x5ee7ab036fc2 - std[617be2ca0a6fd877]::panicking::panic_with_hook
[INFO] [stdout]    7:     0x5ee7ab019f22 - std[617be2ca0a6fd877]::panicking::panic_handler::{closure#0}
[INFO] [stdout]    8:     0x5ee7ab012b89 - std[617be2ca0a6fd877]::sys::backtrace::__rust_end_short_backtrace::<std[617be2ca0a6fd877]::panicking::panic_handler::{closure#0}, !>
[INFO] [stdout]    9:     0x5ee7ab01ad1d - __rustc[ea4f61d10b84890b]::rust_begin_unwind
[INFO] [stdout]   10:     0x5ee7ab05595c - core[a373ad73a504971]::panicking::panic_fmt
[INFO] [stdout]   11:     0x5ee7ab055732 - core[a373ad73a504971]::result::unwrap_failed
[INFO] [stdout]   12:     0x5ee7aaefa084 - espg[67c671d963a3aac4]::test_helper::get_test_database::{closure#0}
[INFO] [stdout]   13:     0x5ee7aaf04fe2 - espg[67c671d963a3aac4]::event_stores::postgres::tests::test_get_missing_aggregate::{closure#0}
[INFO] [stdout]   14:     0x5ee7aaf31ad2 - <tokio[6321d4f858596d4d]::runtime::runtime::Runtime>::block_on::<core[a373ad73a504971]::pin::Pin<&mut dyn core[a373ad73a504971]::future::future::Future<Output = core[a373ad73a504971]::result::Result<(), espg[67c671d963a3aac4]::error::Error>>>>
[INFO] [stdout]   15:     0x5ee7aaf0a445 - <espg[67c671d963a3aac4]::event_stores::postgres::tests::test_get_missing_aggregate::{closure#0} as core[a373ad73a504971]::ops::function::FnOnce<()>>::call_once
[INFO] [stdout]   16:     0x5ee7aaf5b8bb - test[aada8e7e76ba119b]::__rust_begin_short_backtrace::<core[a373ad73a504971]::result::Result<(), alloc[2e1b2a31b91974c5]::string::String>, fn() -> core[a373ad73a504971]::result::Result<(), alloc[2e1b2a31b91974c5]::string::String>>
[INFO] [stdout]   17:     0x5ee7aaf68a95 - test[aada8e7e76ba119b]::run_test::{closure#0}
[INFO] [stdout]   18:     0x5ee7aaf62384 - std[617be2ca0a6fd877]::sys::backtrace::__rust_begin_short_backtrace::<test[aada8e7e76ba119b]::run_test::{closure#1}, ()>
[INFO] [stdout]   19:     0x5ee7aaf6bb22 - <std[617be2ca0a6fd877]::thread::lifecycle::spawn_unchecked<test[aada8e7e76ba119b]::run_test::{closure#1}, ()>::{closure#1} as core[a373ad73a504971]::ops::function::FnOnce<()>>::call_once::{shim:vtable#0}
[INFO] [stdout]   20:     0x5ee7ab03e2cf - <std[617be2ca0a6fd877]::sys::thread::unix::Thread>::new::thread_start
[INFO] [stdout]   21:     0x71fa224f6dfa - <unknown>
[INFO] [stdout]   22:     0x71fa2258a3d4 - clone
[INFO] [stdout]   23:                0x0 - <unknown>
[INFO] [stdout] 
[INFO] [stdout] 
[INFO] [stdout] failures:
[INFO] [stdout]     event_stores::postgres::tests::test_commands
[INFO] [stdout]     event_stores::postgres::tests::test_commit_conflict
[INFO] [stdout]     event_stores::postgres::tests::test_deadpool_integration
[INFO] [stdout]     event_stores::postgres::tests::test_get_commits
[INFO] [stdout]     event_stores::postgres::tests::test_get_commits_from_hash_with_vec
[INFO] [stdout]     event_stores::postgres::tests::test_get_missing_aggregate
[INFO] [stdout]     event_stores::postgres::tests::test_not_found
[INFO] [stdout]     event_stores::postgres::tests::test_postgres_event_store
[INFO] [stdout]     event_stores::postgres::tests::test_rollback
[INFO] [stdout]     event_stores::postgres::tests::test_snapshot
[INFO] [stdout] 
[INFO] [stdout] test result: FAILED. 8 passed; 10 failed; 0 ignored; 0 measured; 0 filtered out; finished in 0.01s
[INFO] [stdout] 
[INFO] running `Command { std: "docker" "inspect" "72948004af40bd55adf3b8f3b15a82f0d3fcb5f635f9f76cad20d7d37c6f8889", kill_on_drop: false }`
[INFO] running `Command { std: "docker" "rm" "-f" "72948004af40bd55adf3b8f3b15a82f0d3fcb5f635f9f76cad20d7d37c6f8889", kill_on_drop: false }`
[INFO] [stdout] 72948004af40bd55adf3b8f3b15a82f0d3fcb5f635f9f76cad20d7d37c6f8889
