[INFO] fetching crate esp-hal-procmacros-p4-pre-v3 0.22.0-p4v13.1...
[INFO] testing esp-hal-procmacros-p4-pre-v3-0.22.0-p4v13.1 against 1.100.0-beta.1+cargoflags=--release for beta-release-1.100-2
[INFO] extracting crate esp-hal-procmacros-p4-pre-v3 0.22.0-p4v13.1 into /workspace/builds/worker-7-tc2/source
[INFO] started tweaking crates.io crate esp-hal-procmacros-p4-pre-v3 0.22.0-p4v13.1
[INFO] finished tweaking crates.io crate esp-hal-procmacros-p4-pre-v3 0.22.0-p4v13.1
[INFO] tweaked toml for crates.io crate esp-hal-procmacros-p4-pre-v3 0.22.0-p4v13.1 written to /workspace/builds/worker-7-tc2/source/Cargo.toml
[INFO] validating manifest of crates.io crate esp-hal-procmacros-p4-pre-v3 0.22.0-p4v13.1 on toolchain 1.100.0-beta.1
[INFO] running `Command { std: CARGO_HOME="/workspace/cargo-home" RUSTUP_HOME="/workspace/rustup-home" "/workspace/cargo-home/bin/cargo" "+1.100.0-beta.1" "metadata" "--manifest-path" "Cargo.toml" "--no-deps", kill_on_drop: false }`
[INFO] crate crates.io crate esp-hal-procmacros-p4-pre-v3 0.22.0-p4v13.1 already has a lockfile, it will not be regenerated
[INFO] running `Command { std: CARGO_HOME="/workspace/cargo-home" RUSTUP_HOME="/workspace/rustup-home" "/workspace/cargo-home/bin/cargo" "+1.100.0-beta.1" "fetch" "--manifest-path" "Cargo.toml", kill_on_drop: false }`
[INFO] running `Command { std: "docker" "create" "-v" "/var/lib/crater-agent-workspace/builds/worker-7-tc2/source:/opt/rustwide/workdir:ro,Z" "-v" "/var/lib/crater-agent-workspace/builds/worker-7-tc2/target:/opt/rustwide/target:rw,Z" "-v" "/var/lib/crater-agent-workspace/cargo-home:/opt/rustwide/cargo-home:ro,Z" "-v" "/var/lib/crater-agent-workspace/rustup-home:/opt/rustwide/rustup-home:ro,Z" "-m" "1610612736" "--network" "none" "ghcr.io/rust-lang/crates-build-env/linux@sha256:77db811e55d90add9212f6832c23229e3de5f1c1f9905e8cb07319ea15df73ac" "sleep" "infinity", kill_on_drop: false }`
[INFO] [stdout] efcbac50fe33907c8fda45f551a9e8c89055ca7c408cf8efefdcc26ed446cb6a
[INFO] running `Command { std: "docker" "start" "efcbac50fe33907c8fda45f551a9e8c89055ca7c408cf8efefdcc26ed446cb6a", kill_on_drop: false }`
[INFO] running `Command { std: "docker" "inspect" "efcbac50fe33907c8fda45f551a9e8c89055ca7c408cf8efefdcc26ed446cb6a", kill_on_drop: false }`
[INFO] running `Command { std: "docker" "exec" "-e" "SOURCE_DIR=/opt/rustwide/workdir" "-e" "CARGO_HOME=/opt/rustwide/cargo-home" "-e" "RUSTUP_HOME=/opt/rustwide/rustup-home" "-e" "CARGO_TARGET_DIR=/opt/rustwide/target" "-w" "/opt/rustwide/workdir" "--user" "0:0" "efcbac50fe33907c8fda45f551a9e8c89055ca7c408cf8efefdcc26ed446cb6a" "/opt/rustwide/cargo-home/bin/cargo" "+1.100.0-beta.1" "metadata" "--no-deps" "--format-version=1", kill_on_drop: false }`
[INFO] running `Command { std: "docker" "inspect" "efcbac50fe33907c8fda45f551a9e8c89055ca7c408cf8efefdcc26ed446cb6a", kill_on_drop: false }`
[INFO] running `Command { std: "docker" "exec" "-e" "SOURCE_DIR=/opt/rustwide/workdir" "-e" "CARGO_HOME=/opt/rustwide/cargo-home" "-e" "RUSTUP_HOME=/opt/rustwide/rustup-home" "-e" "CARGO_TARGET_DIR=/opt/rustwide/target" "-e" "CARGO_INCREMENTAL=0" "-e" "RUST_BACKTRACE=full" "-e" "RUSTFLAGS=--cap-lints=warn" "-e" "RUSTDOCFLAGS=--cap-lints=warn" "-w" "/opt/rustwide/workdir" "--user" "0:0" "efcbac50fe33907c8fda45f551a9e8c89055ca7c408cf8efefdcc26ed446cb6a" "/opt/rustwide/cargo-home/bin/cargo" "+1.100.0-beta.1" "build" "--frozen" "--message-format=json" "--release", kill_on_drop: false }`
[INFO] [stderr]    Compiling toml_parser v1.1.3+spec-1.1.0
[INFO] [stderr]    Compiling toml_edit v0.25.15+spec-1.1.0
[INFO] [stderr]    Compiling proc-macro-crate v3.5.0
[INFO] [stderr]    Compiling esp-hal-procmacros-p4-pre-v3 v0.22.0-p4v13.1 (/opt/rustwide/workdir)
[INFO] [stderr]     Finished `release` profile [optimized] target(s) in 8.90s
[INFO] running `Command { std: "docker" "inspect" "efcbac50fe33907c8fda45f551a9e8c89055ca7c408cf8efefdcc26ed446cb6a", kill_on_drop: false }`
[INFO] running `Command { std: "docker" "exec" "-e" "SOURCE_DIR=/opt/rustwide/workdir" "-e" "CARGO_HOME=/opt/rustwide/cargo-home" "-e" "RUSTUP_HOME=/opt/rustwide/rustup-home" "-e" "CARGO_TARGET_DIR=/opt/rustwide/target" "-e" "CARGO_INCREMENTAL=0" "-e" "RUST_BACKTRACE=full" "-e" "RUSTFLAGS=--cap-lints=warn" "-e" "RUSTDOCFLAGS=--cap-lints=warn" "-w" "/opt/rustwide/workdir" "--user" "0:0" "efcbac50fe33907c8fda45f551a9e8c89055ca7c408cf8efefdcc26ed446cb6a" "/opt/rustwide/cargo-home/bin/cargo" "+1.100.0-beta.1" "test" "--frozen" "--no-run" "--message-format=json" "--release", kill_on_drop: false }`
[INFO] [stderr]    Compiling esp-hal-procmacros-p4-pre-v3 v0.22.0-p4v13.1 (/opt/rustwide/workdir)
[INFO] [stderr]     Finished `release` profile [optimized] target(s) in 7.93s
[INFO] running `Command { std: "docker" "inspect" "efcbac50fe33907c8fda45f551a9e8c89055ca7c408cf8efefdcc26ed446cb6a", kill_on_drop: false }`
[INFO] running `Command { std: "docker" "exec" "-e" "SOURCE_DIR=/opt/rustwide/workdir" "-e" "CARGO_HOME=/opt/rustwide/cargo-home" "-e" "RUSTUP_HOME=/opt/rustwide/rustup-home" "-e" "CARGO_TARGET_DIR=/opt/rustwide/target" "-e" "CARGO_INCREMENTAL=0" "-e" "RUST_BACKTRACE=full" "-e" "RUSTFLAGS=--cap-lints=warn" "-e" "RUSTDOCFLAGS=--cap-lints=warn" "-w" "/opt/rustwide/workdir" "--user" "0:0" "efcbac50fe33907c8fda45f551a9e8c89055ca7c408cf8efefdcc26ed446cb6a" "/opt/rustwide/cargo-home/bin/cargo" "+1.100.0-beta.1" "test" "--frozen" "--release", kill_on_drop: false }`
[INFO] [stderr]     Finished `release` profile [optimized] target(s) in 0.04s
[INFO] [stderr]      Running unittests src/lib.rs (/opt/rustwide/target/release/build/esp-hal-procmacros-p4-pre-v3/838edc55781e7051/out/esp_hal_procmacros_p4_pre_v3-838edc55781e7051)
[INFO] [stdout] 
[INFO] [stdout] running 49 tests
[INFO] [stdout] test builder::tests::test_skip ... ok
[INFO] [stdout] test builder::tests::test_field_attrs ... ok
[INFO] [stdout] test builder::tests::test_wrong_item ... ok
[INFO] [stdout] test builder::tests::test_basic ... ok
[INFO] [stdout] test builder::tests::test_wrong_item2 ... ok
[INFO] [stdout] test doc_replace::tests::test_basic_fn ... ok
[INFO] [stdout] test doc_replace::tests::test_basic_mod ... ok
[INFO] [stdout] test doc_replace::tests::test_basic_trait ... ok
[INFO] [stdout] test doc_replace::tests::test_basic_macro ... ok
[INFO] [stdout] test doc_replace::tests::test_custom_fail ... ok
[INFO] [stdout] test interrupt::tests::test_duplicate_priority ... ok
[INFO] [stdout] test interrupt::tests::test_illegal_arg ... ok
[INFO] [stdout] test interrupt::tests::test_illegal_arg2 ... ok
[INFO] [stdout] test interrupt::tests::test_wrong_args ... ok
[INFO] [stdout] test doc_replace::tests::test_one_doc_attr ... ok
[INFO] [stdout] test ram::tests::test_illegal_arg ... ok
[INFO] [stdout] test ram::tests::test_illegal_arg3 ... ok
[INFO] [stdout] test doc_replace::tests::test_custom_replacements ... ok
[INFO] [stdout] test ram::tests::test_illegal_arg4 ... ok
[INFO] [stdout] test doc_replace::tests::test_custom_inline_replacements ... ok
[INFO] [stdout] test ram::tests::test_illegal_arg2 ... ok
[INFO] [stdout] test ram::tests::test_data ... ok
[INFO] [stdout] test doc_replace::tests::test_basic_enum ... ok
[INFO] [stdout] test ram::tests::test_illegal_arg6 ... ok
[INFO] [stdout] test ram::tests::test_rwtext ... ok
[INFO] [stdout] test unified_main::tests::test_async_no_arg ... ok
[INFO] [stdout] test unified_main::tests::test_blocking_rejects_args ... ok
[INFO] [stdout] test unified_main::tests::test_blocking_rejects_bad_return_type ... ok
[INFO] [stdout] test unified_main::tests::test_invalid_input ... ok
[INFO] [stdout] test unified_main::tests::test_not_abi ... ok
[INFO] [stdout] test unified_main::tests::test_not_generic ... ok
[INFO] [stdout] test doc_replace::tests::test_basic ... ok
[INFO] [stdout] test builder::tests::test_skip_getter ... ok
[INFO] [stdout] test builder::tests::test_wrong_item_attr ... ok
[INFO] [stdout] test unified_main::tests::test_not_variadic ... ok
[INFO] [stdout] test builder::tests::test_option_field ... ok
[INFO] [stdout] test unified_main::tests::test_not_return_value ... ok
[INFO] [stdout] test interrupt::tests::test_forbidden_attr ... ok
[INFO] [stdout] test interrupt::tests::test_basic ... ok
[INFO] [stdout] test interrupt::tests::test_illegal_sig ... ok
[INFO] [stdout] test interrupt::tests::test_priority ... ok
[INFO] [stdout] test ram::tests::test_reclaimed ... ok
[INFO] [stdout] test unified_main::tests::test_async_basic ... ok
[INFO] [stdout] test unified_main::tests::test_async_return_never ... ok
[INFO] [stdout] test unified_main::tests::test_blocking_fn_routes_to_entry ... ok
[INFO] [stdout] test unified_main::tests::test_async_return_unit_tuple ... ok
[INFO] [stdout] test unified_main::tests::test_propagate_lint_attrs ... ok
[INFO] [stdout] test unified_main::tests::test_blocking_basic ... ok
[INFO] [stdout] test doc_replace::tests::test_basic_fail_wrong_item - should panic ... ok
[INFO] [stdout] 
[INFO] [stdout] test result: ok. 49 passed; 0 failed; 0 ignored; 0 measured; 0 filtered out; finished in 0.05s
[INFO] [stdout] 
[INFO] [stderr]    Doc-tests esp_hal_procmacros_p4_pre_v3
[INFO] [stdout] 
[INFO] [stdout] running 9 tests
[INFO] [stdout] test src/lib.rs - (line 33) ... ignored
[INFO] [stdout] test src/lib.rs - (line 42) ... ignored
[INFO] [stdout] test src/lib.rs - builder_lite_derive (line 247) ... ignored
[INFO] [stdout] test src/lib.rs - doc_replace (line 146) ... ignored
[INFO] [stdout] test src/lib.rs - error (line 283) ... ignored
[INFO] [stdout] test src/lib.rs - main (line 218) ... ignored
[INFO] [stdout] test src/lib.rs - main (line 227) ... ignored
[INFO] [stdout] test src/lib.rs - ram (line 105) ... ignored
[INFO] [stdout] test src/lib.rs - warning (line 303) - compile ... FAILED
[INFO] [stdout] 
[INFO] [stdout] failures:
[INFO] [stdout] 
[INFO] [stdout] ---- src/lib.rs - warning (line 303) stdout ----
[INFO] [stdout] error[E0433]: cannot find module or crate `esp_hal_procmacros` in this scope
[INFO] [stdout]    --> src/lib.rs:304:1
[INFO] [stdout]     |
[INFO] [stdout] 304 | esp_hal_procmacros::warning! {"
[INFO] [stdout]     | ^^^^^^^^^^^^^^^^^^ use of unresolved module or unlinked crate `esp_hal_procmacros`
[INFO] [stdout] 
[INFO] [stdout] error: aborting due to 1 previous error
[INFO] [stdout] 
[INFO] [stdout] For more information about this error, try `rustc --explain E0433`.
[INFO] [stdout] Couldn't compile the test.
[INFO] [stdout] 
[INFO] [stdout] failures:
[INFO] [stdout]     src/lib.rs - warning (line 303)
[INFO] [stdout] 
[INFO] [stdout] test result: FAILED. 0 passed; 1 failed; 8 ignored; 0 measured; 0 filtered out; finished in 0.04s
[INFO] [stdout] 
[INFO] [stdout] all doctests ran in 0.07s; merged doctests compilation took 0.03s
[INFO] [stderr] error: doctest failed, to rerun pass `--doc`
[INFO] running `Command { std: "docker" "inspect" "efcbac50fe33907c8fda45f551a9e8c89055ca7c408cf8efefdcc26ed446cb6a", kill_on_drop: false }`
[INFO] running `Command { std: "docker" "rm" "-f" "efcbac50fe33907c8fda45f551a9e8c89055ca7c408cf8efefdcc26ed446cb6a", kill_on_drop: false }`
[INFO] [stdout] efcbac50fe33907c8fda45f551a9e8c89055ca7c408cf8efefdcc26ed446cb6a
