[INFO] fetching crate eshanized-polaris-core 0.1.1...
[INFO] testing eshanized-polaris-core-0.1.1 against 1.99.0-beta.8+cargoflags=--release for beta-release-1.100-2
[INFO] extracting crate eshanized-polaris-core 0.1.1 into /workspace/builds/worker-2-tc1/source
[INFO] started tweaking crates.io crate eshanized-polaris-core 0.1.1
[INFO] finished tweaking crates.io crate eshanized-polaris-core 0.1.1
[INFO] tweaked toml for crates.io crate eshanized-polaris-core 0.1.1 written to /workspace/builds/worker-2-tc1/source/Cargo.toml
[INFO] validating manifest of crates.io crate eshanized-polaris-core 0.1.1 on toolchain 1.99.0-beta.8
[INFO] running `Command { std: CARGO_HOME="/workspace/cargo-home" RUSTUP_HOME="/workspace/rustup-home" "/workspace/cargo-home/bin/cargo" "+1.99.0-beta.8" "metadata" "--manifest-path" "Cargo.toml" "--no-deps", kill_on_drop: false }`
[INFO] crate crates.io crate eshanized-polaris-core 0.1.1 already has a lockfile, it will not be regenerated
[INFO] running `Command { std: CARGO_HOME="/workspace/cargo-home" RUSTUP_HOME="/workspace/rustup-home" "/workspace/cargo-home/bin/cargo" "+1.99.0-beta.8" "fetch" "--manifest-path" "Cargo.toml", kill_on_drop: false }`
[INFO] [stderr]     Updating crates.io index
[INFO] [stderr]  Downloading crates ...
[INFO] [stderr]   Downloaded uuid v1.18.1
[INFO] [stderr]   Downloaded wasm-bindgen-shared v0.2.104
[INFO] [stderr]   Downloaded wasm-bindgen v0.2.104
[INFO] [stderr]   Downloaded wasm-bindgen-macro v0.2.104
[INFO] [stderr]   Downloaded wasm-bindgen-macro-support v0.2.104
[INFO] [stderr]   Downloaded quote v1.0.41
[INFO] [stderr]   Downloaded siphasher v1.0.1
[INFO] [stderr]   Downloaded axum-core v0.4.5
[INFO] [stderr]   Downloaded thiserror-impl v2.0.17
[INFO] [stderr]   Downloaded prost-derive v0.13.5
[INFO] [stderr]   Downloaded wasm-bindgen-backend v0.2.104
[INFO] [stderr]   Downloaded find-msvc-tools v0.1.4
[INFO] [stderr]   Downloaded slab v0.4.11
[INFO] [stderr]   Downloaded security-framework-sys v2.15.0
[INFO] [stderr]   Downloaded prost v0.13.5
[INFO] [stderr]   Downloaded rmp v0.8.14
[INFO] [stderr]   Downloaded thiserror v2.0.17
[INFO] [stderr]   Downloaded pem v3.0.6
[INFO] [stderr]   Downloaded humantime v2.3.0
[INFO] [stderr]   Downloaded tokio-macros v2.6.0
[INFO] [stderr]   Downloaded cmake v0.1.54
[INFO] [stderr]   Downloaded fastbloom v0.14.0
[INFO] [stderr]   Downloaded simple_asn1 v0.6.3
[INFO] [stderr]   Downloaded deranged v0.5.4
[INFO] [stderr]   Downloaded getrandom v0.2.16
[INFO] [stderr]   Downloaded pin-project-internal v1.1.10
[INFO] [stderr]   Downloaded rustls-native-certs v0.8.1
[INFO] [stderr]   Downloaded tracing-attributes v0.1.30
[INFO] [stderr]   Downloaded schannel v0.1.28
[INFO] [stderr]   Downloaded tempfile v3.23.0
[INFO] [stderr]   Downloaded iana-time-zone v0.1.64
[INFO] [stderr]   Downloaded js-sys v0.3.81
[INFO] [stderr]   Downloaded rmp-serde v1.3.0
[INFO] [stderr]   Downloaded rustls-platform-verifier v0.6.1
[INFO] [stderr]   Downloaded pin-project v1.1.10
[INFO] [stderr]   Downloaded socket2 v0.6.1
[INFO] [stderr]   Downloaded jsonwebtoken v9.3.1
[INFO] [stderr]   Downloaded anyhow v1.0.100
[INFO] [stderr]   Downloaded zerocopy-derive v0.8.27
[INFO] [stderr]   Downloaded rustls-pki-types v1.12.0
[INFO] [stderr]   Downloaded bytes v1.10.1
[INFO] [stderr]   Downloaded tracing-core v0.1.34
[INFO] [stderr]   Downloaded libm v0.2.15
[INFO] [stderr]   Downloaded rustls-webpki v0.103.7
[INFO] [stderr]   Downloaded tinyvec v1.10.0
[INFO] [stderr]   Downloaded webpki-root-certs v1.0.3
[INFO] [stderr]   Downloaded bumpalo v3.19.0
[INFO] [stderr]   Downloaded security-framework v3.5.1
[INFO] [stderr]   Downloaded cc v1.2.41
[INFO] [stderr]   Downloaded prometheus v0.13.4
[INFO] [stderr]   Downloaded tonic v0.12.3
[INFO] [stderr]   Downloaded http v1.3.1
[INFO] [stderr]   Downloaded memchr v2.7.6
[INFO] [stderr]   Downloaded hyper-util v0.1.17
[INFO] [stderr]   Downloaded rand v0.9.2
[INFO] [stderr]   Downloaded tokio-util v0.7.16
[INFO] [stderr]   Downloaded hyper v1.7.0
[INFO] [stderr]   Downloaded axum v0.7.9
[INFO] [stderr]   Downloaded protobuf v2.28.0
[INFO] [stderr]   Downloaded regex v1.12.2
[INFO] [stderr]   Downloaded h2 v0.4.12
[INFO] [stderr]   Downloaded aws-lc-rs v1.14.0
[INFO] [stderr]   Downloaded winnow v0.7.13
[INFO] [stderr]   Downloaded proptest v1.8.0
[INFO] [stderr]   Downloaded tracing-subscriber v0.3.20
[INFO] [stderr]   Downloaded quinn-proto v0.11.13
[INFO] [stderr]   Downloaded zerocopy v0.8.27
[INFO] [stderr]   Downloaded chrono v0.4.42
[INFO] [stderr]   Downloaded regex-syntax v0.8.8
[INFO] [stderr]   Downloaded rustls v0.23.32
[INFO] [stderr]   Downloaded regex-automata v0.4.13
[INFO] [stderr]   Downloaded libc v0.2.177
[INFO] [stderr]   Downloaded tokio v1.48.0
[INFO] [stderr]   Downloaded aws-lc-sys v0.31.0
[INFO] running `Command { std: "docker" "create" "-v" "/var/lib/crater-agent-workspace/builds/worker-2-tc1/source:/opt/rustwide/workdir:ro,Z" "-v" "/var/lib/crater-agent-workspace/builds/worker-2-tc1/target:/opt/rustwide/target:rw,Z" "-v" "/var/lib/crater-agent-workspace/cargo-home:/opt/rustwide/cargo-home:ro,Z" "-v" "/var/lib/crater-agent-workspace/rustup-home:/opt/rustwide/rustup-home:ro,Z" "-m" "1610612736" "--network" "none" "ghcr.io/rust-lang/crates-build-env/linux@sha256:77db811e55d90add9212f6832c23229e3de5f1c1f9905e8cb07319ea15df73ac" "sleep" "infinity", kill_on_drop: false }`
[INFO] [stdout] 2733fc37797def2ade4b3ac64a7eba6afe4685fe392109688dc88d2d7715f937
[INFO] running `Command { std: "docker" "start" "2733fc37797def2ade4b3ac64a7eba6afe4685fe392109688dc88d2d7715f937", kill_on_drop: false }`
[INFO] running `Command { std: "docker" "inspect" "2733fc37797def2ade4b3ac64a7eba6afe4685fe392109688dc88d2d7715f937", kill_on_drop: false }`
[INFO] running `Command { std: "docker" "exec" "-e" "SOURCE_DIR=/opt/rustwide/workdir" "-e" "CARGO_HOME=/opt/rustwide/cargo-home" "-e" "RUSTUP_HOME=/opt/rustwide/rustup-home" "-e" "CARGO_TARGET_DIR=/opt/rustwide/target" "-w" "/opt/rustwide/workdir" "--user" "0:0" "2733fc37797def2ade4b3ac64a7eba6afe4685fe392109688dc88d2d7715f937" "/opt/rustwide/cargo-home/bin/cargo" "+1.99.0-beta.8" "metadata" "--no-deps" "--format-version=1", kill_on_drop: false }`
[INFO] running `Command { std: "docker" "inspect" "2733fc37797def2ade4b3ac64a7eba6afe4685fe392109688dc88d2d7715f937", kill_on_drop: false }`
[INFO] running `Command { std: "docker" "exec" "-e" "SOURCE_DIR=/opt/rustwide/workdir" "-e" "CARGO_HOME=/opt/rustwide/cargo-home" "-e" "RUSTUP_HOME=/opt/rustwide/rustup-home" "-e" "CARGO_TARGET_DIR=/opt/rustwide/target" "-e" "CARGO_INCREMENTAL=0" "-e" "RUST_BACKTRACE=full" "-e" "RUSTFLAGS=--cap-lints=warn" "-e" "RUSTDOCFLAGS=--cap-lints=warn" "-w" "/opt/rustwide/workdir" "--user" "0:0" "2733fc37797def2ade4b3ac64a7eba6afe4685fe392109688dc88d2d7715f937" "/opt/rustwide/cargo-home/bin/cargo" "+1.99.0-beta.8" "build" "--frozen" "--message-format=json" "--release", kill_on_drop: false }`
[INFO] [stderr]    Compiling proc-macro2 v1.0.101
[INFO] [stderr]    Compiling quote v1.0.41
[INFO] [stderr]    Compiling unicode-ident v1.0.19
[INFO] [stderr]    Compiling libc v0.2.177
[INFO] [stderr]    Compiling serde_core v1.0.228
[INFO] [stderr]    Compiling serde v1.0.228
[INFO] [stderr]    Compiling cfg-if v1.0.3
[INFO] [stderr]    Compiling shlex v1.3.0
[INFO] [stderr]    Compiling futures-core v0.3.31
[INFO] [stderr]    Compiling find-msvc-tools v0.1.4
[INFO] [stderr]    Compiling once_cell v1.21.3
[INFO] [stderr]    Compiling autocfg v1.5.0
[INFO] [stderr]    Compiling log v0.4.28
[INFO] [stderr]    Compiling futures-sink v0.3.31
[INFO] [stderr]    Compiling slab v0.4.11
[INFO] [stderr]    Compiling memchr v2.7.6
[INFO] [stderr]    Compiling zerocopy v0.8.27
[INFO] [stderr]    Compiling dunce v1.0.5
[INFO] [stderr]    Compiling fs_extra v1.3.0
[INFO] [stderr]    Compiling futures-channel v0.3.31
[INFO] [stderr]    Compiling pin-utils v0.1.0
[INFO] [stderr]    Compiling fnv v1.0.7
[INFO] [stderr]    Compiling futures-io v0.3.31
[INFO] [stderr]    Compiling futures-task v0.3.31
[INFO] [stderr]    Compiling zeroize v1.8.2
[INFO] [stderr]    Compiling smallvec v1.15.1
[INFO] [stderr]    Compiling getrandom v0.3.4
[INFO] [stderr]    Compiling equivalent v1.0.2
[INFO] [stderr]    Compiling aws-lc-rs v1.14.0
[INFO] [stderr]    Compiling hashbrown v0.16.0
[INFO] [stderr]    Compiling rustls-pki-types v1.12.0
[INFO] [stderr]    Compiling untrusted v0.9.0
[INFO] [stderr]    Compiling tower-service v0.3.3
[INFO] [stderr]    Compiling tracing-core v0.1.34
[INFO] [stderr]    Compiling httparse v1.10.1
[INFO] [stderr]    Compiling thiserror v2.0.17
[INFO] [stderr]    Compiling cfg_aliases v0.2.1
[INFO] [stderr]    Compiling num-traits v0.2.19
[INFO] [stderr]    Compiling parking_lot_core v0.9.12
[INFO] [stderr]    Compiling atomic-waker v1.1.2
[INFO] [stderr]    Compiling tower-layer v0.3.3
[INFO] [stderr]    Compiling rustls v0.23.32
[INFO] [stderr]    Compiling rustversion v1.0.22
[INFO] [stderr]    Compiling try-lock v0.2.5
[INFO] [stderr]    Compiling libm v0.2.15
[INFO] [stderr]    Compiling anyhow v1.0.100
[INFO] [stderr]    Compiling want v0.3.1
[INFO] [stderr]    Compiling indexmap v1.9.3
[INFO] [stderr]    Compiling subtle v2.6.1
[INFO] [stderr]    Compiling httpdate v1.0.3
[INFO] [stderr]    Compiling num-conv v0.1.0
[INFO] [stderr]    Compiling scopeguard v1.2.0
[INFO] [stderr]    Compiling paste v1.0.15
[INFO] [stderr]    Compiling either v1.15.0
[INFO] [stderr]    Compiling powerfmt v0.2.0
[INFO] [stderr]    Compiling time-core v0.1.6
[INFO] [stderr]    Compiling syn v2.0.106
[INFO] [stderr]    Compiling sync_wrapper v1.0.2
[INFO] [stderr]    Compiling openssl-probe v0.1.6
[INFO] [stderr]    Compiling itertools v0.14.0
[INFO] [stderr]    Compiling time-macros v0.2.24
[INFO] [stderr]    Compiling deranged v0.5.4
[INFO] [stderr]    Compiling getrandom v0.2.16
[INFO] [stderr]    Compiling socket2 v0.6.1
[INFO] [stderr]    Compiling mio v1.0.4
[INFO] [stderr]    Compiling jobserver v0.1.34
[INFO] [stderr]    Compiling rand_core v0.6.4
[INFO] [stderr]    Compiling rustls-native-certs v0.8.1
[INFO] [stderr]    Compiling indexmap v2.11.4
[INFO] [stderr]    Compiling cc v1.2.41
[INFO] [stderr]    Compiling rand_core v0.9.3
[INFO] [stderr]    Compiling lock_api v0.4.14
[INFO] [stderr]    Compiling num-integer v0.1.46
[INFO] [stderr]    Compiling quinn-udp v0.5.14
[INFO] [stderr]    Compiling regex-syntax v0.8.8
[INFO] [stderr]    Compiling tinyvec_macros v0.1.1
[INFO] [stderr]    Compiling protobuf v2.28.0
[INFO] [stderr]    Compiling mime v0.3.17
[INFO] [stderr]    Compiling serde_json v1.0.145
[INFO] [stderr]    Compiling cmake v0.1.54
[INFO] [stderr]    Compiling siphasher v1.0.1
[INFO] [stderr]    Compiling base64 v0.22.1
[INFO] [stderr]    Compiling num-bigint v0.4.6
[INFO] [stderr]    Compiling tinyvec v1.10.0
[INFO] [stderr]    Compiling ppv-lite86 v0.2.21
[INFO] [stderr]    Compiling quinn v0.11.9
[INFO] [stderr]    Compiling winnow v0.7.13
[INFO] [stderr]    Compiling rand_chacha v0.9.0
[INFO] [stderr]    Compiling rand_chacha v0.3.1
[INFO] [stderr]    Compiling toml_write v0.1.2
[INFO] [stderr]    Compiling aws-lc-sys v0.31.0
[INFO] [stderr]    Compiling ring v0.17.14
[INFO] [stderr]    Compiling matchit v0.7.3
[INFO] [stderr]    Compiling lru-slab v0.1.2
[INFO] [stderr]    Compiling rustc-hash v2.1.1
[INFO] [stderr]    Compiling rand v0.9.2
[INFO] [stderr]    Compiling prometheus v0.13.4
[INFO] [stderr]    Compiling time v0.3.44
[INFO] [stderr]    Compiling rand v0.8.5
[INFO] [stderr]    Compiling rmp v0.8.14
[INFO] [stderr]    Compiling pem v3.0.6
[INFO] [stderr]    Compiling parking_lot v0.12.5
[INFO] [stderr]    Compiling tracing-log v0.2.0
[INFO] [stderr]    Compiling socket2 v0.5.10
[INFO] [stderr]    Compiling thread_local v1.1.9
[INFO] [stderr]    Compiling iana-time-zone v0.1.64
[INFO] [stderr]    Compiling regex-automata v0.4.13
[INFO] [stderr]    Compiling fastbloom v0.14.0
[INFO] [stderr]    Compiling hashbrown v0.14.5
[INFO] [stderr]    Compiling humantime v2.3.0
[INFO] [stderr]    Compiling nu-ansi-term v0.50.3
[INFO] [stderr]    Compiling dashmap v6.1.0
[INFO] [stderr]    Compiling rustls-pemfile v2.2.0
[INFO] [stderr]    Compiling serde_derive v1.0.228
[INFO] [stderr]    Compiling tracing-attributes v0.1.30
[INFO] [stderr]    Compiling tokio-macros v2.6.0
[INFO] [stderr]    Compiling futures-macro v0.3.31
[INFO] [stderr]    Compiling thiserror-impl v2.0.17
[INFO] [stderr]    Compiling pin-project-internal v1.1.10
[INFO] [stderr]    Compiling async-trait v0.1.89
[INFO] [stderr]    Compiling futures-util v0.3.31
[INFO] [stderr]    Compiling prost-derive v0.13.5
[INFO] [stderr]    Compiling thiserror-impl v1.0.69
[INFO] [stderr]    Compiling pin-project v1.1.10
[INFO] [stderr]    Compiling async-stream-impl v0.3.6
[INFO] [stderr]    Compiling simple_asn1 v0.6.3
[INFO] [stderr]    Compiling tracing v0.1.41
[INFO] [stderr]    Compiling matchers v0.2.0
[INFO] [stderr]    Compiling async-stream v0.3.6
[INFO] [stderr]    Compiling tracing-subscriber v0.3.20
[INFO] [stderr]    Compiling thiserror v1.0.69
[INFO] [stderr]    Compiling bytes v1.10.1
[INFO] [stderr]    Compiling toml_datetime v0.6.11
[INFO] [stderr]    Compiling serde_spanned v0.6.9
[INFO] [stderr]    Compiling uuid v1.18.1
[INFO] [stderr]    Compiling humantime-serde v1.1.1
[INFO] [stderr]    Compiling toml_edit v0.22.27
[INFO] [stderr]    Compiling rmp-serde v1.3.0
[INFO] [stderr]    Compiling bincode v1.3.3
[INFO] [stderr]    Compiling chrono v0.4.42
[INFO] [stderr]    Compiling tower v0.5.2
[INFO] [stderr]    Compiling futures-executor v0.3.31
[INFO] [stderr]    Compiling futures v0.3.31
[INFO] [stderr]    Compiling tokio v1.48.0
[INFO] [stderr]    Compiling http v1.3.1
[INFO] [stderr]    Compiling prost v0.13.5
[INFO] [stderr]    Compiling http-body v1.0.1
[INFO] [stderr]    Compiling http-body-util v0.1.3
[INFO] [stderr]    Compiling toml v0.8.23
[INFO] [stderr]    Compiling axum-core v0.4.5
[INFO] [stderr]    Compiling jsonwebtoken v9.3.1
[INFO] [stderr]    Compiling axum v0.7.9
[INFO] [stderr]    Compiling tokio-util v0.7.16
[INFO] [stderr]    Compiling tokio-stream v0.1.17
[INFO] [stderr]    Compiling h2 v0.4.12
[INFO] [stderr]    Compiling tower v0.4.13
[INFO] [stderr]    Compiling hyper v1.7.0
[INFO] [stderr]    Compiling hyper-util v0.1.17
[INFO] [stderr]    Compiling hyper-timeout v0.5.2
[INFO] [stderr]    Compiling tonic v0.12.3
[INFO] [stderr]    Compiling rustls-webpki v0.103.7
[INFO] [stderr]    Compiling rustls-platform-verifier v0.6.1
[INFO] [stderr]    Compiling quinn-proto v0.11.13
[INFO] [stderr]    Compiling eshanized-polaris-core v0.1.1 (/opt/rustwide/workdir)
[INFO] [stdout] warning: unused import: `std::time::Duration`
[INFO] [stdout]    --> src/cluster.rs:360:13
[INFO] [stdout]     |
[INFO] [stdout] 360 |         use std::time::Duration;
[INFO] [stdout]     |             ^^^^^^^^^^^^^^^^^^^
[INFO] [stdout]     |
[INFO] [stdout]     = note: `#[warn(unused_imports)]` (part of `#[warn(unused)]`) on by default
[INFO] [stdout] 
[INFO] [stdout] 
[INFO] [stdout] warning: unused import: `std::sync::Arc`
[INFO] [stdout]  --> src/observability.rs:3:5
[INFO] [stdout]   |
[INFO] [stdout] 3 | use std::sync::Arc;
[INFO] [stdout]   |     ^^^^^^^^^^^^^^
[INFO] [stdout] 
[INFO] [stdout] 
[INFO] [stdout] warning: unused imports: `PolarisError` and `PolarisResult`
[INFO] [stdout]  --> src/security.rs:3:21
[INFO] [stdout]   |
[INFO] [stdout] 3 | use crate::errors::{PolarisError, PolarisResult};
[INFO] [stdout]   |                     ^^^^^^^^^^^^  ^^^^^^^^^^^^^
[INFO] [stdout] 
[INFO] [stdout] 
[INFO] [stdout] warning: unused import: `std::path::Path`
[INFO] [stdout]  --> src/security.rs:4:5
[INFO] [stdout]   |
[INFO] [stdout] 4 | use std::path::Path;
[INFO] [stdout]   |     ^^^^^^^^^^^^^^^
[INFO] [stdout] 
[INFO] [stdout] 
[INFO] [stdout] warning: type does not implement `Debug`; consider adding `#[derive(Debug)]` or a manual implementation
[INFO] [stdout]    --> src/cluster.rs:248:1
[INFO] [stdout]     |
[INFO] [stdout] 248 | / pub struct ClusterBuilder {
[INFO] [stdout] 249 | |     config: Option<ClusterConfig>,
[INFO] [stdout] 250 | |     scheduler: Option<Arc<dyn Scheduler>>,
[INFO] [stdout] 251 | |     local_mode: bool,
[INFO] [stdout] 252 | | }
[INFO] [stdout]     | |_^
[INFO] [stdout]     |
[INFO] [stdout] note: the lint level is defined here
[INFO] [stdout]    --> src/lib.rs:51:5
[INFO] [stdout]     |
[INFO] [stdout]  51 |     missing_debug_implementations
[INFO] [stdout]     |     ^^^^^^^^^^^^^^^^^^^^^^^^^^^^^
[INFO] [stdout] 
[INFO] [stdout] 
[INFO] [stdout] warning: type does not implement `Debug`; consider adding `#[derive(Debug)]` or a manual implementation
[INFO] [stdout]    --> src/cluster.rs:326:1
[INFO] [stdout]     |
[INFO] [stdout] 326 | / pub struct MapBuilder<T> {
[INFO] [stdout] 327 | |     cluster: Cluster,
[INFO] [stdout] 328 | |     tasks: Vec<Task>,
[INFO] [stdout] 329 | |     retry_count: u32,
[INFO] [stdout] 330 | |     _phantom: std::marker::PhantomData<T>,
[INFO] [stdout] 331 | | }
[INFO] [stdout]     | |_^
[INFO] [stdout] 
[INFO] [stdout] 
[INFO] [stderr]     Finished `release` profile [optimized] target(s) in 3m 14s
[INFO] running `Command { std: "docker" "inspect" "2733fc37797def2ade4b3ac64a7eba6afe4685fe392109688dc88d2d7715f937", kill_on_drop: false }`
[INFO] running `Command { std: "docker" "exec" "-e" "SOURCE_DIR=/opt/rustwide/workdir" "-e" "CARGO_HOME=/opt/rustwide/cargo-home" "-e" "RUSTUP_HOME=/opt/rustwide/rustup-home" "-e" "CARGO_TARGET_DIR=/opt/rustwide/target" "-e" "CARGO_INCREMENTAL=0" "-e" "RUST_BACKTRACE=full" "-e" "RUSTFLAGS=--cap-lints=warn" "-e" "RUSTDOCFLAGS=--cap-lints=warn" "-w" "/opt/rustwide/workdir" "--user" "0:0" "2733fc37797def2ade4b3ac64a7eba6afe4685fe392109688dc88d2d7715f937" "/opt/rustwide/cargo-home/bin/cargo" "+1.99.0-beta.8" "test" "--frozen" "--no-run" "--message-format=json" "--release", kill_on_drop: false }`
[INFO] [stderr]    Compiling tokio v1.48.0
[INFO] [stderr]    Compiling rustix v1.1.2
[INFO] [stderr]    Compiling regex-syntax v0.8.8
[INFO] [stderr]    Compiling linux-raw-sys v0.11.0
[INFO] [stderr]    Compiling bitflags v2.9.4
[INFO] [stderr]    Compiling fastrand v2.3.0
[INFO] [stderr]    Compiling wait-timeout v0.2.1
[INFO] [stderr]    Compiling bit-vec v0.8.0
[INFO] [stderr]    Compiling quick-error v1.2.3
[INFO] [stderr]    Compiling rand_xorshift v0.4.0
[INFO] [stderr]    Compiling unarray v0.1.4
[INFO] [stderr]    Compiling bit-set v0.8.0
[INFO] [stderr]    Compiling regex-automata v0.4.13
[INFO] [stderr]    Compiling tempfile v3.23.0
[INFO] [stderr]    Compiling rusty-fork v0.3.1
[INFO] [stderr]    Compiling proptest v1.8.0
[INFO] [stderr]    Compiling matchers v0.2.0
[INFO] [stderr]    Compiling tracing-subscriber v0.3.20
[INFO] [stderr]    Compiling tokio-util v0.7.16
[INFO] [stderr]    Compiling tokio-stream v0.1.17
[INFO] [stderr]    Compiling quinn v0.11.9
[INFO] [stderr]    Compiling h2 v0.4.12
[INFO] [stderr]    Compiling tower v0.4.13
[INFO] [stderr]    Compiling hyper v1.7.0
[INFO] [stderr]    Compiling hyper-util v0.1.17
[INFO] [stderr]    Compiling hyper-timeout v0.5.2
[INFO] [stderr]    Compiling tonic v0.12.3
[INFO] [stderr]    Compiling eshanized-polaris-core v0.1.1 (/opt/rustwide/workdir)
[INFO] [stdout] warning: unused import: `std::time::Duration`
[INFO] [stdout]    --> src/cluster.rs:360:13
[INFO] [stdout]     |
[INFO] [stdout] 360 |         use std::time::Duration;
[INFO] [stdout]     |             ^^^^^^^^^^^^^^^^^^^
[INFO] [stdout]     |
[INFO] [stdout]     = note: `#[warn(unused_imports)]` (part of `#[warn(unused)]`) on by default
[INFO] [stdout] 
[INFO] [stdout] 
[INFO] [stdout] warning: unused import: `std::sync::Arc`
[INFO] [stdout]  --> src/observability.rs:3:5
[INFO] [stdout]   |
[INFO] [stdout] 3 | use std::sync::Arc;
[INFO] [stdout]   |     ^^^^^^^^^^^^^^
[INFO] [stdout] 
[INFO] [stdout] 
[INFO] [stdout] warning: unused imports: `PolarisError` and `PolarisResult`
[INFO] [stdout]  --> src/security.rs:3:21
[INFO] [stdout]   |
[INFO] [stdout] 3 | use crate::errors::{PolarisError, PolarisResult};
[INFO] [stdout]   |                     ^^^^^^^^^^^^  ^^^^^^^^^^^^^
[INFO] [stdout] 
[INFO] [stdout] 
[INFO] [stdout] warning: unused import: `std::path::Path`
[INFO] [stdout]  --> src/security.rs:4:5
[INFO] [stdout]   |
[INFO] [stdout] 4 | use std::path::Path;
[INFO] [stdout]   |     ^^^^^^^^^^^^^^^
[INFO] [stdout] 
[INFO] [stdout] 
[INFO] [stdout] warning: type does not implement `Debug`; consider adding `#[derive(Debug)]` or a manual implementation
[INFO] [stdout]    --> src/cluster.rs:248:1
[INFO] [stdout]     |
[INFO] [stdout] 248 | / pub struct ClusterBuilder {
[INFO] [stdout] 249 | |     config: Option<ClusterConfig>,
[INFO] [stdout] 250 | |     scheduler: Option<Arc<dyn Scheduler>>,
[INFO] [stdout] 251 | |     local_mode: bool,
[INFO] [stdout] 252 | | }
[INFO] [stdout]     | |_^
[INFO] [stdout]     |
[INFO] [stdout] note: the lint level is defined here
[INFO] [stdout]    --> src/lib.rs:51:5
[INFO] [stdout]     |
[INFO] [stdout]  51 |     missing_debug_implementations
[INFO] [stdout]     |     ^^^^^^^^^^^^^^^^^^^^^^^^^^^^^
[INFO] [stdout] 
[INFO] [stdout] 
[INFO] [stdout] warning: type does not implement `Debug`; consider adding `#[derive(Debug)]` or a manual implementation
[INFO] [stdout]    --> src/cluster.rs:326:1
[INFO] [stdout]     |
[INFO] [stdout] 326 | / pub struct MapBuilder<T> {
[INFO] [stdout] 327 | |     cluster: Cluster,
[INFO] [stdout] 328 | |     tasks: Vec<Task>,
[INFO] [stdout] 329 | |     retry_count: u32,
[INFO] [stdout] 330 | |     _phantom: std::marker::PhantomData<T>,
[INFO] [stdout] 331 | | }
[INFO] [stdout]     | |_^
[INFO] [stdout] 
[INFO] [stdout] 
[INFO] [stdout] warning: unused import: `std::time::Duration`
[INFO] [stdout]    --> src/cluster.rs:360:13
[INFO] [stdout]     |
[INFO] [stdout] 360 |         use std::time::Duration;
[INFO] [stdout]     |             ^^^^^^^^^^^^^^^^^^^
[INFO] [stdout]     |
[INFO] [stdout]     = note: `#[warn(unused_imports)]` (part of `#[warn(unused)]`) on by default
[INFO] [stdout] 
[INFO] [stdout] 
[INFO] [stdout] warning: unused import: `std::sync::Arc`
[INFO] [stdout]  --> src/observability.rs:3:5
[INFO] [stdout]   |
[INFO] [stdout] 3 | use std::sync::Arc;
[INFO] [stdout]   |     ^^^^^^^^^^^^^^
[INFO] [stdout] 
[INFO] [stdout] 
[INFO] [stdout] warning: unused import: `TaskStatus`
[INFO] [stdout]    --> src/scheduler.rs:290:37
[INFO] [stdout]     |
[INFO] [stdout] 290 |     use crate::task::{TaskPriority, TaskStatus};
[INFO] [stdout]     |                                     ^^^^^^^^^^
[INFO] [stdout] 
[INFO] [stdout] 
[INFO] [stdout] warning: unused imports: `PolarisError` and `PolarisResult`
[INFO] [stdout]  --> src/security.rs:3:21
[INFO] [stdout]   |
[INFO] [stdout] 3 | use crate::errors::{PolarisError, PolarisResult};
[INFO] [stdout]   |                     ^^^^^^^^^^^^  ^^^^^^^^^^^^^
[INFO] [stdout] 
[INFO] [stdout] 
[INFO] [stdout] warning: unused import: `std::path::Path`
[INFO] [stdout]  --> src/security.rs:4:5
[INFO] [stdout]   |
[INFO] [stdout] 4 | use std::path::Path;
[INFO] [stdout]   |     ^^^^^^^^^^^^^^^
[INFO] [stdout] 
[INFO] [stdout] 
[INFO] [stdout] warning: unused import: `super::*`
[INFO] [stdout]    --> src/security.rs:127:9
[INFO] [stdout]     |
[INFO] [stdout] 127 |     use super::*;
[INFO] [stdout]     |         ^^^^^^^^
[INFO] [stdout] 
[INFO] [stdout] 
[INFO] [stdout] warning: type does not implement `Debug`; consider adding `#[derive(Debug)]` or a manual implementation
[INFO] [stdout]    --> src/cluster.rs:248:1
[INFO] [stdout]     |
[INFO] [stdout] 248 | / pub struct ClusterBuilder {
[INFO] [stdout] 249 | |     config: Option<ClusterConfig>,
[INFO] [stdout] 250 | |     scheduler: Option<Arc<dyn Scheduler>>,
[INFO] [stdout] 251 | |     local_mode: bool,
[INFO] [stdout] 252 | | }
[INFO] [stdout]     | |_^
[INFO] [stdout]     |
[INFO] [stdout] note: the lint level is defined here
[INFO] [stdout]    --> src/lib.rs:51:5
[INFO] [stdout]     |
[INFO] [stdout]  51 |     missing_debug_implementations
[INFO] [stdout]     |     ^^^^^^^^^^^^^^^^^^^^^^^^^^^^^
[INFO] [stdout] 
[INFO] [stdout] 
[INFO] [stdout] warning: type does not implement `Debug`; consider adding `#[derive(Debug)]` or a manual implementation
[INFO] [stdout]    --> src/cluster.rs:326:1
[INFO] [stdout]     |
[INFO] [stdout] 326 | / pub struct MapBuilder<T> {
[INFO] [stdout] 327 | |     cluster: Cluster,
[INFO] [stdout] 328 | |     tasks: Vec<Task>,
[INFO] [stdout] 329 | |     retry_count: u32,
[INFO] [stdout] 330 | |     _phantom: std::marker::PhantomData<T>,
[INFO] [stdout] 331 | | }
[INFO] [stdout]     | |_^
[INFO] [stdout] 
[INFO] [stdout] 
[INFO] [stderr]     Finished `release` profile [optimized] target(s) in 1m 00s
[INFO] running `Command { std: "docker" "inspect" "2733fc37797def2ade4b3ac64a7eba6afe4685fe392109688dc88d2d7715f937", kill_on_drop: false }`
[INFO] running `Command { std: "docker" "exec" "-e" "SOURCE_DIR=/opt/rustwide/workdir" "-e" "CARGO_HOME=/opt/rustwide/cargo-home" "-e" "RUSTUP_HOME=/opt/rustwide/rustup-home" "-e" "CARGO_TARGET_DIR=/opt/rustwide/target" "-e" "CARGO_INCREMENTAL=0" "-e" "RUST_BACKTRACE=full" "-e" "RUSTFLAGS=--cap-lints=warn" "-e" "RUSTDOCFLAGS=--cap-lints=warn" "-w" "/opt/rustwide/workdir" "--user" "0:0" "2733fc37797def2ade4b3ac64a7eba6afe4685fe392109688dc88d2d7715f937" "/opt/rustwide/cargo-home/bin/cargo" "+1.99.0-beta.8" "test" "--frozen" "--release", kill_on_drop: false }`
[INFO] [stderr] warning: unused import: `std::time::Duration`
[INFO] [stderr]    --> src/cluster.rs:360:13
[INFO] [stderr]     |
[INFO] [stderr] 360 |         use std::time::Duration;
[INFO] [stderr]     |             ^^^^^^^^^^^^^^^^^^^
[INFO] [stderr]     |
[INFO] [stderr]     = note: `#[warn(unused_imports)]` (part of `#[warn(unused)]`) on by default
[INFO] [stderr] 
[INFO] [stderr] warning: unused import: `std::sync::Arc`
[INFO] [stderr]  --> src/observability.rs:3:5
[INFO] [stderr]   |
[INFO] [stderr] 3 | use std::sync::Arc;
[INFO] [stderr]   |     ^^^^^^^^^^^^^^
[INFO] [stderr] 
[INFO] [stderr] warning: unused imports: `PolarisError` and `PolarisResult`
[INFO] [stderr]  --> src/security.rs:3:21
[INFO] [stderr]   |
[INFO] [stderr] 3 | use crate::errors::{PolarisError, PolarisResult};
[INFO] [stderr]   |                     ^^^^^^^^^^^^  ^^^^^^^^^^^^^
[INFO] [stderr] 
[INFO] [stderr] warning: unused import: `std::path::Path`
[INFO] [stderr]  --> src/security.rs:4:5
[INFO] [stderr]   |
[INFO] [stderr] 4 | use std::path::Path;
[INFO] [stderr]   |     ^^^^^^^^^^^^^^^
[INFO] [stderr] 
[INFO] [stderr] warning: type does not implement `Debug`; consider adding `#[derive(Debug)]` or a manual implementation
[INFO] [stderr]    --> src/cluster.rs:248:1
[INFO] [stderr]     |
[INFO] [stderr] 248 | / pub struct ClusterBuilder {
[INFO] [stderr] 249 | |     config: Option<ClusterConfig>,
[INFO] [stderr] 250 | |     scheduler: Option<Arc<dyn Scheduler>>,
[INFO] [stderr] 251 | |     local_mode: bool,
[INFO] [stderr] 252 | | }
[INFO] [stderr]     | |_^
[INFO] [stderr]     |
[INFO] [stderr] note: the lint level is defined here
[INFO] [stderr]    --> src/lib.rs:51:5
[INFO] [stderr]     |
[INFO] [stderr]  51 |     missing_debug_implementations
[INFO] [stderr]     |     ^^^^^^^^^^^^^^^^^^^^^^^^^^^^^
[INFO] [stderr] 
[INFO] [stderr] warning: type does not implement `Debug`; consider adding `#[derive(Debug)]` or a manual implementation
[INFO] [stderr]    --> src/cluster.rs:326:1
[INFO] [stderr]     |
[INFO] [stderr] 326 | / pub struct MapBuilder<T> {
[INFO] [stderr] 327 | |     cluster: Cluster,
[INFO] [stderr] 328 | |     tasks: Vec<Task>,
[INFO] [stderr] 329 | |     retry_count: u32,
[INFO] [stderr] 330 | |     _phantom: std::marker::PhantomData<T>,
[INFO] [stderr] 331 | | }
[INFO] [stderr]     | |_^
[INFO] [stderr] 
[INFO] [stderr] warning: `eshanized-polaris-core` (lib) generated 6 warnings (run `cargo fix --lib -p eshanized-polaris-core` to apply 4 suggestions)
[INFO] [stderr] warning: unused import: `TaskStatus`
[INFO] [stderr]    --> src/scheduler.rs:290:37
[INFO] [stderr]     |
[INFO] [stderr] 290 |     use crate::task::{TaskPriority, TaskStatus};
[INFO] [stderr]     |                                     ^^^^^^^^^^
[INFO] [stderr] 
[INFO] [stderr] warning: unused import: `super::*`
[INFO] [stderr]    --> src/security.rs:127:9
[INFO] [stderr]     |
[INFO] [stderr] 127 |     use super::*;
[INFO] [stderr]     |         ^^^^^^^^
[INFO] [stderr] 
[INFO] [stderr] warning: `eshanized-polaris-core` (lib test) generated 8 warnings (6 duplicates) (run `cargo fix --lib -p eshanized-polaris-core --tests` to apply 2 suggestions)
[INFO] [stderr]     Finished `release` profile [optimized] target(s) in 0.21s
[INFO] [stderr]      Running unittests src/lib.rs (/opt/rustwide/target/release/deps/eshanized_polaris_core-0fe1712b451a5cb0)
[INFO] [stdout] 
[INFO] [stdout] running 49 tests
[INFO] [stdout] test config::tests::test_node_config_default ... ok
[INFO] [stdout] test dag::tests::test_dag_ready_tasks ... ok
[INFO] [stdout] test cluster::tests::test_cluster_stats ... ok
[INFO] [stdout] test dag::tests::test_dag_cycle_detection ... ok
[INFO] [stdout] test dag::tests::test_dag_simple ... ok
[INFO] [stdout] test config::tests::test_cluster_config_validation ... ok
[INFO] [stdout] test errors::tests::test_error_from_io ... ok
[INFO] [stdout] test net::tests::test_mock_listener ... ok
[INFO] [stdout] test net::tests::test_mock_transport ... ok
[INFO] [stdout] test dag::tests::test_dag_topological_sort ... FAILED
[INFO] [stdout] test errors::tests::test_error_display ... ok
[INFO] [stdout] test dag::tests::test_dag_complex_dependencies ... FAILED
[INFO] [stdout] test node::tests::test_node_id_creation ... ok
[INFO] [stdout] test node::tests::test_node_load_factor ... ok
[INFO] [stdout] test node::tests::test_node_availability_filter ... ok
[INFO] [stdout] test node::tests::test_node_creation ... ok
[INFO] [stdout] test observability::tests::test_metrics_collector_creation ... ok
[INFO] [stdout] test node::tests::test_node_status_transition ... ok
[INFO] [stdout] test scheduler::tests::test_affinity_scheduler_no_match ... ok
[INFO] [stdout] test scheduler::tests::test_load_aware_custom_weights ... ok
[INFO] [stdout] test scheduler::tests::test_affinity_scheduler_with_labels ... FAILED
[INFO] [stdout] test scheduler::tests::test_priority_scheduler ... ok
[INFO] [stdout] test scheduler::tests::test_round_robin_no_nodes ... ok
[INFO] [stdout] test scheduler::tests::test_load_aware_scheduler ... ok
[INFO] [stdout] test scheduler::tests::test_round_robin_scheduler ... ok
[INFO] [stdout] test scheduler::tests::test_scheduler_names ... ok
[INFO] [stdout] test storage::tests::test_in_memory_storage ... ok
[INFO] [stdout] test storage::tests::test_storage_list ... ok
[INFO] [stdout] test task::tests::test_task_builder ... ok
[INFO] [stdout] test serialization::tests::test_bincode_serializer ... ok
[INFO] [stdout] test node::tests::test_node_registry ... ok
[INFO] [stdout] test cluster::tests::test_cluster_no_nodes_error ... ok
[INFO] [stdout] test task::tests::test_task_id_creation ... ok
[INFO] [stdout] test task::tests::test_task_retry_logic ... ok
[INFO] [stdout] test cluster::tests::test_cluster_submit_batch ... ok
[INFO] [stdout] test task::tests::test_task_state_transitions ... ok
[INFO] [stdout] test task::tests::test_task_handle ... ok
[INFO] [stdout] test cluster::tests::test_cluster_shutdown ... ok
[INFO] [stdout] test cluster::tests::test_cluster_custom_scheduler ... ok
[INFO] [stdout] test cluster::tests::test_cluster_connect_validation ... ok
[INFO] [stdout] test cluster::tests::test_cluster_builder_local ... ok
[INFO] [stdout] test config::tests::test_cluster_config_default ... ok
[INFO] [stdout] test cluster::tests::test_cluster_submit_task ... ok
[INFO] [stdout] test net::tests::test_tcp_transport ... ok
[INFO] [stdout] test task::tests::test_task_creation ... ok
[INFO] [stdout] test executor::tests::test_executor_basic ... ok
[INFO] [stdout] test executor::tests::test_executor_timeout ... ok
[INFO] [stdout] test cluster::tests::test_cluster_map_operation ... ok
[INFO] [stdout] test executor::tests::test_executor_multiple_tasks ... ok
[INFO] [stdout] 
[INFO] [stdout] failures:
[INFO] [stdout] 
[INFO] [stdout] ---- dag::tests::test_dag_topological_sort stdout ----
[INFO] [stdout] 
[INFO] [stdout] thread 'dag::tests::test_dag_topological_sort' (5166) panicked at src/dag.rs:242:45:
[INFO] [stdout] called `Result::unwrap()` on an `Err` value: DagCycleDetected
[INFO] [stdout] stack backtrace:
[INFO] [stdout]    0:     0x5a01cf334e31 - <<std[70759c8f55707aa4]::sys::backtrace::BacktraceLock>::print::DisplayBacktrace as core[df12db4294e9bfd3]::fmt::Display>::fmt
[INFO] [stdout]    1:     0x5a01cf34a9ea - core[df12db4294e9bfd3]::fmt::write
[INFO] [stdout]    2:     0x5a01cf3397fc - <alloc[2182bb758b4b3781]::vec::Vec<u8> as core[df12db4294e9bfd3]::io::write::Write>::write_fmt
[INFO] [stdout]    3:     0x5a01cf310516 - std[70759c8f55707aa4]::panicking::default_hook::{closure#0}
[INFO] [stdout]    4:     0x5a01cf32ce79 - std[70759c8f55707aa4]::panicking::default_hook
[INFO] [stdout]    5:     0x5a01cf2a2ab0 - test[9d35eded1c95d3be]::test_main_inner::<test[9d35eded1c95d3be]::test_main_static::{closure#0}>::{closure#0}
[INFO] [stdout]    6:     0x5a01cf32d1a2 - std[70759c8f55707aa4]::panicking::panic_with_hook
[INFO] [stdout]    7:     0x5a01cf3105c2 - std[70759c8f55707aa4]::panicking::panic_handler::{closure#0}
[INFO] [stdout]    8:     0x5a01cf309299 - std[70759c8f55707aa4]::sys::backtrace::__rust_end_short_backtrace::<std[70759c8f55707aa4]::panicking::panic_handler::{closure#0}, !>
[INFO] [stdout]    9:     0x5a01cf3113ad - __rustc[8fa7c3cbc660c2b3]::rust_begin_unwind
[INFO] [stdout]   10:     0x5a01cf34b14c - core[df12db4294e9bfd3]::panicking::panic_fmt
[INFO] [stdout]   11:     0x5a01cf34af22 - core[df12db4294e9bfd3]::result::unwrap_failed
[INFO] [stdout]   12:     0x5a01cf261725 - eshanized_polaris_core[c3f03d6adbd123c]::dag::tests::test_dag_topological_sort
[INFO] [stdout]   13:     0x5a01cf275e39 - <eshanized_polaris_core[c3f03d6adbd123c]::dag::tests::test_dag_topological_sort::{closure#0} as core[df12db4294e9bfd3]::ops::function::FnOnce<()>>::call_once
[INFO] [stdout]   14:     0x5a01cf295d9b - test[9d35eded1c95d3be]::__rust_begin_short_backtrace::<core[df12db4294e9bfd3]::result::Result<(), alloc[2182bb758b4b3781]::string::String>, fn() -> core[df12db4294e9bfd3]::result::Result<(), alloc[2182bb758b4b3781]::string::String>>
[INFO] [stdout]   15:     0x5a01cf2a3405 - test[9d35eded1c95d3be]::run_test::{closure#0}
[INFO] [stdout]   16:     0x5a01cf29ccc4 - std[70759c8f55707aa4]::sys::backtrace::__rust_begin_short_backtrace::<test[9d35eded1c95d3be]::run_test::{closure#1}, ()>
[INFO] [stdout]   17:     0x5a01cf2a6562 - <std[70759c8f55707aa4]::thread::lifecycle::spawn_unchecked<test[9d35eded1c95d3be]::run_test::{closure#1}, ()>::{closure#1} as core[df12db4294e9bfd3]::ops::function::FnOnce<()>>::call_once::{shim:vtable#0}
[INFO] [stdout]   18:     0x5a01cf334359 - <std[70759c8f55707aa4]::sys::thread::unix::Thread>::new::thread_start
[INFO] [stdout]   19:     0x752fb164edfa - <unknown>
[INFO] [stdout]   20:     0x752fb16e23d4 - clone
[INFO] [stdout]   21:                0x0 - <unknown>
[INFO] [stdout] 
[INFO] [stdout] ---- dag::tests::test_dag_complex_dependencies stdout ----
[INFO] [stdout] 
[INFO] [stdout] thread 'dag::tests::test_dag_complex_dependencies' (5162) panicked at src/dag.rs:270:45:
[INFO] [stdout] called `Result::unwrap()` on an `Err` value: DagCycleDetected
[INFO] [stdout] stack backtrace:
[INFO] [stdout]    0:     0x5a01cf334e31 - <<std[70759c8f55707aa4]::sys::backtrace::BacktraceLock>::print::DisplayBacktrace as core[df12db4294e9bfd3]::fmt::Display>::fmt
[INFO] [stdout]    1:     0x5a01cf34a9ea - core[df12db4294e9bfd3]::fmt::write
[INFO] [stdout]    2:     0x5a01cf3397fc - <alloc[2182bb758b4b3781]::vec::Vec<u8> as core[df12db4294e9bfd3]::io::write::Write>::write_fmt
[INFO] [stdout]    3:     0x5a01cf310516 - std[70759c8f55707aa4]::panicking::default_hook::{closure#0}
[INFO] [stdout]    4:     0x5a01cf32ce79 - std[70759c8f55707aa4]::panicking::default_hook
[INFO] [stdout]    5:     0x5a01cf2a2ab0 - test[9d35eded1c95d3be]::test_main_inner::<test[9d35eded1c95d3be]::test_main_static::{closure#0}>::{closure#0}
[INFO] [stdout]    6:     0x5a01cf32d1a2 - std[70759c8f55707aa4]::panicking::panic_with_hook
[INFO] [stdout]    7:     0x5a01cf3105c2 - std[70759c8f55707aa4]::panicking::panic_handler::{closure#0}
[INFO] [stdout]    8:     0x5a01cf309299 - std[70759c8f55707aa4]::sys::backtrace::__rust_end_short_backtrace::<std[70759c8f55707aa4]::panicking::panic_handler::{closure#0}, !>
[INFO] [stdout]    9:     0x5a01cf3113ad - __rustc[8fa7c3cbc660c2b3]::rust_begin_unwind
[INFO] [stdout]   10:     0x5a01cf34b14c - core[df12db4294e9bfd3]::panicking::panic_fmt
[INFO] [stdout]   11:     0x5a01cf34af22 - core[df12db4294e9bfd3]::result::unwrap_failed
[INFO] [stdout]   12:     0x5a01cf261fc2 - eshanized_polaris_core[c3f03d6adbd123c]::dag::tests::test_dag_complex_dependencies
[INFO] [stdout]   13:     0x5a01cf275e59 - <eshanized_polaris_core[c3f03d6adbd123c]::dag::tests::test_dag_complex_dependencies::{closure#0} as core[df12db4294e9bfd3]::ops::function::FnOnce<()>>::call_once
[INFO] [stdout]   14:     0x5a01cf295d9b - test[9d35eded1c95d3be]::__rust_begin_short_backtrace::<core[df12db4294e9bfd3]::result::Result<(), alloc[2182bb758b4b3781]::string::String>, fn() -> core[df12db4294e9bfd3]::result::Result<(), alloc[2182bb758b4b3781]::string::String>>
[INFO] [stdout]   15:     0x5a01cf2a3405 - test[9d35eded1c95d3be]::run_test::{closure#0}
[INFO] [stdout]   16:     0x5a01cf29ccc4 - std[70759c8f55707aa4]::sys::backtrace::__rust_begin_short_backtrace::<test[9d35eded1c95d3be]::run_test::{closure#1}, ()>
[INFO] [stdout]   17:     0x5a01cf2a6562 - <std[70759c8f55707aa4]::thread::lifecycle::spawn_unchecked<test[9d35eded1c95d3be]::run_test::{closure#1}, ()>::{closure#1} as core[df12db4294e9bfd3]::ops::function::FnOnce<()>>::call_once::{shim:vtable#0}
[INFO] [stdout]   18:     0x5a01cf334359 - <std[70759c8f55707aa4]::sys::thread::unix::Thread>::new::thread_start
[INFO] [stdout]   19:     0x752fb164edfa - <unknown>
[INFO] [stdout]   20:     0x752fb16e23d4 - clone
[INFO] [stdout]   21:                0x0 - <unknown>
[INFO] [stdout] 
[INFO] [stdout] ---- scheduler::tests::test_affinity_scheduler_with_labels stdout ----
[INFO] [stdout] 
[INFO] [stdout] thread 'scheduler::tests::test_affinity_scheduler_with_labels' (5183) panicked at src/scheduler.rs:386:63:
[INFO] [stdout] called `Result::unwrap()` on an `Err` value: SchedulingFailed("No nodes match affinity constraints")
[INFO] [stdout] stack backtrace:
[INFO] [stdout]    0:     0x5a01cf334e31 - <<std[70759c8f55707aa4]::sys::backtrace::BacktraceLock>::print::DisplayBacktrace as core[df12db4294e9bfd3]::fmt::Display>::fmt
[INFO] [stdout]    1:     0x5a01cf34a9ea - core[df12db4294e9bfd3]::fmt::write
[INFO] [stdout]    2:     0x5a01cf3397fc - <alloc[2182bb758b4b3781]::vec::Vec<u8> as core[df12db4294e9bfd3]::io::write::Write>::write_fmt
[INFO] [stdout]    3:     0x5a01cf310516 - std[70759c8f55707aa4]::panicking::default_hook::{closure#0}
[INFO] [stdout]    4:     0x5a01cf32ce79 - std[70759c8f55707aa4]::panicking::default_hook
[INFO] [stdout]    5:     0x5a01cf2a2ab0 - test[9d35eded1c95d3be]::test_main_inner::<test[9d35eded1c95d3be]::test_main_static::{closure#0}>::{closure#0}
[INFO] [stdout]    6:     0x5a01cf32d1a2 - std[70759c8f55707aa4]::panicking::panic_with_hook
[INFO] [stdout]    7:     0x5a01cf3105c2 - std[70759c8f55707aa4]::panicking::panic_handler::{closure#0}
[INFO] [stdout]    8:     0x5a01cf309299 - std[70759c8f55707aa4]::sys::backtrace::__rust_end_short_backtrace::<std[70759c8f55707aa4]::panicking::panic_handler::{closure#0}, !>
[INFO] [stdout]    9:     0x5a01cf3113ad - __rustc[8fa7c3cbc660c2b3]::rust_begin_unwind
[INFO] [stdout]   10:     0x5a01cf34b14c - core[df12db4294e9bfd3]::panicking::panic_fmt
[INFO] [stdout]   11:     0x5a01cf34af22 - core[df12db4294e9bfd3]::result::unwrap_failed
[INFO] [stdout]   12:     0x5a01cf27fb34 - eshanized_polaris_core[c3f03d6adbd123c]::scheduler::tests::test_affinity_scheduler_with_labels::{closure#0}
[INFO] [stdout]   13:     0x5a01cf259843 - <tokio[2b697d902c8b577d]::runtime::scheduler::current_thread::Context>::enter::<core[df12db4294e9bfd3]::task::poll::Poll<()>, <tokio[2b697d902c8b577d]::runtime::scheduler::current_thread::CoreGuard>::block_on<core[df12db4294e9bfd3]::pin::Pin<&mut core[df12db4294e9bfd3]::pin::Pin<&mut dyn core[df12db4294e9bfd3]::future::future::Future<Output = ()>>>>::{closure#0}::{closure#0}>
[INFO] [stdout]   14:     0x5a01cf26363c - <tokio[2b697d902c8b577d]::runtime::context::scoped::Scoped<tokio[2b697d902c8b577d]::runtime::scheduler::Context>>::set::<<tokio[2b697d902c8b577d]::runtime::scheduler::current_thread::CoreGuard>::enter<<tokio[2b697d902c8b577d]::runtime::scheduler::current_thread::CoreGuard>::block_on<core[df12db4294e9bfd3]::pin::Pin<&mut core[df12db4294e9bfd3]::pin::Pin<&mut dyn core[df12db4294e9bfd3]::future::future::Future<Output = ()>>>>::{closure#0}, core[df12db4294e9bfd3]::option::Option<()>>::{closure#0}, (alloc[2182bb758b4b3781]::boxed::Box<tokio[2b697d902c8b577d]::runtime::scheduler::current_thread::Core>, core[df12db4294e9bfd3]::option::Option<()>)>
[INFO] [stdout]   15:     0x5a01cf259d97 - <tokio[2b697d902c8b577d]::runtime::scheduler::current_thread::CoreGuard>::block_on::<core[df12db4294e9bfd3]::pin::Pin<&mut core[df12db4294e9bfd3]::pin::Pin<&mut dyn core[df12db4294e9bfd3]::future::future::Future<Output = ()>>>>
[INFO] [stdout]   16:     0x5a01cf28f270 - tokio[2b697d902c8b577d]::runtime::context::runtime::enter_runtime::<<tokio[2b697d902c8b577d]::runtime::scheduler::current_thread::CurrentThread>::block_on<core[df12db4294e9bfd3]::pin::Pin<&mut dyn core[df12db4294e9bfd3]::future::future::Future<Output = ()>>>::{closure#0}, ()>
[INFO] [stdout]   17:     0x5a01cf259725 - <tokio[2b697d902c8b577d]::runtime::runtime::Runtime>::block_on::<core[df12db4294e9bfd3]::pin::Pin<&mut dyn core[df12db4294e9bfd3]::future::future::Future<Output = ()>>>
[INFO] [stdout]   18:     0x5a01cf280e2b - eshanized_polaris_core[c3f03d6adbd123c]::scheduler::tests::test_affinity_scheduler_with_labels
[INFO] [stdout]   19:     0x5a01cf276539 - <eshanized_polaris_core[c3f03d6adbd123c]::scheduler::tests::test_affinity_scheduler_with_labels::{closure#0} as core[df12db4294e9bfd3]::ops::function::FnOnce<()>>::call_once
[INFO] [stdout]   20:     0x5a01cf295d9b - test[9d35eded1c95d3be]::__rust_begin_short_backtrace::<core[df12db4294e9bfd3]::result::Result<(), alloc[2182bb758b4b3781]::string::String>, fn() -> core[df12db4294e9bfd3]::result::Result<(), alloc[2182bb758b4b3781]::string::String>>
[INFO] [stdout]   21:     0x5a01cf2a3405 - test[9d35eded1c95d3be]::run_test::{closure#0}
[INFO] [stdout]   22:     0x5a01cf29ccc4 - std[70759c8f55707aa4]::sys::backtrace::__rust_begin_short_backtrace::<test[9d35eded1c95d3be]::run_test::{closure#1}, ()>
[INFO] [stdout]   23:     0x5a01cf2a6562 - <std[70759c8f55707aa4]::thread::lifecycle::spawn_unchecked<test[9d35eded1c95d3be]::run_test::{closure#1}, ()>::{closure#1} as core[df12db4294e9bfd3]::ops::function::FnOnce<()>>::call_once::{shim:vtable#0}
[INFO] [stdout]   24:     0x5a01cf334359 - <std[70759c8f55707aa4]::sys::thread::unix::Thread>::new::thread_start
[INFO] [stdout]   25:     0x752fb164edfa - <unknown>
[INFO] [stdout]   26:     0x752fb16e23d4 - clone
[INFO] [stdout]   27:                0x0 - <unknown>
[INFO] [stdout] 
[INFO] [stdout] 
[INFO] [stdout] failures:
[INFO] [stdout]     dag::tests::test_dag_complex_dependencies
[INFO] [stdout]     dag::tests::test_dag_topological_sort
[INFO] [stdout]     scheduler::tests::test_affinity_scheduler_with_labels
[INFO] [stdout] 
[INFO] [stdout] test result: FAILED. 46 passed; 3 failed; 0 ignored; 0 measured; 0 filtered out; finished in 0.21s
[INFO] [stdout] 
[INFO] [stderr] error: test failed, to rerun pass `--lib`
[INFO] running `Command { std: "docker" "inspect" "2733fc37797def2ade4b3ac64a7eba6afe4685fe392109688dc88d2d7715f937", kill_on_drop: false }`
[INFO] running `Command { std: "docker" "rm" "-f" "2733fc37797def2ade4b3ac64a7eba6afe4685fe392109688dc88d2d7715f937", kill_on_drop: false }`
[INFO] [stdout] 2733fc37797def2ade4b3ac64a7eba6afe4685fe392109688dc88d2d7715f937
