[INFO] fetching crate es-fluent 0.21.0...
[INFO] testing es-fluent-0.21.0 against 1.99.0-beta.8+cargoflags=--release for beta-release-1.100-2
[INFO] extracting crate es-fluent 0.21.0 into /workspace/builds/worker-1-tc1/source
[INFO] started tweaking crates.io crate es-fluent 0.21.0
[INFO] removed 0 missing tests
[INFO] finished tweaking crates.io crate es-fluent 0.21.0
[INFO] tweaked toml for crates.io crate es-fluent 0.21.0 written to /workspace/builds/worker-1-tc1/source/Cargo.toml
[INFO] validating manifest of crates.io crate es-fluent 0.21.0 on toolchain 1.99.0-beta.8
[INFO] running `Command { std: CARGO_HOME="/workspace/cargo-home" RUSTUP_HOME="/workspace/rustup-home" "/workspace/cargo-home/bin/cargo" "+1.99.0-beta.8" "metadata" "--manifest-path" "Cargo.toml" "--no-deps", kill_on_drop: false }`
[INFO] crate crates.io crate es-fluent 0.21.0 already has a lockfile, it will not be regenerated
[INFO] running `Command { std: CARGO_HOME="/workspace/cargo-home" RUSTUP_HOME="/workspace/rustup-home" "/workspace/cargo-home/bin/cargo" "+1.99.0-beta.8" "fetch" "--manifest-path" "Cargo.toml", kill_on_drop: false }`
[INFO] [stderr]     Updating crates.io index
[INFO] [stderr]  Downloading crates ...
[INFO] [stderr]   Downloaded unic-langid-macros v0.9.6
[INFO] [stderr]   Downloaded unic-langid-macros-impl v0.9.6
[INFO] [stderr]   Downloaded icu_calendar_data v2.3.0
[INFO] [stderr]   Downloaded icu_time_data v2.3.1
[INFO] [stderr]   Downloaded ixdtf v0.6.6
[INFO] [stderr]   Downloaded icu_time v2.3.0
[INFO] [stderr]   Downloaded icu_casemap_data v2.3.0
[INFO] [stderr]   Downloaded icu_plurals_data v2.3.0
[INFO] [stderr]   Downloaded icu_list_data v2.3.0
[INFO] [stderr]   Downloaded es-fluent-shared v0.21.0
[INFO] [stderr]   Downloaded icu_decimal_data v2.3.0
[INFO] [stderr]   Downloaded icu_list v2.3.0
[INFO] [stderr]   Downloaded icu_decimal v2.3.0
[INFO] [stderr]   Downloaded fixed_decimal v0.7.2
[INFO] [stderr]   Downloaded icu_pattern v0.5.0
[INFO] [stderr]   Downloaded icu_plurals v2.3.0
[INFO] [stderr]   Downloaded icu_casemap v2.3.0
[INFO] [stderr]   Downloaded calendrical_calculations v0.2.4
[INFO] [stderr]   Downloaded es-fluent-manager-core v0.21.0
[INFO] [stderr]   Downloaded pin-cell v0.2.0
[INFO] [stderr]   Downloaded chunky-vec v0.1.0
[INFO] [stderr]   Downloaded fluent-fallback v0.7.2
[INFO] [stderr]   Downloaded es-fluent-derive v0.21.0
[INFO] [stderr]   Downloaded icu_experimental v0.6.0
[INFO] [stderr]   Downloaded es-fluent-derive-core v0.21.0
[INFO] [stderr]   Downloaded es-fluent-toml v0.21.0
[INFO] [stderr]   Downloaded icu_datetime v2.3.0
[INFO] [stderr]   Downloaded bon v3.10.2
[INFO] [stderr]   Downloaded bon-macros v3.10.2
[INFO] [stderr]   Downloaded icu_calendar v2.3.0
[INFO] [stderr]   Downloaded icu_datetime_data v2.3.0
[INFO] [stderr]   Downloaded icu_experimental_data v0.6.0
[INFO] running `Command { std: "docker" "create" "-v" "/var/lib/crater-agent-workspace/builds/worker-1-tc1/source:/opt/rustwide/workdir:ro,Z" "-v" "/var/lib/crater-agent-workspace/builds/worker-1-tc1/target:/opt/rustwide/target:rw,Z" "-v" "/var/lib/crater-agent-workspace/cargo-home:/opt/rustwide/cargo-home:ro,Z" "-v" "/var/lib/crater-agent-workspace/rustup-home:/opt/rustwide/rustup-home:ro,Z" "-m" "1610612736" "--network" "none" "ghcr.io/rust-lang/crates-build-env/linux@sha256:77db811e55d90add9212f6832c23229e3de5f1c1f9905e8cb07319ea15df73ac" "sleep" "infinity", kill_on_drop: false }`
[INFO] [stdout] 78992607de6c7289977283367e5f4820e138472040f88726f41b9551cb9ccaba
[INFO] running `Command { std: "docker" "start" "78992607de6c7289977283367e5f4820e138472040f88726f41b9551cb9ccaba", kill_on_drop: false }`
[INFO] running `Command { std: "docker" "inspect" "78992607de6c7289977283367e5f4820e138472040f88726f41b9551cb9ccaba", kill_on_drop: false }`
[INFO] running `Command { std: "docker" "exec" "-e" "SOURCE_DIR=/opt/rustwide/workdir" "-e" "CARGO_HOME=/opt/rustwide/cargo-home" "-e" "RUSTUP_HOME=/opt/rustwide/rustup-home" "-e" "CARGO_TARGET_DIR=/opt/rustwide/target" "-w" "/opt/rustwide/workdir" "--user" "0:0" "78992607de6c7289977283367e5f4820e138472040f88726f41b9551cb9ccaba" "/opt/rustwide/cargo-home/bin/cargo" "+1.99.0-beta.8" "metadata" "--no-deps" "--format-version=1", kill_on_drop: false }`
[INFO] running `Command { std: "docker" "inspect" "78992607de6c7289977283367e5f4820e138472040f88726f41b9551cb9ccaba", kill_on_drop: false }`
[INFO] running `Command { std: "docker" "exec" "-e" "SOURCE_DIR=/opt/rustwide/workdir" "-e" "CARGO_HOME=/opt/rustwide/cargo-home" "-e" "RUSTUP_HOME=/opt/rustwide/rustup-home" "-e" "CARGO_TARGET_DIR=/opt/rustwide/target" "-e" "CARGO_INCREMENTAL=0" "-e" "RUST_BACKTRACE=full" "-e" "RUSTFLAGS=--cap-lints=warn" "-e" "RUSTDOCFLAGS=--cap-lints=warn" "-w" "/opt/rustwide/workdir" "--user" "0:0" "78992607de6c7289977283367e5f4820e138472040f88726f41b9551cb9ccaba" "/opt/rustwide/cargo-home/bin/cargo" "+1.99.0-beta.8" "build" "--frozen" "--message-format=json" "--release", kill_on_drop: false }`
[INFO] [stderr]    Compiling proc-macro2 v1.0.107
[INFO] [stderr]    Compiling stable_deref_trait v1.2.1
[INFO] [stderr]    Compiling icu_locale_fallback_data v2.3.0
[INFO] [stderr]    Compiling icu_locale_data v2.3.0
[INFO] [stderr]    Compiling proc-macro-hack v0.5.20+deprecated
[INFO] [stderr]    Compiling writeable v0.6.4
[INFO] [stderr]    Compiling camino v1.2.6
[INFO] [stderr]    Compiling litemap v0.8.3
[INFO] [stderr]    Compiling winnow v1.0.4
[INFO] [stderr]    Compiling anstyle v1.0.14
[INFO] [stderr]    Compiling toml_datetime v1.1.1+spec-1.1.0
[INFO] [stderr]    Compiling anstyle-parse v1.0.0
[INFO] [stderr]    Compiling colorchoice v1.0.5
[INFO] [stderr]    Compiling is_terminal_polyfill v1.70.2
[INFO] [stderr]    Compiling unicode-ident v1.0.26
[INFO] [stderr]    Compiling prettyplease v0.3.0
[INFO] [stderr]    Compiling anstyle-query v1.1.5
[INFO] [stderr]    Compiling clap_lex v1.1.1
[INFO] [stderr]    Compiling fs-err v3.3.1
[INFO] [stderr]    Compiling ident_case v1.0.1
[INFO] [stderr]    Compiling serde_spanned v1.1.1
[INFO] [stderr]    Compiling path-slash v0.2.1
[INFO] [stderr]    Compiling anstream v1.0.0
[INFO] [stderr]    Compiling chunky-vec v0.1.0
[INFO] [stderr]    Compiling pin-cell v0.2.0
[INFO] [stderr]    Compiling inventory v0.3.24
[INFO] [stderr]    Compiling quote v1.0.47
[INFO] [stderr]    Compiling toml v1.1.6+spec-1.1.0
[INFO] [stderr]    Compiling clap_builder v4.6.7
[INFO] [stderr]    Compiling syn v3.0.6
[INFO] [stderr]    Compiling syn v2.0.119
[INFO] [stderr]    Compiling toml_parser v1.1.3+spec-1.1.0
[INFO] [stderr]    Compiling toml_edit v0.25.15+spec-1.1.0
[INFO] [stderr]    Compiling proc-macro-crate v3.5.0
[INFO] [stderr]    Compiling darling_core v0.24.1
[INFO] [stderr]    Compiling strum_macros v0.28.0
[INFO] [stderr]    Compiling derive_more-impl v2.1.1
[INFO] [stderr]    Compiling getset v0.1.7
[INFO] [stderr]    Compiling tracing-attributes v0.1.31
[INFO] [stderr]    Compiling synstructure v0.14.0
[INFO] [stderr]    Compiling tracing v0.1.44
[INFO] [stderr]    Compiling zerofrom-derive v0.1.8
[INFO] [stderr]    Compiling yoke-derive v0.8.3
[INFO] [stderr]    Compiling zerovec-derive v0.11.6
[INFO] [stderr]    Compiling displaydoc v0.2.7
[INFO] [stderr]    Compiling thiserror-impl v2.0.21
[INFO] [stderr]    Compiling serde_derive v1.0.229
[INFO] [stderr]    Compiling zerofrom v0.1.8
[INFO] [stderr]    Compiling clap_derive v4.6.7
[INFO] [stderr]    Compiling yoke v0.8.3
[INFO] [stderr]    Compiling zerotrie v0.2.5
[INFO] [stderr]    Compiling zerovec v0.11.8
[INFO] [stderr]    Compiling futures-macro v0.3.34
[INFO] [stderr]    Compiling darling_macro v0.24.1
[INFO] [stderr]    Compiling darling v0.24.1
[INFO] [stderr]    Compiling bon-macros v3.10.2
[INFO] [stderr]    Compiling thiserror v2.0.21
[INFO] [stderr]    Compiling fluent-syntax v0.12.0
[INFO] [stderr]    Compiling strum v0.28.0
[INFO] [stderr]    Compiling async-trait v0.1.92
[INFO] [stderr]    Compiling futures-util v0.3.34
[INFO] [stderr]    Compiling tinystr v0.8.4
[INFO] [stderr]    Compiling potential_utf v0.1.6
[INFO] [stderr]    Compiling unic-langid-impl v0.9.6
[INFO] [stderr]    Compiling icu_locale_core v2.3.0
[INFO] [stderr]    Compiling derive_more v2.1.1
[INFO] [stderr]    Compiling icu_collections v2.3.0
[INFO] [stderr]    Compiling unic-langid v0.9.6
[INFO] [stderr]    Compiling unic-langid-macros-impl v0.9.6
[INFO] [stderr]    Compiling clap v4.6.7
[INFO] [stderr]    Compiling unic-langid-macros v0.9.6
[INFO] [stderr]    Compiling intl-memoizer v0.5.3
[INFO] [stderr]    Compiling fluent-langneg v0.13.1
[INFO] [stderr]    Compiling intl_pluralrules v7.0.2
[INFO] [stderr]    Compiling icu_provider v2.3.1
[INFO] [stderr]    Compiling fluent-bundle v0.16.0
[INFO] [stderr]    Compiling icu_locale_fallback v2.3.0
[INFO] [stderr]    Compiling icu_locale v2.3.1
[INFO] [stderr]    Compiling serde v1.0.229
[INFO] [stderr]    Compiling es-fluent-shared v0.21.0
[INFO] [stderr]    Compiling bon v3.10.2
[INFO] [stderr]    Compiling futures-executor v0.3.34
[INFO] [stderr]    Compiling es-fluent-toml v0.21.0
[INFO] [stderr]    Compiling futures v0.3.34
[INFO] [stderr]    Compiling fluent-fallback v0.7.2
[INFO] [stderr]    Compiling es-fluent-derive-core v0.21.0
[INFO] [stderr]    Compiling es-fluent-manager-core v0.21.0
[INFO] [stderr]    Compiling es-fluent-derive v0.21.0
[INFO] [stderr]    Compiling es-fluent v0.21.0 (/opt/rustwide/workdir)
[INFO] [stderr]     Finished `release` profile [optimized] target(s) in 1m 07s
[INFO] running `Command { std: "docker" "inspect" "78992607de6c7289977283367e5f4820e138472040f88726f41b9551cb9ccaba", kill_on_drop: false }`
[INFO] running `Command { std: "docker" "exec" "-e" "SOURCE_DIR=/opt/rustwide/workdir" "-e" "CARGO_HOME=/opt/rustwide/cargo-home" "-e" "RUSTUP_HOME=/opt/rustwide/rustup-home" "-e" "CARGO_TARGET_DIR=/opt/rustwide/target" "-e" "CARGO_INCREMENTAL=0" "-e" "RUST_BACKTRACE=full" "-e" "RUSTFLAGS=--cap-lints=warn" "-e" "RUSTDOCFLAGS=--cap-lints=warn" "-w" "/opt/rustwide/workdir" "--user" "0:0" "78992607de6c7289977283367e5f4820e138472040f88726f41b9551cb9ccaba" "/opt/rustwide/cargo-home/bin/cargo" "+1.99.0-beta.8" "test" "--frozen" "--no-run" "--message-format=json" "--release", kill_on_drop: false }`
[INFO] [stderr]    Compiling target-tuple v1.0.2
[INFO] [stderr]    Compiling temp-env v0.3.6
[INFO] [stderr]    Compiling serde_json v1.0.151
[INFO] [stderr]    Compiling tempfile v3.27.0
[INFO] [stderr]    Compiling trybuild v1.0.121
[INFO] [stderr]    Compiling es-fluent v0.21.0 (/opt/rustwide/workdir)
[INFO] [stderr]     Finished `release` profile [optimized] target(s) in 15.42s
[INFO] running `Command { std: "docker" "inspect" "78992607de6c7289977283367e5f4820e138472040f88726f41b9551cb9ccaba", kill_on_drop: false }`
[INFO] running `Command { std: "docker" "exec" "-e" "SOURCE_DIR=/opt/rustwide/workdir" "-e" "CARGO_HOME=/opt/rustwide/cargo-home" "-e" "RUSTUP_HOME=/opt/rustwide/rustup-home" "-e" "CARGO_TARGET_DIR=/opt/rustwide/target" "-e" "CARGO_INCREMENTAL=0" "-e" "RUST_BACKTRACE=full" "-e" "RUSTFLAGS=--cap-lints=warn" "-e" "RUSTDOCFLAGS=--cap-lints=warn" "-w" "/opt/rustwide/workdir" "--user" "0:0" "78992607de6c7289977283367e5f4820e138472040f88726f41b9551cb9ccaba" "/opt/rustwide/cargo-home/bin/cargo" "+1.99.0-beta.8" "test" "--frozen" "--release", kill_on_drop: false }`
[INFO] [stderr]     Finished `release` profile [optimized] target(s) in 0.19s
[INFO] [stderr]      Running unittests src/lib.rs (/opt/rustwide/target/release/deps/es_fluent-c1899250e689f991)
[INFO] [stdout] 
[INFO] [stdout] running 22 tests
[INFO] [stdout] test traits::fluent_message::tests::argument_conversion_handles_primitive_values ... ok
[INFO] [stdout] test traits::fluent_message::tests::argument_conversion_handles_optional_and_missing_values ... ok
[INFO] [stdout] test traits::fluent_message::tests::argument_conversion_localizes_optional_nested_messages_with_current_callback ... ok
[INFO] [stdout] test traits::fluent_message::tests::argument_conversion_localizes_nested_messages_with_current_callback ... ok
[INFO] [stdout] test traits::fluent_message::tests::manual_fluent_message_uses_supplied_callback_for_lookup ... ok
[INFO] [stdout] test traits::fluent_message::tests::fallback_message_key_matches_custom_localizer_map_entry ... ok
[INFO] [stdout] test traits::fluent_message::tests::fluent_localizer_reference_and_arc_impls_delegate_to_inner_localizer ... ok
[INFO] [stdout] test traits::fluent_message::tests::fluent_message_reference_impl_delegates_to_inner_message ... ok
[INFO] [stdout] test traits::fluent_message::tests::localize_message_uses_the_explicit_localizer ... ok
[INFO] [stdout] test traits::fluent_message::tests::localizer_extension_can_return_missing_typed_messages_without_id_fallback ... ok
[INFO] [stdout] test traits::fluent_message::tests::localizer_extension_localizes_typed_messages ... ok
[INFO] [stdout] test traits::fluent_message::tests::localize_message_panics_when_with_lookup_skips_callback - should panic ... ok
[INFO] [stdout] test traits::fluent_message::tests::localizer_extension_panics_when_a_typed_message_is_missing - should panic ... ok
[INFO] [stdout] test traits::fluent_message::tests::custom_localizer_with_lookup_invokes_callback_and_renders_typed_message ... ok
[INFO] [stdout] test traits::fluent_message::tests::argument_conversion_handles_borrowed_and_owned_values ... ok
[INFO] [stdout] test traits::fluent_message::tests::panic_lookup_reports_unexpected_nested_localization - should panic ... ok
[INFO] [stdout] test traits::label::tests::localize_label_helpers_return_localized_values_or_explicitly_report_missing_values ... ok
[INFO] [stdout] test traits::fluent_message::tests::try_localize_message_panics_when_with_lookup_invokes_callback_twice - should panic ... ok
[INFO] [stdout] test traits::label::tests::label_trait_exposes_typed_metadata_and_localizes ... ok
[INFO] [stdout] test traits::tests::missing_value_behavior_is_carried_by_each_key ... ok
[INFO] [stdout] test traits::label::tests::localize_label_panics_when_the_typed_label_is_missing - should panic ... ok
[INFO] [stdout] test traits::fluent_message::tests::localize_message_keeps_one_lookup_scope_during_concurrent_language_switch ... ok
[INFO] [stdout] 
[INFO] [stdout] test result: ok. 22 passed; 0 failed; 0 ignored; 0 measured; 0 filtered out; finished in 0.06s
[INFO] [stdout] 
[INFO] [stderr]      Running tests/chrono_message_args.rs (/opt/rustwide/target/release/deps/chrono_message_args-1404465d998d28fa)
[INFO] [stdout] 
[INFO] [stdout] running 0 tests
[INFO] [stdout] 
[INFO] [stdout] test result: ok. 0 passed; 0 failed; 0 ignored; 0 measured; 0 filtered out; finished in 0.00s
[INFO] [stdout] 
[INFO] [stderr]      Running tests/derive_inventory_source_lines.rs (/opt/rustwide/target/release/deps/derive_inventory_source_lines-d8e896ce73dbd4af)
[INFO] [stdout] 
[INFO] [stdout] running 1 test
[INFO] [stdout] test derive_inventory_source_lines_point_at_source_items ... ok
[INFO] [stdout] 
[INFO] [stdout] test result: ok. 1 passed; 0 failed; 0 ignored; 0 measured; 0 filtered out; finished in 0.00s
[INFO] [stdout] 
[INFO] [stderr]      Running tests/derive_label.rs (/opt/rustwide/target/release/deps/derive_label-4bb0d45d1280f2c5)
[INFO] [stdout] 
[INFO] [stdout] running 9 tests
[INFO] [stdout] test generated_variant_enums_have_inferred_standard_derives ... ok
[INFO] [stdout] test test_derive_label_struct ... ok
[INFO] [stdout] test test_derive_label_and_variants_share_fluent_namespace ... ok
[INFO] [stdout] test test_derive_label_preserves_type_kind ... ok
[INFO] [stdout] test test_derive_label_struct_panics_when_the_label_is_missing - should panic ... ok
[INFO] [stdout] test test_derive_label_namespace_from_fluent ... ok
[INFO] [stdout] test test_derive_label_variants ... ok
[INFO] [stdout] test test_derive_label_fields ... ok
[INFO] [stdout] test test_derive_variants_namespace_from_fluent ... ok
[INFO] [stdout] 
[INFO] [stdout] test result: ok. 9 passed; 0 failed; 0 ignored; 0 measured; 0 filtered out; finished in 0.01s
[INFO] [stdout] 
[INFO] [stderr]      Running tests/derive_message_args.rs (/opt/rustwide/target/release/deps/derive_message_args-8221f21d23cbeb54)
[INFO] [stdout] 
[INFO] [stdout] running 8 tests
[INFO] [stdout] test derived_enum_named_borrowed_bool_and_optional_borrowed_bool_fields_compile_and_render ... ok
[INFO] [stdout] test derived_struct_bool_and_optional_bool_fields_compile_and_render ... ok
[INFO] [stdout] test es_fluent_unit_enum_infers_choice_and_optional_selector_renders ... ok
[INFO] [stdout] test es_fluent_variants_generated_enums_infer_choice_and_render_as_selectors ... ok
[INFO] [stdout] test derived_enum_tuple_bool_and_optional_bool_fields_compile_and_render ... ok
[INFO] [stdout] test derived_enum_named_bool_and_optional_bool_fields_compile_and_render ... ok
[INFO] [stdout] test derived_enum_tuple_borrowed_bool_and_optional_borrowed_bool_fields_compile_and_render ... ok
[INFO] [stdout] test derived_struct_borrowed_bool_and_optional_borrowed_bool_fields_compile_and_render ... ok
[INFO] [stdout] 
[INFO] [stdout] test result: ok. 8 passed; 0 failed; 0 ignored; 0 measured; 0 filtered out; finished in 0.00s
[INFO] [stdout] 
[INFO] [stderr]      Running tests/derive_no_singleton.rs (/opt/rustwide/target/release/deps/derive_no_singleton-cc8cb1c18ea32cb3)
[INFO] [stdout] 
[INFO] [stdout] running 4 tests
[INFO] [stdout] test derived_borrowed_string_field_renders_as_argument ... ok
[INFO] [stdout] test derived_generic_message_field_uses_current_localizer ... ok
[INFO] [stdout] test derived_nested_message_field_does_not_need_clone ... ok
[INFO] [stderr]      Running tests/derive_ui.rs (/opt/rustwide/target/release/deps/derive_ui-2f8d598018695dee)
[INFO] [stdout] test derived_optional_nested_message_field_uses_current_localizer ... ok
[INFO] [stdout] 
[INFO] [stdout] test result: ok. 4 passed; 0 failed; 0 ignored; 0 measured; 0 filtered out; finished in 0.01s
[INFO] [stdout] 
[INFO] [stdout] 
[INFO] [stdout] running 1 test
[INFO] [stderr]    Compiling quote v1.0.47
[INFO] [stderr]    Compiling proc-macro2 v1.0.107
[INFO] [stderr]    Compiling unicode-ident v1.0.26
[INFO] [stderr]    Compiling stable_deref_trait v1.2.1
[INFO] [stderr]    Compiling serde_core v1.0.229
[INFO] [stderr]    Compiling strsim v0.11.1
[INFO] [stderr]    Compiling icu_locale_fallback_data v2.3.0
[INFO] [stderr]    Compiling thiserror v2.0.21
[INFO] [stderr]    Compiling heck v0.5.0
[INFO] [stderr]    Compiling icu_locale_data v2.3.0
[INFO] [stderr]    Compiling proc-macro-hack v0.5.20+deprecated
[INFO] [stderr]    Compiling ident_case v1.0.1
[INFO] [stderr]    Compiling anyhow v1.0.104
[INFO] [stderr]    Compiling camino v1.2.6
[INFO] [stderr]    Compiling serde v1.0.229
[INFO] [stderr]    Compiling unicode-segmentation v1.13.3
[INFO] [stderr]    Compiling writeable v0.6.4
[INFO] [stderr]    Compiling unicode-xid v0.2.6
[INFO] [stderr]    Compiling litemap v0.8.3
[INFO] [stderr]    Compiling utf8parse v0.2.2
[INFO] [stderr]    Compiling memchr v2.8.3
[INFO] [stderr]    Compiling winnow v1.0.4
[INFO] [stderr]    Compiling libc v0.2.189
[INFO] [stderr]    Compiling anstyle-parse v1.0.0
[INFO] [stderr]    Compiling anstyle-query v1.1.5
[INFO] [stderr]    Compiling is_terminal_polyfill v1.70.2
[INFO] [stderr]    Compiling prettyplease v0.3.0
[INFO] [stderr]    Compiling colorchoice v1.0.5
[INFO] [stderr]    Compiling anstyle v1.0.14
[INFO] [stderr]    Compiling convert_case v0.10.0
[INFO] [stderr]    Compiling futures-sink v0.3.34
[INFO] [stderr]    Compiling anstream v1.0.0
[INFO] [stderr]    Compiling pin-project-lite v0.2.17
[INFO] [stderr]    Compiling utf8_iter v1.0.4
[INFO] [stderr]    Compiling cfg-if v1.0.5
[INFO] [stderr]    Compiling futures-core v0.3.34
[INFO] [stderr]    Compiling smallvec v1.16.2
[INFO] [stderr]    Compiling clap_lex v1.1.1
[INFO] [stderr]    Compiling autocfg v1.5.1
[INFO] [stderr]    Compiling futures-channel v0.3.34
[INFO] [stderr]    Compiling clap_builder v4.6.7
[INFO] [stderr]    Compiling hashbrown v0.17.1
[INFO] [stderr]    Compiling slab v0.4.12
[INFO] [stderr]    Compiling parking_lot_core v0.9.12
[INFO] [stderr]    Compiling once_cell v1.21.4
[INFO] [stderr]    Compiling futures-io v0.3.34
[INFO] [stderr]    Compiling rustc-hash v2.1.3
[INFO] [stderr]    Compiling syn v3.0.6
[INFO] [stderr]    Compiling syn v2.0.119
[INFO] [stderr]    Compiling toml_writer v1.1.2+spec-1.1.0
[INFO] [stderr]    Compiling equivalent v1.0.2
[INFO] [stderr]    Compiling futures-task v0.3.34
[INFO] [stderr]    Compiling type-map v0.5.1
[INFO] [stderr]    Compiling toml_parser v1.1.3+spec-1.1.0
[INFO] [stderr]    Compiling scopeguard v1.2.0
[INFO] [stderr]    Compiling lock_api v0.4.14
[INFO] [stderr]    Compiling fs-err v3.3.1
[INFO] [stderr]    Compiling self_cell v1.3.0
[INFO] [stderr]    Compiling path-slash v0.2.1
[INFO] [stderr]    Compiling indexmap v2.14.2
[INFO] [stderr]    Compiling parking_lot v0.12.5
[INFO] [stderr]    Compiling tracing-core v0.1.36
[INFO] [stderr]    Compiling getrandom v0.3.4
[INFO] [stderr]    Compiling rustix v1.1.5
[INFO] [stderr]    Compiling chunky-vec v0.1.0
[INFO] [stderr]    Compiling pin-cell v0.2.0
[INFO] [stderr]    Compiling inventory v0.3.24
[INFO] [stderr]    Compiling bitflags v2.13.2
[INFO] [stderr]    Compiling linux-raw-sys v0.12.1
[INFO] [stderr]    Compiling toml_datetime v1.1.1+spec-1.1.0
[INFO] [stderr]    Compiling serde_spanned v1.1.1
[INFO] [stderr]    Compiling toml v1.1.6+spec-1.1.0
[INFO] [stderr]    Compiling fastrand v2.5.0
[INFO] [stderr]    Compiling temp-env v0.3.6
[INFO] [stderr]    Compiling toml_edit v0.25.15+spec-1.1.0
[INFO] [stderr]    Compiling darling_core v0.24.1
[INFO] [stderr]    Compiling proc-macro-crate v3.5.0
[INFO] [stderr]    Compiling tempfile v3.27.0
[INFO] [stderr]    Compiling strum_macros v0.28.0
[INFO] [stderr]    Compiling derive_more-impl v2.1.1
[INFO] [stderr]    Compiling tracing-attributes v0.1.31
[INFO] [stderr]    Compiling getset v0.1.7
[INFO] [stderr]    Compiling synstructure v0.14.0
[INFO] [stderr]    Compiling tracing v0.1.44
[INFO] [stderr]    Compiling zerofrom-derive v0.1.8
[INFO] [stderr]    Compiling yoke-derive v0.8.3
[INFO] [stderr]    Compiling zerovec-derive v0.11.6
[INFO] [stderr]    Compiling displaydoc v0.2.7
[INFO] [stderr]    Compiling thiserror-impl v2.0.21
[INFO] [stderr]    Compiling clap_derive v4.6.7
[INFO] [stderr]    Compiling serde_derive v1.0.229
[INFO] [stderr]    Compiling futures-macro v0.3.34
[INFO] [stderr]    Compiling async-trait v0.1.92
[INFO] [stderr]    Compiling strum v0.28.0
[INFO] [stderr]    Compiling futures-util v0.3.34
[INFO] [stderr]    Compiling zerotrie v0.2.5
[INFO] [stderr]    Compiling clap v4.6.7
[INFO] [stderr]    Compiling zerofrom v0.1.8
[INFO] [stderr]    Compiling fluent-syntax v0.12.0
[INFO] [stderr]    Compiling yoke v0.8.3
[INFO] [stderr]    Compiling zerovec v0.11.8
[INFO] [stderr]    Compiling darling_macro v0.24.1
[INFO] [stderr]    Compiling darling v0.24.1
[INFO] [stderr]    Compiling bon-macros v3.10.2
[INFO] [stderr]    Compiling derive_more v2.1.1
[INFO] [stderr]    Compiling tinystr v0.8.4
[INFO] [stderr]    Compiling potential_utf v0.1.6
[INFO] [stderr]    Compiling icu_collections v2.3.0
[INFO] [stderr]    Compiling futures-executor v0.3.34
[INFO] [stdout] test macro_failures_match_user_diagnostics has been running for over 60 seconds
[INFO] [stderr]    Compiling unic-langid-impl v0.9.6
[INFO] [stderr]    Compiling icu_locale_core v2.3.0
[INFO] [stderr]    Compiling futures v0.3.34
[INFO] [stderr]    Compiling unic-langid v0.9.6
[INFO] [stderr]    Compiling unic-langid-macros-impl v0.9.6
[INFO] [stderr]    Compiling icu_provider v2.3.1
[INFO] [stderr]    Compiling unic-langid-macros v0.9.6
[INFO] [stderr]    Compiling fluent-langneg v0.13.1
[INFO] [stderr]    Compiling intl_pluralrules v7.0.2
[INFO] [stderr]    Compiling intl-memoizer v0.5.3
[INFO] [stderr]    Compiling icu_locale_fallback v2.3.0
[INFO] [stderr]    Compiling fluent-bundle v0.16.0
[INFO] [stderr]    Compiling icu_locale v2.3.1
[INFO] [stderr]    Compiling fluent-fallback v0.7.2
[INFO] [stderr]    Compiling es-fluent-shared v0.21.0
[INFO] [stderr]    Compiling es-fluent-manager-core v0.21.0
[INFO] [stderr]    Compiling bon v3.10.2
[INFO] [stderr]    Compiling es-fluent-toml v0.21.0
[INFO] [stderr]    Compiling es-fluent-derive-core v0.21.0
[INFO] [stderr]    Compiling es-fluent-derive v0.21.0
[INFO] [stderr]    Compiling es-fluent v0.21.0 (/opt/rustwide/workdir)
[INFO] [stderr]    Compiling es-fluent-tests v0.0.0 (/opt/rustwide/target/tests/trybuild/es-fluent)
[INFO] [stderr]     Finished `dev` profile [unoptimized + debuginfo] target(s) in 1m 18s
[INFO] [stderr] 
[INFO] [stderr] 
[INFO] [stderr] test tests/ui/bad_optional_field.rs [should fail to compile] ... ok
[INFO] [stderr] test tests/ui/bad_selector_field.rs [should fail to compile] ... ok
[INFO] [stderr] test tests/ui/bad_value_transform_signature.rs [should fail to compile] ... ok
[INFO] [stderr] test tests/ui/duplicate_attribute_keys.rs [should fail to compile] ... ok
[INFO] [stderr] test tests/ui/duplicate_enum_message_keys.rs [should fail to compile] ... ok
[INFO] [stderr] test tests/ui/field_only_key_on_enum_variant.rs [should fail to compile] ... ok
[INFO] [stderr] test tests/ui/fluent_choice_invalid_generated_value.rs [should fail to compile] ... ok
[INFO] [stderr] test tests/ui/fluent_choice_invalid_rename_all.rs [should fail to compile] ... ok
[INFO] [stderr] test tests/ui/fluent_default_unsupported.rs [should fail to compile] ... ok
[INFO] [stderr] test tests/ui/fluent_label_ignored_resource.rs [should fail to compile] ... ok
[INFO] [stderr] test tests/ui/fluent_label_variants_flag_rejected.rs [should fail to compile] ... ok
[INFO] [stderr] test tests/ui/fluent_variants_ignored_resource.rs [should fail to compile] ... ok
[INFO] [stderr] test tests/ui/fluent_variants_invalid_location.rs [should fail to compile] ... ok
[INFO] [stderr] test tests/ui/fluent_variants_keys_all_enum_variants_skipped.rs [should fail to compile] ... ok
[INFO] [stderr] test tests/ui/fluent_variants_keys_all_struct_fields_skipped.rs [should fail to compile] ... ok
[INFO] [stderr] test tests/ui/id_is_enum_only_on_struct.rs [should fail to compile] ... ok
[INFO] [stderr] test tests/ui/invalid_literal_namespace.rs [should fail to compile] ... ok
[INFO] [stderr] test tests/ui/inventory_attribute_is_not_supported.rs [should fail to compile] ... ok
[INFO] [stderr] test tests/ui/struct_validation_failure.rs [should fail to compile] ... ok
[INFO] [stderr] test tests/ui/unchecked_registry_constructor_private.rs [should fail to compile] ... mismatch
[INFO] [stderr] 
[INFO] [stderr] EXPECTED:
[INFO] [stderr] ┈┈┈┈┈┈┈┈┈┈┈┈┈┈┈┈┈┈┈┈┈┈┈┈┈┈┈┈┈┈┈┈┈┈┈┈┈┈┈┈┈┈┈┈┈┈┈┈┈┈┈┈┈┈┈┈┈┈┈┈
[INFO] [stderr] error[E0624]: associated function `new_unchecked` is private
[INFO] [stderr]  --> tests/ui/unchecked_registry_constructor_private.rs:2:55
[INFO] [stderr]   |
[INFO] [stderr] 2 |     let _ = es_fluent::registry::StaticFluentEntryId::new_unchecked("hello");
[INFO] [stderr]   |                                                       ^^^^^^^^^^^^^ private associated function
[INFO] [stderr]   |
[INFO] [stderr]  ::: $WORKSPACE/crates/es-fluent-shared/src/registry.rs
[INFO] [stderr]   |
[INFO] [stderr]   |     pub(crate) const fn new_unchecked(value: &'static str) -> Self {
[INFO] [stderr]   |     -------------------------------------------------------------- private associated function defined here
[INFO] [stderr] ┈┈┈┈┈┈┈┈┈┈┈┈┈┈┈┈┈┈┈┈┈┈┈┈┈┈┈┈┈┈┈┈┈┈┈┈┈┈┈┈┈┈┈┈┈┈┈┈┈┈┈┈┈┈┈┈┈┈┈┈
[INFO] [stderr] 
[INFO] [stderr] ACTUAL OUTPUT:
[INFO] [stderr] ┈┈┈┈┈┈┈┈┈┈┈┈┈┈┈┈┈┈┈┈┈┈┈┈┈┈┈┈┈┈┈┈┈┈┈┈┈┈┈┈┈┈┈┈┈┈┈┈┈┈┈┈┈┈┈┈┈┈┈┈
[INFO] [stderr] error[E0624]: associated function `new_unchecked` is private
[INFO] [stderr]  --> tests/ui/unchecked_registry_constructor_private.rs:2:55
[INFO] [stderr]   |
[INFO] [stderr] 2 |     let _ = es_fluent::registry::StaticFluentEntryId::new_unchecked("hello");
[INFO] [stderr]   |                                                       ^^^^^^^^^^^^^ private associated function
[INFO] [stderr]   |
[INFO] [stderr]  ::: $CARGO/es-fluent-shared-$VERSION/src/registry.rs
[INFO] [stderr]   |
[INFO] [stderr]   |     pub(crate) const fn new_unchecked(value: &'static str) -> Self {
[INFO] [stderr]   |     -------------------------------------------------------------- private associated function defined here
[INFO] [stderr] ┈┈┈┈┈┈┈┈┈┈┈┈┈┈┈┈┈┈┈┈┈┈┈┈┈┈┈┈┈┈┈┈┈┈┈┈┈┈┈┈┈┈┈┈┈┈┈┈┈┈┈┈┈┈┈┈┈┈┈┈
[INFO] [stderr] note: If the actual output is the correct output you can bless it by rerunning
[INFO] [stderr]       your test with the environment variable TRYBUILD=overwrite
[INFO] [stderr] 
[INFO] [stderr] test tests/ui/union_input.rs [should fail to compile] ... ok
[INFO] [stderr] test tests/ui/wrong_attribute_value_shapes.rs [should fail to compile] ... ok
[INFO] [stderr] test tests/ui-pass/fluent_label_variants_with_one_unskipped_member.rs [should pass] ... ok
[INFO] [stderr] test tests/ui-pass/fluent_label_variants_with_variants.rs [should pass] ... ok
[INFO] [stderr] test tests/ui-pass/selector_choice_assertions.rs [should pass] ... ok
[INFO] [stderr] 
[INFO] [stderr] 
[INFO] [stdout] test macro_failures_match_user_diagnostics ... FAILED
[INFO] [stderr] error: test failed, to rerun pass `--test derive_ui`
[INFO] [stdout] 
[INFO] [stdout] failures:
[INFO] [stdout] 
[INFO] [stdout] ---- macro_failures_match_user_diagnostics stdout ----
[INFO] [stdout] 
[INFO] [stdout] thread 'macro_failures_match_user_diagnostics' (2627) panicked at /opt/rustwide/cargo-home/registry/src/index.crates.io-1949cf8c6b5b557f/trybuild-1.0.121/src/run.rs:103:13:
[INFO] [stdout] 1 of 25 tests failed
[INFO] [stdout] stack backtrace:
[INFO] [stdout]    0:     0x5ee7df4a3b71 - <<std[70759c8f55707aa4]::sys::backtrace::BacktraceLock>::print::DisplayBacktrace as core[df12db4294e9bfd3]::fmt::Display>::fmt
[INFO] [stdout]    1:     0x5ee7df4ba1fa - core[df12db4294e9bfd3]::fmt::write
[INFO] [stdout]    2:     0x5ee7df4a863c - <alloc[2182bb758b4b3781]::vec::Vec<u8> as core[df12db4294e9bfd3]::io::write::Write>::write_fmt
[INFO] [stdout]    3:     0x5ee7df47cc86 - std[70759c8f55707aa4]::panicking::default_hook::{closure#0}
[INFO] [stdout]    4:     0x5ee7df49b039 - std[70759c8f55707aa4]::panicking::default_hook
[INFO] [stdout]    5:     0x5ee7df433ef0 - test[9d35eded1c95d3be]::test_main_inner::<test[9d35eded1c95d3be]::test_main_static::{closure#0}>::{closure#0}
[INFO] [stdout]    6:     0x5ee7df49b1f2 - std[70759c8f55707aa4]::panicking::panic_with_hook
[INFO] [stdout]    7:     0x5ee7df47cd32 - std[70759c8f55707aa4]::panicking::panic_handler::{closure#0}
[INFO] [stdout]    8:     0x5ee7df475469 - std[70759c8f55707aa4]::sys::backtrace::__rust_end_short_backtrace::<std[70759c8f55707aa4]::panicking::panic_handler::{closure#0}, !>
[INFO] [stdout]    9:     0x5ee7df47db4d - __rustc[8fa7c3cbc660c2b3]::rust_begin_unwind
[INFO] [stdout]   10:     0x5ee7df4ba96c - core[df12db4294e9bfd3]::panicking::panic_fmt
[INFO] [stdout]   11:     0x5ee7df386dd8 - <trybuild[d397b653d4bc083a]::Runner>::run
[INFO] [stdout]   12:     0x5ee7df38a1c0 - <trybuild[d397b653d4bc083a]::TestCases as core[df12db4294e9bfd3]::ops::drop::Drop>::drop
[INFO] [stdout]   13:     0x5ee7df37facb - <derive_ui[c8ba8df980fb2a12]::macro_failures_match_user_diagnostics::{closure#0} as core[df12db4294e9bfd3]::ops::function::FnOnce<()>>::call_once
[INFO] [stdout]   14:     0x5ee7df4271db - test[9d35eded1c95d3be]::__rust_begin_short_backtrace::<core[df12db4294e9bfd3]::result::Result<(), alloc[2182bb758b4b3781]::string::String>, fn() -> core[df12db4294e9bfd3]::result::Result<(), alloc[2182bb758b4b3781]::string::String>>
[INFO] [stdout]   15:     0x5ee7df434845 - test[9d35eded1c95d3be]::run_test::{closure#0}
[INFO] [stdout]   16:     0x5ee7df42e104 - std[70759c8f55707aa4]::sys::backtrace::__rust_begin_short_backtrace::<test[9d35eded1c95d3be]::run_test::{closure#1}, ()>
[INFO] [stdout]   17:     0x5ee7df4379a2 - <std[70759c8f55707aa4]::thread::lifecycle::spawn_unchecked<test[9d35eded1c95d3be]::run_test::{closure#1}, ()>::{closure#1} as core[df12db4294e9bfd3]::ops::function::FnOnce<()>>::call_once::{shim:vtable#0}
[INFO] [stdout]   18:     0x5ee7df4a2e29 - <std[70759c8f55707aa4]::sys::thread::unix::Thread>::new::thread_start
[INFO] [stdout]   19:     0x77985f935dfa - <unknown>
[INFO] [stdout]   20:     0x77985f9c93d4 - clone
[INFO] [stdout]   21:                0x0 - <unknown>
[INFO] [stdout] 
[INFO] [stdout] 
[INFO] [stdout] failures:
[INFO] [stdout]     macro_failures_match_user_diagnostics
[INFO] [stdout] 
[INFO] [stdout] test result: FAILED. 0 passed; 1 failed; 0 ignored; 0 measured; 0 filtered out; finished in 124.04s
[INFO] [stdout] 
[INFO] running `Command { std: "docker" "inspect" "78992607de6c7289977283367e5f4820e138472040f88726f41b9551cb9ccaba", kill_on_drop: false }`
[INFO] running `Command { std: "docker" "rm" "-f" "78992607de6c7289977283367e5f4820e138472040f88726f41b9551cb9ccaba", kill_on_drop: false }`
[INFO] [stdout] 78992607de6c7289977283367e5f4820e138472040f88726f41b9551cb9ccaba
