[INFO] fetching crate es-fluent-manager-macros 0.21.0...
[INFO] testing es-fluent-manager-macros-0.21.0 against 1.100.0-beta.1+cargoflags=--release for beta-release-1.100-2
[INFO] extracting crate es-fluent-manager-macros 0.21.0 into /workspace/builds/worker-3-tc2/source
[INFO] started tweaking crates.io crate es-fluent-manager-macros 0.21.0
[INFO] removed 0 missing tests
[INFO] finished tweaking crates.io crate es-fluent-manager-macros 0.21.0
[INFO] tweaked toml for crates.io crate es-fluent-manager-macros 0.21.0 written to /workspace/builds/worker-3-tc2/source/Cargo.toml
[INFO] validating manifest of crates.io crate es-fluent-manager-macros 0.21.0 on toolchain 1.100.0-beta.1
[INFO] running `Command { std: CARGO_HOME="/workspace/cargo-home" RUSTUP_HOME="/workspace/rustup-home" "/workspace/cargo-home/bin/cargo" "+1.100.0-beta.1" "metadata" "--manifest-path" "Cargo.toml" "--no-deps", kill_on_drop: false }`
[INFO] crate crates.io crate es-fluent-manager-macros 0.21.0 already has a lockfile, it will not be regenerated
[INFO] running `Command { std: CARGO_HOME="/workspace/cargo-home" RUSTUP_HOME="/workspace/rustup-home" "/workspace/cargo-home/bin/cargo" "+1.100.0-beta.1" "fetch" "--manifest-path" "Cargo.toml", kill_on_drop: false }`
[INFO] running `Command { std: "docker" "create" "-v" "/var/lib/crater-agent-workspace/builds/worker-3-tc2/source:/opt/rustwide/workdir:ro,Z" "-v" "/var/lib/crater-agent-workspace/builds/worker-3-tc2/target:/opt/rustwide/target:rw,Z" "-v" "/var/lib/crater-agent-workspace/cargo-home:/opt/rustwide/cargo-home:ro,Z" "-v" "/var/lib/crater-agent-workspace/rustup-home:/opt/rustwide/rustup-home:ro,Z" "-m" "1610612736" "--network" "none" "ghcr.io/rust-lang/crates-build-env/linux@sha256:77db811e55d90add9212f6832c23229e3de5f1c1f9905e8cb07319ea15df73ac" "sleep" "infinity", kill_on_drop: false }`
[INFO] [stdout] 9adb8f96e01a291bf66428896c2e9f00e8af821fad465a9370910e96d61f9c3f
[INFO] running `Command { std: "docker" "start" "9adb8f96e01a291bf66428896c2e9f00e8af821fad465a9370910e96d61f9c3f", kill_on_drop: false }`
[INFO] running `Command { std: "docker" "inspect" "9adb8f96e01a291bf66428896c2e9f00e8af821fad465a9370910e96d61f9c3f", kill_on_drop: false }`
[INFO] running `Command { std: "docker" "exec" "-e" "SOURCE_DIR=/opt/rustwide/workdir" "-e" "CARGO_HOME=/opt/rustwide/cargo-home" "-e" "RUSTUP_HOME=/opt/rustwide/rustup-home" "-e" "CARGO_TARGET_DIR=/opt/rustwide/target" "-w" "/opt/rustwide/workdir" "--user" "0:0" "9adb8f96e01a291bf66428896c2e9f00e8af821fad465a9370910e96d61f9c3f" "/opt/rustwide/cargo-home/bin/cargo" "+1.100.0-beta.1" "metadata" "--no-deps" "--format-version=1", kill_on_drop: false }`
[INFO] running `Command { std: "docker" "inspect" "9adb8f96e01a291bf66428896c2e9f00e8af821fad465a9370910e96d61f9c3f", kill_on_drop: false }`
[INFO] running `Command { std: "docker" "exec" "-e" "SOURCE_DIR=/opt/rustwide/workdir" "-e" "CARGO_HOME=/opt/rustwide/cargo-home" "-e" "RUSTUP_HOME=/opt/rustwide/rustup-home" "-e" "CARGO_TARGET_DIR=/opt/rustwide/target" "-e" "CARGO_INCREMENTAL=0" "-e" "RUST_BACKTRACE=full" "-e" "RUSTFLAGS=--cap-lints=warn" "-e" "RUSTDOCFLAGS=--cap-lints=warn" "-w" "/opt/rustwide/workdir" "--user" "0:0" "9adb8f96e01a291bf66428896c2e9f00e8af821fad465a9370910e96d61f9c3f" "/opt/rustwide/cargo-home/bin/cargo" "+1.100.0-beta.1" "build" "--frozen" "--message-format=json" "--release", kill_on_drop: false }`
[INFO] [stderr]    Compiling proc-macro2 v1.0.107
[INFO] [stderr]    Compiling stable_deref_trait v1.2.1
[INFO] [stderr]    Compiling writeable v0.6.4
[INFO] [stderr]    Compiling memchr v2.8.3
[INFO] [stderr]    Compiling serde_core v1.0.229
[INFO] [stderr]    Compiling utf8parse v0.2.2
[INFO] [stderr]    Compiling winnow v1.0.4
[INFO] [stderr]    Compiling icu_locale_fallback_data v2.3.0
[INFO] [stderr]    Compiling litemap v0.8.3
[INFO] [stderr]    Compiling anstyle-parse v1.0.0
[INFO] [stderr]    Compiling anstyle v1.0.14
[INFO] [stderr]    Compiling is_terminal_polyfill v1.70.2
[INFO] [stderr]    Compiling icu_locale_data v2.3.0
[INFO] [stderr]    Compiling prettyplease v0.3.0
[INFO] [stderr]    Compiling colorchoice v1.0.5
[INFO] [stderr]    Compiling thiserror v2.0.21
[INFO] [stderr]    Compiling anstyle-query v1.1.5
[INFO] [stderr]    Compiling anstream v1.0.0
[INFO] [stderr]    Compiling camino v1.2.6
[INFO] [stderr]    Compiling clap_lex v1.1.1
[INFO] [stderr]    Compiling quote v1.0.47
[INFO] [stderr]    Compiling serde v1.0.229
[INFO] [stderr]    Compiling anyhow v1.0.104
[INFO] [stderr]    Compiling fs-err v3.3.1
[INFO] [stderr]    Compiling clap_builder v4.6.7
[INFO] [stderr]    Compiling syn v3.0.6
[INFO] [stderr]    Compiling syn v2.0.119
[INFO] [stderr]    Compiling toml_writer v1.1.2+spec-1.1.0
[INFO] [stderr]    Compiling indexmap v2.14.2
[INFO] [stderr]    Compiling aho-corasick v1.1.5
[INFO] [stderr]    Compiling toml_parser v1.1.3+spec-1.1.0
[INFO] [stderr]    Compiling path-slash v0.2.1
[INFO] [stderr]    Compiling regex-syntax v0.8.11
[INFO] [stderr]    Compiling bstr v1.13.1
[INFO] [stderr]    Compiling log v0.4.34
[INFO] [stderr]    Compiling regex-automata v0.4.18
[INFO] [stderr]    Compiling toml_datetime v1.1.1+spec-1.1.0
[INFO] [stderr]    Compiling serde_spanned v1.1.1
[INFO] [stderr]    Compiling toml v1.1.6+spec-1.1.0
[INFO] [stderr]    Compiling toml_edit v0.25.15+spec-1.1.0
[INFO] [stderr]    Compiling proc-macro-crate v3.5.0
[INFO] [stderr]    Compiling globset v0.4.20
[INFO] [stderr]    Compiling strum_macros v0.28.0
[INFO] [stderr]    Compiling derive_more-impl v2.1.1
[INFO] [stderr]    Compiling getset v0.1.7
[INFO] [stderr]    Compiling synstructure v0.14.0
[INFO] [stderr]    Compiling darling_core v0.24.1
[INFO] [stderr]    Compiling zerofrom-derive v0.1.8
[INFO] [stderr]    Compiling yoke-derive v0.8.3
[INFO] [stderr]    Compiling zerovec-derive v0.11.6
[INFO] [stderr]    Compiling displaydoc v0.2.7
[INFO] [stderr]    Compiling thiserror-impl v2.0.21
[INFO] [stderr]    Compiling zerotrie v0.2.5
[INFO] [stderr]    Compiling serde_derive v1.0.229
[INFO] [stderr]    Compiling clap_derive v4.6.7
[INFO] [stderr]    Compiling strum v0.28.0
[INFO] [stderr]    Compiling zerofrom v0.1.8
[INFO] [stderr]    Compiling yoke v0.8.3
[INFO] [stderr]    Compiling fluent-syntax v0.12.0
[INFO] [stderr]    Compiling zerovec v0.11.8
[INFO] [stderr]    Compiling darling_macro v0.24.1
[INFO] [stderr]    Compiling darling v0.24.1
[INFO] [stderr]    Compiling bon-macros v3.10.2
[INFO] [stderr]    Compiling clap v4.6.7
[INFO] [stderr]    Compiling tinystr v0.8.4
[INFO] [stderr]    Compiling potential_utf v0.1.6
[INFO] [stderr]    Compiling icu_collections v2.3.0
[INFO] [stderr]    Compiling icu_locale_core v2.3.0
[INFO] [stderr]    Compiling unic-langid-impl v0.9.6
[INFO] [stderr]    Compiling unic-langid v0.9.6
[INFO] [stderr]    Compiling derive_more v2.1.1
[INFO] [stderr]    Compiling icu_provider v2.3.1
[INFO] [stderr]    Compiling icu_locale_fallback v2.3.0
[INFO] [stderr]    Compiling icu_locale v2.3.1
[INFO] [stderr]    Compiling bon v3.10.2
[INFO] [stderr]    Compiling es-fluent-shared v0.21.0
[INFO] [stderr]    Compiling es-fluent-toml v0.21.0
[INFO] [stderr]    Compiling es-fluent-derive-core v0.21.0
[INFO] [stderr]    Compiling es-fluent-manager-macros v0.21.0 (/opt/rustwide/workdir)
[INFO] [stderr]     Finished `release` profile [optimized] target(s) in 1m 28s
[INFO] running `Command { std: "docker" "inspect" "9adb8f96e01a291bf66428896c2e9f00e8af821fad465a9370910e96d61f9c3f", kill_on_drop: false }`
[INFO] running `Command { std: "docker" "exec" "-e" "SOURCE_DIR=/opt/rustwide/workdir" "-e" "CARGO_HOME=/opt/rustwide/cargo-home" "-e" "RUSTUP_HOME=/opt/rustwide/rustup-home" "-e" "CARGO_TARGET_DIR=/opt/rustwide/target" "-e" "CARGO_INCREMENTAL=0" "-e" "RUST_BACKTRACE=full" "-e" "RUSTFLAGS=--cap-lints=warn" "-e" "RUSTDOCFLAGS=--cap-lints=warn" "-w" "/opt/rustwide/workdir" "--user" "0:0" "9adb8f96e01a291bf66428896c2e9f00e8af821fad465a9370910e96d61f9c3f" "/opt/rustwide/cargo-home/bin/cargo" "+1.100.0-beta.1" "test" "--frozen" "--no-run" "--message-format=json" "--release", kill_on_drop: false }`
[INFO] [stderr]    Compiling stable_deref_trait v1.2.1
[INFO] [stderr]    Compiling zerofrom v0.1.8
[INFO] [stderr]    Compiling writeable v0.6.4
[INFO] [stderr]    Compiling unicode-ident v1.0.26
[INFO] [stderr]    Compiling winnow v1.0.4
[INFO] [stderr]    Compiling toml_datetime v1.1.1+spec-1.1.0
[INFO] [stderr]    Compiling litemap v0.8.3
[INFO] [stderr]    Compiling target-tuple v1.0.2
[INFO] [stderr]    Compiling zerotrie v0.2.5
[INFO] [stderr]    Compiling yoke v0.8.3
[INFO] [stderr]    Compiling proc-macro2 v1.0.107
[INFO] [stderr]    Compiling icu_locale_fallback_data v2.3.0
[INFO] [stderr]    Compiling serde_spanned v1.1.1
[INFO] [stderr]    Compiling zerovec v0.11.8
[INFO] [stderr]    Compiling thiserror v2.0.21
[INFO] [stderr]    Compiling icu_locale_data v2.3.0
[INFO] [stderr]    Compiling toml_writer v1.1.2+spec-1.1.0
[INFO] [stderr]    Compiling clap_lex v1.1.1
[INFO] [stderr]    Compiling ident_case v1.0.1
[INFO] [stderr]    Compiling clap_builder v4.6.7
[INFO] [stderr]    Compiling serde v1.0.229
[INFO] [stderr]    Compiling camino v1.2.6
[INFO] [stderr]    Compiling fluent-syntax v0.12.0
[INFO] [stderr]    Compiling quote v1.0.47
[INFO] [stderr]    Compiling strum v0.28.0
[INFO] [stderr]    Compiling fs-err v3.3.1
[INFO] [stderr]    Compiling syn v3.0.6
[INFO] [stderr]    Compiling toml_parser v1.1.3+spec-1.1.0
[INFO] [stderr]    Compiling derive_more v2.1.1
[INFO] [stderr]    Compiling tinystr v0.8.4
[INFO] [stderr]    Compiling potential_utf v0.1.6
[INFO] [stderr]    Compiling icu_collections v2.3.0
[INFO] [stderr]    Compiling serial_test_derive v4.0.1
[INFO] [stderr]    Compiling icu_locale_core v2.3.0
[INFO] [stderr]    Compiling toml v1.1.6+spec-1.1.0
[INFO] [stderr]    Compiling unic-langid-impl v0.9.6
[INFO] [stderr]    Compiling heck v0.5.0
[INFO] [stderr]    Compiling unic-langid v0.9.6
[INFO] [stderr]    Compiling smallvec v1.16.2
[INFO] [stderr]    Compiling parking_lot_core v0.9.12
[INFO] [stderr]    Compiling rustix v1.1.5
[INFO] [stderr]    Compiling bon v3.10.2
[INFO] [stderr]    Compiling path-slash v0.2.1
[INFO] [stderr]    Compiling bitflags v2.13.2
[INFO] [stderr]    Compiling slab v0.4.12
[INFO] [stderr]    Compiling futures-core v0.3.34
[INFO] [stderr]    Compiling icu_provider v2.3.1
[INFO] [stderr]    Compiling clap v4.6.7
[INFO] [stderr]    Compiling futures-util v0.3.34
[INFO] [stderr]    Compiling icu_locale_fallback v2.3.0
[INFO] [stderr]    Compiling icu_locale v2.3.1
[INFO] [stderr]    Compiling parking_lot v0.12.5
[INFO] [stderr]    Compiling getrandom v0.3.4
[INFO] [stderr]    Compiling toml_edit v0.25.15+spec-1.1.0
[INFO] [stderr]    Compiling serde_json v1.0.151
[INFO] [stderr]    Compiling aho-corasick v1.1.5
[INFO] [stderr]    Compiling darling_core v0.24.1
[INFO] [stderr]    Compiling fastrand v2.5.0
[INFO] [stderr]    Compiling tempfile v3.27.0
[INFO] [stderr]    Compiling regex-automata v0.4.18
[INFO] [stderr]    Compiling proc-macro-crate v3.5.0
[INFO] [stderr]    Compiling futures-executor v0.3.34
[INFO] [stderr]    Compiling darling v0.24.1
[INFO] [stderr]    Compiling es-fluent-shared v0.21.0
[INFO] [stderr]    Compiling es-fluent-toml v0.21.0
[INFO] [stderr]    Compiling es-fluent-manager-macros v0.21.0 (/opt/rustwide/workdir)
[INFO] [stderr]    Compiling console v0.16.6
[INFO] [stderr]    Compiling bstr v1.13.1
[INFO] [stderr]    Compiling prettyplease v0.3.0
[INFO] [stderr]    Compiling glob v0.3.4
[INFO] [stderr]    Compiling similar v2.7.0
[INFO] [stderr]    Compiling termcolor v1.4.1
[INFO] [stderr]    Compiling trybuild v1.0.121
[INFO] [stderr]    Compiling insta v1.49.0
[INFO] [stderr]    Compiling globset v0.4.20
[INFO] [stderr]    Compiling es-fluent-derive-core v0.21.0
[INFO] [stderr]    Compiling es-fluent-build v0.21.0
[INFO] [stderr]    Compiling serial_test v4.0.1
[INFO] [stderr]    Compiling temp-env v0.3.6
[INFO] [stderr]     Finished `release` profile [optimized] target(s) in 4m 25s
[INFO] running `Command { std: "docker" "inspect" "9adb8f96e01a291bf66428896c2e9f00e8af821fad465a9370910e96d61f9c3f", kill_on_drop: false }`
[INFO] running `Command { std: "docker" "exec" "-e" "SOURCE_DIR=/opt/rustwide/workdir" "-e" "CARGO_HOME=/opt/rustwide/cargo-home" "-e" "RUSTUP_HOME=/opt/rustwide/rustup-home" "-e" "CARGO_TARGET_DIR=/opt/rustwide/target" "-e" "CARGO_INCREMENTAL=0" "-e" "RUST_BACKTRACE=full" "-e" "RUSTFLAGS=--cap-lints=warn" "-e" "RUSTDOCFLAGS=--cap-lints=warn" "-w" "/opt/rustwide/workdir" "--user" "0:0" "9adb8f96e01a291bf66428896c2e9f00e8af821fad465a9370910e96d61f9c3f" "/opt/rustwide/cargo-home/bin/cargo" "+1.100.0-beta.1" "test" "--frozen" "--release", kill_on_drop: false }`
[INFO] [stderr]     Finished `release` profile [optimized] target(s) in 0.32s
[INFO] [stderr]      Running unittests src/lib.rs (/opt/rustwide/target/release/build/es-fluent-manager-macros/175a0150093bcced/out/es_fluent_manager_macros-175a0150093bcced)
[INFO] [stdout] 
[INFO] [stdout] running 19 tests
[INFO] [stdout] test assets::tests::i18n_assets_load_includes_additional_package_domains ... ok
[INFO] [stdout] test assets::tests::i18n_assets_load_rejects_noncanonical_locale_directories ... ok
[INFO] [stdout] test assets::tests::i18n_assets_load_reports_configuration_errors ... ok
[INFO] [stdout] test assets::tests::i18n_assets_load_discovers_languages_and_namespaces ... ok
[INFO] [stdout] test bevy_fluent_text::tests::locale_field_collection_rejects_tuple_struct_and_tuple_variant_fields ... ok
[INFO] [stdout] test module_macros::tests::dioxus_asset_path_formats_package_relative_paths ... ok
[INFO] [stdout] test assets::tests::i18n_assets_load_discovers_nested_namespaces_recursively ... ok
[INFO] [stdout] test module_macros::tests::dioxus_asset_path_rejects_assets_outside_package_root ... ok
[INFO] [stdout] test assets::tests::i18n_assets_load_keeps_per_language_resource_plans_sparse ... ok
[INFO] [stdout] test assets::tests::macro_error_and_current_crate_name_behave_as_expected ... ok
[INFO] [stdout] test module_macros::tests::unexpected_input_error_names_the_rejecting_macro ... ok
[INFO] [stdout] test module_macros::tests::expand_define_i18n_module_loads_manifest_assets_and_generates_tokens ... ok
[INFO] [stdout] test module_macros::tests::utf8_folder_literal_rejects_non_utf8_paths ... ok
[INFO] [stdout] test bevy_fluent_text::tests::locale_attr_and_registration_module_helpers_emit_expected_tokens ... ok
[INFO] [stdout] test bevy_fluent_text::tests::locale_field_collection_and_generation_cover_enum_struct_and_union ... ok
[INFO] [stdout] test module_macros::tests::embedded_manager_with_no_planned_resources_embeds_no_assets ... ok
[INFO] [stdout] test assets::tests::i18n_assets_load_keeps_base_files_optional_for_namespaced_locales ... ok
[INFO] [stdout] test assets::tests::i18n_assets_load_reports_malformed_config_and_invalid_locale_names ... ok
[INFO] [stdout] test module_macros::tests::generated_manager_tokens_cover_embedded_bevy_and_dioxus_shapes ... ok
[INFO] [stdout] 
[INFO] [stdout] test result: ok. 19 passed; 0 failed; 0 ignored; 0 measured; 0 filtered out; finished in 1.06s
[INFO] [stdout] 
[INFO] [stderr]      Running tests/renamed_dependencies.rs (/opt/rustwide/target/release/build/es-fluent-manager-macros/dc41edfd9040145d/out/renamed_dependencies-dc41edfd9040145d)
[INFO] [stdout] 
[INFO] [stdout] running 1 test
[INFO] [stdout] test manager_macros_compile_when_runtime_dependencies_are_renamed ... FAILED
[INFO] [stdout] 
[INFO] [stdout] failures:
[INFO] [stdout] 
[INFO] [stdout] ---- manager_macros_compile_when_runtime_dependencies_are_renamed stdout ----
[INFO] [stdout] 
[INFO] [stdout] thread 'manager_macros_compile_when_runtime_dependencies_are_renamed' (2852) panicked at tests/renamed_dependencies.rs:112:5:
[INFO] [stdout] cargo check failed
[INFO] [stdout] status: exit status: 101
[INFO] [stdout] stdout:
[INFO] [stdout] 
[INFO] [stdout] stderr:
[INFO] [stdout] error: no matching package named `es-fluent-manager-bevy` found
[INFO] [stdout] location searched: /opt/crates/es-fluent-manager-bevy
[INFO] [stdout] required by package `renamed-manager-fixture v0.0.0 (/tmp/.tmpayv4CV)`
[INFO] [stdout] 
[INFO] [stdout] stack backtrace:
[INFO] [stdout]    0:     0x5f90fe2850c1 - <<std[617be2ca0a6fd877]::sys::backtrace::BacktraceLock>::print::DisplayBacktrace as core[a373ad73a504971]::fmt::Display>::fmt
[INFO] [stdout]    1:     0x5f90fe2994da - core[a373ad73a504971]::fmt::write
[INFO] [stdout]    2:     0x5f90fe28972c - <alloc[2e1b2a31b91974c5]::vec::Vec<u8> as core[a373ad73a504971]::io::write::Write>::write_fmt
[INFO] [stdout]    3:     0x5f90fe25ff16 - std[617be2ca0a6fd877]::panicking::default_hook::{closure#0}
[INFO] [stdout]    4:     0x5f90fe27ce59 - std[617be2ca0a6fd877]::panicking::default_hook
[INFO] [stdout]    5:     0x5f90fe216f30 - test[aada8e7e76ba119b]::test_main_inner::{closure#0}
[INFO] [stdout]    6:     0x5f90fe27d012 - std[617be2ca0a6fd877]::panicking::panic_with_hook
[INFO] [stdout]    7:     0x5f90fe25ffc2 - std[617be2ca0a6fd877]::panicking::panic_handler::{closure#0}
[INFO] [stdout]    8:     0x5f90fe258bb9 - std[617be2ca0a6fd877]::sys::backtrace::__rust_end_short_backtrace::<std[617be2ca0a6fd877]::panicking::panic_handler::{closure#0}, !>
[INFO] [stdout]    9:     0x5f90fe260bcd - __rustc[ea4f61d10b84890b]::rust_begin_unwind
[INFO] [stdout]   10:     0x5f90fe299c0c - core[a373ad73a504971]::panicking::panic_fmt
[INFO] [stdout]   11:     0x5f90fe209f0a - <renamed_dependencies[90735dcf9626a68e]::manager_macros_compile_when_runtime_dependencies_are_renamed::{closure#0} as core[a373ad73a504971]::ops::function::FnOnce<()>>::call_once
[INFO] [stdout]   12:     0x5f90fe20a37b - test[aada8e7e76ba119b]::__rust_begin_short_backtrace::<core[a373ad73a504971]::result::Result<(), alloc[2e1b2a31b91974c5]::string::String>, fn() -> core[a373ad73a504971]::result::Result<(), alloc[2e1b2a31b91974c5]::string::String>>
[INFO] [stdout]   13:     0x5f90fe217555 - test[aada8e7e76ba119b]::run_test::{closure#0}
[INFO] [stdout]   14:     0x5f90fe210e44 - std[617be2ca0a6fd877]::sys::backtrace::__rust_begin_short_backtrace::<test[aada8e7e76ba119b]::run_test::{closure#1}, ()>
[INFO] [stdout]   15:     0x5f90fe21a5e2 - <std[617be2ca0a6fd877]::thread::lifecycle::spawn_unchecked<test[aada8e7e76ba119b]::run_test::{closure#1}, ()>::{closure#1} as core[a373ad73a504971]::ops::function::FnOnce<()>>::call_once::{shim:vtable#0}
[INFO] [stdout]   16:     0x5f90fe28473f - <std[617be2ca0a6fd877]::sys::thread::unix::Thread>::new::thread_start
[INFO] [stdout]   17:     0x7b3e24a2fdfa - <unknown>
[INFO] [stdout]   18:     0x7b3e24ac33d4 - clone
[INFO] [stdout]   19:                0x0 - <unknown>
[INFO] [stdout] 
[INFO] [stdout] 
[INFO] [stdout] failures:
[INFO] [stdout]     manager_macros_compile_when_runtime_dependencies_are_renamed
[INFO] [stdout] 
[INFO] [stdout] test result: FAILED. 0 passed; 1 failed; 0 ignored; 0 measured; 0 filtered out; finished in 0.10s
[INFO] [stdout] 
[INFO] [stderr] error: test failed, to rerun pass `--test renamed_dependencies`
[INFO] running `Command { std: "docker" "inspect" "9adb8f96e01a291bf66428896c2e9f00e8af821fad465a9370910e96d61f9c3f", kill_on_drop: false }`
[INFO] running `Command { std: "docker" "rm" "-f" "9adb8f96e01a291bf66428896c2e9f00e8af821fad465a9370910e96d61f9c3f", kill_on_drop: false }`
[INFO] [stdout] 9adb8f96e01a291bf66428896c2e9f00e8af821fad465a9370910e96d61f9c3f
