[INFO] fetching crate es-fluent-derive 0.21.0...
[INFO] testing es-fluent-derive-0.21.0 against 1.100.0-beta.1+cargoflags=--release for beta-release-1.100-2
[INFO] extracting crate es-fluent-derive 0.21.0 into /workspace/builds/worker-7-tc2/source
[INFO] started tweaking crates.io crate es-fluent-derive 0.21.0
[INFO] removed 0 missing tests
[INFO] finished tweaking crates.io crate es-fluent-derive 0.21.0
[INFO] tweaked toml for crates.io crate es-fluent-derive 0.21.0 written to /workspace/builds/worker-7-tc2/source/Cargo.toml
[INFO] validating manifest of crates.io crate es-fluent-derive 0.21.0 on toolchain 1.100.0-beta.1
[INFO] running `Command { std: CARGO_HOME="/workspace/cargo-home" RUSTUP_HOME="/workspace/rustup-home" "/workspace/cargo-home/bin/cargo" "+1.100.0-beta.1" "metadata" "--manifest-path" "Cargo.toml" "--no-deps", kill_on_drop: false }`
[INFO] crate crates.io crate es-fluent-derive 0.21.0 already has a lockfile, it will not be regenerated
[INFO] running `Command { std: CARGO_HOME="/workspace/cargo-home" RUSTUP_HOME="/workspace/rustup-home" "/workspace/cargo-home/bin/cargo" "+1.100.0-beta.1" "fetch" "--manifest-path" "Cargo.toml", kill_on_drop: false }`
[INFO] running `Command { std: "docker" "create" "-v" "/var/lib/crater-agent-workspace/builds/worker-7-tc2/source:/opt/rustwide/workdir:ro,Z" "-v" "/var/lib/crater-agent-workspace/builds/worker-7-tc2/target:/opt/rustwide/target:rw,Z" "-v" "/var/lib/crater-agent-workspace/cargo-home:/opt/rustwide/cargo-home:ro,Z" "-v" "/var/lib/crater-agent-workspace/rustup-home:/opt/rustwide/rustup-home:ro,Z" "-m" "1610612736" "--network" "none" "ghcr.io/rust-lang/crates-build-env/linux@sha256:77db811e55d90add9212f6832c23229e3de5f1c1f9905e8cb07319ea15df73ac" "sleep" "infinity", kill_on_drop: false }`
[INFO] [stdout] 862a7f401329227e473ef84cbc5e2005eb3cd3a25d1c38f07ed4e4658a55119d
[INFO] running `Command { std: "docker" "start" "862a7f401329227e473ef84cbc5e2005eb3cd3a25d1c38f07ed4e4658a55119d", kill_on_drop: false }`
[INFO] running `Command { std: "docker" "inspect" "862a7f401329227e473ef84cbc5e2005eb3cd3a25d1c38f07ed4e4658a55119d", kill_on_drop: false }`
[INFO] running `Command { std: "docker" "exec" "-e" "SOURCE_DIR=/opt/rustwide/workdir" "-e" "CARGO_HOME=/opt/rustwide/cargo-home" "-e" "RUSTUP_HOME=/opt/rustwide/rustup-home" "-e" "CARGO_TARGET_DIR=/opt/rustwide/target" "-w" "/opt/rustwide/workdir" "--user" "0:0" "862a7f401329227e473ef84cbc5e2005eb3cd3a25d1c38f07ed4e4658a55119d" "/opt/rustwide/cargo-home/bin/cargo" "+1.100.0-beta.1" "metadata" "--no-deps" "--format-version=1", kill_on_drop: false }`
[INFO] running `Command { std: "docker" "inspect" "862a7f401329227e473ef84cbc5e2005eb3cd3a25d1c38f07ed4e4658a55119d", kill_on_drop: false }`
[INFO] running `Command { std: "docker" "exec" "-e" "SOURCE_DIR=/opt/rustwide/workdir" "-e" "CARGO_HOME=/opt/rustwide/cargo-home" "-e" "RUSTUP_HOME=/opt/rustwide/rustup-home" "-e" "CARGO_TARGET_DIR=/opt/rustwide/target" "-e" "CARGO_INCREMENTAL=0" "-e" "RUST_BACKTRACE=full" "-e" "RUSTFLAGS=--cap-lints=warn" "-e" "RUSTDOCFLAGS=--cap-lints=warn" "-w" "/opt/rustwide/workdir" "--user" "0:0" "862a7f401329227e473ef84cbc5e2005eb3cd3a25d1c38f07ed4e4658a55119d" "/opt/rustwide/cargo-home/bin/cargo" "+1.100.0-beta.1" "build" "--frozen" "--message-format=json" "--release", kill_on_drop: false }`
[INFO] [stderr]    Compiling proc-macro2 v1.0.107
[INFO] [stderr]    Compiling unicode-ident v1.0.26
[INFO] [stderr]    Compiling stable_deref_trait v1.2.1
[INFO] [stderr]    Compiling serde_core v1.0.229
[INFO] [stderr]    Compiling writeable v0.6.4
[INFO] [stderr]    Compiling litemap v0.8.3
[INFO] [stderr]    Compiling utf8parse v0.2.2
[INFO] [stderr]    Compiling winnow v1.0.4
[INFO] [stderr]    Compiling icu_locale_fallback_data v2.3.0
[INFO] [stderr]    Compiling colorchoice v1.0.5
[INFO] [stderr]    Compiling anstyle-query v1.1.5
[INFO] [stderr]    Compiling unicode-segmentation v1.13.3
[INFO] [stderr]    Compiling is_terminal_polyfill v1.70.2
[INFO] [stderr]    Compiling icu_locale_data v2.3.0
[INFO] [stderr]    Compiling thiserror v2.0.21
[INFO] [stderr]    Compiling anstyle v1.0.14
[INFO] [stderr]    Compiling prettyplease v0.3.0
[INFO] [stderr]    Compiling utf8_iter v1.0.4
[INFO] [stderr]    Compiling anstyle-parse v1.0.0
[INFO] [stderr]    Compiling camino v1.2.6
[INFO] [stderr]    Compiling clap_lex v1.1.1
[INFO] [stderr]    Compiling fs-err v3.3.1
[INFO] [stderr]    Compiling anyhow v1.0.104
[INFO] [stderr]    Compiling serde v1.0.229
[INFO] [stderr]    Compiling toml_writer v1.1.2+spec-1.1.0
[INFO] [stderr]    Compiling memchr v2.8.3
[INFO] [stderr]    Compiling anstream v1.0.0
[INFO] [stderr]    Compiling path-slash v0.2.1
[INFO] [stderr]    Compiling clap_builder v4.6.7
[INFO] [stderr]    Compiling convert_case v0.10.0
[INFO] [stderr]    Compiling quote v1.0.47
[INFO] [stderr]    Compiling syn v3.0.6
[INFO] [stderr]    Compiling syn v2.0.119
[INFO] [stderr]    Compiling toml_parser v1.1.3+spec-1.1.0
[INFO] [stderr]    Compiling toml_datetime v1.1.1+spec-1.1.0
[INFO] [stderr]    Compiling serde_spanned v1.1.1
[INFO] [stderr]    Compiling toml v1.1.6+spec-1.1.0
[INFO] [stderr]    Compiling toml_edit v0.25.15+spec-1.1.0
[INFO] [stderr]    Compiling proc-macro-crate v3.5.0
[INFO] [stderr]    Compiling synstructure v0.14.0
[INFO] [stderr]    Compiling darling_core v0.24.1
[INFO] [stderr]    Compiling zerofrom-derive v0.1.8
[INFO] [stderr]    Compiling yoke-derive v0.8.3
[INFO] [stderr]    Compiling zerovec-derive v0.11.6
[INFO] [stderr]    Compiling displaydoc v0.2.7
[INFO] [stderr]    Compiling thiserror-impl v2.0.21
[INFO] [stderr]    Compiling clap_derive v4.6.7
[INFO] [stderr]    Compiling serde_derive v1.0.229
[INFO] [stderr]    Compiling zerofrom v0.1.8
[INFO] [stderr]    Compiling yoke v0.8.3
[INFO] [stderr]    Compiling zerotrie v0.2.5
[INFO] [stderr]    Compiling fluent-syntax v0.12.0
[INFO] [stderr]    Compiling strum_macros v0.28.0
[INFO] [stderr]    Compiling derive_more-impl v2.1.1
[INFO] [stderr]    Compiling getset v0.1.7
[INFO] [stderr]    Compiling zerovec v0.11.8
[INFO] [stderr]    Compiling clap v4.6.7
[INFO] [stderr]    Compiling darling_macro v0.24.1
[INFO] [stderr]    Compiling darling v0.24.1
[INFO] [stderr]    Compiling bon-macros v3.10.2
[INFO] [stderr]    Compiling strum v0.28.0
[INFO] [stderr]    Compiling tinystr v0.8.4
[INFO] [stderr]    Compiling potential_utf v0.1.6
[INFO] [stderr]    Compiling icu_collections v2.3.0
[INFO] [stderr]    Compiling icu_locale_core v2.3.0
[INFO] [stderr]    Compiling unic-langid-impl v0.9.6
[INFO] [stderr]    Compiling unic-langid v0.9.6
[INFO] [stderr]    Compiling icu_provider v2.3.1
[INFO] [stderr]    Compiling icu_locale_fallback v2.3.0
[INFO] [stderr]    Compiling icu_locale v2.3.1
[INFO] [stderr]    Compiling derive_more v2.1.1
[INFO] [stderr]    Compiling es-fluent-shared v0.21.0
[INFO] [stderr]    Compiling bon v3.10.2
[INFO] [stderr]    Compiling es-fluent-toml v0.21.0
[INFO] [stderr]    Compiling es-fluent-derive-core v0.21.0
[INFO] [stderr]    Compiling es-fluent-derive v0.21.0 (/opt/rustwide/workdir)
[INFO] [stderr]     Finished `release` profile [optimized] target(s) in 39.61s
[INFO] running `Command { std: "docker" "inspect" "862a7f401329227e473ef84cbc5e2005eb3cd3a25d1c38f07ed4e4658a55119d", kill_on_drop: false }`
[INFO] running `Command { std: "docker" "exec" "-e" "SOURCE_DIR=/opt/rustwide/workdir" "-e" "CARGO_HOME=/opt/rustwide/cargo-home" "-e" "RUSTUP_HOME=/opt/rustwide/rustup-home" "-e" "CARGO_TARGET_DIR=/opt/rustwide/target" "-e" "CARGO_INCREMENTAL=0" "-e" "RUST_BACKTRACE=full" "-e" "RUSTFLAGS=--cap-lints=warn" "-e" "RUSTDOCFLAGS=--cap-lints=warn" "-w" "/opt/rustwide/workdir" "--user" "0:0" "862a7f401329227e473ef84cbc5e2005eb3cd3a25d1c38f07ed4e4658a55119d" "/opt/rustwide/cargo-home/bin/cargo" "+1.100.0-beta.1" "test" "--frozen" "--no-run" "--message-format=json" "--release", kill_on_drop: false }`
[INFO] [stderr]    Compiling zerofrom v0.1.8
[INFO] [stderr]    Compiling stable_deref_trait v1.2.1
[INFO] [stderr]    Compiling serde_core v1.0.229
[INFO] [stderr]    Compiling rustix v1.1.5
[INFO] [stderr]    Compiling proc-macro2 v1.0.107
[INFO] [stderr]    Compiling unicode-ident v1.0.26
[INFO] [stderr]    Compiling writeable v0.6.4
[INFO] [stderr]    Compiling quote v1.0.47
[INFO] [stderr]    Compiling libc v0.2.189
[INFO] [stderr]    Compiling cfg-if v1.0.5
[INFO] [stderr]    Compiling litemap v0.8.3
[INFO] [stderr]    Compiling winnow v1.0.4
[INFO] [stderr]    Compiling icu_locale_fallback_data v2.3.0
[INFO] [stderr]    Compiling zerotrie v0.2.5
[INFO] [stderr]    Compiling icu_locale_data v2.3.0
[INFO] [stderr]    Compiling thiserror v2.0.21
[INFO] [stderr]    Compiling clap_lex v1.1.1
[INFO] [stderr]    Compiling ident_case v1.0.1
[INFO] [stderr]    Compiling camino v1.2.6
[INFO] [stderr]    Compiling serial_test_derive v4.0.1
[INFO] [stderr]    Compiling toml_writer v1.1.2+spec-1.1.0
[INFO] [stderr]    Compiling smallvec v1.16.2
[INFO] [stderr]    Compiling yoke v0.8.3
[INFO] [stderr]    Compiling fluent-syntax v0.12.0
[INFO] [stderr]    Compiling clap_builder v4.6.7
[INFO] [stderr]    Compiling derive_more v2.1.1
[INFO] [stderr]    Compiling fs-err v3.3.1
[INFO] [stderr]    Compiling strum v0.28.0
[INFO] [stderr]    Compiling parking_lot_core v0.9.12
[INFO] [stderr]    Compiling zerovec v0.11.8
[INFO] [stderr]    Compiling heck v0.5.0
[INFO] [stderr]    Compiling futures-core v0.3.34
[INFO] [stderr]    Compiling futures-util v0.3.34
[INFO] [stderr]    Compiling getrandom v0.3.4
[INFO] [stderr]    Compiling parking_lot v0.12.5
[INFO] [stderr]    Compiling bon v3.10.2
[INFO] [stderr]    Compiling fastrand v2.5.0
[INFO] [stderr]    Compiling scopeguard v1.2.0
[INFO] [stderr]    Compiling path-slash v0.2.1
[INFO] [stderr]    Compiling syn v3.0.6
[INFO] [stderr]    Compiling lock_api v0.4.14
[INFO] [stderr]    Compiling es-fluent-derive v0.21.0 (/opt/rustwide/workdir)
[INFO] [stderr]    Compiling console v0.16.6
[INFO] [stderr]    Compiling prettyplease v0.3.0
[INFO] [stderr]    Compiling bitflags v2.13.2
[INFO] [stderr]    Compiling slab v0.4.12
[INFO] [stderr]    Compiling similar v2.7.0
[INFO] [stderr]    Compiling once_cell v1.21.4
[INFO] [stderr]    Compiling pin-project-lite v0.2.17
[INFO] [stderr]    Compiling linux-raw-sys v0.12.1
[INFO] [stderr]    Compiling futures-task v0.3.34
[INFO] [stderr]    Compiling temp-env v0.3.6
[INFO] [stderr]    Compiling log v0.4.34
[INFO] [stderr]    Compiling toml_parser v1.1.3+spec-1.1.0
[INFO] [stderr]    Compiling tinystr v0.8.4
[INFO] [stderr]    Compiling potential_utf v0.1.6
[INFO] [stderr]    Compiling icu_locale_core v2.3.0
[INFO] [stderr]    Compiling icu_collections v2.3.0
[INFO] [stderr]    Compiling unic-langid-impl v0.9.6
[INFO] [stderr]    Compiling tempfile v3.27.0
[INFO] [stderr]    Compiling unic-langid v0.9.6
[INFO] [stderr]    Compiling insta v1.49.0
[INFO] [stderr]    Compiling toml_datetime v1.1.1+spec-1.1.0
[INFO] [stderr]    Compiling serde_spanned v1.1.1
[INFO] [stderr]    Compiling clap v4.6.7
[INFO] [stderr]    Compiling serde v1.0.229
[INFO] [stderr]    Compiling toml v1.1.6+spec-1.1.0
[INFO] [stderr]    Compiling toml_edit v0.25.15+spec-1.1.0
[INFO] [stderr]    Compiling futures-executor v0.3.34
[INFO] [stderr]    Compiling serial_test v4.0.1
[INFO] [stderr]    Compiling icu_provider v2.3.1
[INFO] [stderr]    Compiling icu_locale_fallback v2.3.0
[INFO] [stderr]    Compiling darling_core v0.24.1
[INFO] [stderr]    Compiling proc-macro-crate v3.5.0
[INFO] [stderr]    Compiling icu_locale v2.3.1
[INFO] [stderr]    Compiling darling v0.24.1
[INFO] [stderr]    Compiling es-fluent-shared v0.21.0
[INFO] [stderr]    Compiling es-fluent-toml v0.21.0
[INFO] [stderr]    Compiling es-fluent-derive-core v0.21.0
[INFO] [stderr]     Finished `release` profile [optimized] target(s) in 2m 03s
[INFO] running `Command { std: "docker" "inspect" "862a7f401329227e473ef84cbc5e2005eb3cd3a25d1c38f07ed4e4658a55119d", kill_on_drop: false }`
[INFO] running `Command { std: "docker" "exec" "-e" "SOURCE_DIR=/opt/rustwide/workdir" "-e" "CARGO_HOME=/opt/rustwide/cargo-home" "-e" "RUSTUP_HOME=/opt/rustwide/rustup-home" "-e" "CARGO_TARGET_DIR=/opt/rustwide/target" "-e" "CARGO_INCREMENTAL=0" "-e" "RUST_BACKTRACE=full" "-e" "RUSTFLAGS=--cap-lints=warn" "-e" "RUSTDOCFLAGS=--cap-lints=warn" "-w" "/opt/rustwide/workdir" "--user" "0:0" "862a7f401329227e473ef84cbc5e2005eb3cd3a25d1c38f07ed4e4658a55119d" "/opt/rustwide/cargo-home/bin/cargo" "+1.100.0-beta.1" "test" "--frozen" "--release", kill_on_drop: false }`
[INFO] [stderr]     Finished `release` profile [optimized] target(s) in 0.31s
[INFO] [stderr]      Running unittests src/lib.rs (/opt/rustwide/target/release/build/es-fluent-derive/2b252f9a1fc11858/out/es_fluent_derive-2b252f9a1fc11858)
[INFO] [stdout] 
[INFO] [stdout] running 37 tests
[INFO] [stdout] test macros::derive_es_fluent::tests::expand_es_fluent_returns_compile_error_for_invalid_enum_resource_override ... ok
[INFO] [stdout] test macros::derive_es_fluent::r#enum::tests::enum_message_entry_drives_runtime_and_inventory_metadata ... ok
[INFO] [stdout] test macros::derive_es_fluent::r#struct::tests::struct_message_entry_drives_runtime_and_inventory_metadata ... ok
[INFO] [stdout] test macros::derive_es_fluent_label::tests::expand_es_fluent_label_explicit_domain_registers_generated_ftl ... ok
[INFO] [stdout] test macros::derive_es_fluent::tests::expand_es_fluent_normalizes_raw_identifiers_in_inventory_metadata ... ok
[INFO] [stdout] test macros::derive_es_fluent_label::tests::expand_es_fluent_label_accepts_empty_label_attribute ... ok
[INFO] [stdout] test macros::derive_es_fluent_label::tests::expand_es_fluent_label_rejects_parent_and_label_namespace_conflict ... ok
[INFO] [stdout] test macros::derive_es_fluent_variants::tests::expand_es_fluent_variants_rejects_manual_es_fluent_choice_derive ... ok
[INFO] [stdout] test macros::derive_es_fluent_variants::tests::expand_es_fluent_variants_reports_invalid_fluent_label_attribute ... ok
[INFO] [stdout] test macros::derive_es_fluent_variants::tests::generated_variant_entry_drives_runtime_and_inventory_metadata ... ok
[INFO] [stdout] test macros::derive_es_fluent_label::tests::expand_es_fluent_label_rejects_legacy_origin_flag ... ok
[INFO] [stdout] test macros::derive_es_fluent_label::tests::expand_es_fluent_label_generates_inventory_by_default ... ok
[INFO] [stdout] test macros::derive_es_fluent_label::tests::expand_es_fluent_label_returns_compile_errors_for_parse_failures ... ok
[INFO] [stdout] test macros::derive_es_fluent_label::tests::expand_es_fluent_label_uses_struct_type_kind_for_structs ... ok
[INFO] [stdout] test macros::derive_es_fluent_label::tests::expand_es_fluent_label_uses_enum_type_kind_for_enums ... ok
[INFO] [stdout] test macros::derive_es_fluent_variants::tests::process_variants_rejects_multiple_namespace_sources ... ok
[INFO] [stdout] test macros::derive_es_fluent_variants::tests::process_enum_emits_variants_label_registration ... ok
[INFO] [stdout] test macros::utils::tests::generate_field_value_expr_uses_argument_value_strategy ... ok
[INFO] [stdout] test macros::derive_fluent_choice::tests::expand_choice_returns_darling_errors_for_unsupported_input_shapes ... ok
[INFO] [stdout] test macros::derive_fluent_choice::tests::expand_choice_emits_compile_error_for_invalid_rename_all ... ok
[INFO] [stdout] test macros::derive_es_fluent_variants::tests::process_struct_emits_keyed_generated_enums ... ok
[INFO] [stdout] test macros::utils::tests::generate_unit_enum_definition_uses_model_derive_paths ... ok
[INFO] [stdout] test macros::derive_fluent_choice::tests::expand_choice_generates_expected_tokens_for_default_and_renamed_modes ... ok
[INFO] [stdout] test macros::utils::tests::generate_localize_label_impl_emits_fallback_metadata_for_fallback_str_policy ... ok
[INFO] [stdout] test macros::utils::tests::generate_localize_label_impl_routes_through_the_current_crate_domain ... ok
[INFO] [stdout] test macros::utils::tests::generate_localize_label_impl_uses_explicit_domain_override_when_present ... ok
[INFO] [stdout] test macros::derive_es_fluent_variants::tests::process_enum_uses_parent_domain_for_generated_variants_and_label ... ok
[INFO] [stdout] test macros::derive_es_fluent::tests::expand_es_fluent_delegates_skipped_single_field_variant ... ok
[INFO] [stdout] test macros::derive_es_fluent::tests::tuple_default_names_survive_arg_override ... ok
[INFO] [stdout] test macros::derive_es_fluent::tests::expand_es_fluent_uses_explicit_domain_for_generated_inventory ... ok
[INFO] [stdout] test macros::derive_es_fluent::tests::expand_es_fluent_returns_compile_errors_for_namespaces_not_allowed_by_config ... ok
[INFO] [stdout] test macros::derive_es_fluent::tests::expand_es_fluent_handles_tuple_variant_with_all_fields_skipped ... ok
[INFO] [stdout] test macros::derive_es_fluent::tests::expand_es_fluent_returns_compile_errors_for_struct_validation_and_union_inputs ... ok
[INFO] [stdout] test macros::derive_es_fluent::tests::skipped_variant_fallback_respects_skipped_fields ... ok
[INFO] [stdout] test macros::derive_es_fluent::tests::expand_es_fluent_generates_tokens_for_enum_and_struct ... ok
[INFO] [stderr]      Running tests/derive_attributes_tests.rs (/opt/rustwide/target/release/build/es-fluent-derive/9d86683c025dd779/out/derive_attributes_tests-9d86683c025dd779)
[INFO] [stdout] test macros::derive_es_fluent::tests::expand_es_fluent_emits_field_level_tuple_arg ... ok
[INFO] [stdout] test macros::derive_es_fluent::tests::expand_es_fluent_returns_compile_errors_for_attribute_parse_failures ... ok
[INFO] [stdout] 
[INFO] [stdout] test result: ok. 37 passed; 0 failed; 0 ignored; 0 measured; 0 filtered out; finished in 2.03s
[INFO] [stdout] 
[INFO] [stdout] 
[INFO] [stdout] running 9 tests
[INFO] [stdout] test es_fluent_choice_attributes_screaming_snake_snapshot ... ok
[INFO] [stdout] test es_fluent_struct_attributes_choice_snapshot ... ok
[INFO] [stdout] test es_fluent_choice_attributes_none_snapshot ... ok
[INFO] [stdout] test es_fluent_variants_attributes_no_keys_snapshot ... ok
[INFO] [stdout] test es_fluent_variants_attributes_keys_label_derive_default_snapshot ... ok
[INFO] [stdout] test es_fluent_struct_attributes_label_with_derive_snapshot ... ok
[INFO] [stdout] test es_fluent_enum_attributes_label_choice_snapshot ... ok
[INFO] [stdout] test es_fluent_choice_attributes_snake_case_snapshot ... ok
[INFO] [stdout] test es_fluent_enum_attributes_default_snapshot ... ok
[INFO] [stdout] 
[INFO] [stdout] test result: ok. 9 passed; 0 failed; 0 ignored; 0 measured; 0 filtered out; finished in 0.07s
[INFO] [stdout] 
[INFO] [stderr]      Running tests/options_parsing_tests.rs (/opt/rustwide/target/release/build/es-fluent-derive/38adc684b4bd4169/out/options_parsing_tests-38adc684b4bd4169)
[INFO] [stdout] 
[INFO] [stdout] running 16 tests
[INFO] [stdout] test struct_fluent_with_namespace_file_relative ... ok
[INFO] [stdout] test struct_fluent_with_namespace_literal ... ok
[INFO] [stdout] test struct_fluent_with_namespace_folder ... ok
[INFO] [stdout] test enum_variant_level_arg_is_rejected ... ok
[INFO] [stdout] test enum_variants_and_fields_skipping_and_choice ... ok
[INFO] [stdout] test struct_fluent_with_namespace_folder_relative ... ok
[INFO] [stdout] test struct_named_field_arg_parsing ... ok
[INFO] [stdout] test struct_variants_keys_must_be_lowercase_snake_case ... ok
[INFO] [stdout] test enum_tuple_field_arg_parsing ... ok
[INFO] [stdout] test enum_named_field_arg_parsing ... ok
[INFO] [stdout] test struct_fluent_parsing ... ok
[INFO] [stdout] test enum_choice_parsing ... ok
[INFO] [stdout] test enum_fluent_with_namespace_literal ... ok
[INFO] [stdout] test struct_variants_keys_parsing_and_field_skipping ... ok
[INFO] [stdout] test struct_fluent_with_namespace_file ... ok
[INFO] [stdout] test struct_tuple_fields_parsing ... ok
[INFO] [stdout] 
[INFO] [stdout] test result: ok. 16 passed; 0 failed; 0 ignored; 0 measured; 0 filtered out; finished in 0.01s
[INFO] [stdout] 
[INFO] [stdout] 
[INFO] [stdout] running 1 test
[INFO] [stderr]      Running tests/renamed_facade.rs (/opt/rustwide/target/release/build/es-fluent-derive/c4640274b51e35ef/out/renamed_facade-c4640274b51e35ef)
[INFO] [stdout] test derives_compile_when_es_fluent_dependency_is_renamed ... FAILED
[INFO] [stdout] 
[INFO] [stdout] failures:
[INFO] [stdout] 
[INFO] [stdout] ---- derives_compile_when_es_fluent_dependency_is_renamed stdout ----
[INFO] [stdout] 
[INFO] [stdout] thread 'derives_compile_when_es_fluent_dependency_is_renamed' (3053) panicked at tests/renamed_facade.rs:73:5:
[INFO] [stdout] cargo check failed
[INFO] [stdout] status: exit status: 101
[INFO] [stdout] stdout:
[INFO] [stdout] 
[INFO] [stdout] stderr:
[INFO] [stdout] error: no matching package named `es-fluent` found
[INFO] [stdout] location searched: /opt/crates/es-fluent
[INFO] [stdout] required by package `renamed-facade-fixture v0.0.0 (/tmp/.tmpAR9Ugu)`
[INFO] [stdout] 
[INFO] [stdout] stack backtrace:
[INFO] [stdout]    0:     0x59e409dd0d61 - <<std[617be2ca0a6fd877]::sys::backtrace::BacktraceLock>::print::DisplayBacktrace as core[a373ad73a504971]::fmt::Display>::fmt
[INFO] [stdout]    1:     0x59e409de527a - core[a373ad73a504971]::fmt::write
[INFO] [stdout]    2:     0x59e409dd53ec - <alloc[2e1b2a31b91974c5]::vec::Vec<u8> as core[a373ad73a504971]::io::write::Write>::write_fmt
[INFO] [stdout]    3:     0x59e409dabd16 - std[617be2ca0a6fd877]::panicking::default_hook::{closure#0}
[INFO] [stdout]    4:     0x59e409dc8cd9 - std[617be2ca0a6fd877]::panicking::default_hook
[INFO] [stdout]    5:     0x59e409d62560 - test[aada8e7e76ba119b]::test_main_inner::{closure#0}
[INFO] [stdout]    6:     0x59e409dc8e92 - std[617be2ca0a6fd877]::panicking::panic_with_hook
[INFO] [stdout]    7:     0x59e409dabdc2 - std[617be2ca0a6fd877]::panicking::panic_handler::{closure#0}
[INFO] [stdout]    8:     0x59e409da49b9 - std[617be2ca0a6fd877]::sys::backtrace::__rust_end_short_backtrace::<std[617be2ca0a6fd877]::panicking::panic_handler::{closure#0}, !>
[INFO] [stdout]    9:     0x59e409dac9cd - __rustc[ea4f61d10b84890b]::rust_begin_unwind
[INFO] [stdout]   10:     0x59e409de59ac - core[a373ad73a504971]::panicking::panic_fmt
[INFO] [stdout]   11:     0x59e409d5554f - <renamed_facade[167f698e1c1665d4]::derives_compile_when_es_fluent_dependency_is_renamed::{closure#0} as core[a373ad73a504971]::ops::function::FnOnce<()>>::call_once
[INFO] [stdout]   12:     0x59e409d559ab - test[aada8e7e76ba119b]::__rust_begin_short_backtrace::<core[a373ad73a504971]::result::Result<(), alloc[2e1b2a31b91974c5]::string::String>, fn() -> core[a373ad73a504971]::result::Result<(), alloc[2e1b2a31b91974c5]::string::String>>
[INFO] [stdout]   13:     0x59e409d62b85 - test[aada8e7e76ba119b]::run_test::{closure#0}
[INFO] [stdout]   14:     0x59e409d5c474 - std[617be2ca0a6fd877]::sys::backtrace::__rust_begin_short_backtrace::<test[aada8e7e76ba119b]::run_test::{closure#1}, ()>
[INFO] [stdout]   15:     0x59e409d65c12 - <std[617be2ca0a6fd877]::thread::lifecycle::spawn_unchecked<test[aada8e7e76ba119b]::run_test::{closure#1}, ()>::{closure#1} as core[a373ad73a504971]::ops::function::FnOnce<()>>::call_once::{shim:vtable#0}
[INFO] [stdout]   16:     0x59e409dd05bf - <std[617be2ca0a6fd877]::sys::thread::unix::Thread>::new::thread_start
[INFO] [stdout]   17:     0x78fd00da2dfa - <unknown>
[INFO] [stdout]   18:     0x78fd00e363d4 - clone
[INFO] [stdout]   19:                0x0 - <unknown>
[INFO] [stdout] 
[INFO] [stdout] 
[INFO] [stdout] failures:
[INFO] [stdout]     derives_compile_when_es_fluent_dependency_is_renamed
[INFO] [stdout] 
[INFO] [stdout] test result: FAILED. 0 passed; 1 failed; 0 ignored; 0 measured; 0 filtered out; finished in 0.08s
[INFO] [stdout] 
[INFO] [stderr] error: test failed, to rerun pass `--test renamed_facade`
[INFO] running `Command { std: "docker" "inspect" "862a7f401329227e473ef84cbc5e2005eb3cd3a25d1c38f07ed4e4658a55119d", kill_on_drop: false }`
[INFO] running `Command { std: "docker" "rm" "-f" "862a7f401329227e473ef84cbc5e2005eb3cd3a25d1c38f07ed4e4658a55119d", kill_on_drop: false }`
[INFO] [stdout] 862a7f401329227e473ef84cbc5e2005eb3cd3a25d1c38f07ed4e4658a55119d
