[INFO] fetching crate err-as-you-go 0.1.3...
[INFO] testing err-as-you-go-0.1.3 against 1.100.0-beta.1+cargoflags=--release for beta-release-1.100-2
[INFO] extracting crate err-as-you-go 0.1.3 into /workspace/builds/worker-3-tc2/source
[INFO] started tweaking crates.io crate err-as-you-go 0.1.3
[INFO] finished tweaking crates.io crate err-as-you-go 0.1.3
[INFO] tweaked toml for crates.io crate err-as-you-go 0.1.3 written to /workspace/builds/worker-3-tc2/source/Cargo.toml
[INFO] validating manifest of crates.io crate err-as-you-go 0.1.3 on toolchain 1.100.0-beta.1
[INFO] running `Command { std: CARGO_HOME="/workspace/cargo-home" RUSTUP_HOME="/workspace/rustup-home" "/workspace/cargo-home/bin/cargo" "+1.100.0-beta.1" "metadata" "--manifest-path" "Cargo.toml" "--no-deps", kill_on_drop: false }`
[INFO] running `Command { std: CARGO_HOME="/workspace/cargo-home" RUSTUP_HOME="/workspace/rustup-home" "/workspace/cargo-home/bin/cargo" "+1.100.0-beta.1" "generate-lockfile" "--manifest-path" "Cargo.toml", kill_on_drop: false }`
[INFO] [stderr]     Updating crates.io index
[INFO] [stderr]      Locking 53 packages to highest compatible versions
[INFO] [stderr]       Adding pretty_env_logger v0.4.0 (available: v0.5.0)
[INFO] [stderr]       Adding syn v2.0.119 (available: v3.0.9)
[INFO] [stderr]       Adding thiserror v1.0.69 (available: v2.0.21)
[INFO] running `Command { std: CARGO_HOME="/workspace/cargo-home" RUSTUP_HOME="/workspace/rustup-home" "/workspace/cargo-home/bin/cargo" "+1.100.0-beta.1" "fetch" "--manifest-path" "Cargo.toml", kill_on_drop: false }`
[INFO] running `Command { std: "docker" "create" "-v" "/var/lib/crater-agent-workspace/builds/worker-3-tc2/source:/opt/rustwide/workdir:ro,Z" "-v" "/var/lib/crater-agent-workspace/builds/worker-3-tc2/target:/opt/rustwide/target:rw,Z" "-v" "/var/lib/crater-agent-workspace/cargo-home:/opt/rustwide/cargo-home:ro,Z" "-v" "/var/lib/crater-agent-workspace/rustup-home:/opt/rustwide/rustup-home:ro,Z" "-m" "1610612736" "--network" "none" "ghcr.io/rust-lang/crates-build-env/linux@sha256:77db811e55d90add9212f6832c23229e3de5f1c1f9905e8cb07319ea15df73ac" "sleep" "infinity", kill_on_drop: false }`
[INFO] [stdout] c7466b82263c8dcd5cbb91e2b9ab26b12c37ce0a6d1d820a2420e6dbaeeaf11d
[INFO] running `Command { std: "docker" "start" "c7466b82263c8dcd5cbb91e2b9ab26b12c37ce0a6d1d820a2420e6dbaeeaf11d", kill_on_drop: false }`
[INFO] running `Command { std: "docker" "inspect" "c7466b82263c8dcd5cbb91e2b9ab26b12c37ce0a6d1d820a2420e6dbaeeaf11d", kill_on_drop: false }`
[INFO] running `Command { std: "docker" "exec" "-e" "SOURCE_DIR=/opt/rustwide/workdir" "-e" "CARGO_HOME=/opt/rustwide/cargo-home" "-e" "RUSTUP_HOME=/opt/rustwide/rustup-home" "-e" "CARGO_TARGET_DIR=/opt/rustwide/target" "-w" "/opt/rustwide/workdir" "--user" "0:0" "c7466b82263c8dcd5cbb91e2b9ab26b12c37ce0a6d1d820a2420e6dbaeeaf11d" "/opt/rustwide/cargo-home/bin/cargo" "+1.100.0-beta.1" "metadata" "--no-deps" "--format-version=1", kill_on_drop: false }`
[INFO] running `Command { std: "docker" "inspect" "c7466b82263c8dcd5cbb91e2b9ab26b12c37ce0a6d1d820a2420e6dbaeeaf11d", kill_on_drop: false }`
[INFO] running `Command { std: "docker" "exec" "-e" "SOURCE_DIR=/opt/rustwide/workdir" "-e" "CARGO_HOME=/opt/rustwide/cargo-home" "-e" "RUSTUP_HOME=/opt/rustwide/rustup-home" "-e" "CARGO_TARGET_DIR=/opt/rustwide/target" "-e" "CARGO_INCREMENTAL=0" "-e" "RUST_BACKTRACE=full" "-e" "RUSTFLAGS=--cap-lints=warn" "-e" "RUSTDOCFLAGS=--cap-lints=warn" "-w" "/opt/rustwide/workdir" "--user" "0:0" "c7466b82263c8dcd5cbb91e2b9ab26b12c37ce0a6d1d820a2420e6dbaeeaf11d" "/opt/rustwide/cargo-home/bin/cargo" "+1.100.0-beta.1" "build" "--frozen" "--message-format=json" "--release", kill_on_drop: false }`
[INFO] [stderr]    Compiling libc v0.2.191
[INFO] [stderr]    Compiling proc-macro-error-attr v1.0.4
[INFO] [stderr]    Compiling quick-error v1.2.3
[INFO] [stderr]    Compiling proc-macro-error v1.0.4
[INFO] [stderr]    Compiling termcolor v1.4.1
[INFO] [stderr]    Compiling syn v1.0.109
[INFO] [stderr]    Compiling syn v2.0.119
[INFO] [stderr]    Compiling humantime v1.3.0
[INFO] [stderr]    Compiling atty v0.2.14
[INFO] [stderr]    Compiling env_logger v0.7.1
[INFO] [stderr]    Compiling pretty_env_logger v0.4.0
[INFO] [stderr]    Compiling err-as-you-go v0.1.3 (/opt/rustwide/workdir)
[INFO] [stderr]     Finished `release` profile [optimized] target(s) in 18.92s
[INFO] running `Command { std: "docker" "inspect" "c7466b82263c8dcd5cbb91e2b9ab26b12c37ce0a6d1d820a2420e6dbaeeaf11d", kill_on_drop: false }`
[INFO] running `Command { std: "docker" "exec" "-e" "SOURCE_DIR=/opt/rustwide/workdir" "-e" "CARGO_HOME=/opt/rustwide/cargo-home" "-e" "RUSTUP_HOME=/opt/rustwide/rustup-home" "-e" "CARGO_TARGET_DIR=/opt/rustwide/target" "-e" "CARGO_INCREMENTAL=0" "-e" "RUST_BACKTRACE=full" "-e" "RUSTFLAGS=--cap-lints=warn" "-e" "RUSTDOCFLAGS=--cap-lints=warn" "-w" "/opt/rustwide/workdir" "--user" "0:0" "c7466b82263c8dcd5cbb91e2b9ab26b12c37ce0a6d1d820a2420e6dbaeeaf11d" "/opt/rustwide/cargo-home/bin/cargo" "+1.100.0-beta.1" "test" "--frozen" "--no-run" "--message-format=json" "--release", kill_on_drop: false }`
[INFO] [stderr]    Compiling serde_core v1.0.229
[INFO] [stderr]    Compiling unicode-ident v1.0.27
[INFO] [stderr]    Compiling thiserror-impl v1.0.69
[INFO] [stderr]    Compiling winnow v1.0.4
[INFO] [stderr]    Compiling target-tuple v1.0.2
[INFO] [stderr]    Compiling toml_writer v1.1.3+spec-1.1.0
[INFO] [stderr]    Compiling quick-error v1.2.3
[INFO] [stderr]    Compiling atty v0.2.14
[INFO] [stderr]    Compiling proc-macro2 v1.0.107
[INFO] [stderr]    Compiling humantime v1.3.0
[INFO] [stderr]    Compiling syn v1.0.109
[INFO] [stderr]    Compiling yansi v1.0.1
[INFO] [stderr]    Compiling glob v0.3.4
[INFO] [stderr]    Compiling dissimilar v1.0.11
[INFO] [stderr]    Compiling env_logger v0.7.1
[INFO] [stderr]    Compiling err-as-you-go v0.1.3 (/opt/rustwide/workdir)
[INFO] [stderr]    Compiling pretty_assertions v1.4.1
[INFO] [stderr]    Compiling toml_parser v1.1.5+spec-1.1.0
[INFO] [stderr]    Compiling proc-macro-error v1.0.4
[INFO] [stderr]    Compiling quote v1.0.47
[INFO] [stderr]    Compiling thiserror v1.0.69
[INFO] [stderr]    Compiling syn v2.0.119
[INFO] [stderr]    Compiling trybuild v1.0.122
[INFO] [stderr]    Compiling pretty_env_logger v0.4.0
[INFO] [stderr]    Compiling toml_datetime v1.1.2+spec-1.1.0
[INFO] [stderr]    Compiling serde_spanned v1.1.2
[INFO] [stderr]    Compiling serde v1.0.229
[INFO] [stderr]    Compiling serde_json v1.0.154
[INFO] [stderr]    Compiling toml v1.1.8+spec-1.1.0
[INFO] [stderr]     Finished `release` profile [optimized] target(s) in 1m 19s
[INFO] running `Command { std: "docker" "inspect" "c7466b82263c8dcd5cbb91e2b9ab26b12c37ce0a6d1d820a2420e6dbaeeaf11d", kill_on_drop: false }`
[INFO] running `Command { std: "docker" "exec" "-e" "SOURCE_DIR=/opt/rustwide/workdir" "-e" "CARGO_HOME=/opt/rustwide/cargo-home" "-e" "RUSTUP_HOME=/opt/rustwide/rustup-home" "-e" "CARGO_TARGET_DIR=/opt/rustwide/target" "-e" "CARGO_INCREMENTAL=0" "-e" "RUST_BACKTRACE=full" "-e" "RUSTFLAGS=--cap-lints=warn" "-e" "RUSTDOCFLAGS=--cap-lints=warn" "-w" "/opt/rustwide/workdir" "--user" "0:0" "c7466b82263c8dcd5cbb91e2b9ab26b12c37ce0a6d1d820a2420e6dbaeeaf11d" "/opt/rustwide/cargo-home/bin/cargo" "+1.100.0-beta.1" "test" "--frozen" "--release", kill_on_drop: false }`
[INFO] [stderr]     Finished `release` profile [optimized] target(s) in 0.10s
[INFO] [stderr]      Running unittests src/lib.rs (/opt/rustwide/target/release/build/err-as-you-go/b6697978563b836c/out/err_as_you_go-b6697978563b836c)
[INFO] [stdout] 
[INFO] [stdout] running 14 tests
[INFO] [stdout] test data::tests::parse_unit_variant ... ok
[INFO] [stdout] test data::tests::parse_unnamed_variant ... ok
[INFO] [stdout] test config::tests::parse_all ... ok
[INFO] [stdout] test data::tests::use_unit_variant ... ok
[INFO] [stdout] test config::tests::parse_visibility ... ok
[INFO] [stdout] test config::tests::parse_derives ... ok
[INFO] [stdout] test data::tests::parse_named_variant ... ok
[INFO] [stdout] test data::tests::use_unnamed_variant ... ok
[INFO] [stdout] test data::tests::parse_unit_variant_with_discriminant ... ok
[INFO] [stdout] test config::tests::parse_attributes ... ok
[INFO] [stdout] test data::tests::use_named_variant ... ok
[INFO] [stdout] test tests::get_result_name ... ok
[INFO] [stdout] test tests::readme ... FAILED
[INFO] [stderr]    Compiling proc-macro2 v1.0.107
[INFO] [stderr]    Compiling quote v1.0.47
[INFO] [stderr]    Compiling libc v0.2.191
[INFO] [stderr]    Compiling unicode-ident v1.0.27
[INFO] [stderr]    Compiling version_check v0.9.5
[INFO] [stderr]    Compiling syn v1.0.109
[INFO] [stderr]    Compiling memchr v2.8.3
[INFO] [stderr]    Compiling regex-syntax v0.8.11
[INFO] [stderr]    Compiling quick-error v1.2.3
[INFO] [stderr]    Compiling proc-macro-error-attr v1.0.4
[INFO] [stderr]    Compiling proc-macro-error v1.0.4
[INFO] [stderr]    Compiling aho-corasick v1.1.5
[INFO] [stderr]    Compiling syn v2.0.119
[INFO] [stderr]    Compiling humantime v1.3.0
[INFO] [stderr]    Compiling log v0.4.34
[INFO] [stderr]    Compiling termcolor v1.4.1
[INFO] [stderr]    Compiling atty v0.2.14
[INFO] [stderr]    Compiling regex-automata v0.4.18
[INFO] [stderr]    Compiling thiserror v1.0.69
[INFO] [stderr]    Compiling diff v0.1.13
[INFO] [stderr]    Compiling yansi v1.0.1
[INFO] [stderr]    Compiling pretty_assertions v1.4.1
[INFO] [stderr]    Compiling regex v1.13.1
[INFO] [stderr]    Compiling env_logger v0.7.1
[INFO] [stderr]    Compiling pretty_env_logger v0.4.0
[INFO] [stderr]    Compiling thiserror-impl v1.0.69
[INFO] [stderr]    Compiling err-as-you-go v0.1.3 (/opt/rustwide/workdir)
[INFO] [stderr]    Compiling err-as-you-go-tests v0.0.0 (/opt/rustwide/target/tests/trybuild/err-as-you-go)
[INFO] [stderr]     Finished `dev` profile [unoptimized + debuginfo] target(s) in 49.36s
[INFO] [stderr] 
[INFO] [stderr] 
[INFO] [stdout] test tests::trybuild has been running for over 60 seconds
[INFO] [stderr] test trybuild/pass/derive_passthrough.rs [should pass] ... ok
[INFO] [stderr] test trybuild/pass/empty.rs [should pass] ... ok
[INFO] [stderr] test trybuild/pass/err_attr_passthrough.rs [should pass] ... ok
[INFO] [stderr] test trybuild/pass/mix.rs [should pass] ... ok
[INFO] [stderr] test trybuild/pass/nested.rs [should pass] ... ok
[INFO] [stderr] test trybuild/pass/struct_attr_passthrough.rs [should pass] ... ok
[INFO] [stderr] test trybuild/pass/structy.rs [should pass] ... ok
[INFO] [stderr] test trybuild/pass/tuple.rs [should pass] ... ok
[INFO] [stderr] test trybuild/pass/unit.rs [should pass] ... ok
[INFO] [stderr] test trybuild/pass/visibility.rs [should pass] ... ok
[INFO] [stderr] 
[INFO] [stderr] WARNINGS:
[INFO] [stderr] ┈┈┈┈┈┈┈┈┈┈┈┈┈┈┈┈┈┈┈┈┈┈┈┈┈┈┈┈┈┈┈┈┈┈┈┈┈┈┈┈┈┈┈┈┈┈┈┈┈┈┈┈┈┈┈┈┈┈┈┈
[INFO] [stderr] warning: unused import: `inner::FooError`
[INFO] [stderr]  --> trybuild/pass/visibility.rs:2:13
[INFO] [stderr]   |
[INFO] [stderr] 2 |     pub use inner::FooError;
[INFO] [stderr]   |             ^^^^^^^^^^^^^^^
[INFO] [stderr]   |
[INFO] [stderr]   = note: `#[warn(unused_imports)]` (part of `#[warn(unused)]`) on by default
[INFO] [stderr] ┈┈┈┈┈┈┈┈┈┈┈┈┈┈┈┈┈┈┈┈┈┈┈┈┈┈┈┈┈┈┈┈┈┈┈┈┈┈┈┈┈┈┈┈┈┈┈┈┈┈┈┈┈┈┈┈┈┈┈┈
[INFO] [stderr] 
[INFO] [stderr] STDERR:
[INFO] [stderr] ┈┈┈┈┈┈┈┈┈┈┈┈┈┈┈┈┈┈┈┈┈┈┈┈┈┈┈┈┈┈┈┈┈┈┈┈┈┈┈┈┈┈┈┈┈┈┈┈┈┈┈┈┈┈┈┈┈┈┈┈
[INFO] [stderr] warning: unused import: `inner::FooError`
[INFO] [stderr]  --> /opt/rustwide/workdir/trybuild/pass/visibility.rs:2:13
[INFO] [stderr]   |
[INFO] [stderr] 2 |     pub use inner::FooError;
[INFO] [stderr]   |             ^^^^^^^^^^^^^^^
[INFO] [stderr]   |
[INFO] [stderr]   = note: `#[warn(unused_imports)]` (part of `#[warn(unused)]`) on by default
[INFO] [stderr] ┈┈┈┈┈┈┈┈┈┈┈┈┈┈┈┈┈┈┈┈┈┈┈┈┈┈┈┈┈┈┈┈┈┈┈┈┈┈┈┈┈┈┈┈┈┈┈┈┈┈┈┈┈┈┈┈┈┈┈┈
[INFO] [stderr] 
[INFO] [stderr] test trybuild/fail/invalid_ident.rs [should fail to compile] ... ok
[INFO] [stderr] test trybuild/fail/invalid_signature.rs [should fail to compile] ... ok
[INFO] [stdout] test tests::trybuild ... ok
[INFO] [stderr] test trybuild/fail/unsupported_macro_args.rs [should fail to compile] ... ok
[INFO] [stdout] 
[INFO] [stderr] 
[INFO] [stdout] failures:
[INFO] [stderr] 
[INFO] [stdout] 
[INFO] [stdout] ---- tests::readme stdout ----
[INFO] [stdout] 
[INFO] [stdout] thread 'tests::readme' (832) panicked at src/lib.rs:331:9:
[INFO] [stdout] assertion failed: `(left == right)`
[INFO] [stdout] 
[INFO] [stdout] [1mDiff[0m [31m< left[0m / [32mright >[0m :
[INFO] [stdout] [31m<""[0m
[INFO] [stdout] [32m>"[0m[1;48;5;22;32m<div align=\"center\">\n\n[![crates-io](https://img.shields.io/crates/v/err-as-you-go.svg)](https://crates.io/crates/err-as-you-go)\n[![docs-rs](https://docs.rs/err-as-you-go/badge.svg)](https://docs.rs/err-as-you-go)\n[![github](https://img.shields.io/static/v1?label=&message=github&color=grey&logo=github)](https://github.com/aatifsyed/err-as-you-go)\n\n</div>\n\n# `err-as-you-go`\n\nGenerate `enum` error types inline.\n\nIf you want:\n- to easy throw errors inline like with [anyhow]\n- to make your error types handleable in a nice enum like [thiserror]\n\nthen this is the crate for you!\n\n```rust\nuse err_as_you_go::err_as_you_go;\n\n#[err_as_you_go]\nfn shave_yaks(\n    num_yaks: usize,\n    empty_buckets: usize,\n    num_razors: usize,\n) -> Result<(), ShaveYaksError> {\n    if num_razors == 0 {\n        return Err(err!(NotEnoughRazors));\n    }\n    if num_yaks > empty_buckets {\n        return Err(err!(NotEnoughBuckets {\n            got: usize = empty_buckets,\n            required: usize = num_yaks,\n        }));\n    }\n    Ok(())\n}\n```\nUnder the hood, a struct like this is generated:\n```rust\nenum ShaveYaksError { // name and visibility are taken from function return type and visibility\n    NotEnoughRazors,\n    NotEnoughBuckets {\n        got: usize,\n        required: usize,\n    }\n}\n```\n\nImportantly, you can derive on the generated struct, _and_ passthrough attributes, allowing you to use crates like [thiserror].\n```rust\n\n#[err_as_you_go(derive(Debug, thiserror::Error))]\nfn shave_yaks(\n    num_yaks: usize,\n    empty_buckets: usize,\n    num_razors: usize,\n) -> Result<(), ShaveYaksError> {\n    if num_razors == 0 {\n        return Err(err!(\n            #[error(\"not enough razors!\")]\n            NotEnoughRazors\n        ));\n    }\n    if num_yaks > empty_buckets {\n        return Err(err!(\n            #[error(\"not enough buckets - needed {required}\")]\n            NotEnoughBuckets {\n                got: usize = empty_buckets,\n                required: usize = num_yaks,\n            }\n        ));\n    }\n    Ok(())\n}\n```\n\nWhich generates the following:\n```rust\n#[derive(Debug, thiserror::Error)]\nenum ShaveYaksError {\n    #[error(\"not enough razors!\")]\n    NotEnoughRazors,\n    #[error(\"not enough buckets - needed {required}\")]\n    NotEnoughBuckets {\n        got: usize,\n        required: usize,\n    }\n}\n```\nAnd `err!` macro invocations are replaced with struct instantiations - no matter where they are in the function body!\n\nIf you need to reuse the same variant within a function, just use the normal construction syntax:\n```rust\n#[err_as_you_go]\nfn foo() -> Result<(), FooError> {\n    fallible_op().map_err(|e| err!(IoError(io::Error = e)));\n    Err(FooError::IoError(todo!()))\n}\n```\n\n[anyhow]: https://docs.rs/anyhow\n[thiserror]: https://docs.rs/thiserror\n[0m[32m"[0m
[INFO] [stdout] 
[INFO] [stdout] 
[INFO] [stdout] stack backtrace:
[INFO] [stdout]    0:     0x71d0c38888c1 - std[617be2ca0a6fd877]::backtrace_rs::backtrace::libunwind::trace
[INFO] [stdout]                                at /rustc/e3feeb59cd1bdd011a2bfcc0747b55125d9b8527/library/std/src/../../backtrace/src/backtrace/libunwind.rs:117:9
[INFO] [stdout]    1:     0x71d0c38888c1 - std[617be2ca0a6fd877]::backtrace_rs::backtrace::trace_unsynchronized::<std[617be2ca0a6fd877]::sys::backtrace::_print_fmt::{closure#1}>
[INFO] [stdout]                                at /rustc/e3feeb59cd1bdd011a2bfcc0747b55125d9b8527/library/std/src/../../backtrace/src/backtrace/mod.rs:66:14
[INFO] [stdout]    2:     0x71d0c38888c1 - std[617be2ca0a6fd877]::sys::backtrace::_print_fmt
[INFO] [stdout]                                at /rustc/e3feeb59cd1bdd011a2bfcc0747b55125d9b8527/library/std/src/sys/backtrace.rs:74:9
[INFO] [stdout]    3:     0x71d0c38888c1 - <<std[617be2ca0a6fd877]::sys::backtrace::BacktraceLock>::print::DisplayBacktrace as core[a373ad73a504971]::fmt::Display>::fmt
[INFO] [stdout]                                at /rustc/e3feeb59cd1bdd011a2bfcc0747b55125d9b8527/library/std/src/sys/backtrace.rs:44:26
[INFO] [stdout]    4:     0x71d0c38cf44a - <core[a373ad73a504971]::fmt::rt::Argument>::fmt
[INFO] [stdout]                                at /rustc/e3feeb59cd1bdd011a2bfcc0747b55125d9b8527/library/core/src/fmt/rt.rs:152:76
[INFO] [stdout]    5:     0x71d0c38cf44a - core[a373ad73a504971]::fmt::write
[INFO] [stdout]    6:     0x71d0c389950c - core[a373ad73a504971]::io::write::default_write_fmt::<alloc[2e1b2a31b91974c5]::vec::Vec<u8>>
[INFO] [stdout]                                at /rustc/e3feeb59cd1bdd011a2bfcc0747b55125d9b8527/library/core/src/io/write.rs:402:11
[INFO] [stdout]    7:     0x71d0c389950c - <alloc[2e1b2a31b91974c5]::vec::Vec<u8> as core[a373ad73a504971]::io::write::Write>::write_fmt
[INFO] [stdout]                                at /rustc/e3feeb59cd1bdd011a2bfcc0747b55125d9b8527/library/core/src/io/write.rs:335:13
[INFO] [stdout]    8:     0x71d0c3851e26 - <std[617be2ca0a6fd877]::sys::backtrace::BacktraceLock>::print
[INFO] [stdout]                                at /rustc/e3feeb59cd1bdd011a2bfcc0747b55125d9b8527/library/std/src/sys/backtrace.rs:47:9
[INFO] [stdout]    9:     0x71d0c3851e26 - std[617be2ca0a6fd877]::panicking::default_hook::{closure#0}
[INFO] [stdout]                                at /rustc/e3feeb59cd1bdd011a2bfcc0747b55125d9b8527/library/std/src/panicking.rs:289:27
[INFO] [stdout]   10:     0x71d0c3879869 - std[617be2ca0a6fd877]::panicking::default_hook
[INFO] [stdout]                                at /rustc/e3feeb59cd1bdd011a2bfcc0747b55125d9b8527/library/std/src/panicking.rs:313:9
[INFO] [stdout]   11:     0x59c5558872a0 - test[aada8e7e76ba119b]::test_main_inner::{closure#0}
[INFO] [stdout]   12:     0x71d0c3879b92 - <alloc[2e1b2a31b91974c5]::boxed::Box<dyn for<'a, 'b> core[a373ad73a504971]::ops::function::Fn<(&'a std[617be2ca0a6fd877]::panic::PanicHookInfo<'b>,), Output = ()> + core[a373ad73a504971]::marker::Sync + core[a373ad73a504971]::marker::Send> as core[a373ad73a504971]::ops::function::Fn<(&std[617be2ca0a6fd877]::panic::PanicHookInfo,)>>::call
[INFO] [stdout]                                at /rustc/e3feeb59cd1bdd011a2bfcc0747b55125d9b8527/library/alloc/src/boxed.rs:2328:9
[INFO] [stdout]   13:     0x71d0c3879b92 - std[617be2ca0a6fd877]::panicking::panic_with_hook
[INFO] [stdout]                                at /rustc/e3feeb59cd1bdd011a2bfcc0747b55125d9b8527/library/std/src/panicking.rs:819:13
[INFO] [stdout]   14:     0x71d0c3851ed2 - std[617be2ca0a6fd877]::panicking::panic_handler::{closure#0}
[INFO] [stdout]                                at /rustc/e3feeb59cd1bdd011a2bfcc0747b55125d9b8527/library/std/src/panicking.rs:685:13
[INFO] [stdout]   15:     0x71d0c3849499 - std[617be2ca0a6fd877]::sys::backtrace::__rust_end_short_backtrace::<std[617be2ca0a6fd877]::panicking::panic_handler::{closure#0}, !>
[INFO] [stdout]                                at /rustc/e3feeb59cd1bdd011a2bfcc0747b55125d9b8527/library/std/src/sys/backtrace.rs:182:18
[INFO] [stdout]   16:     0x71d0c38539bd - __rustc[ea4f61d10b84890b]::rust_begin_unwind
[INFO] [stdout]                                at /rustc/e3feeb59cd1bdd011a2bfcc0747b55125d9b8527/library/std/src/panicking.rs:676:5
[INFO] [stdout]   17:     0x71d0c38cfedc - core[a373ad73a504971]::panicking::panic_fmt
[INFO] [stdout]                                at /rustc/e3feeb59cd1bdd011a2bfcc0747b55125d9b8527/library/core/src/panicking.rs:80:14
[INFO] [stdout]   18:     0x59c555681904 - <err_as_you_go[b488097427281eaa]::tests::readme::{closure#0} as core[a373ad73a504971]::ops::function::FnOnce<()>>::call_once
[INFO] [stdout]   19:     0x59c55587a6eb - test[aada8e7e76ba119b]::__rust_begin_short_backtrace::<core[a373ad73a504971]::result::Result<(), alloc[2e1b2a31b91974c5]::string::String>, fn() -> core[a373ad73a504971]::result::Result<(), alloc[2e1b2a31b91974c5]::string::String>>
[INFO] [stdout]   20:     0x59c5558878c5 - test[aada8e7e76ba119b]::run_test::{closure#0}
[INFO] [stdout]   21:     0x59c5558811b4 - std[617be2ca0a6fd877]::sys::backtrace::__rust_begin_short_backtrace::<test[aada8e7e76ba119b]::run_test::{closure#1}, ()>
[INFO] [stdout]   22:     0x59c55588a952 - <std[617be2ca0a6fd877]::thread::lifecycle::spawn_unchecked<test[aada8e7e76ba119b]::run_test::{closure#1}, ()>::{closure#1} as core[a373ad73a504971]::ops::function::FnOnce<()>>::call_once::{shim:vtable#0}
[INFO] [stdout]   23:     0x71d0c3884dff - <alloc[2e1b2a31b91974c5]::boxed::Box<dyn core[a373ad73a504971]::ops::function::FnOnce<(), Output = ()> + core[a373ad73a504971]::marker::Send> as core[a373ad73a504971]::ops::function::FnOnce<()>>::call_once
[INFO] [stdout]                                at /rustc/e3feeb59cd1bdd011a2bfcc0747b55125d9b8527/library/alloc/src/boxed.rs:2314:9
[INFO] [stdout]   24:     0x71d0c3884dff - <std[617be2ca0a6fd877]::sys::thread::unix::Thread>::new::thread_start
[INFO] [stdout]                                at /rustc/e3feeb59cd1bdd011a2bfcc0747b55125d9b8527/library/std/src/sys/thread/unix.rs:127:17
[INFO] [stdout]   25:     0x71d0c360fdfa - <unknown>
[INFO] [stdout]   26:     0x71d0c36a33d4 - clone
[INFO] [stdout]   27:                0x0 - <unknown>
[INFO] [stdout] 
[INFO] [stdout] 
[INFO] [stdout] failures:
[INFO] [stdout]     tests::readme
[INFO] [stdout] 
[INFO] [stdout] test result: FAILED. 13 passed; 1 failed; 0 ignored; 0 measured; 0 filtered out; finished in 77.73s
[INFO] [stdout] 
[INFO] [stderr] error: test failed, to rerun pass `--lib`
[INFO] running `Command { std: "docker" "inspect" "c7466b82263c8dcd5cbb91e2b9ab26b12c37ce0a6d1d820a2420e6dbaeeaf11d", kill_on_drop: false }`
[INFO] running `Command { std: "docker" "rm" "-f" "c7466b82263c8dcd5cbb91e2b9ab26b12c37ce0a6d1d820a2420e6dbaeeaf11d", kill_on_drop: false }`
[INFO] [stdout] c7466b82263c8dcd5cbb91e2b9ab26b12c37ce0a6d1d820a2420e6dbaeeaf11d
