[INFO] fetching crate erio 0.1.0...
[INFO] testing erio-0.1.0 against 1.100.0-beta.1+cargoflags=--release for beta-release-1.100-2
[INFO] extracting crate erio 0.1.0 into /workspace/builds/worker-2-tc2/source
[INFO] started tweaking crates.io crate erio 0.1.0
[INFO] finished tweaking crates.io crate erio 0.1.0
[INFO] tweaked toml for crates.io crate erio 0.1.0 written to /workspace/builds/worker-2-tc2/source/Cargo.toml
[INFO] validating manifest of crates.io crate erio 0.1.0 on toolchain 1.100.0-beta.1
[INFO] running `Command { std: CARGO_HOME="/workspace/cargo-home" RUSTUP_HOME="/workspace/rustup-home" "/workspace/cargo-home/bin/cargo" "+1.100.0-beta.1" "metadata" "--manifest-path" "Cargo.toml" "--no-deps", kill_on_drop: false }`
[INFO] crate crates.io crate erio 0.1.0 already has a lockfile, it will not be regenerated
[INFO] running `Command { std: CARGO_HOME="/workspace/cargo-home" RUSTUP_HOME="/workspace/rustup-home" "/workspace/cargo-home/bin/cargo" "+1.100.0-beta.1" "fetch" "--manifest-path" "Cargo.toml", kill_on_drop: false }`
[INFO] running `Command { std: "docker" "create" "-v" "/var/lib/crater-agent-workspace/builds/worker-2-tc2/source:/opt/rustwide/workdir:ro,Z" "-v" "/var/lib/crater-agent-workspace/builds/worker-2-tc2/target:/opt/rustwide/target:rw,Z" "-v" "/var/lib/crater-agent-workspace/cargo-home:/opt/rustwide/cargo-home:ro,Z" "-v" "/var/lib/crater-agent-workspace/rustup-home:/opt/rustwide/rustup-home:ro,Z" "-m" "1610612736" "--network" "none" "ghcr.io/rust-lang/crates-build-env/linux@sha256:77db811e55d90add9212f6832c23229e3de5f1c1f9905e8cb07319ea15df73ac" "sleep" "infinity", kill_on_drop: false }`
[INFO] [stdout] 11158472ee257abf71b7361ae278f154dd869995bd4853554f7ab592120746d8
[INFO] running `Command { std: "docker" "start" "11158472ee257abf71b7361ae278f154dd869995bd4853554f7ab592120746d8", kill_on_drop: false }`
[INFO] running `Command { std: "docker" "inspect" "11158472ee257abf71b7361ae278f154dd869995bd4853554f7ab592120746d8", kill_on_drop: false }`
[INFO] running `Command { std: "docker" "exec" "-e" "SOURCE_DIR=/opt/rustwide/workdir" "-e" "CARGO_HOME=/opt/rustwide/cargo-home" "-e" "RUSTUP_HOME=/opt/rustwide/rustup-home" "-e" "CARGO_TARGET_DIR=/opt/rustwide/target" "-w" "/opt/rustwide/workdir" "--user" "0:0" "11158472ee257abf71b7361ae278f154dd869995bd4853554f7ab592120746d8" "/opt/rustwide/cargo-home/bin/cargo" "+1.100.0-beta.1" "metadata" "--no-deps" "--format-version=1", kill_on_drop: false }`
[INFO] running `Command { std: "docker" "inspect" "11158472ee257abf71b7361ae278f154dd869995bd4853554f7ab592120746d8", kill_on_drop: false }`
[INFO] running `Command { std: "docker" "exec" "-e" "SOURCE_DIR=/opt/rustwide/workdir" "-e" "CARGO_HOME=/opt/rustwide/cargo-home" "-e" "RUSTUP_HOME=/opt/rustwide/rustup-home" "-e" "CARGO_TARGET_DIR=/opt/rustwide/target" "-e" "CARGO_INCREMENTAL=0" "-e" "RUST_BACKTRACE=full" "-e" "RUSTFLAGS=--cap-lints=warn" "-e" "RUSTDOCFLAGS=--cap-lints=warn" "-w" "/opt/rustwide/workdir" "--user" "0:0" "11158472ee257abf71b7361ae278f154dd869995bd4853554f7ab592120746d8" "/opt/rustwide/cargo-home/bin/cargo" "+1.100.0-beta.1" "build" "--frozen" "--message-format=json" "--release", kill_on_drop: false }`
[INFO] [stderr]    Compiling log v0.4.30
[INFO] [stderr]    Compiling http v1.4.1
[INFO] [stderr]    Compiling signal-hook v0.3.18
[INFO] [stderr]    Compiling socket2 v0.6.3
[INFO] [stderr]    Compiling darling_core v0.23.0
[INFO] [stderr]    Compiling rustix v0.38.44
[INFO] [stderr]    Compiling zerofrom v0.1.8
[INFO] [stderr]    Compiling futures-util v0.3.32
[INFO] [stderr]    Compiling parking_lot_core v0.9.12
[INFO] [stderr]    Compiling form_urlencoded v1.2.2
[INFO] [stderr]    Compiling either v1.16.0
[INFO] [stderr]    Compiling instability v0.3.12
[INFO] [stderr]    Compiling linux-raw-sys v0.4.15
[INFO] [stderr]    Compiling bitflags v2.11.1
[INFO] [stderr]    Compiling strum_macros v0.26.4
[INFO] [stderr]    Compiling serde_json v1.0.150
[INFO] [stderr]    Compiling yoke v0.8.2
[INFO] [stderr]    Compiling mio v1.2.0
[INFO] [stderr]    Compiling serde_with v3.20.0
[INFO] [stderr]    Compiling indoc v2.0.7
[INFO] [stderr]    Compiling itertools v0.13.0
[INFO] [stderr]    Compiling parking_lot v0.12.5
[INFO] [stderr]    Compiling unicode-width v0.1.14
[INFO] [stderr]    Compiling zerovec v0.11.6
[INFO] [stderr]    Compiling zerotrie v0.2.4
[INFO] [stderr]    Compiling tokio v1.52.3
[INFO] [stderr]    Compiling signal-hook-mio v0.2.5
[INFO] [stderr]    Compiling unicode-segmentation v1.13.2
[INFO] [stderr]    Compiling winnow v1.0.3
[INFO] [stderr]    Compiling toml_parser v1.1.2+spec-1.1.0
[INFO] [stderr]    Compiling compact_str v0.8.1
[INFO] [stderr]    Compiling tinystr v0.8.3
[INFO] [stderr]    Compiling potential_utf v0.1.5
[INFO] [stderr]    Compiling icu_collections v2.2.0
[INFO] [stderr]    Compiling icu_locale_core v2.2.0
[INFO] [stderr]    Compiling crossterm v0.28.1
[INFO] [stderr]    Compiling http-body v1.0.1
[INFO] [stderr]    Compiling http-body-util v0.1.3
[INFO] [stderr]    Compiling serde_urlencoded v0.7.1
[INFO] [stderr]    Compiling tracing-log v0.2.0
[INFO] [stderr]    Compiling lru v0.12.5
[INFO] [stderr]    Compiling toml_datetime v0.7.5+spec-1.1.0
[INFO] [stderr]    Compiling serde_spanned v1.1.1
[INFO] [stderr]    Compiling cassowary v0.3.0
[INFO] [stderr]    Compiling toml_writer v1.1.1+spec-1.1.0
[INFO] [stderr]    Compiling tracing-subscriber v0.3.23
[INFO] [stderr]    Compiling toml v0.9.12+spec-1.1.0
[INFO] [stderr]    Compiling strum v0.26.3
[INFO] [stderr]    Compiling unicode-truncate v1.1.0
[INFO] [stderr]    Compiling icu_provider v2.2.0
[INFO] [stderr]    Compiling bollard-stubs v1.49.1-rc.28.4.0
[INFO] [stderr]    Compiling darling_macro v0.23.0
[INFO] [stderr]    Compiling icu_properties v2.2.0
[INFO] [stderr]    Compiling icu_normalizer v2.2.0
[INFO] [stderr]    Compiling darling v0.23.0
[INFO] [stderr]    Compiling ratatui v0.29.0
[INFO] [stderr]    Compiling idna_adapter v1.2.2
[INFO] [stderr]    Compiling idna v1.1.0
[INFO] [stderr]    Compiling url v2.5.8
[INFO] [stderr]    Compiling hyper v1.9.0
[INFO] [stderr]    Compiling tokio-util v0.7.18
[INFO] [stderr]    Compiling hyper-util v0.1.20
[INFO] [stderr]    Compiling hyperlocal v0.9.1
[INFO] [stderr]    Compiling bollard v0.19.4
[INFO] [stderr]    Compiling erio v0.1.0 (/opt/rustwide/workdir)
[INFO] [stderr]     Finished `release` profile [optimized] target(s) in 1m 34s
[INFO] running `Command { std: "docker" "inspect" "11158472ee257abf71b7361ae278f154dd869995bd4853554f7ab592120746d8", kill_on_drop: false }`
[INFO] running `Command { std: "docker" "exec" "-e" "SOURCE_DIR=/opt/rustwide/workdir" "-e" "CARGO_HOME=/opt/rustwide/cargo-home" "-e" "RUSTUP_HOME=/opt/rustwide/rustup-home" "-e" "CARGO_TARGET_DIR=/opt/rustwide/target" "-e" "CARGO_INCREMENTAL=0" "-e" "RUST_BACKTRACE=full" "-e" "RUSTFLAGS=--cap-lints=warn" "-e" "RUSTDOCFLAGS=--cap-lints=warn" "-w" "/opt/rustwide/workdir" "--user" "0:0" "11158472ee257abf71b7361ae278f154dd869995bd4853554f7ab592120746d8" "/opt/rustwide/cargo-home/bin/cargo" "+1.100.0-beta.1" "test" "--frozen" "--no-run" "--message-format=json" "--release", kill_on_drop: false }`
[INFO] [stderr]    Compiling rustix v1.1.4
[INFO] [stderr]    Compiling getrandom v0.4.2
[INFO] [stderr]    Compiling tempfile v3.27.0
[INFO] [stderr]    Compiling erio v0.1.0 (/opt/rustwide/workdir)
[INFO] [stderr]     Finished `release` profile [optimized] target(s) in 43.11s
[INFO] running `Command { std: "docker" "inspect" "11158472ee257abf71b7361ae278f154dd869995bd4853554f7ab592120746d8", kill_on_drop: false }`
[INFO] running `Command { std: "docker" "exec" "-e" "SOURCE_DIR=/opt/rustwide/workdir" "-e" "CARGO_HOME=/opt/rustwide/cargo-home" "-e" "RUSTUP_HOME=/opt/rustwide/rustup-home" "-e" "CARGO_TARGET_DIR=/opt/rustwide/target" "-e" "CARGO_INCREMENTAL=0" "-e" "RUST_BACKTRACE=full" "-e" "RUSTFLAGS=--cap-lints=warn" "-e" "RUSTDOCFLAGS=--cap-lints=warn" "-w" "/opt/rustwide/workdir" "--user" "0:0" "11158472ee257abf71b7361ae278f154dd869995bd4853554f7ab592120746d8" "/opt/rustwide/cargo-home/bin/cargo" "+1.100.0-beta.1" "test" "--frozen" "--release", kill_on_drop: false }`
[INFO] [stderr]     Finished `release` profile [optimized] target(s) in 0.24s
[INFO] [stderr]      Running unittests src/lib.rs (/opt/rustwide/target/release/build/erio/82a37d0bce1de3a9/out/erio-82a37d0bce1de3a9)
[INFO] [stdout] 
[INFO] [stdout] running 126 tests
[INFO] [stdout] test app::tests::delete_selected_enters_confirm_mode ... FAILED
[INFO] [stdout] test app::tests::options_menu_shows_start_for_stopped_container ... FAILED
[INFO] [stdout] test app::tests::p_key_on_containers_panel_issues_pause_for_running_container ... FAILED
[INFO] [stdout] test app::tests::docker_updates_propagate_to_state ... FAILED
[INFO] [stdout] test app::tests::p_key_on_containers_panel_issues_unpause_for_paused_container ... FAILED
[INFO] [stdout] test app::tests::any_key_exits_help_mode ... FAILED
[INFO] [stdout] test app::tests::attach_container_sets_pending_flag ... FAILED
[INFO] [stdout] test app::tests::app_starts_without_docker_client ... ok
[INFO] [stdout] test app::tests::cancel_deletion_exits_confirm_mode ... FAILED
[INFO] [stdout] test app::tests::event_loop_updates_state_until_shutdown ... FAILED
[INFO] [stdout] test app::tests::options_menu_opens_for_containers_panel ... FAILED
[INFO] [stdout] test app::tests::confirm_quit_requests_shutdown ... FAILED
[INFO] [stdout] test app::tests::quit_with_confirm_on_quit_enters_confirm_mode ... FAILED
[INFO] [stdout] test app::tests::strip_ansi_never_panics_and_drops_escapes ... ok
[INFO] [stdout] test app::tests::env_vars_failed_sets_error_message ... FAILED
[INFO] [stdout] test app::tests::question_mark_enters_help_mode ... FAILED
[INFO] [stdout] test app::tests::strip_ansi_removes_escape_sequences ... ok
[INFO] [stdout] test app::tests::prune_images_enters_confirm_mode ... FAILED
[INFO] [stdout] test app::tests::env_vars_loaded_updates_state_and_marks_dirty ... FAILED
[INFO] [stdout] test app::tests::esc_cancels_confirmation ... FAILED
[INFO] [stdout] test app::tests::quit_without_confirm_on_quit_requests_shutdown ... FAILED
[INFO] [stdout] test app::tests::show_help_enters_help_mode ... FAILED
[INFO] [stdout] test app::tests::action_failure_sets_persistent_error_message ... FAILED
[INFO] [stdout] test config::tests::custom_command_escapes_shell_metacharacters ... ok
[INFO] [stdout] test config::tests::custom_command_escapes_single_quotes ... ok
[INFO] [stdout] test config::tests::default_config_is_production_ready ... ok
[INFO] [stdout] test app::tests::exec_shell_sets_pending_flag ... FAILED
[INFO] [stdout] test app::tests::prune_on_unsupported_panel_does_nothing ... FAILED
[INFO] [stdout] test app::tests::rapid_navigation_marks_renderer_dirty_without_touching_docker ... FAILED
[INFO] [stdout] test config::tests::custom_command_leaves_unknown_templates_intact ... ok
[INFO] [stdout] test config::tests::custom_command_renders_template_vars ... ok
[INFO] [stdout] test app::tests::search_mode_filters_logs_and_exits_on_escape ... FAILED
[INFO] [stdout] test app::tests::prune_volumes_enters_confirm_mode ... FAILED
[INFO] [stdout] test config::tests::load_prefers_env_var_over_xdg ... ok
[INFO] [stdout] test config::tests::loads_custom_commands_from_config ... ok
[INFO] [stdout] test app::tests::new_action_clears_previous_error ... FAILED
[INFO] [stdout] test config::tests::loads_partial_config_with_defaults ... ok
[INFO] [stdout] test config::tests::load_falls_back_to_xdg_config_path ... ok
[INFO] [stdout] test docker::integration_tests::integration_lists_containers_and_derives_compose_metadata ... ok
[INFO] [stdout] test docker::integration_tests::integration_supervisor_publishes_realtime_container_updates ... ok
[INFO] [stdout] test docker::integration_tests::integration_streams_logs_and_stats_with_backpressure ... ok
[INFO] [stdout] test docker::tests::derives_compose_projects_from_container_labels ... ok
[INFO] [stdout] test docker::tests::sort_containers_by_first_name ... ok
[INFO] [stdout] test events::tests::publishes_events_in_order ... ok
[INFO] [stdout] test state::tests::log_buffer_respects_capacity ... ok
[INFO] [stdout] test state::tests::move_selection_respects_panel_filter ... ok
[INFO] [stdout] test state::tests::records_docker_status ... ok
[INFO] [stdout] test state::tests::logs_follow_bottom_by_default ... ok
[INFO] [stdout] test state::tests::panel_filter_lifecycle ... ok
[INFO] [stdout] test state::tests::scroll_main_down_increases_offset ... ok
[INFO] [stdout] test state::tests::scroll_main_to_bottom_re_enables_follow ... ok
[INFO] [stdout] test state::tests::scroll_main_up_disables_follow_bottom ... ok
[INFO] [stdout] test state::tests::scroll_main_up_large_disables_follow_bottom ... ok
[INFO] [stdout] test state::tests::scroll_main_up_large_scrolls_more ... ok
[INFO] [stdout] test state::tests::search_mode_lifecycle ... ok
[INFO] [stdout] test state::tests::set_main_context_to_logs_resets_follow_bottom ... ok
[INFO] [stdout] test state::tests::stats_history_tracks_cpu_and_respects_capacity ... ok
[INFO] [stdout] test state::tests::shutdown_flips_running_flag ... ok
[INFO] [stdout] test state::tests::switching_main_context_clears_contextual_state ... ok
[INFO] [stdout] test state::tests::clear_log_buffer_resets_logs_scroll ... ok
[INFO] [stdout] test state::tests::clears_status_message_after_ticks ... ok
[INFO] [stdout] test state::tests::docker_state_availability ... ok
[INFO] [stdout] test state::tests::error_message_can_be_set_and_cleared ... ok
[INFO] [stdout] test state::tests::filtered_indices_returns_matching_items ... ok
[INFO] [stdout] test state::tests::hide_stopped_filters_exited_and_dead_containers ... ok
[INFO] [stdout] test state::tests::hide_stopped_works_with_text_filter ... ok
[INFO] [stdout] test ui::input::tests::maps_quit_keys ... ok
[INFO] [stdout] test ui::focus::tests::rejects_non_focusable_panel ... ok
[INFO] [stdout] test state::tests::ignore_patterns_filter_containers ... ok
[INFO] [stdout] test ui::layout::tests::falls_back_to_main_only_when_terminal_is_tiny ... ok
[INFO] [stdout] test ui::layout::tests::compact_sidebar_gives_sidebar_40_percent ... ok
[INFO] [stdout] test ui::focus::tests::set_order_filters_focus_to_first_when_current_is_removed ... ok
[INFO] [stdout] test state::tests::horizontal_scroll_offsets_increase_and_decrease ... ok
[INFO] [stdout] test state::tests::log_buffer_respects_byte_cap ... ok
[INFO] [stdout] test state::tests::log_buffer_keeps_at_least_one_line_under_byte_cap ... ok
[INFO] [stdout] test state::tests::menu_mode_lifecycle ... ok
[INFO] [stdout] test ui::focus::tests::set_order_preserves_focus_when_current_remains ... ok
[INFO] [stdout] test ui::layout::tests::forced_mode_overrides_auto_detect ... ok
[INFO] [stdout] test ui::input::tests::maps_navigation_keys ... ok
[INFO] [stdout] test ui::layout::tests::compact_sidebar_can_switch_active_panel ... ok
[INFO] [stdout] test ui::layout::tests::compact_sidebar_shows_only_active_panel ... ok
[INFO] [stdout] test state::tests::switching_main_context_resets_horizontal_scroll ... ok
[INFO] [stdout] test ui::focus::tests::cycles_focus_in_order ... ok
[INFO] [stdout] test ui::layout::tests::recomputes_on_resize ... ok
[INFO] [stdout] test ui::input::tests::maps_number_keys_to_panels ... ok
[INFO] [stdout] test ui::layout::tests::computes_all_core_areas_for_normal_terminal ... ok
[INFO] [stdout] test ui::layout::tests::short_terminal_uses_single_line_status ... ok
[INFO] [stdout] test ui::panel::tests::apply_horizontal_scroll_styled_preserves_styles ... ok
[INFO] [stdout] test ui::panel::tests::apply_horizontal_scroll_text_truncates_lines ... ok
[INFO] [stdout] test ui::panel::tests::container_list_renders_compact_in_narrow_width ... ok
[INFO] [stdout] test ui::panel::tests::container_list_renders_full_in_wide_width ... ok
[INFO] [stdout] test ui::panel::tests::container_list_colors_rows_by_state ... ok
[INFO] [stdout] test ui::panel::tests::container_list_shows_filter_empty_message ... ok
[INFO] [stdout] test ui::panel::tests::container_list_filters_items ... ok
[INFO] [stdout] test ui::panel::tests::dynamic_title_shows_selection_count ... ok
[INFO] [stdout] test ui::panel::tests::leader_help_ignores_log_scroll_offset ... ok
[INFO] [stdout] test ui::panel::tests::log_panel_colors_stderr_red ... ok
[INFO] [stdout] test ui::panel::tests::is_shell_prompt_detects_various_prompts ... ok
[INFO] [stdout] test ui::panel::tests::main_panel_title_shows_cpu_when_stats_available ... ok
[INFO] [stdout] test ui::panel::tests::hard_wrap_line_preserves_zero_width_chars ... ok
[INFO] [stdout] test ui::panel::tests::main_panel_title_shows_help_in_help_mode ... ok
[INFO] [stdout] test ui::panel::tests::hard_wrap_line_respects_max_width ... ok
[INFO] [stdout] test ui::panel::tests::help_panel_renders_shortcuts ... ok
[INFO] [stdout] test ui::panel::tests::hard_wrap_line_expands_tabs ... ok
[INFO] [stdout] test ui::panel::tests::hard_wrap_line_respects_tiny_width ... ok
[INFO] [stdout] test ui::panel::tests::log_panel_shows_search_prompt_in_search_mode ... ok
[INFO] [stdout] test ui::panel::tests::dynamic_title_fallback_for_empty_lists ... ok
[INFO] [stdout] test ui::panel::tests::container_list_scrolls_to_keep_selection_visible ... ok
[INFO] [stdout] test ui::panel::tests::main_panel_title_fallback_when_no_container_selected ... ok
[INFO] [stdout] test ui::panel::tests::main_panel_title_shows_context_and_container_name ... ok
[INFO] [stdout] test ui::panel::tests::main_panel_title_shows_menu_title_in_menu_mode ... ok
[INFO] [stdout] test ui::panel::tests::dynamic_title_shows_filtered_count ... ok
[INFO] [stdout] test ui::panel::tests::scroll_clamped_without_scroll_past_bottom ... ok
[INFO] [stdout] test ui::panel::tests::scroll_past_bottom_allows_scrolling_beyond_content ... ok
[INFO] [stdout] test ui::panel::tests::service_list_truncates_long_names ... ok
[INFO] [stdout] test ui::panel::tests::truncate_width_ascii ... ok
[INFO] [stdout] test ui::renderer::tests::scheduler_coalesces_rapid_redraw_requests ... ok
[INFO] [stdout] test ui::panel::tests::skip_width_skips_display_columns ... ok
[INFO] [stdout] test ui::renderer::tests::resize_forces_redraw ... ok
[INFO] [stdout] test ui::panel::tests::project_list_truncates_long_names ... ok
[INFO] [stdout] test ui::panel::tests::truncate_width_edge_cases ... ok
[INFO] [stdout] test ui::panel::tests::render_menu_shows_items_with_selection ... ok
[INFO] [stdout] test ui::panel::tests::truncate_width_unicode ... ok
[INFO] [stdout] test ui::panel::tests::truncate_width_wide_chars ... ok
[INFO] [stdout] test ui::renderer::tests::coalesces_rapid_resizes_with_time_gate ... ok
[INFO] [stdout] test ui::panel::tests::container_list_renders_large_unfiltered_list_without_panic ... ok
[INFO] [stdout] 
[INFO] [stdout] failures:
[INFO] [stdout] 
[INFO] [stdout] ---- app::tests::delete_selected_enters_confirm_mode stdout ----
[INFO] [stdout] 
[INFO] [stdout] thread 'app::tests::delete_selected_enters_confirm_mode' (1362) panicked at src/app.rs:2544:60:
[INFO] [stdout] called `Result::unwrap()` on an `Err` value: SocketNotFoundError("/var/run/docker.sock")
[INFO] [stdout] stack backtrace:
[INFO] [stdout]    0:     0x563ba368a541 - <<std[617be2ca0a6fd877]::sys::backtrace::BacktraceLock>::print::DisplayBacktrace as core[a373ad73a504971]::fmt::Display>::fmt
[INFO] [stdout]    1:     0x563ba36a20ba - core[a373ad73a504971]::fmt::write
[INFO] [stdout]    2:     0x563ba368effc - <alloc[2e1b2a31b91974c5]::vec::Vec<u8> as core[a373ad73a504971]::io::write::Write>::write_fmt
[INFO] [stdout]    3:     0x563ba3663716 - std[617be2ca0a6fd877]::panicking::default_hook::{closure#0}
[INFO] [stdout]    4:     0x563ba3681669 - std[617be2ca0a6fd877]::panicking::default_hook
[INFO] [stdout]    5:     0x563ba358b530 - test[aada8e7e76ba119b]::test_main_inner::{closure#0}
[INFO] [stdout]    6:     0x563ba3681992 - std[617be2ca0a6fd877]::panicking::panic_with_hook
[INFO] [stdout]    7:     0x563ba36637c2 - std[617be2ca0a6fd877]::panicking::panic_handler::{closure#0}
[INFO] [stdout]    8:     0x563ba365bfb9 - std[617be2ca0a6fd877]::sys::backtrace::__rust_end_short_backtrace::<std[617be2ca0a6fd877]::panicking::panic_handler::{closure#0}, !>
[INFO] [stdout]    9:     0x563ba36647dd - __rustc[ea4f61d10b84890b]::rust_begin_unwind
[INFO] [stdout]   10:     0x563ba36a285c - core[a373ad73a504971]::panicking::panic_fmt
[INFO] [stdout]   11:     0x563ba36a2632 - core[a373ad73a504971]::result::unwrap_failed
[INFO] [stdout]   12:     0x563ba34d58e1 - erio[87b8b002db6751c7]::app::tests::delete_selected_enters_confirm_mode::{closure#0}
[INFO] [stdout]   13:     0x563ba346ffe3 - <tokio[b16df4d2e36d14a1]::runtime::scheduler::current_thread::Context>::enter::<core[a373ad73a504971]::task::poll::Poll<()>, <tokio[b16df4d2e36d14a1]::runtime::scheduler::current_thread::CoreGuard>::block_on<core[a373ad73a504971]::pin::Pin<&mut core[a373ad73a504971]::pin::Pin<&mut dyn core[a373ad73a504971]::future::future::Future<Output = ()>>>>::{closure#0}::{closure#0}>
[INFO] [stdout]   14:     0x563ba3499b5c - <tokio[b16df4d2e36d14a1]::runtime::context::scoped::Scoped<tokio[b16df4d2e36d14a1]::runtime::scheduler::Context>>::set::<<tokio[b16df4d2e36d14a1]::runtime::scheduler::current_thread::CoreGuard>::enter<<tokio[b16df4d2e36d14a1]::runtime::scheduler::current_thread::CoreGuard>::block_on<core[a373ad73a504971]::pin::Pin<&mut core[a373ad73a504971]::pin::Pin<&mut dyn core[a373ad73a504971]::future::future::Future<Output = ()>>>>::{closure#0}, core[a373ad73a504971]::option::Option<()>>::{closure#0}, (alloc[2e1b2a31b91974c5]::boxed::Box<tokio[b16df4d2e36d14a1]::runtime::scheduler::current_thread::Core>, core[a373ad73a504971]::option::Option<()>)>
[INFO] [stdout]   15:     0x563ba346fc0c - <tokio[b16df4d2e36d14a1]::runtime::runtime::Runtime>::block_on::<core[a373ad73a504971]::pin::Pin<&mut dyn core[a373ad73a504971]::future::future::Future<Output = ()>>>
[INFO] [stdout]   16:     0x563ba34ddf8e - <erio[87b8b002db6751c7]::app::tests::delete_selected_enters_confirm_mode::{closure#0} as core[a373ad73a504971]::ops::function::FnOnce<()>>::call_once
[INFO] [stdout]   17:     0x563ba357e97b - test[aada8e7e76ba119b]::__rust_begin_short_backtrace::<core[a373ad73a504971]::result::Result<(), alloc[2e1b2a31b91974c5]::string::String>, fn() -> core[a373ad73a504971]::result::Result<(), alloc[2e1b2a31b91974c5]::string::String>>
[INFO] [stdout]   18:     0x563ba358bb55 - test[aada8e7e76ba119b]::run_test::{closure#0}
[INFO] [stdout]   19:     0x563ba3585444 - std[617be2ca0a6fd877]::sys::backtrace::__rust_begin_short_backtrace::<test[aada8e7e76ba119b]::run_test::{closure#1}, ()>
[INFO] [stdout]   20:     0x563ba358ebe2 - <std[617be2ca0a6fd877]::thread::lifecycle::spawn_unchecked<test[aada8e7e76ba119b]::run_test::{closure#1}, ()>::{closure#1} as core[a373ad73a504971]::ops::function::FnOnce<()>>::call_once::{shim:vtable#0}
[INFO] [stdout]   21:     0x563ba36894af - <std[617be2ca0a6fd877]::sys::thread::unix::Thread>::new::thread_start
[INFO] [stdout]   22:     0x74973c827dfa - <unknown>
[INFO] [stdout]   23:     0x74973c8bb3d4 - clone
[INFO] [stdout]   24:                0x0 - <unknown>
[INFO] [stdout] 
[INFO] [stdout] ---- app::tests::options_menu_shows_start_for_stopped_container stdout ----
[INFO] [stdout] 
[INFO] [stdout] thread 'app::tests::options_menu_shows_start_for_stopped_container' (1371) panicked at src/app.rs:3058:60:
[INFO] [stdout] called `Result::unwrap()` on an `Err` value: SocketNotFoundError("/var/run/docker.sock")
[INFO] [stdout] stack backtrace:
[INFO] [stdout]    0:     0x563ba368a541 - <<std[617be2ca0a6fd877]::sys::backtrace::BacktraceLock>::print::DisplayBacktrace as core[a373ad73a504971]::fmt::Display>::fmt
[INFO] [stdout]    1:     0x563ba36a20ba - core[a373ad73a504971]::fmt::write
[INFO] [stdout]    2:     0x563ba368effc - <alloc[2e1b2a31b91974c5]::vec::Vec<u8> as core[a373ad73a504971]::io::write::Write>::write_fmt
[INFO] [stdout]    3:     0x563ba3663716 - std[617be2ca0a6fd877]::panicking::default_hook::{closure#0}
[INFO] [stdout]    4:     0x563ba3681669 - std[617be2ca0a6fd877]::panicking::default_hook
[INFO] [stdout]    5:     0x563ba358b530 - test[aada8e7e76ba119b]::test_main_inner::{closure#0}
[INFO] [stdout]    6:     0x563ba3681992 - std[617be2ca0a6fd877]::panicking::panic_with_hook
[INFO] [stdout]    7:     0x563ba36637c2 - std[617be2ca0a6fd877]::panicking::panic_handler::{closure#0}
[INFO] [stdout]    8:     0x563ba365bfb9 - std[617be2ca0a6fd877]::sys::backtrace::__rust_end_short_backtrace::<std[617be2ca0a6fd877]::panicking::panic_handler::{closure#0}, !>
[INFO] [stdout]    9:     0x563ba36647dd - __rustc[ea4f61d10b84890b]::rust_begin_unwind
[INFO] [stdout]   10:     0x563ba36a285c - core[a373ad73a504971]::panicking::panic_fmt
[INFO] [stdout]   11:     0x563ba36a2632 - core[a373ad73a504971]::result::unwrap_failed
[INFO] [stdout]   12:     0x563ba34d9454 - erio[87b8b002db6751c7]::app::tests::options_menu_shows_start_for_stopped_container::{closure#0}
[INFO] [stdout]   13:     0x563ba346ffe3 - <tokio[b16df4d2e36d14a1]::runtime::scheduler::current_thread::Context>::enter::<core[a373ad73a504971]::task::poll::Poll<()>, <tokio[b16df4d2e36d14a1]::runtime::scheduler::current_thread::CoreGuard>::block_on<core[a373ad73a504971]::pin::Pin<&mut core[a373ad73a504971]::pin::Pin<&mut dyn core[a373ad73a504971]::future::future::Future<Output = ()>>>>::{closure#0}::{closure#0}>
[INFO] [stdout]   14:     0x563ba3499b5c - <tokio[b16df4d2e36d14a1]::runtime::context::scoped::Scoped<tokio[b16df4d2e36d14a1]::runtime::scheduler::Context>>::set::<<tokio[b16df4d2e36d14a1]::runtime::scheduler::current_thread::CoreGuard>::enter<<tokio[b16df4d2e36d14a1]::runtime::scheduler::current_thread::CoreGuard>::block_on<core[a373ad73a504971]::pin::Pin<&mut core[a373ad73a504971]::pin::Pin<&mut dyn core[a373ad73a504971]::future::future::Future<Output = ()>>>>::{closure#0}, core[a373ad73a504971]::option::Option<()>>::{closure#0}, (alloc[2e1b2a31b91974c5]::boxed::Box<tokio[b16df4d2e36d14a1]::runtime::scheduler::current_thread::Core>, core[a373ad73a504971]::option::Option<()>)>
[INFO] [stdout]   15:     0x563ba346fc0c - <tokio[b16df4d2e36d14a1]::runtime::runtime::Runtime>::block_on::<core[a373ad73a504971]::pin::Pin<&mut dyn core[a373ad73a504971]::future::future::Future<Output = ()>>>
[INFO] [stdout]   16:     0x563ba34df8be - <erio[87b8b002db6751c7]::app::tests::options_menu_shows_start_for_stopped_container::{closure#0} as core[a373ad73a504971]::ops::function::FnOnce<()>>::call_once
[INFO] [stdout]   17:     0x563ba357e97b - test[aada8e7e76ba119b]::__rust_begin_short_backtrace::<core[a373ad73a504971]::result::Result<(), alloc[2e1b2a31b91974c5]::string::String>, fn() -> core[a373ad73a504971]::result::Result<(), alloc[2e1b2a31b91974c5]::string::String>>
[INFO] [stdout]   18:     0x563ba358bb55 - test[aada8e7e76ba119b]::run_test::{closure#0}
[INFO] [stdout]   19:     0x563ba3585444 - std[617be2ca0a6fd877]::sys::backtrace::__rust_begin_short_backtrace::<test[aada8e7e76ba119b]::run_test::{closure#1}, ()>
[INFO] [stdout]   20:     0x563ba358ebe2 - <std[617be2ca0a6fd877]::thread::lifecycle::spawn_unchecked<test[aada8e7e76ba119b]::run_test::{closure#1}, ()>::{closure#1} as core[a373ad73a504971]::ops::function::FnOnce<()>>::call_once::{shim:vtable#0}
[INFO] [stdout]   21:     0x563ba36894af - <std[617be2ca0a6fd877]::sys::thread::unix::Thread>::new::thread_start
[INFO] [stdout]   22:     0x74973c827dfa - <unknown>
[INFO] [stdout]   23:     0x74973c8bb3d4 - clone
[INFO] [stdout]   24:                0x0 - <unknown>
[INFO] [stdout] 
[INFO] [stdout] ---- app::tests::p_key_on_containers_panel_issues_pause_for_running_container stdout ----
[INFO] [stdout] 
[INFO] [stdout] thread 'app::tests::p_key_on_containers_panel_issues_pause_for_running_container' (1372) panicked at src/app.rs:2719:60:
[INFO] [stdout] called `Result::unwrap()` on an `Err` value: SocketNotFoundError("/var/run/docker.sock")
[INFO] [stdout] stack backtrace:
[INFO] [stdout]    0:     0x563ba368a541 - <<std[617be2ca0a6fd877]::sys::backtrace::BacktraceLock>::print::DisplayBacktrace as core[a373ad73a504971]::fmt::Display>::fmt
[INFO] [stdout]    1:     0x563ba36a20ba - core[a373ad73a504971]::fmt::write
[INFO] [stdout]    2:     0x563ba368effc - <alloc[2e1b2a31b91974c5]::vec::Vec<u8> as core[a373ad73a504971]::io::write::Write>::write_fmt
[INFO] [stdout]    3:     0x563ba3663716 - std[617be2ca0a6fd877]::panicking::default_hook::{closure#0}
[INFO] [stdout]    4:     0x563ba3681669 - std[617be2ca0a6fd877]::panicking::default_hook
[INFO] [stdout]    5:     0x563ba358b530 - test[aada8e7e76ba119b]::test_main_inner::{closure#0}
[INFO] [stdout]    6:     0x563ba3681992 - std[617be2ca0a6fd877]::panicking::panic_with_hook
[INFO] [stdout]    7:     0x563ba36637c2 - std[617be2ca0a6fd877]::panicking::panic_handler::{closure#0}
[INFO] [stdout]    8:     0x563ba365bfb9 - std[617be2ca0a6fd877]::sys::backtrace::__rust_end_short_backtrace::<std[617be2ca0a6fd877]::panicking::panic_handler::{closure#0}, !>
[INFO] [stdout]    9:     0x563ba36647dd - __rustc[ea4f61d10b84890b]::rust_begin_unwind
[INFO] [stdout]   10:     0x563ba36a285c - core[a373ad73a504971]::panicking::panic_fmt
[INFO] [stdout]   11:     0x563ba36a2632 - core[a373ad73a504971]::result::unwrap_failed
[INFO] [stdout]   12:     0x563ba34da119 - erio[87b8b002db6751c7]::app::tests::p_key_on_containers_panel_issues_pause_for_running_container::{closure#0}
[INFO] [stdout]   13:     0x563ba346ffe3 - <tokio[b16df4d2e36d14a1]::runtime::scheduler::current_thread::Context>::enter::<core[a373ad73a504971]::task::poll::Poll<()>, <tokio[b16df4d2e36d14a1]::runtime::scheduler::current_thread::CoreGuard>::block_on<core[a373ad73a504971]::pin::Pin<&mut core[a373ad73a504971]::pin::Pin<&mut dyn core[a373ad73a504971]::future::future::Future<Output = ()>>>>::{closure#0}::{closure#0}>
[INFO] [stdout]   14:     0x563ba3499b5c - <tokio[b16df4d2e36d14a1]::runtime::context::scoped::Scoped<tokio[b16df4d2e36d14a1]::runtime::scheduler::Context>>::set::<<tokio[b16df4d2e36d14a1]::runtime::scheduler::current_thread::CoreGuard>::enter<<tokio[b16df4d2e36d14a1]::runtime::scheduler::current_thread::CoreGuard>::block_on<core[a373ad73a504971]::pin::Pin<&mut core[a373ad73a504971]::pin::Pin<&mut dyn core[a373ad73a504971]::future::future::Future<Output = ()>>>>::{closure#0}, core[a373ad73a504971]::option::Option<()>>::{closure#0}, (alloc[2e1b2a31b91974c5]::boxed::Box<tokio[b16df4d2e36d14a1]::runtime::scheduler::current_thread::Core>, core[a373ad73a504971]::option::Option<()>)>
[INFO] [stdout]   15:     0x563ba346fc0c - <tokio[b16df4d2e36d14a1]::runtime::runtime::Runtime>::block_on::<core[a373ad73a504971]::pin::Pin<&mut dyn core[a373ad73a504971]::future::future::Future<Output = ()>>>
[INFO] [stdout]   16:     0x563ba34dfbde - <erio[87b8b002db6751c7]::app::tests::p_key_on_containers_panel_issues_pause_for_running_container::{closure#0} as core[a373ad73a504971]::ops::function::FnOnce<()>>::call_once
[INFO] [stdout]   17:     0x563ba357e97b - test[aada8e7e76ba119b]::__rust_begin_short_backtrace::<core[a373ad73a504971]::result::Result<(), alloc[2e1b2a31b91974c5]::string::String>, fn() -> core[a373ad73a504971]::result::Result<(), alloc[2e1b2a31b91974c5]::string::String>>
[INFO] [stdout]   18:     0x563ba358bb55 - test[aada8e7e76ba119b]::run_test::{closure#0}
[INFO] [stdout]   19:     0x563ba3585444 - std[617be2ca0a6fd877]::sys::backtrace::__rust_begin_short_backtrace::<test[aada8e7e76ba119b]::run_test::{closure#1}, ()>
[INFO] [stdout]   20:     0x563ba358ebe2 - <std[617be2ca0a6fd877]::thread::lifecycle::spawn_unchecked<test[aada8e7e76ba119b]::run_test::{closure#1}, ()>::{closure#1} as core[a373ad73a504971]::ops::function::FnOnce<()>>::call_once::{shim:vtable#0}
[INFO] [stdout]   21:     0x563ba36894af - <std[617be2ca0a6fd877]::sys::thread::unix::Thread>::new::thread_start
[INFO] [stdout]   22:     0x74973c827dfa - <unknown>
[INFO] [stdout]   23:     0x74973c8bb3d4 - clone
[INFO] [stdout]   24:                0x0 - <unknown>
[INFO] [stdout] 
[INFO] [stdout] ---- app::tests::docker_updates_propagate_to_state stdout ----
[INFO] [stdout] 
[INFO] [stdout] thread 'app::tests::docker_updates_propagate_to_state' (1363) panicked at src/app.rs:2351:60:
[INFO] [stdout] called `Result::unwrap()` on an `Err` value: SocketNotFoundError("/var/run/docker.sock")
[INFO] [stdout] stack backtrace:
[INFO] [stdout]    0:     0x563ba368a541 - <<std[617be2ca0a6fd877]::sys::backtrace::BacktraceLock>::print::DisplayBacktrace as core[a373ad73a504971]::fmt::Display>::fmt
[INFO] [stdout]    1:     0x563ba36a20ba - core[a373ad73a504971]::fmt::write
[INFO] [stdout]    2:     0x563ba368effc - <alloc[2e1b2a31b91974c5]::vec::Vec<u8> as core[a373ad73a504971]::io::write::Write>::write_fmt
[INFO] [stdout]    3:     0x563ba3663716 - std[617be2ca0a6fd877]::panicking::default_hook::{closure#0}
[INFO] [stdout]    4:     0x563ba3681669 - std[617be2ca0a6fd877]::panicking::default_hook
[INFO] [stdout]    5:     0x563ba358b530 - test[aada8e7e76ba119b]::test_main_inner::{closure#0}
[INFO] [stdout]    6:     0x563ba3681992 - std[617be2ca0a6fd877]::panicking::panic_with_hook
[INFO] [stdout]    7:     0x563ba36637c2 - std[617be2ca0a6fd877]::panicking::panic_handler::{closure#0}
[INFO] [stdout]    8:     0x563ba365bfb9 - std[617be2ca0a6fd877]::sys::backtrace::__rust_end_short_backtrace::<std[617be2ca0a6fd877]::panicking::panic_handler::{closure#0}, !>
[INFO] [stdout]    9:     0x563ba36647dd - __rustc[ea4f61d10b84890b]::rust_begin_unwind
[INFO] [stdout]   10:     0x563ba36a285c - core[a373ad73a504971]::panicking::panic_fmt
[INFO] [stdout]   11:     0x563ba36a2632 - core[a373ad73a504971]::result::unwrap_failed
[INFO] [stdout]   12:     0x563ba34d3770 - erio[87b8b002db6751c7]::app::tests::docker_updates_propagate_to_state::{closure#0}
[INFO] [stdout]   13:     0x563ba346ffe3 - <tokio[b16df4d2e36d14a1]::runtime::scheduler::current_thread::Context>::enter::<core[a373ad73a504971]::task::poll::Poll<()>, <tokio[b16df4d2e36d14a1]::runtime::scheduler::current_thread::CoreGuard>::block_on<core[a373ad73a504971]::pin::Pin<&mut core[a373ad73a504971]::pin::Pin<&mut dyn core[a373ad73a504971]::future::future::Future<Output = ()>>>>::{closure#0}::{closure#0}>
[INFO] [stdout]   14:     0x563ba3499b5c - <tokio[b16df4d2e36d14a1]::runtime::context::scoped::Scoped<tokio[b16df4d2e36d14a1]::runtime::scheduler::Context>>::set::<<tokio[b16df4d2e36d14a1]::runtime::scheduler::current_thread::CoreGuard>::enter<<tokio[b16df4d2e36d14a1]::runtime::scheduler::current_thread::CoreGuard>::block_on<core[a373ad73a504971]::pin::Pin<&mut core[a373ad73a504971]::pin::Pin<&mut dyn core[a373ad73a504971]::future::future::Future<Output = ()>>>>::{closure#0}, core[a373ad73a504971]::option::Option<()>>::{closure#0}, (alloc[2e1b2a31b91974c5]::boxed::Box<tokio[b16df4d2e36d14a1]::runtime::scheduler::current_thread::Core>, core[a373ad73a504971]::option::Option<()>)>
[INFO] [stdout]   15:     0x563ba346fc0c - <tokio[b16df4d2e36d14a1]::runtime::runtime::Runtime>::block_on::<core[a373ad73a504971]::pin::Pin<&mut dyn core[a373ad73a504971]::future::future::Future<Output = ()>>>
[INFO] [stdout]   16:     0x563ba34dd84e - <erio[87b8b002db6751c7]::app::tests::docker_updates_propagate_to_state::{closure#0} as core[a373ad73a504971]::ops::function::FnOnce<()>>::call_once
[INFO] [stdout]   17:     0x563ba357e97b - test[aada8e7e76ba119b]::__rust_begin_short_backtrace::<core[a373ad73a504971]::result::Result<(), alloc[2e1b2a31b91974c5]::string::String>, fn() -> core[a373ad73a504971]::result::Result<(), alloc[2e1b2a31b91974c5]::string::String>>
[INFO] [stdout]   18:     0x563ba358bb55 - test[aada8e7e76ba119b]::run_test::{closure#0}
[INFO] [stdout]   19:     0x563ba3585444 - std[617be2ca0a6fd877]::sys::backtrace::__rust_begin_short_backtrace::<test[aada8e7e76ba119b]::run_test::{closure#1}, ()>
[INFO] [stdout]   20:     0x563ba358ebe2 - <std[617be2ca0a6fd877]::thread::lifecycle::spawn_unchecked<test[aada8e7e76ba119b]::run_test::{closure#1}, ()>::{closure#1} as core[a373ad73a504971]::ops::function::FnOnce<()>>::call_once::{shim:vtable#0}
[INFO] [stdout]   21:     0x563ba36894af - <std[617be2ca0a6fd877]::sys::thread::unix::Thread>::new::thread_start
[INFO] [stdout]   22:     0x74973c827dfa - <unknown>
[INFO] [stdout]   23:     0x74973c8bb3d4 - clone
[INFO] [stdout]   24:                0x0 - <unknown>
[INFO] [stdout] 
[INFO] [stdout] ---- app::tests::p_key_on_containers_panel_issues_unpause_for_paused_container stdout ----
[INFO] [stdout] 
[INFO] [stdout] thread 'app::tests::p_key_on_containers_panel_issues_unpause_for_paused_container' (1373) panicked at src/app.rs:2764:60:
[INFO] [stdout] called `Result::unwrap()` on an `Err` value: SocketNotFoundError("/var/run/docker.sock")
[INFO] [stdout] stack backtrace:
[INFO] [stdout]    0:     0x563ba368a541 - <<std[617be2ca0a6fd877]::sys::backtrace::BacktraceLock>::print::DisplayBacktrace as core[a373ad73a504971]::fmt::Display>::fmt
[INFO] [stdout]    1:     0x563ba36a20ba - core[a373ad73a504971]::fmt::write
[INFO] [stdout]    2:     0x563ba368effc - <alloc[2e1b2a31b91974c5]::vec::Vec<u8> as core[a373ad73a504971]::io::write::Write>::write_fmt
[INFO] [stdout]    3:     0x563ba3663716 - std[617be2ca0a6fd877]::panicking::default_hook::{closure#0}
[INFO] [stdout]    4:     0x563ba3681669 - std[617be2ca0a6fd877]::panicking::default_hook
[INFO] [stdout]    5:     0x563ba358b530 - test[aada8e7e76ba119b]::test_main_inner::{closure#0}
[INFO] [stdout]    6:     0x563ba3681992 - std[617be2ca0a6fd877]::panicking::panic_with_hook
[INFO] [stdout]    7:     0x563ba36637c2 - std[617be2ca0a6fd877]::panicking::panic_handler::{closure#0}
[INFO] [stdout]    8:     0x563ba365bfb9 - std[617be2ca0a6fd877]::sys::backtrace::__rust_end_short_backtrace::<std[617be2ca0a6fd877]::panicking::panic_handler::{closure#0}, !>
[INFO] [stdout]    9:     0x563ba36647dd - __rustc[ea4f61d10b84890b]::rust_begin_unwind
[INFO] [stdout]   10:     0x563ba36a285c - core[a373ad73a504971]::panicking::panic_fmt
[INFO] [stdout]   11:     0x563ba36a2632 - core[a373ad73a504971]::result::unwrap_failed
[INFO] [stdout]   12:     0x563ba34dabb9 - erio[87b8b002db6751c7]::app::tests::p_key_on_containers_panel_issues_unpause_for_paused_container::{closure#0}
[INFO] [stdout]   13:     0x563ba346ffe3 - <tokio[b16df4d2e36d14a1]::runtime::scheduler::current_thread::Context>::enter::<core[a373ad73a504971]::task::poll::Poll<()>, <tokio[b16df4d2e36d14a1]::runtime::scheduler::current_thread::CoreGuard>::block_on<core[a373ad73a504971]::pin::Pin<&mut core[a373ad73a504971]::pin::Pin<&mut dyn core[a373ad73a504971]::future::future::Future<Output = ()>>>>::{closure#0}::{closure#0}>
[INFO] [stdout]   14:     0x563ba3499b5c - <tokio[b16df4d2e36d14a1]::runtime::context::scoped::Scoped<tokio[b16df4d2e36d14a1]::runtime::scheduler::Context>>::set::<<tokio[b16df4d2e36d14a1]::runtime::scheduler::current_thread::CoreGuard>::enter<<tokio[b16df4d2e36d14a1]::runtime::scheduler::current_thread::CoreGuard>::block_on<core[a373ad73a504971]::pin::Pin<&mut core[a373ad73a504971]::pin::Pin<&mut dyn core[a373ad73a504971]::future::future::Future<Output = ()>>>>::{closure#0}, core[a373ad73a504971]::option::Option<()>>::{closure#0}, (alloc[2e1b2a31b91974c5]::boxed::Box<tokio[b16df4d2e36d14a1]::runtime::scheduler::current_thread::Core>, core[a373ad73a504971]::option::Option<()>)>
[INFO] [stdout]   15:     0x563ba346fc0c - <tokio[b16df4d2e36d14a1]::runtime::runtime::Runtime>::block_on::<core[a373ad73a504971]::pin::Pin<&mut dyn core[a373ad73a504971]::future::future::Future<Output = ()>>>
[INFO] [stdout]   16:     0x563ba34dfd3e - <erio[87b8b002db6751c7]::app::tests::p_key_on_containers_panel_issues_unpause_for_paused_container::{closure#0} as core[a373ad73a504971]::ops::function::FnOnce<()>>::call_once
[INFO] [stdout]   17:     0x563ba357e97b - test[aada8e7e76ba119b]::__rust_begin_short_backtrace::<core[a373ad73a504971]::result::Result<(), alloc[2e1b2a31b91974c5]::string::String>, fn() -> core[a373ad73a504971]::result::Result<(), alloc[2e1b2a31b91974c5]::string::String>>
[INFO] [stdout]   18:     0x563ba358bb55 - test[aada8e7e76ba119b]::run_test::{closure#0}
[INFO] [stdout]   19:     0x563ba3585444 - std[617be2ca0a6fd877]::sys::backtrace::__rust_begin_short_backtrace::<test[aada8e7e76ba119b]::run_test::{closure#1}, ()>
[INFO] [stdout]   20:     0x563ba358ebe2 - <std[617be2ca0a6fd877]::thread::lifecycle::spawn_unchecked<test[aada8e7e76ba119b]::run_test::{closure#1}, ()>::{closure#1} as core[a373ad73a504971]::ops::function::FnOnce<()>>::call_once::{shim:vtable#0}
[INFO] [stdout]   21:     0x563ba36894af - <std[617be2ca0a6fd877]::sys::thread::unix::Thread>::new::thread_start
[INFO] [stdout]   22:     0x74973c827dfa - <unknown>
[INFO] [stdout]   23:     0x74973c8bb3d4 - clone
[INFO] [stdout]   24:                0x0 - <unknown>
[INFO] [stdout] 
[INFO] [stdout] ---- app::tests::any_key_exits_help_mode stdout ----
[INFO] [stdout] 
[INFO] [stdout] thread 'app::tests::any_key_exits_help_mode' (1357) panicked at src/app.rs:2829:60:
[INFO] [stdout] called `Result::unwrap()` on an `Err` value: SocketNotFoundError("/var/run/docker.sock")
[INFO] [stdout] stack backtrace:
[INFO] [stdout]    0:     0x563ba368a541 - <<std[617be2ca0a6fd877]::sys::backtrace::BacktraceLock>::print::DisplayBacktrace as core[a373ad73a504971]::fmt::Display>::fmt
[INFO] [stdout]    1:     0x563ba36a20ba - core[a373ad73a504971]::fmt::write
[INFO] [stdout]    2:     0x563ba368effc - <alloc[2e1b2a31b91974c5]::vec::Vec<u8> as core[a373ad73a504971]::io::write::Write>::write_fmt
[INFO] [stdout]    3:     0x563ba3663716 - std[617be2ca0a6fd877]::panicking::default_hook::{closure#0}
[INFO] [stdout]    4:     0x563ba3681669 - std[617be2ca0a6fd877]::panicking::default_hook
[INFO] [stdout]    5:     0x563ba358b530 - test[aada8e7e76ba119b]::test_main_inner::{closure#0}
[INFO] [stdout]    6:     0x563ba3681992 - std[617be2ca0a6fd877]::panicking::panic_with_hook
[INFO] [stdout]    7:     0x563ba36637c2 - std[617be2ca0a6fd877]::panicking::panic_handler::{closure#0}
[INFO] [stdout]    8:     0x563ba365bfb9 - std[617be2ca0a6fd877]::sys::backtrace::__rust_end_short_backtrace::<std[617be2ca0a6fd877]::panicking::panic_handler::{closure#0}, !>
[INFO] [stdout]    9:     0x563ba36647dd - __rustc[ea4f61d10b84890b]::rust_begin_unwind
[INFO] [stdout]   10:     0x563ba36a285c - core[a373ad73a504971]::panicking::panic_fmt
[INFO] [stdout]   11:     0x563ba36a2632 - core[a373ad73a504971]::result::unwrap_failed
[INFO] [stdout]   12:     0x563ba34cfdce - erio[87b8b002db6751c7]::app::tests::any_key_exits_help_mode::{closure#0}
[INFO] [stdout]   13:     0x563ba346ffe3 - <tokio[b16df4d2e36d14a1]::runtime::scheduler::current_thread::Context>::enter::<core[a373ad73a504971]::task::poll::Poll<()>, <tokio[b16df4d2e36d14a1]::runtime::scheduler::current_thread::CoreGuard>::block_on<core[a373ad73a504971]::pin::Pin<&mut core[a373ad73a504971]::pin::Pin<&mut dyn core[a373ad73a504971]::future::future::Future<Output = ()>>>>::{closure#0}::{closure#0}>
[INFO] [stdout]   14:     0x563ba3499b5c - <tokio[b16df4d2e36d14a1]::runtime::context::scoped::Scoped<tokio[b16df4d2e36d14a1]::runtime::scheduler::Context>>::set::<<tokio[b16df4d2e36d14a1]::runtime::scheduler::current_thread::CoreGuard>::enter<<tokio[b16df4d2e36d14a1]::runtime::scheduler::current_thread::CoreGuard>::block_on<core[a373ad73a504971]::pin::Pin<&mut core[a373ad73a504971]::pin::Pin<&mut dyn core[a373ad73a504971]::future::future::Future<Output = ()>>>>::{closure#0}, core[a373ad73a504971]::option::Option<()>>::{closure#0}, (alloc[2e1b2a31b91974c5]::boxed::Box<tokio[b16df4d2e36d14a1]::runtime::scheduler::current_thread::Core>, core[a373ad73a504971]::option::Option<()>)>
[INFO] [stdout]   15:     0x563ba346fc0c - <tokio[b16df4d2e36d14a1]::runtime::runtime::Runtime>::block_on::<core[a373ad73a504971]::pin::Pin<&mut dyn core[a373ad73a504971]::future::future::Future<Output = ()>>>
[INFO] [stdout]   16:     0x563ba34dcb2e - <erio[87b8b002db6751c7]::app::tests::any_key_exits_help_mode::{closure#0} as core[a373ad73a504971]::ops::function::FnOnce<()>>::call_once
[INFO] [stdout]   17:     0x563ba357e97b - test[aada8e7e76ba119b]::__rust_begin_short_backtrace::<core[a373ad73a504971]::result::Result<(), alloc[2e1b2a31b91974c5]::string::String>, fn() -> core[a373ad73a504971]::result::Result<(), alloc[2e1b2a31b91974c5]::string::String>>
[INFO] [stdout]   18:     0x563ba358bb55 - test[aada8e7e76ba119b]::run_test::{closure#0}
[INFO] [stdout]   19:     0x563ba3585444 - std[617be2ca0a6fd877]::sys::backtrace::__rust_begin_short_backtrace::<test[aada8e7e76ba119b]::run_test::{closure#1}, ()>
[INFO] [stdout]   20:     0x563ba358ebe2 - <std[617be2ca0a6fd877]::thread::lifecycle::spawn_unchecked<test[aada8e7e76ba119b]::run_test::{closure#1}, ()>::{closure#1} as core[a373ad73a504971]::ops::function::FnOnce<()>>::call_once::{shim:vtable#0}
[INFO] [stdout]   21:     0x563ba36894af - <std[617be2ca0a6fd877]::sys::thread::unix::Thread>::new::thread_start
[INFO] [stdout]   22:     0x74973c827dfa - <unknown>
[INFO] [stdout]   23:     0x74973c8bb3d4 - clone
[INFO] [stdout]   24:                0x0 - <unknown>
[INFO] [stdout] 
[INFO] [stdout] ---- app::tests::attach_container_sets_pending_flag stdout ----
[INFO] [stdout] 
[INFO] [stdout] thread 'app::tests::attach_container_sets_pending_flag' (1359) panicked at src/app.rs:2906:60:
[INFO] [stdout] called `Result::unwrap()` on an `Err` value: SocketNotFoundError("/var/run/docker.sock")
[INFO] [stdout] stack backtrace:
[INFO] [stdout]    0:     0x563ba368a541 - <<std[617be2ca0a6fd877]::sys::backtrace::BacktraceLock>::print::DisplayBacktrace as core[a373ad73a504971]::fmt::Display>::fmt
[INFO] [stdout]    1:     0x563ba36a20ba - core[a373ad73a504971]::fmt::write
[INFO] [stdout]    2:     0x563ba368effc - <alloc[2e1b2a31b91974c5]::vec::Vec<u8> as core[a373ad73a504971]::io::write::Write>::write_fmt
[INFO] [stdout]    3:     0x563ba3663716 - std[617be2ca0a6fd877]::panicking::default_hook::{closure#0}
[INFO] [stdout]    4:     0x563ba3681669 - std[617be2ca0a6fd877]::panicking::default_hook
[INFO] [stdout]    5:     0x563ba358b530 - test[aada8e7e76ba119b]::test_main_inner::{closure#0}
[INFO] [stdout]    6:     0x563ba3681992 - std[617be2ca0a6fd877]::panicking::panic_with_hook
[INFO] [stdout]    7:     0x563ba36637c2 - std[617be2ca0a6fd877]::panicking::panic_handler::{closure#0}
[INFO] [stdout]    8:     0x563ba365bfb9 - std[617be2ca0a6fd877]::sys::backtrace::__rust_end_short_backtrace::<std[617be2ca0a6fd877]::panicking::panic_handler::{closure#0}, !>
[INFO] [stdout]    9:     0x563ba36647dd - __rustc[ea4f61d10b84890b]::rust_begin_unwind
[INFO] [stdout]   10:     0x563ba36a285c - core[a373ad73a504971]::panicking::panic_fmt
[INFO] [stdout]   11:     0x563ba36a2632 - core[a373ad73a504971]::result::unwrap_failed
[INFO] [stdout]   12:     0x563ba34d461f - erio[87b8b002db6751c7]::app::tests::attach_container_sets_pending_flag::{closure#0}
[INFO] [stdout]   13:     0x563ba346ffe3 - <tokio[b16df4d2e36d14a1]::runtime::scheduler::current_thread::Context>::enter::<core[a373ad73a504971]::task::poll::Poll<()>, <tokio[b16df4d2e36d14a1]::runtime::scheduler::current_thread::CoreGuard>::block_on<core[a373ad73a504971]::pin::Pin<&mut core[a373ad73a504971]::pin::Pin<&mut dyn core[a373ad73a504971]::future::future::Future<Output = ()>>>>::{closure#0}::{closure#0}>
[INFO] [stdout]   14:     0x563ba3499b5c - <tokio[b16df4d2e36d14a1]::runtime::context::scoped::Scoped<tokio[b16df4d2e36d14a1]::runtime::scheduler::Context>>::set::<<tokio[b16df4d2e36d14a1]::runtime::scheduler::current_thread::CoreGuard>::enter<<tokio[b16df4d2e36d14a1]::runtime::scheduler::current_thread::CoreGuard>::block_on<core[a373ad73a504971]::pin::Pin<&mut core[a373ad73a504971]::pin::Pin<&mut dyn core[a373ad73a504971]::future::future::Future<Output = ()>>>>::{closure#0}, core[a373ad73a504971]::option::Option<()>>::{closure#0}, (alloc[2e1b2a31b91974c5]::boxed::Box<tokio[b16df4d2e36d14a1]::runtime::scheduler::current_thread::Core>, core[a373ad73a504971]::option::Option<()>)>
[INFO] [stdout]   15:     0x563ba346fc0c - <tokio[b16df4d2e36d14a1]::runtime::runtime::Runtime>::block_on::<core[a373ad73a504971]::pin::Pin<&mut dyn core[a373ad73a504971]::future::future::Future<Output = ()>>>
[INFO] [stdout]   16:     0x563ba34ddb4e - <erio[87b8b002db6751c7]::app::tests::attach_container_sets_pending_flag::{closure#0} as core[a373ad73a504971]::ops::function::FnOnce<()>>::call_once
[INFO] [stdout]   17:     0x563ba357e97b - test[aada8e7e76ba119b]::__rust_begin_short_backtrace::<core[a373ad73a504971]::result::Result<(), alloc[2e1b2a31b91974c5]::string::String>, fn() -> core[a373ad73a504971]::result::Result<(), alloc[2e1b2a31b91974c5]::string::String>>
[INFO] [stdout]   18:     0x563ba358bb55 - test[aada8e7e76ba119b]::run_test::{closure#0}
[INFO] [stdout]   19:     0x563ba3585444 - std[617be2ca0a6fd877]::sys::backtrace::__rust_begin_short_backtrace::<test[aada8e7e76ba119b]::run_test::{closure#1}, ()>
[INFO] [stdout]   20:     0x563ba358ebe2 - <std[617be2ca0a6fd877]::thread::lifecycle::spawn_unchecked<test[aada8e7e76ba119b]::run_test::{closure#1}, ()>::{closure#1} as core[a373ad73a504971]::ops::function::FnOnce<()>>::call_once::{shim:vtable#0}
[INFO] [stdout]   21:     0x563ba36894af - <std[617be2ca0a6fd877]::sys::thread::unix::Thread>::new::thread_start
[INFO] [stdout]   22:     0x74973c827dfa - <unknown>
[INFO] [stdout]   23:     0x74973c8bb3d4 - clone
[INFO] [stdout]   24:                0x0 - <unknown>
[INFO] [stdout] 
[INFO] [stdout] ---- app::tests::cancel_deletion_exits_confirm_mode stdout ----
[INFO] [stdout] 
[INFO] [stdout] thread 'app::tests::cancel_deletion_exits_confirm_mode' (1360) panicked at src/app.rs:2586:60:
[INFO] [stdout] called `Result::unwrap()` on an `Err` value: SocketNotFoundError("/var/run/docker.sock")
[INFO] [stdout] stack backtrace:
[INFO] [stdout]    0:     0x563ba368a541 - <<std[617be2ca0a6fd877]::sys::backtrace::BacktraceLock>::print::DisplayBacktrace as core[a373ad73a504971]::fmt::Display>::fmt
[INFO] [stdout]    1:     0x563ba36a20ba - core[a373ad73a504971]::fmt::write
[INFO] [stdout]    2:     0x563ba368effc - <alloc[2e1b2a31b91974c5]::vec::Vec<u8> as core[a373ad73a504971]::io::write::Write>::write_fmt
[INFO] [stdout]    3:     0x563ba3663716 - std[617be2ca0a6fd877]::panicking::default_hook::{closure#0}
[INFO] [stdout]    4:     0x563ba3681669 - std[617be2ca0a6fd877]::panicking::default_hook
[INFO] [stdout]    5:     0x563ba358b530 - test[aada8e7e76ba119b]::test_main_inner::{closure#0}
[INFO] [stdout]    6:     0x563ba3681992 - std[617be2ca0a6fd877]::panicking::panic_with_hook
[INFO] [stdout]    7:     0x563ba36637c2 - std[617be2ca0a6fd877]::panicking::panic_handler::{closure#0}
[INFO] [stdout]    8:     0x563ba365bfb9 - std[617be2ca0a6fd877]::sys::backtrace::__rust_end_short_backtrace::<std[617be2ca0a6fd877]::panicking::panic_handler::{closure#0}, !>
[INFO] [stdout]    9:     0x563ba36647dd - __rustc[ea4f61d10b84890b]::rust_begin_unwind
[INFO] [stdout]   10:     0x563ba36a285c - core[a373ad73a504971]::panicking::panic_fmt
[INFO] [stdout]   11:     0x563ba36a2632 - core[a373ad73a504971]::result::unwrap_failed
[INFO] [stdout]   12:     0x563ba34d4bff - erio[87b8b002db6751c7]::app::tests::cancel_deletion_exits_confirm_mode::{closure#0}
[INFO] [stdout]   13:     0x563ba346ffe3 - <tokio[b16df4d2e36d14a1]::runtime::scheduler::current_thread::Context>::enter::<core[a373ad73a504971]::task::poll::Poll<()>, <tokio[b16df4d2e36d14a1]::runtime::scheduler::current_thread::CoreGuard>::block_on<core[a373ad73a504971]::pin::Pin<&mut core[a373ad73a504971]::pin::Pin<&mut dyn core[a373ad73a504971]::future::future::Future<Output = ()>>>>::{closure#0}::{closure#0}>
[INFO] [stdout]   14:     0x563ba3499b5c - <tokio[b16df4d2e36d14a1]::runtime::context::scoped::Scoped<tokio[b16df4d2e36d14a1]::runtime::scheduler::Context>>::set::<<tokio[b16df4d2e36d14a1]::runtime::scheduler::current_thread::CoreGuard>::enter<<tokio[b16df4d2e36d14a1]::runtime::scheduler::current_thread::CoreGuard>::block_on<core[a373ad73a504971]::pin::Pin<&mut core[a373ad73a504971]::pin::Pin<&mut dyn core[a373ad73a504971]::future::future::Future<Output = ()>>>>::{closure#0}, core[a373ad73a504971]::option::Option<()>>::{closure#0}, (alloc[2e1b2a31b91974c5]::boxed::Box<tokio[b16df4d2e36d14a1]::runtime::scheduler::current_thread::Core>, core[a373ad73a504971]::option::Option<()>)>
[INFO] [stdout]   15:     0x563ba346fc0c - <tokio[b16df4d2e36d14a1]::runtime::runtime::Runtime>::block_on::<core[a373ad73a504971]::pin::Pin<&mut dyn core[a373ad73a504971]::future::future::Future<Output = ()>>>
[INFO] [stdout]   16:     0x563ba34ddcae - <erio[87b8b002db6751c7]::app::tests::cancel_deletion_exits_confirm_mode::{closure#0} as core[a373ad73a504971]::ops::function::FnOnce<()>>::call_once
[INFO] [stdout]   17:     0x563ba357e97b - test[aada8e7e76ba119b]::__rust_begin_short_backtrace::<core[a373ad73a504971]::result::Result<(), alloc[2e1b2a31b91974c5]::string::String>, fn() -> core[a373ad73a504971]::result::Result<(), alloc[2e1b2a31b91974c5]::string::String>>
[INFO] [stdout]   18:     0x563ba358bb55 - test[aada8e7e76ba119b]::run_test::{closure#0}
[INFO] [stdout]   19:     0x563ba3585444 - std[617be2ca0a6fd877]::sys::backtrace::__rust_begin_short_backtrace::<test[aada8e7e76ba119b]::run_test::{closure#1}, ()>
[INFO] [stdout]   20:     0x563ba358ebe2 - <std[617be2ca0a6fd877]::thread::lifecycle::spawn_unchecked<test[aada8e7e76ba119b]::run_test::{closure#1}, ()>::{closure#1} as core[a373ad73a504971]::ops::function::FnOnce<()>>::call_once::{shim:vtable#0}
[INFO] [stdout]   21:     0x563ba36894af - <std[617be2ca0a6fd877]::sys::thread::unix::Thread>::new::thread_start
[INFO] [stdout]   22:     0x74973c827dfa - <unknown>
[INFO] [stdout]   23:     0x74973c8bb3d4 - clone
[INFO] [stdout]   24:                0x0 - <unknown>
[INFO] [stdout] 
[INFO] [stdout] ---- app::tests::event_loop_updates_state_until_shutdown stdout ----
[INFO] [stdout] 
[INFO] [stdout] thread 'app::tests::event_loop_updates_state_until_shutdown' (1367) panicked at src/app.rs:2295:60:
[INFO] [stdout] called `Result::unwrap()` on an `Err` value: SocketNotFoundError("/var/run/docker.sock")
[INFO] [stdout] stack backtrace:
[INFO] [stdout]    0:     0x563ba368a541 - <<std[617be2ca0a6fd877]::sys::backtrace::BacktraceLock>::print::DisplayBacktrace as core[a373ad73a504971]::fmt::Display>::fmt
[INFO] [stdout]    1:     0x563ba36a20ba - core[a373ad73a504971]::fmt::write
[INFO] [stdout]    2:     0x563ba368effc - <alloc[2e1b2a31b91974c5]::vec::Vec<u8> as core[a373ad73a504971]::io::write::Write>::write_fmt
[INFO] [stdout]    3:     0x563ba3663716 - std[617be2ca0a6fd877]::panicking::default_hook::{closure#0}
[INFO] [stdout]    4:     0x563ba3681669 - std[617be2ca0a6fd877]::panicking::default_hook
[INFO] [stdout]    5:     0x563ba358b530 - test[aada8e7e76ba119b]::test_main_inner::{closure#0}
[INFO] [stdout]    6:     0x563ba3681992 - std[617be2ca0a6fd877]::panicking::panic_with_hook
[INFO] [stdout]    7:     0x563ba36637c2 - std[617be2ca0a6fd877]::panicking::panic_handler::{closure#0}
[INFO] [stdout]    8:     0x563ba365bfb9 - std[617be2ca0a6fd877]::sys::backtrace::__rust_end_short_backtrace::<std[617be2ca0a6fd877]::panicking::panic_handler::{closure#0}, !>
[INFO] [stdout]    9:     0x563ba36647dd - __rustc[ea4f61d10b84890b]::rust_begin_unwind
[INFO] [stdout]   10:     0x563ba36a285c - core[a373ad73a504971]::panicking::panic_fmt
[INFO] [stdout]   11:     0x563ba36a2632 - core[a373ad73a504971]::result::unwrap_failed
[INFO] [stdout]   12:     0x563ba34d62ec - erio[87b8b002db6751c7]::app::tests::event_loop_updates_state_until_shutdown::{closure#0}
[INFO] [stdout]   13:     0x563ba346ffe3 - <tokio[b16df4d2e36d14a1]::runtime::scheduler::current_thread::Context>::enter::<core[a373ad73a504971]::task::poll::Poll<()>, <tokio[b16df4d2e36d14a1]::runtime::scheduler::current_thread::CoreGuard>::block_on<core[a373ad73a504971]::pin::Pin<&mut core[a373ad73a504971]::pin::Pin<&mut dyn core[a373ad73a504971]::future::future::Future<Output = ()>>>>::{closure#0}::{closure#0}>
[INFO] [stdout]   14:     0x563ba3499b5c - <tokio[b16df4d2e36d14a1]::runtime::context::scoped::Scoped<tokio[b16df4d2e36d14a1]::runtime::scheduler::Context>>::set::<<tokio[b16df4d2e36d14a1]::runtime::scheduler::current_thread::CoreGuard>::enter<<tokio[b16df4d2e36d14a1]::runtime::scheduler::current_thread::CoreGuard>::block_on<core[a373ad73a504971]::pin::Pin<&mut core[a373ad73a504971]::pin::Pin<&mut dyn core[a373ad73a504971]::future::future::Future<Output = ()>>>>::{closure#0}, core[a373ad73a504971]::option::Option<()>>::{closure#0}, (alloc[2e1b2a31b91974c5]::boxed::Box<tokio[b16df4d2e36d14a1]::runtime::scheduler::current_thread::Core>, core[a373ad73a504971]::option::Option<()>)>
[INFO] [stdout]   15:     0x563ba346fc0c - <tokio[b16df4d2e36d14a1]::runtime::runtime::Runtime>::block_on::<core[a373ad73a504971]::pin::Pin<&mut dyn core[a373ad73a504971]::future::future::Future<Output = ()>>>
[INFO] [stdout]   16:     0x563ba34deb4e - <erio[87b8b002db6751c7]::app::tests::event_loop_updates_state_until_shutdown::{closure#0} as core[a373ad73a504971]::ops::function::FnOnce<()>>::call_once
[INFO] [stdout]   17:     0x563ba357e97b - test[aada8e7e76ba119b]::__rust_begin_short_backtrace::<core[a373ad73a504971]::result::Result<(), alloc[2e1b2a31b91974c5]::string::String>, fn() -> core[a373ad73a504971]::result::Result<(), alloc[2e1b2a31b91974c5]::string::String>>
[INFO] [stdout]   18:     0x563ba358bb55 - test[aada8e7e76ba119b]::run_test::{closure#0}
[INFO] [stdout]   19:     0x563ba3585444 - std[617be2ca0a6fd877]::sys::backtrace::__rust_begin_short_backtrace::<test[aada8e7e76ba119b]::run_test::{closure#1}, ()>
[INFO] [stdout]   20:     0x563ba358ebe2 - <std[617be2ca0a6fd877]::thread::lifecycle::spawn_unchecked<test[aada8e7e76ba119b]::run_test::{closure#1}, ()>::{closure#1} as core[a373ad73a504971]::ops::function::FnOnce<()>>::call_once::{shim:vtable#0}
[INFO] [stdout]   21:     0x563ba36894af - <std[617be2ca0a6fd877]::sys::thread::unix::Thread>::new::thread_start
[INFO] [stdout]   22:     0x74973c827dfa - <unknown>
[INFO] [stdout]   23:     0x74973c8bb3d4 - clone
[INFO] [stdout]   24:                0x0 - <unknown>
[INFO] [stdout] 
[INFO] [stdout] ---- app::tests::options_menu_opens_for_containers_panel stdout ----
[INFO] [stdout] 
[INFO] [stdout] thread 'app::tests::options_menu_opens_for_containers_panel' (1370) panicked at src/app.rs:3017:60:
[INFO] [stdout] called `Result::unwrap()` on an `Err` value: SocketNotFoundError("/var/run/docker.sock")
[INFO] [stdout] stack backtrace:
[INFO] [stdout]    0:     0x563ba368a541 - <<std[617be2ca0a6fd877]::sys::backtrace::BacktraceLock>::print::DisplayBacktrace as core[a373ad73a504971]::fmt::Display>::fmt
[INFO] [stdout]    1:     0x563ba36a20ba - core[a373ad73a504971]::fmt::write
[INFO] [stdout]    2:     0x563ba368effc - <alloc[2e1b2a31b91974c5]::vec::Vec<u8> as core[a373ad73a504971]::io::write::Write>::write_fmt
[INFO] [stdout]    3:     0x563ba3663716 - std[617be2ca0a6fd877]::panicking::default_hook::{closure#0}
[INFO] [stdout]    4:     0x563ba3681669 - std[617be2ca0a6fd877]::panicking::default_hook
[INFO] [stdout]    5:     0x563ba358b530 - test[aada8e7e76ba119b]::test_main_inner::{closure#0}
[INFO] [stdout]    6:     0x563ba3681992 - std[617be2ca0a6fd877]::panicking::panic_with_hook
[INFO] [stdout]    7:     0x563ba36637c2 - std[617be2ca0a6fd877]::panicking::panic_handler::{closure#0}
[INFO] [stdout]    8:     0x563ba365bfb9 - std[617be2ca0a6fd877]::sys::backtrace::__rust_end_short_backtrace::<std[617be2ca0a6fd877]::panicking::panic_handler::{closure#0}, !>
[INFO] [stdout]    9:     0x563ba36647dd - __rustc[ea4f61d10b84890b]::rust_begin_unwind
[INFO] [stdout]   10:     0x563ba36a285c - core[a373ad73a504971]::panicking::panic_fmt
[INFO] [stdout]   11:     0x563ba36a2632 - core[a373ad73a504971]::result::unwrap_failed
[INFO] [stdout]   12:     0x563ba34d6bc3 - erio[87b8b002db6751c7]::app::tests::options_menu_opens_for_containers_panel::{closure#0}
[INFO] [stdout]   13:     0x563ba346ffe3 - <tokio[b16df4d2e36d14a1]::runtime::scheduler::current_thread::Context>::enter::<core[a373ad73a504971]::task::poll::Poll<()>, <tokio[b16df4d2e36d14a1]::runtime::scheduler::current_thread::CoreGuard>::block_on<core[a373ad73a504971]::pin::Pin<&mut core[a373ad73a504971]::pin::Pin<&mut dyn core[a373ad73a504971]::future::future::Future<Output = ()>>>>::{closure#0}::{closure#0}>
[INFO] [stdout]   14:     0x563ba3499b5c - <tokio[b16df4d2e36d14a1]::runtime::context::scoped::Scoped<tokio[b16df4d2e36d14a1]::runtime::scheduler::Context>>::set::<<tokio[b16df4d2e36d14a1]::runtime::scheduler::current_thread::CoreGuard>::enter<<tokio[b16df4d2e36d14a1]::runtime::scheduler::current_thread::CoreGuard>::block_on<core[a373ad73a504971]::pin::Pin<&mut core[a373ad73a504971]::pin::Pin<&mut dyn core[a373ad73a504971]::future::future::Future<Output = ()>>>>::{closure#0}, core[a373ad73a504971]::option::Option<()>>::{closure#0}, (alloc[2e1b2a31b91974c5]::boxed::Box<tokio[b16df4d2e36d14a1]::runtime::scheduler::current_thread::Core>, core[a373ad73a504971]::option::Option<()>)>
[INFO] [stdout]   15:     0x563ba346fc0c - <tokio[b16df4d2e36d14a1]::runtime::runtime::Runtime>::block_on::<core[a373ad73a504971]::pin::Pin<&mut dyn core[a373ad73a504971]::future::future::Future<Output = ()>>>
[INFO] [stdout]   16:     0x563ba34decae - <erio[87b8b002db6751c7]::app::tests::options_menu_opens_for_containers_panel::{closure#0} as core[a373ad73a504971]::ops::function::FnOnce<()>>::call_once
[INFO] [stdout]   17:     0x563ba357e97b - test[aada8e7e76ba119b]::__rust_begin_short_backtrace::<core[a373ad73a504971]::result::Result<(), alloc[2e1b2a31b91974c5]::string::String>, fn() -> core[a373ad73a504971]::result::Result<(), alloc[2e1b2a31b91974c5]::string::String>>
[INFO] [stdout]   18:     0x563ba358bb55 - test[aada8e7e76ba119b]::run_test::{closure#0}
[INFO] [stdout]   19:     0x563ba3585444 - std[617be2ca0a6fd877]::sys::backtrace::__rust_begin_short_backtrace::<test[aada8e7e76ba119b]::run_test::{closure#1}, ()>
[INFO] [stdout]   20:     0x563ba358ebe2 - <std[617be2ca0a6fd877]::thread::lifecycle::spawn_unchecked<test[aada8e7e76ba119b]::run_test::{closure#1}, ()>::{closure#1} as core[a373ad73a504971]::ops::function::FnOnce<()>>::call_once::{shim:vtable#0}
[INFO] [stdout]   21:     0x563ba36894af - <std[617be2ca0a6fd877]::sys::thread::unix::Thread>::new::thread_start
[INFO] [stdout]   22:     0x74973c827dfa - <unknown>
[INFO] [stdout]   23:     0x74973c8bb3d4 - clone
[INFO] [stdout]   24:                0x0 - <unknown>
[INFO] [stdout] 
[INFO] [stdout] ---- app::tests::confirm_quit_requests_shutdown stdout ----
[INFO] [stdout] 
[INFO] [stdout] thread 'app::tests::confirm_quit_requests_shutdown' (1361) panicked at src/app.rs:2987:60:
[INFO] [stdout] called `Result::unwrap()` on an `Err` value: SocketNotFoundError("/var/run/docker.sock")
[INFO] [stdout] stack backtrace:
[INFO] [stdout]    0:     0x563ba368a541 - <<std[617be2ca0a6fd877]::sys::backtrace::BacktraceLock>::print::DisplayBacktrace as core[a373ad73a504971]::fmt::Display>::fmt
[INFO] [stdout]    1:     0x563ba36a20ba - core[a373ad73a504971]::fmt::write
[INFO] [stdout]    2:     0x563ba368effc - <alloc[2e1b2a31b91974c5]::vec::Vec<u8> as core[a373ad73a504971]::io::write::Write>::write_fmt
[INFO] [stdout]    3:     0x563ba3663716 - std[617be2ca0a6fd877]::panicking::default_hook::{closure#0}
[INFO] [stdout]    4:     0x563ba3681669 - std[617be2ca0a6fd877]::panicking::default_hook
[INFO] [stdout]    5:     0x563ba358b530 - test[aada8e7e76ba119b]::test_main_inner::{closure#0}
[INFO] [stdout]    6:     0x563ba3681992 - std[617be2ca0a6fd877]::panicking::panic_with_hook
[INFO] [stdout]    7:     0x563ba36637c2 - std[617be2ca0a6fd877]::panicking::panic_handler::{closure#0}
[INFO] [stdout]    8:     0x563ba365bfb9 - std[617be2ca0a6fd877]::sys::backtrace::__rust_end_short_backtrace::<std[617be2ca0a6fd877]::panicking::panic_handler::{closure#0}, !>
[INFO] [stdout]    9:     0x563ba36647dd - __rustc[ea4f61d10b84890b]::rust_begin_unwind
[INFO] [stdout]   10:     0x563ba36a285c - core[a373ad73a504971]::panicking::panic_fmt
[INFO] [stdout]   11:     0x563ba36a2632 - core[a373ad73a504971]::result::unwrap_failed
[INFO] [stdout]   12:     0x563ba34d15e1 - erio[87b8b002db6751c7]::app::tests::confirm_quit_requests_shutdown::{closure#0}
[INFO] [stdout]   13:     0x563ba346ffe3 - <tokio[b16df4d2e36d14a1]::runtime::scheduler::current_thread::Context>::enter::<core[a373ad73a504971]::task::poll::Poll<()>, <tokio[b16df4d2e36d14a1]::runtime::scheduler::current_thread::CoreGuard>::block_on<core[a373ad73a504971]::pin::Pin<&mut core[a373ad73a504971]::pin::Pin<&mut dyn core[a373ad73a504971]::future::future::Future<Output = ()>>>>::{closure#0}::{closure#0}>
[INFO] [stdout]   14:     0x563ba3499b5c - <tokio[b16df4d2e36d14a1]::runtime::context::scoped::Scoped<tokio[b16df4d2e36d14a1]::runtime::scheduler::Context>>::set::<<tokio[b16df4d2e36d14a1]::runtime::scheduler::current_thread::CoreGuard>::enter<<tokio[b16df4d2e36d14a1]::runtime::scheduler::current_thread::CoreGuard>::block_on<core[a373ad73a504971]::pin::Pin<&mut core[a373ad73a504971]::pin::Pin<&mut dyn core[a373ad73a504971]::future::future::Future<Output = ()>>>>::{closure#0}, core[a373ad73a504971]::option::Option<()>>::{closure#0}, (alloc[2e1b2a31b91974c5]::boxed::Box<tokio[b16df4d2e36d14a1]::runtime::scheduler::current_thread::Core>, core[a373ad73a504971]::option::Option<()>)>
[INFO] [stdout]   15:     0x563ba346fc0c - <tokio[b16df4d2e36d14a1]::runtime::runtime::Runtime>::block_on::<core[a373ad73a504971]::pin::Pin<&mut dyn core[a373ad73a504971]::future::future::Future<Output = ()>>>
[INFO] [stdout]   16:     0x563ba34dd10e - <erio[87b8b002db6751c7]::app::tests::confirm_quit_requests_shutdown::{closure#0} as core[a373ad73a504971]::ops::function::FnOnce<()>>::call_once
[INFO] [stdout]   17:     0x563ba357e97b - test[aada8e7e76ba119b]::__rust_begin_short_backtrace::<core[a373ad73a504971]::result::Result<(), alloc[2e1b2a31b91974c5]::string::String>, fn() -> core[a373ad73a504971]::result::Result<(), alloc[2e1b2a31b91974c5]::string::String>>
[INFO] [stdout]   18:     0x563ba358bb55 - test[aada8e7e76ba119b]::run_test::{closure#0}
[INFO] [stdout]   19:     0x563ba3585444 - std[617be2ca0a6fd877]::sys::backtrace::__rust_begin_short_backtrace::<test[aada8e7e76ba119b]::run_test::{closure#1}, ()>
[INFO] [stdout]   20:     0x563ba358ebe2 - <std[617be2ca0a6fd877]::thread::lifecycle::spawn_unchecked<test[aada8e7e76ba119b]::run_test::{closure#1}, ()>::{closure#1} as core[a373ad73a504971]::ops::function::FnOnce<()>>::call_once::{shim:vtable#0}
[INFO] [stdout]   21:     0x563ba36894af - <std[617be2ca0a6fd877]::sys::thread::unix::Thread>::new::thread_start
[INFO] [stdout]   22:     0x74973c827dfa - <unknown>
[INFO] [stdout]   23:     0x74973c8bb3d4 - clone
[INFO] [stdout]   24:                0x0 - <unknown>
[INFO] [stdout] 
[INFO] [stdout] ---- app::tests::quit_with_confirm_on_quit_enters_confirm_mode stdout ----
[INFO] [stdout] 
[INFO] [stdout] thread 'app::tests::quit_with_confirm_on_quit_enters_confirm_mode' (1378) panicked at src/app.rs:2943:60:
[INFO] [stdout] called `Result::unwrap()` on an `Err` value: SocketNotFoundError("/var/run/docker.sock")
[INFO] [stdout] stack backtrace:
[INFO] [stdout]    0:     0x563ba368a541 - <<std[617be2ca0a6fd877]::sys::backtrace::BacktraceLock>::print::DisplayBacktrace as core[a373ad73a504971]::fmt::Display>::fmt
[INFO] [stdout]    1:     0x563ba36a20ba - core[a373ad73a504971]::fmt::write
[INFO] [stdout]    2:     0x563ba368effc - <alloc[2e1b2a31b91974c5]::vec::Vec<u8> as core[a373ad73a504971]::io::write::Write>::write_fmt
[INFO] [stdout]    3:     0x563ba3663716 - std[617be2ca0a6fd877]::panicking::default_hook::{closure#0}
[INFO] [stdout]    4:     0x563ba3681669 - std[617be2ca0a6fd877]::panicking::default_hook
[INFO] [stdout]    5:     0x563ba358b530 - test[aada8e7e76ba119b]::test_main_inner::{closure#0}
[INFO] [stdout]    6:     0x563ba3681992 - std[617be2ca0a6fd877]::panicking::panic_with_hook
[INFO] [stdout]    7:     0x563ba36637c2 - std[617be2ca0a6fd877]::panicking::panic_handler::{closure#0}
[INFO] [stdout]    8:     0x563ba365bfb9 - std[617be2ca0a6fd877]::sys::backtrace::__rust_end_short_backtrace::<std[617be2ca0a6fd877]::panicking::panic_handler::{closure#0}, !>
[INFO] [stdout]    9:     0x563ba36647dd - __rustc[ea4f61d10b84890b]::rust_begin_unwind
[INFO] [stdout]   10:     0x563ba36a285c - core[a373ad73a504971]::panicking::panic_fmt
[INFO] [stdout]   11:     0x563ba36a2632 - core[a373ad73a504971]::result::unwrap_failed
[INFO] [stdout]   12:     0x563ba34d8d55 - erio[87b8b002db6751c7]::app::tests::quit_with_confirm_on_quit_enters_confirm_mode::{closure#0}
[INFO] [stdout]   13:     0x563ba346ffe3 - <tokio[b16df4d2e36d14a1]::runtime::scheduler::current_thread::Context>::enter::<core[a373ad73a504971]::task::poll::Poll<()>, <tokio[b16df4d2e36d14a1]::runtime::scheduler::current_thread::CoreGuard>::block_on<core[a373ad73a504971]::pin::Pin<&mut core[a373ad73a504971]::pin::Pin<&mut dyn core[a373ad73a504971]::future::future::Future<Output = ()>>>>::{closure#0}::{closure#0}>
[INFO] [stdout]   14:     0x563ba3499b5c - <tokio[b16df4d2e36d14a1]::runtime::context::scoped::Scoped<tokio[b16df4d2e36d14a1]::runtime::scheduler::Context>>::set::<<tokio[b16df4d2e36d14a1]::runtime::scheduler::current_thread::CoreGuard>::enter<<tokio[b16df4d2e36d14a1]::runtime::scheduler::current_thread::CoreGuard>::block_on<core[a373ad73a504971]::pin::Pin<&mut core[a373ad73a504971]::pin::Pin<&mut dyn core[a373ad73a504971]::future::future::Future<Output = ()>>>>::{closure#0}, core[a373ad73a504971]::option::Option<()>>::{closure#0}, (alloc[2e1b2a31b91974c5]::boxed::Box<tokio[b16df4d2e36d14a1]::runtime::scheduler::current_thread::Core>, core[a373ad73a504971]::option::Option<()>)>
[INFO] [stdout]   15:     0x563ba346fc0c - <tokio[b16df4d2e36d14a1]::runtime::runtime::Runtime>::block_on::<core[a373ad73a504971]::pin::Pin<&mut dyn core[a373ad73a504971]::future::future::Future<Output = ()>>>
[INFO] [stderr] error: test failed, to rerun pass `--lib`
[INFO] [stdout]   16:     0x563ba34df73e - <erio[87b8b002db6751c7]::app::tests::quit_with_confirm_on_quit_enters_confirm_mode::{closure#0} as core[a373ad73a504971]::ops::function::FnOnce<()>>::call_once
[INFO] [stdout]   17:     0x563ba357e97b - test[aada8e7e76ba119b]::__rust_begin_short_backtrace::<core[a373ad73a504971]::result::Result<(), alloc[2e1b2a31b91974c5]::string::String>, fn() -> core[a373ad73a504971]::result::Result<(), alloc[2e1b2a31b91974c5]::string::String>>
[INFO] [stdout]   18:     0x563ba358bb55 - test[aada8e7e76ba119b]::run_test::{closure#0}
[INFO] [stdout]   19:     0x563ba3585444 - std[617be2ca0a6fd877]::sys::backtrace::__rust_begin_short_backtrace::<test[aada8e7e76ba119b]::run_test::{closure#1}, ()>
[INFO] [stdout]   20:     0x563ba358ebe2 - <std[617be2ca0a6fd877]::thread::lifecycle::spawn_unchecked<test[aada8e7e76ba119b]::run_test::{closure#1}, ()>::{closure#1} as core[a373ad73a504971]::ops::function::FnOnce<()>>::call_once::{shim:vtable#0}
[INFO] [stdout]   21:     0x563ba36894af - <std[617be2ca0a6fd877]::sys::thread::unix::Thread>::new::thread_start
[INFO] [stdout]   22:     0x74973c827dfa - <unknown>
[INFO] [stdout]   23:     0x74973c8bb3d4 - clone
[INFO] [stdout]   24:                0x0 - <unknown>
[INFO] [stdout] 
[INFO] [stdout] ---- app::tests::env_vars_failed_sets_error_message stdout ----
[INFO] [stdout] 
[INFO] [stdout] thread 'app::tests::env_vars_failed_sets_error_message' (1364) panicked at src/app.rs:2523:60:
[INFO] [stdout] called `Result::unwrap()` on an `Err` value: SocketNotFoundError("/var/run/docker.sock")
[INFO] [stdout] stack backtrace:
[INFO] [stdout]    0:     0x563ba368a541 - <<std[617be2ca0a6fd877]::sys::backtrace::BacktraceLock>::print::DisplayBacktrace as core[a373ad73a504971]::fmt::Display>::fmt
[INFO] [stdout]    1:     0x563ba36a20ba - core[a373ad73a504971]::fmt::write
[INFO] [stdout]    2:     0x563ba368effc - <alloc[2e1b2a31b91974c5]::vec::Vec<u8> as core[a373ad73a504971]::io::write::Write>::write_fmt
[INFO] [stdout]    3:     0x563ba3663716 - std[617be2ca0a6fd877]::panicking::default_hook::{closure#0}
[INFO] [stdout]    4:     0x563ba3681669 - std[617be2ca0a6fd877]::panicking::default_hook
[INFO] [stdout]    5:     0x563ba358b530 - test[aada8e7e76ba119b]::test_main_inner::{closure#0}
[INFO] [stdout]    6:     0x563ba3681992 - std[617be2ca0a6fd877]::panicking::panic_with_hook
[INFO] [stdout]    7:     0x563ba36637c2 - std[617be2ca0a6fd877]::panicking::panic_handler::{closure#0}
[INFO] [stdout]    8:     0x563ba365bfb9 - std[617be2ca0a6fd877]::sys::backtrace::__rust_end_short_backtrace::<std[617be2ca0a6fd877]::panicking::panic_handler::{closure#0}, !>
[INFO] [stdout]    9:     0x563ba36647dd - __rustc[ea4f61d10b84890b]::rust_begin_unwind
[INFO] [stdout]   10:     0x563ba36a285c - core[a373ad73a504971]::panicking::panic_fmt
[INFO] [stdout]   11:     0x563ba36a2632 - core[a373ad73a504971]::result::unwrap_failed
[INFO] [stdout]   12:     0x563ba34d519b - erio[87b8b002db6751c7]::app::tests::env_vars_failed_sets_error_message::{closure#0}
[INFO] [stdout]   13:     0x563ba346ffe3 - <tokio[b16df4d2e36d14a1]::runtime::scheduler::current_thread::Context>::enter::<core[a373ad73a504971]::task::poll::Poll<()>, <tokio[b16df4d2e36d14a1]::runtime::scheduler::current_thread::CoreGuard>::block_on<core[a373ad73a504971]::pin::Pin<&mut core[a373ad73a504971]::pin::Pin<&mut dyn core[a373ad73a504971]::future::future::Future<Output = ()>>>>::{closure#0}::{closure#0}>
[INFO] [stdout]   14:     0x563ba3499b5c - <tokio[b16df4d2e36d14a1]::runtime::context::scoped::Scoped<tokio[b16df4d2e36d14a1]::runtime::scheduler::Context>>::set::<<tokio[b16df4d2e36d14a1]::runtime::scheduler::current_thread::CoreGuard>::enter<<tokio[b16df4d2e36d14a1]::runtime::scheduler::current_thread::CoreGuard>::block_on<core[a373ad73a504971]::pin::Pin<&mut core[a373ad73a504971]::pin::Pin<&mut dyn core[a373ad73a504971]::future::future::Future<Output = ()>>>>::{closure#0}, core[a373ad73a504971]::option::Option<()>>::{closure#0}, (alloc[2e1b2a31b91974c5]::boxed::Box<tokio[b16df4d2e36d14a1]::runtime::scheduler::current_thread::Core>, core[a373ad73a504971]::option::Option<()>)>
[INFO] [stdout]   15:     0x563ba346fc0c - <tokio[b16df4d2e36d14a1]::runtime::runtime::Runtime>::block_on::<core[a373ad73a504971]::pin::Pin<&mut dyn core[a373ad73a504971]::future::future::Future<Output = ()>>>
[INFO] [stdout]   16:     0x563ba34dde2e - <erio[87b8b002db6751c7]::app::tests::env_vars_failed_sets_error_message::{closure#0} as core[a373ad73a504971]::ops::function::FnOnce<()>>::call_once
[INFO] [stdout]   17:     0x563ba357e97b - test[aada8e7e76ba119b]::__rust_begin_short_backtrace::<core[a373ad73a504971]::result::Result<(), alloc[2e1b2a31b91974c5]::string::String>, fn() -> core[a373ad73a504971]::result::Result<(), alloc[2e1b2a31b91974c5]::string::String>>
[INFO] [stdout]   18:     0x563ba358bb55 - test[aada8e7e76ba119b]::run_test::{closure#0}
[INFO] [stdout]   19:     0x563ba3585444 - std[617be2ca0a6fd877]::sys::backtrace::__rust_begin_short_backtrace::<test[aada8e7e76ba119b]::run_test::{closure#1}, ()>
[INFO] [stdout]   20:     0x563ba358ebe2 - <std[617be2ca0a6fd877]::thread::lifecycle::spawn_unchecked<test[aada8e7e76ba119b]::run_test::{closure#1}, ()>::{closure#1} as core[a373ad73a504971]::ops::function::FnOnce<()>>::call_once::{shim:vtable#0}
[INFO] [stdout]   21:     0x563ba36894af - <std[617be2ca0a6fd877]::sys::thread::unix::Thread>::new::thread_start
[INFO] [stdout]   22:     0x74973c827dfa - <unknown>
[INFO] [stdout]   23:     0x74973c8bb3d4 - clone
[INFO] [stdout]   24:                0x0 - <unknown>
[INFO] [stdout] 
[INFO] [stdout] ---- app::tests::question_mark_enters_help_mode stdout ----
[INFO] [stdout] 
[INFO] [stdout] thread 'app::tests::question_mark_enters_help_mode' (1377) panicked at src/app.rs:2851:60:
[INFO] [stdout] called `Result::unwrap()` on an `Err` value: SocketNotFoundError("/var/run/docker.sock")
[INFO] [stdout] stack backtrace:
[INFO] [stdout]    0:     0x563ba368a541 - <<std[617be2ca0a6fd877]::sys::backtrace::BacktraceLock>::print::DisplayBacktrace as core[a373ad73a504971]::fmt::Display>::fmt
[INFO] [stdout]    1:     0x563ba36a20ba - core[a373ad73a504971]::fmt::write
[INFO] [stdout]    2:     0x563ba368effc - <alloc[2e1b2a31b91974c5]::vec::Vec<u8> as core[a373ad73a504971]::io::write::Write>::write_fmt
[INFO] [stdout]    3:     0x563ba3663716 - std[617be2ca0a6fd877]::panicking::default_hook::{closure#0}
[INFO] [stdout]    4:     0x563ba3681669 - std[617be2ca0a6fd877]::panicking::default_hook
[INFO] [stdout]    5:     0x563ba358b530 - test[aada8e7e76ba119b]::test_main_inner::{closure#0}
[INFO] [stdout]    6:     0x563ba3681992 - std[617be2ca0a6fd877]::panicking::panic_with_hook
[INFO] [stdout]    7:     0x563ba36637c2 - std[617be2ca0a6fd877]::panicking::panic_handler::{closure#0}
[INFO] [stdout]    8:     0x563ba365bfb9 - std[617be2ca0a6fd877]::sys::backtrace::__rust_end_short_backtrace::<std[617be2ca0a6fd877]::panicking::panic_handler::{closure#0}, !>
[INFO] [stdout]    9:     0x563ba36647dd - __rustc[ea4f61d10b84890b]::rust_begin_unwind
[INFO] [stdout]   10:     0x563ba36a285c - core[a373ad73a504971]::panicking::panic_fmt
[INFO] [stdout]   11:     0x563ba36a2632 - core[a373ad73a504971]::result::unwrap_failed
[INFO] [stdout]   12:     0x563ba34d1bbb - erio[87b8b002db6751c7]::app::tests::question_mark_enters_help_mode::{closure#0}
[INFO] [stdout]   13:     0x563ba346ffe3 - <tokio[b16df4d2e36d14a1]::runtime::scheduler::current_thread::Context>::enter::<core[a373ad73a504971]::task::poll::Poll<()>, <tokio[b16df4d2e36d14a1]::runtime::scheduler::current_thread::CoreGuard>::block_on<core[a373ad73a504971]::pin::Pin<&mut core[a373ad73a504971]::pin::Pin<&mut dyn core[a373ad73a504971]::future::future::Future<Output = ()>>>>::{closure#0}::{closure#0}>
[INFO] [stdout]   14:     0x563ba3499b5c - <tokio[b16df4d2e36d14a1]::runtime::context::scoped::Scoped<tokio[b16df4d2e36d14a1]::runtime::scheduler::Context>>::set::<<tokio[b16df4d2e36d14a1]::runtime::scheduler::current_thread::CoreGuard>::enter<<tokio[b16df4d2e36d14a1]::runtime::scheduler::current_thread::CoreGuard>::block_on<core[a373ad73a504971]::pin::Pin<&mut core[a373ad73a504971]::pin::Pin<&mut dyn core[a373ad73a504971]::future::future::Future<Output = ()>>>>::{closure#0}, core[a373ad73a504971]::option::Option<()>>::{closure#0}, (alloc[2e1b2a31b91974c5]::boxed::Box<tokio[b16df4d2e36d14a1]::runtime::scheduler::current_thread::Core>, core[a373ad73a504971]::option::Option<()>)>
[INFO] [stdout]   15:     0x563ba346fc0c - <tokio[b16df4d2e36d14a1]::runtime::runtime::Runtime>::block_on::<core[a373ad73a504971]::pin::Pin<&mut dyn core[a373ad73a504971]::future::future::Future<Output = ()>>>
[INFO] [stdout]   16:     0x563ba34dd26e - <erio[87b8b002db6751c7]::app::tests::question_mark_enters_help_mode::{closure#0} as core[a373ad73a504971]::ops::function::FnOnce<()>>::call_once
[INFO] [stdout]   17:     0x563ba357e97b - test[aada8e7e76ba119b]::__rust_begin_short_backtrace::<core[a373ad73a504971]::result::Result<(), alloc[2e1b2a31b91974c5]::string::String>, fn() -> core[a373ad73a504971]::result::Result<(), alloc[2e1b2a31b91974c5]::string::String>>
[INFO] [stdout]   18:     0x563ba358bb55 - test[aada8e7e76ba119b]::run_test::{closure#0}
[INFO] [stdout]   19:     0x563ba3585444 - std[617be2ca0a6fd877]::sys::backtrace::__rust_begin_short_backtrace::<test[aada8e7e76ba119b]::run_test::{closure#1}, ()>
[INFO] [stdout]   20:     0x563ba358ebe2 - <std[617be2ca0a6fd877]::thread::lifecycle::spawn_unchecked<test[aada8e7e76ba119b]::run_test::{closure#1}, ()>::{closure#1} as core[a373ad73a504971]::ops::function::FnOnce<()>>::call_once::{shim:vtable#0}
[INFO] [stdout]   21:     0x563ba36894af - <std[617be2ca0a6fd877]::sys::thread::unix::Thread>::new::thread_start
[INFO] [stdout]   22:     0x74973c827dfa - <unknown>
[INFO] [stdout]   23:     0x74973c8bb3d4 - clone
[INFO] [stdout]   24:                0x0 - <unknown>
[INFO] [stdout] 
[INFO] [stdout] ---- app::tests::prune_images_enters_confirm_mode stdout ----
[INFO] [stdout] 
[INFO] [stdout] thread 'app::tests::prune_images_enters_confirm_mode' (1374) panicked at src/app.rs:2636:60:
[INFO] [stdout] called `Result::unwrap()` on an `Err` value: SocketNotFoundError("/var/run/docker.sock")
[INFO] [stdout] stack backtrace:
[INFO] [stdout]    0:     0x563ba368a541 - <<std[617be2ca0a6fd877]::sys::backtrace::BacktraceLock>::print::DisplayBacktrace as core[a373ad73a504971]::fmt::Display>::fmt
[INFO] [stdout]    1:     0x563ba36a20ba - core[a373ad73a504971]::fmt::write
[INFO] [stdout]    2:     0x563ba368effc - <alloc[2e1b2a31b91974c5]::vec::Vec<u8> as core[a373ad73a504971]::io::write::Write>::write_fmt
[INFO] [stdout]    3:     0x563ba3663716 - std[617be2ca0a6fd877]::panicking::default_hook::{closure#0}
[INFO] [stdout]    4:     0x563ba3681669 - std[617be2ca0a6fd877]::panicking::default_hook
[INFO] [stdout]    5:     0x563ba358b530 - test[aada8e7e76ba119b]::test_main_inner::{closure#0}
[INFO] [stdout]    6:     0x563ba3681992 - std[617be2ca0a6fd877]::panicking::panic_with_hook
[INFO] [stdout]    7:     0x563ba36637c2 - std[617be2ca0a6fd877]::panicking::panic_handler::{closure#0}
[INFO] [stdout]    8:     0x563ba365bfb9 - std[617be2ca0a6fd877]::sys::backtrace::__rust_end_short_backtrace::<std[617be2ca0a6fd877]::panicking::panic_handler::{closure#0}, !>
[INFO] [stdout]    9:     0x563ba36647dd - __rustc[ea4f61d10b84890b]::rust_begin_unwind
[INFO] [stdout]   10:     0x563ba36a285c - core[a373ad73a504971]::panicking::panic_fmt
[INFO] [stdout]   11:     0x563ba36a2632 - core[a373ad73a504971]::result::unwrap_failed
[INFO] [stdout]   12:     0x563ba34d2ce1 - erio[87b8b002db6751c7]::app::tests::prune_images_enters_confirm_mode::{closure#0}
[INFO] [stdout]   13:     0x563ba346ffe3 - <tokio[b16df4d2e36d14a1]::runtime::scheduler::current_thread::Context>::enter::<core[a373ad73a504971]::task::poll::Poll<()>, <tokio[b16df4d2e36d14a1]::runtime::scheduler::current_thread::CoreGuard>::block_on<core[a373ad73a504971]::pin::Pin<&mut core[a373ad73a504971]::pin::Pin<&mut dyn core[a373ad73a504971]::future::future::Future<Output = ()>>>>::{closure#0}::{closure#0}>
[INFO] [stdout]   14:     0x563ba3499b5c - <tokio[b16df4d2e36d14a1]::runtime::context::scoped::Scoped<tokio[b16df4d2e36d14a1]::runtime::scheduler::Context>>::set::<<tokio[b16df4d2e36d14a1]::runtime::scheduler::current_thread::CoreGuard>::enter<<tokio[b16df4d2e36d14a1]::runtime::scheduler::current_thread::CoreGuard>::block_on<core[a373ad73a504971]::pin::Pin<&mut core[a373ad73a504971]::pin::Pin<&mut dyn core[a373ad73a504971]::future::future::Future<Output = ()>>>>::{closure#0}, core[a373ad73a504971]::option::Option<()>>::{closure#0}, (alloc[2e1b2a31b91974c5]::boxed::Box<tokio[b16df4d2e36d14a1]::runtime::scheduler::current_thread::Core>, core[a373ad73a504971]::option::Option<()>)>
[INFO] [stdout]   15:     0x563ba346fc0c - <tokio[b16df4d2e36d14a1]::runtime::runtime::Runtime>::block_on::<core[a373ad73a504971]::pin::Pin<&mut dyn core[a373ad73a504971]::future::future::Future<Output = ()>>>
[INFO] [stdout]   16:     0x563ba34dd6ae - <erio[87b8b002db6751c7]::app::tests::prune_images_enters_confirm_mode::{closure#0} as core[a373ad73a504971]::ops::function::FnOnce<()>>::call_once
[INFO] [stdout]   17:     0x563ba357e97b - test[aada8e7e76ba119b]::__rust_begin_short_backtrace::<core[a373ad73a504971]::result::Result<(), alloc[2e1b2a31b91974c5]::string::String>, fn() -> core[a373ad73a504971]::result::Result<(), alloc[2e1b2a31b91974c5]::string::String>>
[INFO] [stdout]   18:     0x563ba358bb55 - test[aada8e7e76ba119b]::run_test::{closure#0}
[INFO] [stdout]   19:     0x563ba3585444 - std[617be2ca0a6fd877]::sys::backtrace::__rust_begin_short_backtrace::<test[aada8e7e76ba119b]::run_test::{closure#1}, ()>
[INFO] [stdout]   20:     0x563ba358ebe2 - <std[617be2ca0a6fd877]::thread::lifecycle::spawn_unchecked<test[aada8e7e76ba119b]::run_test::{closure#1}, ()>::{closure#1} as core[a373ad73a504971]::ops::function::FnOnce<()>>::call_once::{shim:vtable#0}
[INFO] [stdout]   21:     0x563ba36894af - <std[617be2ca0a6fd877]::sys::thread::unix::Thread>::new::thread_start
[INFO] [stdout]   22:     0x74973c827dfa - <unknown>
[INFO] [stdout]   23:     0x74973c8bb3d4 - clone
[INFO] [stdout]   24:                0x0 - <unknown>
[INFO] [stdout] 
[INFO] [stdout] ---- app::tests::env_vars_loaded_updates_state_and_marks_dirty stdout ----
[INFO] [stdout] 
[INFO] [stdout] thread 'app::tests::env_vars_loaded_updates_state_and_marks_dirty' (1365) panicked at src/app.rs:2385:60:
[INFO] [stdout] called `Result::unwrap()` on an `Err` value: SocketNotFoundError("/var/run/docker.sock")
[INFO] [stdout] stack backtrace:
[INFO] [stdout]    0:     0x563ba368a541 - <<std[617be2ca0a6fd877]::sys::backtrace::BacktraceLock>::print::DisplayBacktrace as core[a373ad73a504971]::fmt::Display>::fmt
[INFO] [stdout]    1:     0x563ba36a20ba - core[a373ad73a504971]::fmt::write
[INFO] [stdout]    2:     0x563ba368effc - <alloc[2e1b2a31b91974c5]::vec::Vec<u8> as core[a373ad73a504971]::io::write::Write>::write_fmt
[INFO] [stdout]    3:     0x563ba3663716 - std[617be2ca0a6fd877]::panicking::default_hook::{closure#0}
[INFO] [stdout]    4:     0x563ba3681669 - std[617be2ca0a6fd877]::panicking::default_hook
[INFO] [stdout]    5:     0x563ba358b530 - test[aada8e7e76ba119b]::test_main_inner::{closure#0}
[INFO] [stdout]    6:     0x563ba3681992 - std[617be2ca0a6fd877]::panicking::panic_with_hook
[INFO] [stdout]    7:     0x563ba36637c2 - std[617be2ca0a6fd877]::panicking::panic_handler::{closure#0}
[INFO] [stdout]    8:     0x563ba365bfb9 - std[617be2ca0a6fd877]::sys::backtrace::__rust_end_short_backtrace::<std[617be2ca0a6fd877]::panicking::panic_handler::{closure#0}, !>
[INFO] [stdout]    9:     0x563ba36647dd - __rustc[ea4f61d10b84890b]::rust_begin_unwind
[INFO] [stdout]   10:     0x563ba36a285c - core[a373ad73a504971]::panicking::panic_fmt
[INFO] [stdout]   11:     0x563ba36a2632 - core[a373ad73a504971]::result::unwrap_failed
[INFO] [stdout]   12:     0x563ba34d8857 - erio[87b8b002db6751c7]::app::tests::env_vars_loaded_updates_state_and_marks_dirty::{closure#0}
[INFO] [stdout]   13:     0x563ba346ffe3 - <tokio[b16df4d2e36d14a1]::runtime::scheduler::current_thread::Context>::enter::<core[a373ad73a504971]::task::poll::Poll<()>, <tokio[b16df4d2e36d14a1]::runtime::scheduler::current_thread::CoreGuard>::block_on<core[a373ad73a504971]::pin::Pin<&mut core[a373ad73a504971]::pin::Pin<&mut dyn core[a373ad73a504971]::future::future::Future<Output = ()>>>>::{closure#0}::{closure#0}>
[INFO] [stdout]   14:     0x563ba3499b5c - <tokio[b16df4d2e36d14a1]::runtime::context::scoped::Scoped<tokio[b16df4d2e36d14a1]::runtime::scheduler::Context>>::set::<<tokio[b16df4d2e36d14a1]::runtime::scheduler::current_thread::CoreGuard>::enter<<tokio[b16df4d2e36d14a1]::runtime::scheduler::current_thread::CoreGuard>::block_on<core[a373ad73a504971]::pin::Pin<&mut core[a373ad73a504971]::pin::Pin<&mut dyn core[a373ad73a504971]::future::future::Future<Output = ()>>>>::{closure#0}, core[a373ad73a504971]::option::Option<()>>::{closure#0}, (alloc[2e1b2a31b91974c5]::boxed::Box<tokio[b16df4d2e36d14a1]::runtime::scheduler::current_thread::Core>, core[a373ad73a504971]::option::Option<()>)>
[INFO] [stdout]   15:     0x563ba346fc0c - <tokio[b16df4d2e36d14a1]::runtime::runtime::Runtime>::block_on::<core[a373ad73a504971]::pin::Pin<&mut dyn core[a373ad73a504971]::future::future::Future<Output = ()>>>
[INFO] [stdout]   16:     0x563ba34df5de - <erio[87b8b002db6751c7]::app::tests::env_vars_loaded_updates_state_and_marks_dirty::{closure#0} as core[a373ad73a504971]::ops::function::FnOnce<()>>::call_once
[INFO] [stdout]   17:     0x563ba357e97b - test[aada8e7e76ba119b]::__rust_begin_short_backtrace::<core[a373ad73a504971]::result::Result<(), alloc[2e1b2a31b91974c5]::string::String>, fn() -> core[a373ad73a504971]::result::Result<(), alloc[2e1b2a31b91974c5]::string::String>>
[INFO] [stdout]   18:     0x563ba358bb55 - test[aada8e7e76ba119b]::run_test::{closure#0}
[INFO] [stdout]   19:     0x563ba3585444 - std[617be2ca0a6fd877]::sys::backtrace::__rust_begin_short_backtrace::<test[aada8e7e76ba119b]::run_test::{closure#1}, ()>
[INFO] [stdout]   20:     0x563ba358ebe2 - <std[617be2ca0a6fd877]::thread::lifecycle::spawn_unchecked<test[aada8e7e76ba119b]::run_test::{closure#1}, ()>::{closure#1} as core[a373ad73a504971]::ops::function::FnOnce<()>>::call_once::{shim:vtable#0}
[INFO] [stdout]   21:     0x563ba36894af - <std[617be2ca0a6fd877]::sys::thread::unix::Thread>::new::thread_start
[INFO] [stdout]   22:     0x74973c827dfa - <unknown>
[INFO] [stdout]   23:     0x74973c8bb3d4 - clone
[INFO] [stdout]   24:                0x0 - <unknown>
[INFO] [stdout] 
[INFO] [stdout] ---- app::tests::esc_cancels_confirmation stdout ----
[INFO] [stdout] 
[INFO] [stdout] thread 'app::tests::esc_cancels_confirmation' (1366) panicked at src/app.rs:2611:60:
[INFO] [stdout] called `Result::unwrap()` on an `Err` value: SocketNotFoundError("/var/run/docker.sock")
[INFO] [stdout] stack backtrace:
[INFO] [stdout]    0:     0x563ba368a541 - <<std[617be2ca0a6fd877]::sys::backtrace::BacktraceLock>::print::DisplayBacktrace as core[a373ad73a504971]::fmt::Display>::fmt
[INFO] [stdout]    1:     0x563ba36a20ba - core[a373ad73a504971]::fmt::write
[INFO] [stdout]    2:     0x563ba368effc - <alloc[2e1b2a31b91974c5]::vec::Vec<u8> as core[a373ad73a504971]::io::write::Write>::write_fmt
[INFO] [stdout]    3:     0x563ba3663716 - std[617be2ca0a6fd877]::panicking::default_hook::{closure#0}
[INFO] [stdout]    4:     0x563ba3681669 - std[617be2ca0a6fd877]::panicking::default_hook
[INFO] [stdout]    5:     0x563ba358b530 - test[aada8e7e76ba119b]::test_main_inner::{closure#0}
[INFO] [stdout]    6:     0x563ba3681992 - std[617be2ca0a6fd877]::panicking::panic_with_hook
[INFO] [stdout]    7:     0x563ba36637c2 - std[617be2ca0a6fd877]::panicking::panic_handler::{closure#0}
[INFO] [stdout]    8:     0x563ba365bfb9 - std[617be2ca0a6fd877]::sys::backtrace::__rust_end_short_backtrace::<std[617be2ca0a6fd877]::panicking::panic_handler::{closure#0}, !>
[INFO] [stdout]    9:     0x563ba36647dd - __rustc[ea4f61d10b84890b]::rust_begin_unwind
[INFO] [stdout]   10:     0x563ba36a285c - core[a373ad73a504971]::panicking::panic_fmt
[INFO] [stdout]   11:     0x563ba36a2632 - core[a373ad73a504971]::result::unwrap_failed
[INFO] [stdout]   12:     0x563ba34d0139 - erio[87b8b002db6751c7]::app::tests::esc_cancels_confirmation::{closure#0}
[INFO] [stdout]   13:     0x563ba346ffe3 - <tokio[b16df4d2e36d14a1]::runtime::scheduler::current_thread::Context>::enter::<core[a373ad73a504971]::task::poll::Poll<()>, <tokio[b16df4d2e36d14a1]::runtime::scheduler::current_thread::CoreGuard>::block_on<core[a373ad73a504971]::pin::Pin<&mut core[a373ad73a504971]::pin::Pin<&mut dyn core[a373ad73a504971]::future::future::Future<Output = ()>>>>::{closure#0}::{closure#0}>
[INFO] [stdout]   14:     0x563ba3499b5c - <tokio[b16df4d2e36d14a1]::runtime::context::scoped::Scoped<tokio[b16df4d2e36d14a1]::runtime::scheduler::Context>>::set::<<tokio[b16df4d2e36d14a1]::runtime::scheduler::current_thread::CoreGuard>::enter<<tokio[b16df4d2e36d14a1]::runtime::scheduler::current_thread::CoreGuard>::block_on<core[a373ad73a504971]::pin::Pin<&mut core[a373ad73a504971]::pin::Pin<&mut dyn core[a373ad73a504971]::future::future::Future<Output = ()>>>>::{closure#0}, core[a373ad73a504971]::option::Option<()>>::{closure#0}, (alloc[2e1b2a31b91974c5]::boxed::Box<tokio[b16df4d2e36d14a1]::runtime::scheduler::current_thread::Core>, core[a373ad73a504971]::option::Option<()>)>
[INFO] [stdout]   15:     0x563ba346fc0c - <tokio[b16df4d2e36d14a1]::runtime::runtime::Runtime>::block_on::<core[a373ad73a504971]::pin::Pin<&mut dyn core[a373ad73a504971]::future::future::Future<Output = ()>>>
[INFO] [stdout]   16:     0x563ba34dccae - <erio[87b8b002db6751c7]::app::tests::esc_cancels_confirmation::{closure#0} as core[a373ad73a504971]::ops::function::FnOnce<()>>::call_once
[INFO] [stdout]   17:     0x563ba357e97b - test[aada8e7e76ba119b]::__rust_begin_short_backtrace::<core[a373ad73a504971]::result::Result<(), alloc[2e1b2a31b91974c5]::string::String>, fn() -> core[a373ad73a504971]::result::Result<(), alloc[2e1b2a31b91974c5]::string::String>>
[INFO] [stdout]   18:     0x563ba358bb55 - test[aada8e7e76ba119b]::run_test::{closure#0}
[INFO] [stdout]   19:     0x563ba3585444 - std[617be2ca0a6fd877]::sys::backtrace::__rust_begin_short_backtrace::<test[aada8e7e76ba119b]::run_test::{closure#1}, ()>
[INFO] [stdout]   20:     0x563ba358ebe2 - <std[617be2ca0a6fd877]::thread::lifecycle::spawn_unchecked<test[aada8e7e76ba119b]::run_test::{closure#1}, ()>::{closure#1} as core[a373ad73a504971]::ops::function::FnOnce<()>>::call_once::{shim:vtable#0}
[INFO] [stdout]   21:     0x563ba36894af - <std[617be2ca0a6fd877]::sys::thread::unix::Thread>::new::thread_start
[INFO] [stdout]   22:     0x74973c827dfa - <unknown>
[INFO] [stdout]   23:     0x74973c8bb3d4 - clone
[INFO] [stdout]   24:                0x0 - <unknown>
[INFO] [stdout] 
[INFO] [stdout] ---- app::tests::quit_without_confirm_on_quit_requests_shutdown stdout ----
[INFO] [stdout] 
[INFO] [stdout] thread 'app::tests::quit_without_confirm_on_quit_requests_shutdown' (1379) panicked at src/app.rs:2967:60:
[INFO] [stdout] called `Result::unwrap()` on an `Err` value: SocketNotFoundError("/var/run/docker.sock")
[INFO] [stdout] stack backtrace:
[INFO] [stdout]    0:     0x563ba368a541 - <<std[617be2ca0a6fd877]::sys::backtrace::BacktraceLock>::print::DisplayBacktrace as core[a373ad73a504971]::fmt::Display>::fmt
[INFO] [stdout]    1:     0x563ba36a20ba - core[a373ad73a504971]::fmt::write
[INFO] [stdout]    2:     0x563ba368effc - <alloc[2e1b2a31b91974c5]::vec::Vec<u8> as core[a373ad73a504971]::io::write::Write>::write_fmt
[INFO] [stdout]    3:     0x563ba3663716 - std[617be2ca0a6fd877]::panicking::default_hook::{closure#0}
[INFO] [stdout]    4:     0x563ba3681669 - std[617be2ca0a6fd877]::panicking::default_hook
[INFO] [stdout]    5:     0x563ba358b530 - test[aada8e7e76ba119b]::test_main_inner::{closure#0}
[INFO] [stdout]    6:     0x563ba3681992 - std[617be2ca0a6fd877]::panicking::panic_with_hook
[INFO] [stdout]    7:     0x563ba36637c2 - std[617be2ca0a6fd877]::panicking::panic_handler::{closure#0}
[INFO] [stdout]    8:     0x563ba365bfb9 - std[617be2ca0a6fd877]::sys::backtrace::__rust_end_short_backtrace::<std[617be2ca0a6fd877]::panicking::panic_handler::{closure#0}, !>
[INFO] [stdout]    9:     0x563ba36647dd - __rustc[ea4f61d10b84890b]::rust_begin_unwind
[INFO] [stdout]   10:     0x563ba36a285c - core[a373ad73a504971]::panicking::panic_fmt
[INFO] [stdout]   11:     0x563ba36a2632 - core[a373ad73a504971]::result::unwrap_failed
[INFO] [stdout]   12:     0x563ba34d9933 - erio[87b8b002db6751c7]::app::tests::quit_without_confirm_on_quit_requests_shutdown::{closure#0}
[INFO] [stdout]   13:     0x563ba346ffe3 - <tokio[b16df4d2e36d14a1]::runtime::scheduler::current_thread::Context>::enter::<core[a373ad73a504971]::task::poll::Poll<()>, <tokio[b16df4d2e36d14a1]::runtime::scheduler::current_thread::CoreGuard>::block_on<core[a373ad73a504971]::pin::Pin<&mut core[a373ad73a504971]::pin::Pin<&mut dyn core[a373ad73a504971]::future::future::Future<Output = ()>>>>::{closure#0}::{closure#0}>
[INFO] [stdout]   14:     0x563ba3499b5c - <tokio[b16df4d2e36d14a1]::runtime::context::scoped::Scoped<tokio[b16df4d2e36d14a1]::runtime::scheduler::Context>>::set::<<tokio[b16df4d2e36d14a1]::runtime::scheduler::current_thread::CoreGuard>::enter<<tokio[b16df4d2e36d14a1]::runtime::scheduler::current_thread::CoreGuard>::block_on<core[a373ad73a504971]::pin::Pin<&mut core[a373ad73a504971]::pin::Pin<&mut dyn core[a373ad73a504971]::future::future::Future<Output = ()>>>>::{closure#0}, core[a373ad73a504971]::option::Option<()>>::{closure#0}, (alloc[2e1b2a31b91974c5]::boxed::Box<tokio[b16df4d2e36d14a1]::runtime::scheduler::current_thread::Core>, core[a373ad73a504971]::option::Option<()>)>
[INFO] [stdout]   15:     0x563ba346fc0c - <tokio[b16df4d2e36d14a1]::runtime::runtime::Runtime>::block_on::<core[a373ad73a504971]::pin::Pin<&mut dyn core[a373ad73a504971]::future::future::Future<Output = ()>>>
[INFO] [stdout]   16:     0x563ba34dfa5e - <erio[87b8b002db6751c7]::app::tests::quit_without_confirm_on_quit_requests_shutdown::{closure#0} as core[a373ad73a504971]::ops::function::FnOnce<()>>::call_once
[INFO] [stdout]   17:     0x563ba357e97b - test[aada8e7e76ba119b]::__rust_begin_short_backtrace::<core[a373ad73a504971]::result::Result<(), alloc[2e1b2a31b91974c5]::string::String>, fn() -> core[a373ad73a504971]::result::Result<(), alloc[2e1b2a31b91974c5]::string::String>>
[INFO] [stdout]   18:     0x563ba358bb55 - test[aada8e7e76ba119b]::run_test::{closure#0}
[INFO] [stdout]   19:     0x563ba3585444 - std[617be2ca0a6fd877]::sys::backtrace::__rust_begin_short_backtrace::<test[aada8e7e76ba119b]::run_test::{closure#1}, ()>
[INFO] [stdout]   20:     0x563ba358ebe2 - <std[617be2ca0a6fd877]::thread::lifecycle::spawn_unchecked<test[aada8e7e76ba119b]::run_test::{closure#1}, ()>::{closure#1} as core[a373ad73a504971]::ops::function::FnOnce<()>>::call_once::{shim:vtable#0}
[INFO] [stdout]   21:     0x563ba36894af - <std[617be2ca0a6fd877]::sys::thread::unix::Thread>::new::thread_start
[INFO] [stdout]   22:     0x74973c827dfa - <unknown>
[INFO] [stdout]   23:     0x74973c8bb3d4 - clone
[INFO] [stdout]   24:                0x0 - <unknown>
[INFO] [stdout] 
[INFO] [stdout] ---- app::tests::show_help_enters_help_mode stdout ----
[INFO] [stdout] 
[INFO] [stdout] thread 'app::tests::show_help_enters_help_mode' (1382) panicked at src/app.rs:2809:60:
[INFO] [stdout] called `Result::unwrap()` on an `Err` value: SocketNotFoundError("/var/run/docker.sock")
[INFO] [stdout] stack backtrace:
[INFO] [stdout]    0:     0x563ba368a541 - <<std[617be2ca0a6fd877]::sys::backtrace::BacktraceLock>::print::DisplayBacktrace as core[a373ad73a504971]::fmt::Display>::fmt
[INFO] [stdout]    1:     0x563ba36a20ba - core[a373ad73a504971]::fmt::write
[INFO] [stdout]    2:     0x563ba368effc - <alloc[2e1b2a31b91974c5]::vec::Vec<u8> as core[a373ad73a504971]::io::write::Write>::write_fmt
[INFO] [stdout]    3:     0x563ba3663716 - std[617be2ca0a6fd877]::panicking::default_hook::{closure#0}
[INFO] [stdout]    4:     0x563ba3681669 - std[617be2ca0a6fd877]::panicking::default_hook
[INFO] [stdout]    5:     0x563ba358b530 - test[aada8e7e76ba119b]::test_main_inner::{closure#0}
[INFO] [stdout]    6:     0x563ba3681992 - std[617be2ca0a6fd877]::panicking::panic_with_hook
[INFO] [stdout]    7:     0x563ba36637c2 - std[617be2ca0a6fd877]::panicking::panic_handler::{closure#0}
[INFO] [stdout]    8:     0x563ba365bfb9 - std[617be2ca0a6fd877]::sys::backtrace::__rust_end_short_backtrace::<std[617be2ca0a6fd877]::panicking::panic_handler::{closure#0}, !>
[INFO] [stdout]    9:     0x563ba36647dd - __rustc[ea4f61d10b84890b]::rust_begin_unwind
[INFO] [stdout]   10:     0x563ba36a285c - core[a373ad73a504971]::panicking::panic_fmt
[INFO] [stdout]   11:     0x563ba36a2632 - core[a373ad73a504971]::result::unwrap_failed
[INFO] [stdout]   12:     0x563ba34d04c7 - erio[87b8b002db6751c7]::app::tests::show_help_enters_help_mode::{closure#0}
[INFO] [stdout]   13:     0x563ba346ffe3 - <tokio[b16df4d2e36d14a1]::runtime::scheduler::current_thread::Context>::enter::<core[a373ad73a504971]::task::poll::Poll<()>, <tokio[b16df4d2e36d14a1]::runtime::scheduler::current_thread::CoreGuard>::block_on<core[a373ad73a504971]::pin::Pin<&mut core[a373ad73a504971]::pin::Pin<&mut dyn core[a373ad73a504971]::future::future::Future<Output = ()>>>>::{closure#0}::{closure#0}>
[INFO] [stdout]   14:     0x563ba3499b5c - <tokio[b16df4d2e36d14a1]::runtime::context::scoped::Scoped<tokio[b16df4d2e36d14a1]::runtime::scheduler::Context>>::set::<<tokio[b16df4d2e36d14a1]::runtime::scheduler::current_thread::CoreGuard>::enter<<tokio[b16df4d2e36d14a1]::runtime::scheduler::current_thread::CoreGuard>::block_on<core[a373ad73a504971]::pin::Pin<&mut core[a373ad73a504971]::pin::Pin<&mut dyn core[a373ad73a504971]::future::future::Future<Output = ()>>>>::{closure#0}, core[a373ad73a504971]::option::Option<()>>::{closure#0}, (alloc[2e1b2a31b91974c5]::boxed::Box<tokio[b16df4d2e36d14a1]::runtime::scheduler::current_thread::Core>, core[a373ad73a504971]::option::Option<()>)>
[INFO] [stdout]   15:     0x563ba346fc0c - <tokio[b16df4d2e36d14a1]::runtime::runtime::Runtime>::block_on::<core[a373ad73a504971]::pin::Pin<&mut dyn core[a373ad73a504971]::future::future::Future<Output = ()>>>
[INFO] [stdout]   16:     0x563ba34dce2e - <erio[87b8b002db6751c7]::app::tests::show_help_enters_help_mode::{closure#0} as core[a373ad73a504971]::ops::function::FnOnce<()>>::call_once
[INFO] [stdout]   17:     0x563ba357e97b - test[aada8e7e76ba119b]::__rust_begin_short_backtrace::<core[a373ad73a504971]::result::Result<(), alloc[2e1b2a31b91974c5]::string::String>, fn() -> core[a373ad73a504971]::result::Result<(), alloc[2e1b2a31b91974c5]::string::String>>
[INFO] [stdout]   18:     0x563ba358bb55 - test[aada8e7e76ba119b]::run_test::{closure#0}
[INFO] [stdout]   19:     0x563ba3585444 - std[617be2ca0a6fd877]::sys::backtrace::__rust_begin_short_backtrace::<test[aada8e7e76ba119b]::run_test::{closure#1}, ()>
[INFO] [stdout]   20:     0x563ba358ebe2 - <std[617be2ca0a6fd877]::thread::lifecycle::spawn_unchecked<test[aada8e7e76ba119b]::run_test::{closure#1}, ()>::{closure#1} as core[a373ad73a504971]::ops::function::FnOnce<()>>::call_once::{shim:vtable#0}
[INFO] [stdout]   21:     0x563ba36894af - <std[617be2ca0a6fd877]::sys::thread::unix::Thread>::new::thread_start
[INFO] [stdout]   22:     0x74973c827dfa - <unknown>
[INFO] [stdout]   23:     0x74973c8bb3d4 - clone
[INFO] [stdout]   24:                0x0 - <unknown>
[INFO] [stdout] 
[INFO] [stdout] ---- app::tests::action_failure_sets_persistent_error_message stdout ----
[INFO] [stdout] 
[INFO] [stdout] thread 'app::tests::action_failure_sets_persistent_error_message' (1356) panicked at src/app.rs:2411:60:
[INFO] [stdout] called `Result::unwrap()` on an `Err` value: SocketNotFoundError("/var/run/docker.sock")
[INFO] [stdout] stack backtrace:
[INFO] [stdout]    0:     0x563ba368a541 - <<std[617be2ca0a6fd877]::sys::backtrace::BacktraceLock>::print::DisplayBacktrace as core[a373ad73a504971]::fmt::Display>::fmt
[INFO] [stdout]    1:     0x563ba36a20ba - core[a373ad73a504971]::fmt::write
[INFO] [stdout]    2:     0x563ba368effc - <alloc[2e1b2a31b91974c5]::vec::Vec<u8> as core[a373ad73a504971]::io::write::Write>::write_fmt
[INFO] [stdout]    3:     0x563ba3663716 - std[617be2ca0a6fd877]::panicking::default_hook::{closure#0}
[INFO] [stdout]    4:     0x563ba3681669 - std[617be2ca0a6fd877]::panicking::default_hook
[INFO] [stdout]    5:     0x563ba358b530 - test[aada8e7e76ba119b]::test_main_inner::{closure#0}
[INFO] [stdout]    6:     0x563ba3681992 - std[617be2ca0a6fd877]::panicking::panic_with_hook
[INFO] [stdout]    7:     0x563ba36637c2 - std[617be2ca0a6fd877]::panicking::panic_handler::{closure#0}
[INFO] [stdout]    8:     0x563ba365bfb9 - std[617be2ca0a6fd877]::sys::backtrace::__rust_end_short_backtrace::<std[617be2ca0a6fd877]::panicking::panic_handler::{closure#0}, !>
[INFO] [stdout]    9:     0x563ba36647dd - __rustc[ea4f61d10b84890b]::rust_begin_unwind
[INFO] [stdout]   10:     0x563ba36a285c - core[a373ad73a504971]::panicking::panic_fmt
[INFO] [stdout]   11:     0x563ba36a2632 - core[a373ad73a504971]::result::unwrap_failed
[INFO] [stdout]   12:     0x563ba34d7680 - erio[87b8b002db6751c7]::app::tests::action_failure_sets_persistent_error_message::{closure#0}
[INFO] [stdout]   13:     0x563ba346ffe3 - <tokio[b16df4d2e36d14a1]::runtime::scheduler::current_thread::Context>::enter::<core[a373ad73a504971]::task::poll::Poll<()>, <tokio[b16df4d2e36d14a1]::runtime::scheduler::current_thread::CoreGuard>::block_on<core[a373ad73a504971]::pin::Pin<&mut core[a373ad73a504971]::pin::Pin<&mut dyn core[a373ad73a504971]::future::future::Future<Output = ()>>>>::{closure#0}::{closure#0}>
[INFO] [stdout]   14:     0x563ba3499b5c - <tokio[b16df4d2e36d14a1]::runtime::context::scoped::Scoped<tokio[b16df4d2e36d14a1]::runtime::scheduler::Context>>::set::<<tokio[b16df4d2e36d14a1]::runtime::scheduler::current_thread::CoreGuard>::enter<<tokio[b16df4d2e36d14a1]::runtime::scheduler::current_thread::CoreGuard>::block_on<core[a373ad73a504971]::pin::Pin<&mut core[a373ad73a504971]::pin::Pin<&mut dyn core[a373ad73a504971]::future::future::Future<Output = ()>>>>::{closure#0}, core[a373ad73a504971]::option::Option<()>>::{closure#0}, (alloc[2e1b2a31b91974c5]::boxed::Box<tokio[b16df4d2e36d14a1]::runtime::scheduler::current_thread::Core>, core[a373ad73a504971]::option::Option<()>)>
[INFO] [stdout]   15:     0x563ba346fc0c - <tokio[b16df4d2e36d14a1]::runtime::runtime::Runtime>::block_on::<core[a373ad73a504971]::pin::Pin<&mut dyn core[a373ad73a504971]::future::future::Future<Output = ()>>>
[INFO] [stdout]   16:     0x563ba34df31e - <erio[87b8b002db6751c7]::app::tests::action_failure_sets_persistent_error_message::{closure#0} as core[a373ad73a504971]::ops::function::FnOnce<()>>::call_once
[INFO] [stdout]   17:     0x563ba357e97b - test[aada8e7e76ba119b]::__rust_begin_short_backtrace::<core[a373ad73a504971]::result::Result<(), alloc[2e1b2a31b91974c5]::string::String>, fn() -> core[a373ad73a504971]::result::Result<(), alloc[2e1b2a31b91974c5]::string::String>>
[INFO] [stdout]   18:     0x563ba358bb55 - test[aada8e7e76ba119b]::run_test::{closure#0}
[INFO] [stdout]   19:     0x563ba3585444 - std[617be2ca0a6fd877]::sys::backtrace::__rust_begin_short_backtrace::<test[aada8e7e76ba119b]::run_test::{closure#1}, ()>
[INFO] [stdout]   20:     0x563ba358ebe2 - <std[617be2ca0a6fd877]::thread::lifecycle::spawn_unchecked<test[aada8e7e76ba119b]::run_test::{closure#1}, ()>::{closure#1} as core[a373ad73a504971]::ops::function::FnOnce<()>>::call_once::{shim:vtable#0}
[INFO] [stdout]   21:     0x563ba36894af - <std[617be2ca0a6fd877]::sys::thread::unix::Thread>::new::thread_start
[INFO] [stdout]   22:     0x74973c827dfa - <unknown>
[INFO] [stdout]   23:     0x74973c8bb3d4 - clone
[INFO] [stdout]   24:                0x0 - <unknown>
[INFO] [stdout] 
[INFO] [stdout] ---- app::tests::exec_shell_sets_pending_flag stdout ----
[INFO] [stdout] 
[INFO] [stdout] thread 'app::tests::exec_shell_sets_pending_flag' (1368) panicked at src/app.rs:2870:60:
[INFO] [stdout] called `Result::unwrap()` on an `Err` value: SocketNotFoundError("/var/run/docker.sock")
[INFO] [stdout] stack backtrace:
[INFO] [stdout]    0:     0x563ba368a541 - <<std[617be2ca0a6fd877]::sys::backtrace::BacktraceLock>::print::DisplayBacktrace as core[a373ad73a504971]::fmt::Display>::fmt
[INFO] [stdout]    1:     0x563ba36a20ba - core[a373ad73a504971]::fmt::write
[INFO] [stdout]    2:     0x563ba368effc - <alloc[2e1b2a31b91974c5]::vec::Vec<u8> as core[a373ad73a504971]::io::write::Write>::write_fmt
[INFO] [stdout]    3:     0x563ba3663716 - std[617be2ca0a6fd877]::panicking::default_hook::{closure#0}
[INFO] [stdout]    4:     0x563ba3681669 - std[617be2ca0a6fd877]::panicking::default_hook
[INFO] [stdout]    5:     0x563ba358b530 - test[aada8e7e76ba119b]::test_main_inner::{closure#0}
[INFO] [stdout]    6:     0x563ba3681992 - std[617be2ca0a6fd877]::panicking::panic_with_hook
[INFO] [stdout]    7:     0x563ba36637c2 - std[617be2ca0a6fd877]::panicking::panic_handler::{closure#0}
[INFO] [stdout]    8:     0x563ba365bfb9 - std[617be2ca0a6fd877]::sys::backtrace::__rust_end_short_backtrace::<std[617be2ca0a6fd877]::panicking::panic_handler::{closure#0}, !>
[INFO] [stdout]    9:     0x563ba36647dd - __rustc[ea4f61d10b84890b]::rust_begin_unwind
[INFO] [stdout]   10:     0x563ba36a285c - core[a373ad73a504971]::panicking::panic_fmt
[INFO] [stdout]   11:     0x563ba36a2632 - core[a373ad73a504971]::result::unwrap_failed
[INFO] [stdout]   12:     0x563ba34d0baf - erio[87b8b002db6751c7]::app::tests::exec_shell_sets_pending_flag::{closure#0}
[INFO] [stdout]   13:     0x563ba346ffe3 - <tokio[b16df4d2e36d14a1]::runtime::scheduler::current_thread::Context>::enter::<core[a373ad73a504971]::task::poll::Poll<()>, <tokio[b16df4d2e36d14a1]::runtime::scheduler::current_thread::CoreGuard>::block_on<core[a373ad73a504971]::pin::Pin<&mut core[a373ad73a504971]::pin::Pin<&mut dyn core[a373ad73a504971]::future::future::Future<Output = ()>>>>::{closure#0}::{closure#0}>
[INFO] [stdout]   14:     0x563ba3499b5c - <tokio[b16df4d2e36d14a1]::runtime::context::scoped::Scoped<tokio[b16df4d2e36d14a1]::runtime::scheduler::Context>>::set::<<tokio[b16df4d2e36d14a1]::runtime::scheduler::current_thread::CoreGuard>::enter<<tokio[b16df4d2e36d14a1]::runtime::scheduler::current_thread::CoreGuard>::block_on<core[a373ad73a504971]::pin::Pin<&mut core[a373ad73a504971]::pin::Pin<&mut dyn core[a373ad73a504971]::future::future::Future<Output = ()>>>>::{closure#0}, core[a373ad73a504971]::option::Option<()>>::{closure#0}, (alloc[2e1b2a31b91974c5]::boxed::Box<tokio[b16df4d2e36d14a1]::runtime::scheduler::current_thread::Core>, core[a373ad73a504971]::option::Option<()>)>
[INFO] [stdout]   15:     0x563ba346fc0c - <tokio[b16df4d2e36d14a1]::runtime::runtime::Runtime>::block_on::<core[a373ad73a504971]::pin::Pin<&mut dyn core[a373ad73a504971]::future::future::Future<Output = ()>>>
[INFO] [stdout]   16:     0x563ba34dcfae - <erio[87b8b002db6751c7]::app::tests::exec_shell_sets_pending_flag::{closure#0} as core[a373ad73a504971]::ops::function::FnOnce<()>>::call_once
[INFO] [stdout]   17:     0x563ba357e97b - test[aada8e7e76ba119b]::__rust_begin_short_backtrace::<core[a373ad73a504971]::result::Result<(), alloc[2e1b2a31b91974c5]::string::String>, fn() -> core[a373ad73a504971]::result::Result<(), alloc[2e1b2a31b91974c5]::string::String>>
[INFO] [stdout]   18:     0x563ba358bb55 - test[aada8e7e76ba119b]::run_test::{closure#0}
[INFO] [stdout]   19:     0x563ba3585444 - std[617be2ca0a6fd877]::sys::backtrace::__rust_begin_short_backtrace::<test[aada8e7e76ba119b]::run_test::{closure#1}, ()>
[INFO] [stdout]   20:     0x563ba358ebe2 - <std[617be2ca0a6fd877]::thread::lifecycle::spawn_unchecked<test[aada8e7e76ba119b]::run_test::{closure#1}, ()>::{closure#1} as core[a373ad73a504971]::ops::function::FnOnce<()>>::call_once::{shim:vtable#0}
[INFO] [stdout]   21:     0x563ba36894af - <std[617be2ca0a6fd877]::sys::thread::unix::Thread>::new::thread_start
[INFO] [stdout]   22:     0x74973c827dfa - <unknown>
[INFO] [stdout]   23:     0x74973c8bb3d4 - clone
[INFO] [stdout]   24:                0x0 - <unknown>
[INFO] [stdout] 
[INFO] [stdout] ---- app::tests::prune_on_unsupported_panel_does_nothing stdout ----
[INFO] [stdout] 
[INFO] [stdout] thread 'app::tests::prune_on_unsupported_panel_does_nothing' (1375) panicked at src/app.rs:2697:60:
[INFO] [stdout] called `Result::unwrap()` on an `Err` value: SocketNotFoundError("/var/run/docker.sock")
[INFO] [stdout] stack backtrace:
[INFO] [stdout]    0:     0x563ba368a541 - <<std[617be2ca0a6fd877]::sys::backtrace::BacktraceLock>::print::DisplayBacktrace as core[a373ad73a504971]::fmt::Display>::fmt
[INFO] [stdout]    1:     0x563ba36a20ba - core[a373ad73a504971]::fmt::write
[INFO] [stdout]    2:     0x563ba368effc - <alloc[2e1b2a31b91974c5]::vec::Vec<u8> as core[a373ad73a504971]::io::write::Write>::write_fmt
[INFO] [stdout]    3:     0x563ba3663716 - std[617be2ca0a6fd877]::panicking::default_hook::{closure#0}
[INFO] [stdout]    4:     0x563ba3681669 - std[617be2ca0a6fd877]::panicking::default_hook
[INFO] [stdout]    5:     0x563ba358b530 - test[aada8e7e76ba119b]::test_main_inner::{closure#0}
[INFO] [stdout]    6:     0x563ba3681992 - std[617be2ca0a6fd877]::panicking::panic_with_hook
[INFO] [stdout]    7:     0x563ba36637c2 - std[617be2ca0a6fd877]::panicking::panic_handler::{closure#0}
[INFO] [stdout]    8:     0x563ba365bfb9 - std[617be2ca0a6fd877]::sys::backtrace::__rust_end_short_backtrace::<std[617be2ca0a6fd877]::panicking::panic_handler::{closure#0}, !>
[INFO] [stdout]    9:     0x563ba36647dd - __rustc[ea4f61d10b84890b]::rust_begin_unwind
[INFO] [stdout]   10:     0x563ba36a285c - core[a373ad73a504971]::panicking::panic_fmt
[INFO] [stdout]   11:     0x563ba36a2632 - core[a373ad73a504971]::result::unwrap_failed
[INFO] [stdout]   12:     0x563ba34d7144 - erio[87b8b002db6751c7]::app::tests::prune_on_unsupported_panel_does_nothing::{closure#0}
[INFO] [stdout]   13:     0x563ba346ffe3 - <tokio[b16df4d2e36d14a1]::runtime::scheduler::current_thread::Context>::enter::<core[a373ad73a504971]::task::poll::Poll<()>, <tokio[b16df4d2e36d14a1]::runtime::scheduler::current_thread::CoreGuard>::block_on<core[a373ad73a504971]::pin::Pin<&mut core[a373ad73a504971]::pin::Pin<&mut dyn core[a373ad73a504971]::future::future::Future<Output = ()>>>>::{closure#0}::{closure#0}>
[INFO] [stdout]   14:     0x563ba3499b5c - <tokio[b16df4d2e36d14a1]::runtime::context::scoped::Scoped<tokio[b16df4d2e36d14a1]::runtime::scheduler::Context>>::set::<<tokio[b16df4d2e36d14a1]::runtime::scheduler::current_thread::CoreGuard>::enter<<tokio[b16df4d2e36d14a1]::runtime::scheduler::current_thread::CoreGuard>::block_on<core[a373ad73a504971]::pin::Pin<&mut core[a373ad73a504971]::pin::Pin<&mut dyn core[a373ad73a504971]::future::future::Future<Output = ()>>>>::{closure#0}, core[a373ad73a504971]::option::Option<()>>::{closure#0}, (alloc[2e1b2a31b91974c5]::boxed::Box<tokio[b16df4d2e36d14a1]::runtime::scheduler::current_thread::Core>, core[a373ad73a504971]::option::Option<()>)>
[INFO] [stdout]   15:     0x563ba346fc0c - <tokio[b16df4d2e36d14a1]::runtime::runtime::Runtime>::block_on::<core[a373ad73a504971]::pin::Pin<&mut dyn core[a373ad73a504971]::future::future::Future<Output = ()>>>
[INFO] [stdout]   16:     0x563ba34dee4e - <erio[87b8b002db6751c7]::app::tests::prune_on_unsupported_panel_does_nothing::{closure#0} as core[a373ad73a504971]::ops::function::FnOnce<()>>::call_once
[INFO] [stdout]   17:     0x563ba357e97b - test[aada8e7e76ba119b]::__rust_begin_short_backtrace::<core[a373ad73a504971]::result::Result<(), alloc[2e1b2a31b91974c5]::string::String>, fn() -> core[a373ad73a504971]::result::Result<(), alloc[2e1b2a31b91974c5]::string::String>>
[INFO] [stdout]   18:     0x563ba358bb55 - test[aada8e7e76ba119b]::run_test::{closure#0}
[INFO] [stdout]   19:     0x563ba3585444 - std[617be2ca0a6fd877]::sys::backtrace::__rust_begin_short_backtrace::<test[aada8e7e76ba119b]::run_test::{closure#1}, ()>
[INFO] [stdout]   20:     0x563ba358ebe2 - <std[617be2ca0a6fd877]::thread::lifecycle::spawn_unchecked<test[aada8e7e76ba119b]::run_test::{closure#1}, ()>::{closure#1} as core[a373ad73a504971]::ops::function::FnOnce<()>>::call_once::{shim:vtable#0}
[INFO] [stdout]   21:     0x563ba36894af - <std[617be2ca0a6fd877]::sys::thread::unix::Thread>::new::thread_start
[INFO] [stdout]   22:     0x74973c827dfa - <unknown>
[INFO] [stdout]   23:     0x74973c8bb3d4 - clone
[INFO] [stdout]   24:                0x0 - <unknown>
[INFO] [stdout] 
[INFO] [stdout] ---- app::tests::rapid_navigation_marks_renderer_dirty_without_touching_docker stdout ----
[INFO] [stdout] 
[INFO] [stdout] thread 'app::tests::rapid_navigation_marks_renderer_dirty_without_touching_docker' (1380) panicked at src/app.rs:2326:60:
[INFO] [stdout] called `Result::unwrap()` on an `Err` value: SocketNotFoundError("/var/run/docker.sock")
[INFO] [stdout] stack backtrace:
[INFO] [stdout]    0:     0x563ba368a541 - <<std[617be2ca0a6fd877]::sys::backtrace::BacktraceLock>::print::DisplayBacktrace as core[a373ad73a504971]::fmt::Display>::fmt
[INFO] [stdout]    1:     0x563ba36a20ba - core[a373ad73a504971]::fmt::write
[INFO] [stdout]    2:     0x563ba368effc - <alloc[2e1b2a31b91974c5]::vec::Vec<u8> as core[a373ad73a504971]::io::write::Write>::write_fmt
[INFO] [stdout]    3:     0x563ba3663716 - std[617be2ca0a6fd877]::panicking::default_hook::{closure#0}
[INFO] [stdout]    4:     0x563ba3681669 - std[617be2ca0a6fd877]::panicking::default_hook
[INFO] [stdout]    5:     0x563ba358b530 - test[aada8e7e76ba119b]::test_main_inner::{closure#0}
[INFO] [stdout]    6:     0x563ba3681992 - std[617be2ca0a6fd877]::panicking::panic_with_hook
[INFO] [stdout]    7:     0x563ba36637c2 - std[617be2ca0a6fd877]::panicking::panic_handler::{closure#0}
[INFO] [stdout]    8:     0x563ba365bfb9 - std[617be2ca0a6fd877]::sys::backtrace::__rust_end_short_backtrace::<std[617be2ca0a6fd877]::panicking::panic_handler::{closure#0}, !>
[INFO] [stdout]    9:     0x563ba36647dd - __rustc[ea4f61d10b84890b]::rust_begin_unwind
[INFO] [stdout]   10:     0x563ba36a285c - core[a373ad73a504971]::panicking::panic_fmt
[INFO] [stdout]   11:     0x563ba36a2632 - core[a373ad73a504971]::result::unwrap_failed
[INFO] [stdout]   12:     0x563ba34db3a5 - erio[87b8b002db6751c7]::app::tests::rapid_navigation_marks_renderer_dirty_without_touching_docker::{closure#0}
[INFO] [stdout]   13:     0x563ba346ffe3 - <tokio[b16df4d2e36d14a1]::runtime::scheduler::current_thread::Context>::enter::<core[a373ad73a504971]::task::poll::Poll<()>, <tokio[b16df4d2e36d14a1]::runtime::scheduler::current_thread::CoreGuard>::block_on<core[a373ad73a504971]::pin::Pin<&mut core[a373ad73a504971]::pin::Pin<&mut dyn core[a373ad73a504971]::future::future::Future<Output = ()>>>>::{closure#0}::{closure#0}>
[INFO] [stdout]   14:     0x563ba3499b5c - <tokio[b16df4d2e36d14a1]::runtime::context::scoped::Scoped<tokio[b16df4d2e36d14a1]::runtime::scheduler::Context>>::set::<<tokio[b16df4d2e36d14a1]::runtime::scheduler::current_thread::CoreGuard>::enter<<tokio[b16df4d2e36d14a1]::runtime::scheduler::current_thread::CoreGuard>::block_on<core[a373ad73a504971]::pin::Pin<&mut core[a373ad73a504971]::pin::Pin<&mut dyn core[a373ad73a504971]::future::future::Future<Output = ()>>>>::{closure#0}, core[a373ad73a504971]::option::Option<()>>::{closure#0}, (alloc[2e1b2a31b91974c5]::boxed::Box<tokio[b16df4d2e36d14a1]::runtime::scheduler::current_thread::Core>, core[a373ad73a504971]::option::Option<()>)>
[INFO] [stdout]   15:     0x563ba346fc0c - <tokio[b16df4d2e36d14a1]::runtime::runtime::Runtime>::block_on::<core[a373ad73a504971]::pin::Pin<&mut dyn core[a373ad73a504971]::future::future::Future<Output = ()>>>
[INFO] [stdout]   16:     0x563ba34dfe9e - <erio[87b8b002db6751c7]::app::tests::rapid_navigation_marks_renderer_dirty_without_touching_docker::{closure#0} as core[a373ad73a504971]::ops::function::FnOnce<()>>::call_once
[INFO] [stdout]   17:     0x563ba357e97b - test[aada8e7e76ba119b]::__rust_begin_short_backtrace::<core[a373ad73a504971]::result::Result<(), alloc[2e1b2a31b91974c5]::string::String>, fn() -> core[a373ad73a504971]::result::Result<(), alloc[2e1b2a31b91974c5]::string::String>>
[INFO] [stdout]   18:     0x563ba358bb55 - test[aada8e7e76ba119b]::run_test::{closure#0}
[INFO] [stdout]   19:     0x563ba3585444 - std[617be2ca0a6fd877]::sys::backtrace::__rust_begin_short_backtrace::<test[aada8e7e76ba119b]::run_test::{closure#1}, ()>
[INFO] [stdout]   20:     0x563ba358ebe2 - <std[617be2ca0a6fd877]::thread::lifecycle::spawn_unchecked<test[aada8e7e76ba119b]::run_test::{closure#1}, ()>::{closure#1} as core[a373ad73a504971]::ops::function::FnOnce<()>>::call_once::{shim:vtable#0}
[INFO] [stdout]   21:     0x563ba36894af - <std[617be2ca0a6fd877]::sys::thread::unix::Thread>::new::thread_start
[INFO] [stdout]   22:     0x74973c827dfa - <unknown>
[INFO] [stdout]   23:     0x74973c8bb3d4 - clone
[INFO] [stdout]   24:                0x0 - <unknown>
[INFO] [stdout] 
[INFO] [stdout] ---- app::tests::search_mode_filters_logs_and_exits_on_escape stdout ----
[INFO] [stdout] 
[INFO] [stdout] thread 'app::tests::search_mode_filters_logs_and_exits_on_escape' (1381) panicked at src/app.rs:2453:60:
[INFO] [stdout] called `Result::unwrap()` on an `Err` value: SocketNotFoundError("/var/run/docker.sock")
[INFO] [stdout] stack backtrace:
[INFO] [stdout]    0:     0x563ba368a541 - <<std[617be2ca0a6fd877]::sys::backtrace::BacktraceLock>::print::DisplayBacktrace as core[a373ad73a504971]::fmt::Display>::fmt
[INFO] [stdout]    1:     0x563ba36a20ba - core[a373ad73a504971]::fmt::write
[INFO] [stdout]    2:     0x563ba368effc - <alloc[2e1b2a31b91974c5]::vec::Vec<u8> as core[a373ad73a504971]::io::write::Write>::write_fmt
[INFO] [stdout]    3:     0x563ba3663716 - std[617be2ca0a6fd877]::panicking::default_hook::{closure#0}
[INFO] [stdout]    4:     0x563ba3681669 - std[617be2ca0a6fd877]::panicking::default_hook
[INFO] [stdout]    5:     0x563ba358b530 - test[aada8e7e76ba119b]::test_main_inner::{closure#0}
[INFO] [stdout]    6:     0x563ba3681992 - std[617be2ca0a6fd877]::panicking::panic_with_hook
[INFO] [stdout]    7:     0x563ba36637c2 - std[617be2ca0a6fd877]::panicking::panic_handler::{closure#0}
[INFO] [stdout]    8:     0x563ba365bfb9 - std[617be2ca0a6fd877]::sys::backtrace::__rust_end_short_backtrace::<std[617be2ca0a6fd877]::panicking::panic_handler::{closure#0}, !>
[INFO] [stdout]    9:     0x563ba36647dd - __rustc[ea4f61d10b84890b]::rust_begin_unwind
[INFO] [stdout]   10:     0x563ba36a285c - core[a373ad73a504971]::panicking::panic_fmt
[INFO] [stdout]   11:     0x563ba36a2632 - core[a373ad73a504971]::result::unwrap_failed
[INFO] [stdout]   12:     0x563ba34d8022 - erio[87b8b002db6751c7]::app::tests::search_mode_filters_logs_and_exits_on_escape::{closure#0}
[INFO] [stdout]   13:     0x563ba346ffe3 - <tokio[b16df4d2e36d14a1]::runtime::scheduler::current_thread::Context>::enter::<core[a373ad73a504971]::task::poll::Poll<()>, <tokio[b16df4d2e36d14a1]::runtime::scheduler::current_thread::CoreGuard>::block_on<core[a373ad73a504971]::pin::Pin<&mut core[a373ad73a504971]::pin::Pin<&mut dyn core[a373ad73a504971]::future::future::Future<Output = ()>>>>::{closure#0}::{closure#0}>
[INFO] [stdout]   14:     0x563ba3499b5c - <tokio[b16df4d2e36d14a1]::runtime::context::scoped::Scoped<tokio[b16df4d2e36d14a1]::runtime::scheduler::Context>>::set::<<tokio[b16df4d2e36d14a1]::runtime::scheduler::current_thread::CoreGuard>::enter<<tokio[b16df4d2e36d14a1]::runtime::scheduler::current_thread::CoreGuard>::block_on<core[a373ad73a504971]::pin::Pin<&mut core[a373ad73a504971]::pin::Pin<&mut dyn core[a373ad73a504971]::future::future::Future<Output = ()>>>>::{closure#0}, core[a373ad73a504971]::option::Option<()>>::{closure#0}, (alloc[2e1b2a31b91974c5]::boxed::Box<tokio[b16df4d2e36d14a1]::runtime::scheduler::current_thread::Core>, core[a373ad73a504971]::option::Option<()>)>
[INFO] [stdout]   15:     0x563ba346fc0c - <tokio[b16df4d2e36d14a1]::runtime::runtime::Runtime>::block_on::<core[a373ad73a504971]::pin::Pin<&mut dyn core[a373ad73a504971]::future::future::Future<Output = ()>>>
[INFO] [stdout]   16:     0x563ba34df47e - <erio[87b8b002db6751c7]::app::tests::search_mode_filters_logs_and_exits_on_escape::{closure#0} as core[a373ad73a504971]::ops::function::FnOnce<()>>::call_once
[INFO] [stdout]   17:     0x563ba357e97b - test[aada8e7e76ba119b]::__rust_begin_short_backtrace::<core[a373ad73a504971]::result::Result<(), alloc[2e1b2a31b91974c5]::string::String>, fn() -> core[a373ad73a504971]::result::Result<(), alloc[2e1b2a31b91974c5]::string::String>>
[INFO] [stdout]   18:     0x563ba358bb55 - test[aada8e7e76ba119b]::run_test::{closure#0}
[INFO] [stdout]   19:     0x563ba3585444 - std[617be2ca0a6fd877]::sys::backtrace::__rust_begin_short_backtrace::<test[aada8e7e76ba119b]::run_test::{closure#1}, ()>
[INFO] [stdout]   20:     0x563ba358ebe2 - <std[617be2ca0a6fd877]::thread::lifecycle::spawn_unchecked<test[aada8e7e76ba119b]::run_test::{closure#1}, ()>::{closure#1} as core[a373ad73a504971]::ops::function::FnOnce<()>>::call_once::{shim:vtable#0}
[INFO] [stdout]   21:     0x563ba36894af - <std[617be2ca0a6fd877]::sys::thread::unix::Thread>::new::thread_start
[INFO] [stdout]   22:     0x74973c827dfa - <unknown>
[INFO] [stdout]   23:     0x74973c8bb3d4 - clone
[INFO] [stdout]   24:                0x0 - <unknown>
[INFO] [stdout] 
[INFO] [stdout] ---- app::tests::prune_volumes_enters_confirm_mode stdout ----
[INFO] [stdout] 
[INFO] [stdout] thread 'app::tests::prune_volumes_enters_confirm_mode' (1376) panicked at src/app.rs:2667:60:
[INFO] [stdout] called `Result::unwrap()` on an `Err` value: SocketNotFoundError("/var/run/docker.sock")
[INFO] [stdout] stack backtrace:
[INFO] [stdout]    0:     0x563ba368a541 - <<std[617be2ca0a6fd877]::sys::backtrace::BacktraceLock>::print::DisplayBacktrace as core[a373ad73a504971]::fmt::Display>::fmt
[INFO] [stdout]    1:     0x563ba36a20ba - core[a373ad73a504971]::fmt::write
[INFO] [stdout]    2:     0x563ba368effc - <alloc[2e1b2a31b91974c5]::vec::Vec<u8> as core[a373ad73a504971]::io::write::Write>::write_fmt
[INFO] [stdout]    3:     0x563ba3663716 - std[617be2ca0a6fd877]::panicking::default_hook::{closure#0}
[INFO] [stdout]    4:     0x563ba3681669 - std[617be2ca0a6fd877]::panicking::default_hook
[INFO] [stdout]    5:     0x563ba358b530 - test[aada8e7e76ba119b]::test_main_inner::{closure#0}
[INFO] [stdout]    6:     0x563ba3681992 - std[617be2ca0a6fd877]::panicking::panic_with_hook
[INFO] [stdout]    7:     0x563ba36637c2 - std[617be2ca0a6fd877]::panicking::panic_handler::{closure#0}
[INFO] [stdout]    8:     0x563ba365bfb9 - std[617be2ca0a6fd877]::sys::backtrace::__rust_end_short_backtrace::<std[617be2ca0a6fd877]::panicking::panic_handler::{closure#0}, !>
[INFO] [stdout]    9:     0x563ba36647dd - __rustc[ea4f61d10b84890b]::rust_begin_unwind
[INFO] [stdout]   10:     0x563ba36a285c - core[a373ad73a504971]::panicking::panic_fmt
[INFO] [stdout]   11:     0x563ba36a2632 - core[a373ad73a504971]::result::unwrap_failed
[INFO] [stdout]   12:     0x563ba34d3eeb - erio[87b8b002db6751c7]::app::tests::prune_volumes_enters_confirm_mode::{closure#0}
[INFO] [stdout]   13:     0x563ba346ffe3 - <tokio[b16df4d2e36d14a1]::runtime::scheduler::current_thread::Context>::enter::<core[a373ad73a504971]::task::poll::Poll<()>, <tokio[b16df4d2e36d14a1]::runtime::scheduler::current_thread::CoreGuard>::block_on<core[a373ad73a504971]::pin::Pin<&mut core[a373ad73a504971]::pin::Pin<&mut dyn core[a373ad73a504971]::future::future::Future<Output = ()>>>>::{closure#0}::{closure#0}>
[INFO] [stdout]   14:     0x563ba3499b5c - <tokio[b16df4d2e36d14a1]::runtime::context::scoped::Scoped<tokio[b16df4d2e36d14a1]::runtime::scheduler::Context>>::set::<<tokio[b16df4d2e36d14a1]::runtime::scheduler::current_thread::CoreGuard>::enter<<tokio[b16df4d2e36d14a1]::runtime::scheduler::current_thread::CoreGuard>::block_on<core[a373ad73a504971]::pin::Pin<&mut core[a373ad73a504971]::pin::Pin<&mut dyn core[a373ad73a504971]::future::future::Future<Output = ()>>>>::{closure#0}, core[a373ad73a504971]::option::Option<()>>::{closure#0}, (alloc[2e1b2a31b91974c5]::boxed::Box<tokio[b16df4d2e36d14a1]::runtime::scheduler::current_thread::Core>, core[a373ad73a504971]::option::Option<()>)>
[INFO] [stdout]   15:     0x563ba346fc0c - <tokio[b16df4d2e36d14a1]::runtime::runtime::Runtime>::block_on::<core[a373ad73a504971]::pin::Pin<&mut dyn core[a373ad73a504971]::future::future::Future<Output = ()>>>
[INFO] [stdout]   16:     0x563ba34dd9ae - <erio[87b8b002db6751c7]::app::tests::prune_volumes_enters_confirm_mode::{closure#0} as core[a373ad73a504971]::ops::function::FnOnce<()>>::call_once
[INFO] [stdout]   17:     0x563ba357e97b - test[aada8e7e76ba119b]::__rust_begin_short_backtrace::<core[a373ad73a504971]::result::Result<(), alloc[2e1b2a31b91974c5]::string::String>, fn() -> core[a373ad73a504971]::result::Result<(), alloc[2e1b2a31b91974c5]::string::String>>
[INFO] [stdout]   18:     0x563ba358bb55 - test[aada8e7e76ba119b]::run_test::{closure#0}
[INFO] [stdout]   19:     0x563ba3585444 - std[617be2ca0a6fd877]::sys::backtrace::__rust_begin_short_backtrace::<test[aada8e7e76ba119b]::run_test::{closure#1}, ()>
[INFO] [stdout]   20:     0x563ba358ebe2 - <std[617be2ca0a6fd877]::thread::lifecycle::spawn_unchecked<test[aada8e7e76ba119b]::run_test::{closure#1}, ()>::{closure#1} as core[a373ad73a504971]::ops::function::FnOnce<()>>::call_once::{shim:vtable#0}
[INFO] [stdout]   21:     0x563ba36894af - <std[617be2ca0a6fd877]::sys::thread::unix::Thread>::new::thread_start
[INFO] [stdout]   22:     0x74973c827dfa - <unknown>
[INFO] [stdout]   23:     0x74973c8bb3d4 - clone
[INFO] [stdout]   24:                0x0 - <unknown>
[INFO] [stdout] 
[INFO] [stdout] ---- app::tests::new_action_clears_previous_error stdout ----
[INFO] [stdout] 
[INFO] [stdout] thread 'app::tests::new_action_clears_previous_error' (1369) panicked at src/app.rs:2432:60:
[INFO] [stdout] called `Result::unwrap()` on an `Err` value: SocketNotFoundError("/var/run/docker.sock")
[INFO] [stdout] stack backtrace:
[INFO] [stdout]    0:     0x563ba368a541 - <<std[617be2ca0a6fd877]::sys::backtrace::BacktraceLock>::print::DisplayBacktrace as core[a373ad73a504971]::fmt::Display>::fmt
[INFO] [stdout]    1:     0x563ba36a20ba - core[a373ad73a504971]::fmt::write
[INFO] [stdout]    2:     0x563ba368effc - <alloc[2e1b2a31b91974c5]::vec::Vec<u8> as core[a373ad73a504971]::io::write::Write>::write_fmt
[INFO] [stdout]    3:     0x563ba3663716 - std[617be2ca0a6fd877]::panicking::default_hook::{closure#0}
[INFO] [stdout]    4:     0x563ba3681669 - std[617be2ca0a6fd877]::panicking::default_hook
[INFO] [stdout]    5:     0x563ba358b530 - test[aada8e7e76ba119b]::test_main_inner::{closure#0}
[INFO] [stdout]    6:     0x563ba3681992 - std[617be2ca0a6fd877]::panicking::panic_with_hook
[INFO] [stdout]    7:     0x563ba36637c2 - std[617be2ca0a6fd877]::panicking::panic_handler::{closure#0}
[INFO] [stdout]    8:     0x563ba365bfb9 - std[617be2ca0a6fd877]::sys::backtrace::__rust_end_short_backtrace::<std[617be2ca0a6fd877]::panicking::panic_handler::{closure#0}, !>
[INFO] [stdout]    9:     0x563ba36647dd - __rustc[ea4f61d10b84890b]::rust_begin_unwind
[INFO] [stdout]   10:     0x563ba36a285c - core[a373ad73a504971]::panicking::panic_fmt
[INFO] [stdout]   11:     0x563ba36a2632 - core[a373ad73a504971]::result::unwrap_failed
[INFO] [stdout]   12:     0x563ba34d26f0 - erio[87b8b002db6751c7]::app::tests::new_action_clears_previous_error::{closure#0}
[INFO] [stdout]   13:     0x563ba346ffe3 - <tokio[b16df4d2e36d14a1]::runtime::scheduler::current_thread::Context>::enter::<core[a373ad73a504971]::task::poll::Poll<()>, <tokio[b16df4d2e36d14a1]::runtime::scheduler::current_thread::CoreGuard>::block_on<core[a373ad73a504971]::pin::Pin<&mut core[a373ad73a504971]::pin::Pin<&mut dyn core[a373ad73a504971]::future::future::Future<Output = ()>>>>::{closure#0}::{closure#0}>
[INFO] [stdout]   14:     0x563ba3499b5c - <tokio[b16df4d2e36d14a1]::runtime::context::scoped::Scoped<tokio[b16df4d2e36d14a1]::runtime::scheduler::Context>>::set::<<tokio[b16df4d2e36d14a1]::runtime::scheduler::current_thread::CoreGuard>::enter<<tokio[b16df4d2e36d14a1]::runtime::scheduler::current_thread::CoreGuard>::block_on<core[a373ad73a504971]::pin::Pin<&mut core[a373ad73a504971]::pin::Pin<&mut dyn core[a373ad73a504971]::future::future::Future<Output = ()>>>>::{closure#0}, core[a373ad73a504971]::option::Option<()>>::{closure#0}, (alloc[2e1b2a31b91974c5]::boxed::Box<tokio[b16df4d2e36d14a1]::runtime::scheduler::current_thread::Core>, core[a373ad73a504971]::option::Option<()>)>
[INFO] [stdout]   15:     0x563ba346fc0c - <tokio[b16df4d2e36d14a1]::runtime::runtime::Runtime>::block_on::<core[a373ad73a504971]::pin::Pin<&mut dyn core[a373ad73a504971]::future::future::Future<Output = ()>>>
[INFO] [stdout]   16:     0x563ba34dd54e - <erio[87b8b002db6751c7]::app::tests::new_action_clears_previous_error::{closure#0} as core[a373ad73a504971]::ops::function::FnOnce<()>>::call_once
[INFO] [stdout]   17:     0x563ba357e97b - test[aada8e7e76ba119b]::__rust_begin_short_backtrace::<core[a373ad73a504971]::result::Result<(), alloc[2e1b2a31b91974c5]::string::String>, fn() -> core[a373ad73a504971]::result::Result<(), alloc[2e1b2a31b91974c5]::string::String>>
[INFO] [stdout]   18:     0x563ba358bb55 - test[aada8e7e76ba119b]::run_test::{closure#0}
[INFO] [stdout]   19:     0x563ba3585444 - std[617be2ca0a6fd877]::sys::backtrace::__rust_begin_short_backtrace::<test[aada8e7e76ba119b]::run_test::{closure#1}, ()>
[INFO] [stdout]   20:     0x563ba358ebe2 - <std[617be2ca0a6fd877]::thread::lifecycle::spawn_unchecked<test[aada8e7e76ba119b]::run_test::{closure#1}, ()>::{closure#1} as core[a373ad73a504971]::ops::function::FnOnce<()>>::call_once::{shim:vtable#0}
[INFO] [stdout]   21:     0x563ba36894af - <std[617be2ca0a6fd877]::sys::thread::unix::Thread>::new::thread_start
[INFO] [stdout]   22:     0x74973c827dfa - <unknown>
[INFO] [stdout]   23:     0x74973c8bb3d4 - clone
[INFO] [stdout]   24:                0x0 - <unknown>
[INFO] [stdout] 
[INFO] [stdout] 
[INFO] [stdout] failures:
[INFO] [stdout]     app::tests::action_failure_sets_persistent_error_message
[INFO] [stdout]     app::tests::any_key_exits_help_mode
[INFO] [stdout]     app::tests::attach_container_sets_pending_flag
[INFO] [stdout]     app::tests::cancel_deletion_exits_confirm_mode
[INFO] [stdout]     app::tests::confirm_quit_requests_shutdown
[INFO] [stdout]     app::tests::delete_selected_enters_confirm_mode
[INFO] [stdout]     app::tests::docker_updates_propagate_to_state
[INFO] [stdout]     app::tests::env_vars_failed_sets_error_message
[INFO] [stdout]     app::tests::env_vars_loaded_updates_state_and_marks_dirty
[INFO] [stdout]     app::tests::esc_cancels_confirmation
[INFO] [stdout]     app::tests::event_loop_updates_state_until_shutdown
[INFO] [stdout]     app::tests::exec_shell_sets_pending_flag
[INFO] [stdout]     app::tests::new_action_clears_previous_error
[INFO] [stdout]     app::tests::options_menu_opens_for_containers_panel
[INFO] [stdout]     app::tests::options_menu_shows_start_for_stopped_container
[INFO] [stdout]     app::tests::p_key_on_containers_panel_issues_pause_for_running_container
[INFO] [stdout]     app::tests::p_key_on_containers_panel_issues_unpause_for_paused_container
[INFO] [stdout]     app::tests::prune_images_enters_confirm_mode
[INFO] [stdout]     app::tests::prune_on_unsupported_panel_does_nothing
[INFO] [stdout]     app::tests::prune_volumes_enters_confirm_mode
[INFO] [stdout]     app::tests::question_mark_enters_help_mode
[INFO] [stdout]     app::tests::quit_with_confirm_on_quit_enters_confirm_mode
[INFO] [stdout]     app::tests::quit_without_confirm_on_quit_requests_shutdown
[INFO] [stdout]     app::tests::rapid_navigation_marks_renderer_dirty_without_touching_docker
[INFO] [stdout]     app::tests::search_mode_filters_logs_and_exits_on_escape
[INFO] [stdout]     app::tests::show_help_enters_help_mode
[INFO] [stdout] 
[INFO] [stdout] test result: FAILED. 100 passed; 26 failed; 0 ignored; 0 measured; 0 filtered out; finished in 0.03s
[INFO] [stdout] 
[INFO] running `Command { std: "docker" "inspect" "11158472ee257abf71b7361ae278f154dd869995bd4853554f7ab592120746d8", kill_on_drop: false }`
[INFO] running `Command { std: "docker" "rm" "-f" "11158472ee257abf71b7361ae278f154dd869995bd4853554f7ab592120746d8", kill_on_drop: false }`
[INFO] [stdout] 11158472ee257abf71b7361ae278f154dd869995bd4853554f7ab592120746d8
