[INFO] fetching crate erebus 0.1.8...
[INFO] testing erebus-0.1.8 against 1.100.0-beta.1+cargoflags=--release for beta-release-1.100-2
[INFO] extracting crate erebus 0.1.8 into /workspace/builds/worker-0-tc2/source
[INFO] started tweaking crates.io crate erebus 0.1.8
[INFO] removed 0 missing tests
[INFO] finished tweaking crates.io crate erebus 0.1.8
[INFO] tweaked toml for crates.io crate erebus 0.1.8 written to /workspace/builds/worker-0-tc2/source/Cargo.toml
[INFO] validating manifest of crates.io crate erebus 0.1.8 on toolchain 1.100.0-beta.1
[INFO] running `Command { std: CARGO_HOME="/workspace/cargo-home" RUSTUP_HOME="/workspace/rustup-home" "/workspace/cargo-home/bin/cargo" "+1.100.0-beta.1" "metadata" "--manifest-path" "Cargo.toml" "--no-deps", kill_on_drop: false }`
[INFO] crate crates.io crate erebus 0.1.8 already has a lockfile, it will not be regenerated
[INFO] running `Command { std: CARGO_HOME="/workspace/cargo-home" RUSTUP_HOME="/workspace/rustup-home" "/workspace/cargo-home/bin/cargo" "+1.100.0-beta.1" "fetch" "--manifest-path" "Cargo.toml", kill_on_drop: false }`
[INFO] running `Command { std: "docker" "create" "-v" "/var/lib/crater-agent-workspace/builds/worker-0-tc2/source:/opt/rustwide/workdir:ro,Z" "-v" "/var/lib/crater-agent-workspace/builds/worker-0-tc2/target:/opt/rustwide/target:rw,Z" "-v" "/var/lib/crater-agent-workspace/cargo-home:/opt/rustwide/cargo-home:ro,Z" "-v" "/var/lib/crater-agent-workspace/rustup-home:/opt/rustwide/rustup-home:ro,Z" "-m" "1610612736" "--network" "none" "ghcr.io/rust-lang/crates-build-env/linux@sha256:77db811e55d90add9212f6832c23229e3de5f1c1f9905e8cb07319ea15df73ac" "sleep" "infinity", kill_on_drop: false }`
[INFO] [stdout] b257f96922635e27e9ac240c364f6927dbe58d363d8ff4011d2d16272addef49
[INFO] running `Command { std: "docker" "start" "b257f96922635e27e9ac240c364f6927dbe58d363d8ff4011d2d16272addef49", kill_on_drop: false }`
[INFO] running `Command { std: "docker" "inspect" "b257f96922635e27e9ac240c364f6927dbe58d363d8ff4011d2d16272addef49", kill_on_drop: false }`
[INFO] running `Command { std: "docker" "exec" "-e" "SOURCE_DIR=/opt/rustwide/workdir" "-e" "CARGO_HOME=/opt/rustwide/cargo-home" "-e" "RUSTUP_HOME=/opt/rustwide/rustup-home" "-e" "CARGO_TARGET_DIR=/opt/rustwide/target" "-w" "/opt/rustwide/workdir" "--user" "0:0" "b257f96922635e27e9ac240c364f6927dbe58d363d8ff4011d2d16272addef49" "/opt/rustwide/cargo-home/bin/cargo" "+1.100.0-beta.1" "metadata" "--no-deps" "--format-version=1", kill_on_drop: false }`
[INFO] running `Command { std: "docker" "inspect" "b257f96922635e27e9ac240c364f6927dbe58d363d8ff4011d2d16272addef49", kill_on_drop: false }`
[INFO] running `Command { std: "docker" "exec" "-e" "SOURCE_DIR=/opt/rustwide/workdir" "-e" "CARGO_HOME=/opt/rustwide/cargo-home" "-e" "RUSTUP_HOME=/opt/rustwide/rustup-home" "-e" "CARGO_TARGET_DIR=/opt/rustwide/target" "-e" "CARGO_INCREMENTAL=0" "-e" "RUST_BACKTRACE=full" "-e" "RUSTFLAGS=--cap-lints=warn" "-e" "RUSTDOCFLAGS=--cap-lints=warn" "-w" "/opt/rustwide/workdir" "--user" "0:0" "b257f96922635e27e9ac240c364f6927dbe58d363d8ff4011d2d16272addef49" "/opt/rustwide/cargo-home/bin/cargo" "+1.100.0-beta.1" "build" "--frozen" "--message-format=json" "--release", kill_on_drop: false }`
[INFO] [stderr]    Compiling unicode-segmentation v1.12.0
[INFO] [stderr]    Compiling yansi v1.0.1
[INFO] [stderr]    Compiling erebus v0.1.8 (/opt/rustwide/workdir)
[INFO] [stderr]     Finished `release` profile [optimized] target(s) in 1.94s
[INFO] running `Command { std: "docker" "inspect" "b257f96922635e27e9ac240c364f6927dbe58d363d8ff4011d2d16272addef49", kill_on_drop: false }`
[INFO] running `Command { std: "docker" "exec" "-e" "SOURCE_DIR=/opt/rustwide/workdir" "-e" "CARGO_HOME=/opt/rustwide/cargo-home" "-e" "RUSTUP_HOME=/opt/rustwide/rustup-home" "-e" "CARGO_TARGET_DIR=/opt/rustwide/target" "-e" "CARGO_INCREMENTAL=0" "-e" "RUST_BACKTRACE=full" "-e" "RUSTFLAGS=--cap-lints=warn" "-e" "RUSTDOCFLAGS=--cap-lints=warn" "-w" "/opt/rustwide/workdir" "--user" "0:0" "b257f96922635e27e9ac240c364f6927dbe58d363d8ff4011d2d16272addef49" "/opt/rustwide/cargo-home/bin/cargo" "+1.100.0-beta.1" "test" "--frozen" "--no-run" "--message-format=json" "--release", kill_on_drop: false }`
[INFO] [stderr]    Compiling proc-macro2 v1.0.93
[INFO] [stderr]    Compiling unicode-ident v1.0.16
[INFO] [stderr]    Compiling libc v0.2.169
[INFO] [stderr]    Compiling once_cell v1.20.2
[INFO] [stderr]    Compiling linked-hash-map v0.5.6
[INFO] [stderr]    Compiling similar v2.7.0
[INFO] [stderr]    Compiling quote v1.0.38
[INFO] [stderr]    Compiling syn v2.0.98
[INFO] [stderr]    Compiling console v0.15.10
[INFO] [stderr]    Compiling pin-project-internal v1.1.9
[INFO] [stderr]    Compiling pin-project v1.1.9
[INFO] [stderr]    Compiling insta v1.42.1
[INFO] [stderr]    Compiling erebus v0.1.8 (/opt/rustwide/workdir)
[INFO] [stderr]     Finished `release` profile [optimized] target(s) in 28.75s
[INFO] running `Command { std: "docker" "inspect" "b257f96922635e27e9ac240c364f6927dbe58d363d8ff4011d2d16272addef49", kill_on_drop: false }`
[INFO] running `Command { std: "docker" "exec" "-e" "SOURCE_DIR=/opt/rustwide/workdir" "-e" "CARGO_HOME=/opt/rustwide/cargo-home" "-e" "RUSTUP_HOME=/opt/rustwide/rustup-home" "-e" "CARGO_TARGET_DIR=/opt/rustwide/target" "-e" "CARGO_INCREMENTAL=0" "-e" "RUST_BACKTRACE=full" "-e" "RUSTFLAGS=--cap-lints=warn" "-e" "RUSTDOCFLAGS=--cap-lints=warn" "-w" "/opt/rustwide/workdir" "--user" "0:0" "b257f96922635e27e9ac240c364f6927dbe58d363d8ff4011d2d16272addef49" "/opt/rustwide/cargo-home/bin/cargo" "+1.100.0-beta.1" "test" "--frozen" "--release", kill_on_drop: false }`
[INFO] [stderr]     Finished `release` profile [optimized] target(s) in 0.03s
[INFO] [stderr]      Running unittests src/lib.rs (/opt/rustwide/target/release/build/erebus/5028adb8ed63029d/out/erebus-5028adb8ed63029d)
[INFO] [stdout] 
[INFO] [stdout] running 1 test
[INFO] [stderr]      Running tests/break_line.rs (/opt/rustwide/target/release/build/erebus/d4834ebd3426adb1/out/break_line-d4834ebd3426adb1)
[INFO] [stdout] test render::identifier::tests::test_identifier ... ok
[INFO] [stdout] 
[INFO] [stdout] test result: ok. 1 passed; 0 failed; 0 ignored; 0 measured; 0 filtered out; finished in 0.00s
[INFO] [stdout] 
[INFO] [stdout] 
[INFO] [stdout] running 2 tests
[INFO] [stdout] test no_break ... ok
[INFO] [stdout] test break_line ... ok
[INFO] [stdout] 
[INFO] [stdout] test result: ok. 2 passed; 0 failed; 0 ignored; 0 measured; 0 filtered out; finished in 0.02s
[INFO] [stdout] 
[INFO] [stderr]      Running tests/message.rs (/opt/rustwide/target/release/build/erebus/d72ae7358d17b0aa/out/message-d72ae7358d17b0aa)
[INFO] [stdout] 
[INFO] [stdout] running 12 tests
[INFO] [stdout] test only_note ... ok
[INFO] [stdout] test multi_file ... FAILED
[INFO] [stdout] test only_identifier_url ... FAILED
[INFO] [stdout] test nested_label_color ... FAILED
[INFO] [stdout] test only_identifier ... FAILED
[INFO] [stdout] test nested_label_message ... FAILED
[INFO] [stdout] test only_severity_identifier ... FAILED
[INFO] [stdout] test only_severity ... FAILED
[INFO] [stdout] test only_message ... FAILED
[INFO] [stdout] test simple_label_two ... FAILED
[INFO] [stdout] test simple_label_two_lines ... FAILED
[INFO] [stdout] test simple_label ... FAILED
[INFO] [stdout] 
[INFO] [stdout] failures:
[INFO] [stdout] 
[INFO] [stdout] ---- multi_file stdout ----
[INFO] [stdout] ━━━━━━━━━━━━━━━━━━━━━━━━━━━━━━━ Snapshot Summary ━━━━━━━━━━━━━━━━━━━━━━━━━━━━━━━
[INFO] [stdout] Snapshot file: tests/snapshots/message__multi_file.snap
[INFO] [stdout] Snapshot: multi_file
[INFO] [stdout] Source: tests/message.rs:221
[INFO] [stdout] ────────────────────────────────────────────────────────────────────────────────
[INFO] [stdout] Expression: message
[INFO] [stdout] ────────────────────────────────────────────────────────────────────────────────
[INFO] [stdout] -old snapshot
[INFO] [stdout] +new results
[INFO] [stdout] ────────────┬───────────────────────────────────────────────────────────────────
[INFO] [stdout]     0     0 │ ␛[31merror␛[0m␛[31m[test]␛[0m: This is a test message.␊
[INFO] [stdout]     1       │-    ␛[2m╭␛[0m␛[2m[␛[0mhello.rs␛[2m]␛[0m
[INFO] [stdout]     2       │-    ␛[2m│␛[0m␊
[INFO] [stdout]     3       │-␛[2m  1 │␛[0m ␛[2mfn hello(name: ␛[0m␛[32mString␛[0m␛[2m) -> String {␛[0m␛[39m␛[0m␊
[INFO] [stdout]     4       │-    ␛[2m┆␛[0m                ␛[32m─┬────␛[0m␊
[INFO] [stdout]     5       │-    ␛[2m┆␛[0m                 ␛[32m╰␛[0m Parameter Type␊
[INFO] [stdout]     6       │-    ␛[2m┆␛[0m␊
[INFO] [stdout]     7       │-    ␛[2m├␛[0m␛[2m[␛[0mstringtable.xml␛[2m]␛[0m
[INFO] [stdout]     8       │-    ␛[2m│␛[0m␊
[INFO] [stdout]     9       │-␛[2m 11 │␛[0m ␛[2m    <Korean>␛[0m␛[33m건물이␛[0m␛[2m 없습니다.</Korean>␛[0m␛[39m␛[0m
[INFO] [stdout]    10       │-    ␛[2m┆␛[0m             ␛[33m─┬─␛[0m␊
[INFO] [stdout]    11       │-    ␛[2m┆␛[0m              ␛[33m╰␛[0m Korean for ␛[33mbuilding␛[0m␊
[INFO] [stdout]    12       │-
[INFO] [stdout]    13       │-    ␛[2m╯␛[0m
[INFO] [stdout]           1 │+   ␛[2m╭␛[0m␛[2m[␛[0mhello.rs:1:16␛[2m]␛[0m
[INFO] [stdout]           2 │+   ␛[2m│␛[0m␊
[INFO] [stdout]           3 │+␛[2m 1 │␛[0m ␛[2mfn hello(name: ␛[0m␛[32mString␛[0m␛[2m) -> String {␛[0m␛[39m␛[0m␊
[INFO] [stdout]           4 │+   ␛[2m┆␛[0m                ␛[32m─┬────␛[0m␊
[INFO] [stdout]           5 │+   ␛[2m┆␛[0m                 ␛[32m╰␛[0m Parameter Type␊
[INFO] [stdout]           6 │+   ␛[2m┆␛[0m␊
[INFO] [stdout]           7 │+   ␛[2m├␛[0m␛[2m[␛[0mstringtable.xml:1:481␛[2m]␛[0m
[INFO] [stdout]           8 │+   ␛[2m│␛[0m␊
[INFO] [stdout]           9 │+␛[2m 1 │␛[0m ␛[2m<Key ID="STR_ACE_AI_GarrisonNoBuilding">␛[0m␛[33m␛[0m
[INFO] [stdout]          10 │+   ␛[2m┆␛[0m                                                                                                                                                                                                                                                                                                                                                                                                                                                                                                 ␛[33m─┬─␛[0m␊
[INFO] [stdout]          11 │+   ␛[2m┆␛[0m                                                                                                                                                                                                                                                                                                                                                                                                                                                                                                  ␛[33m╰␛[0m Korean for ␛[33mbuilding␛[0m␊
[INFO] [stdout]          12 │+   ␛[2m╯␛[0m
[INFO] [stdout] ────────────┴───────────────────────────────────────────────────────────────────
[INFO] [stdout] 
[INFO] [stdout] thread 'multi_file' (459) panicked at tests/message.rs:221:5:
[INFO] [stderr] error: test failed, to rerun pass `--test message`
[INFO] [stdout] called `Result::unwrap()` on an `Err` value: FileIo(Os { code: 30, kind: ReadOnlyFilesystem, message: "Read-only file system" }, "/opt/rustwide/workdir/tests/snapshots/message__multi_file.snap.new")
[INFO] [stdout] stack backtrace:
[INFO] [stdout]    0:     0x565e072f7d51 - <<std[617be2ca0a6fd877]::sys::backtrace::BacktraceLock>::print::DisplayBacktrace as core[a373ad73a504971]::fmt::Display>::fmt
[INFO] [stdout]    1:     0x565e0730e52a - core[a373ad73a504971]::fmt::write
[INFO] [stdout]    2:     0x565e072fc2ec - <alloc[2e1b2a31b91974c5]::vec::Vec<u8> as core[a373ad73a504971]::io::write::Write>::write_fmt
[INFO] [stdout]    3:     0x565e072d1896 - std[617be2ca0a6fd877]::panicking::default_hook::{closure#0}
[INFO] [stdout]    4:     0x565e072ef569 - std[617be2ca0a6fd877]::panicking::default_hook
[INFO] [stdout]    5:     0x565e07284de0 - test[aada8e7e76ba119b]::test_main_inner::{closure#0}
[INFO] [stdout]    6:     0x565e072ef722 - std[617be2ca0a6fd877]::panicking::panic_with_hook
[INFO] [stdout]    7:     0x565e072d1942 - std[617be2ca0a6fd877]::panicking::panic_handler::{closure#0}
[INFO] [stdout]    8:     0x565e072ca179 - std[617be2ca0a6fd877]::sys::backtrace::__rust_end_short_backtrace::<std[617be2ca0a6fd877]::panicking::panic_handler::{closure#0}, !>
[INFO] [stdout]    9:     0x565e072d25ed - __rustc[ea4f61d10b84890b]::rust_begin_unwind
[INFO] [stdout]   10:     0x565e0730ec8c - core[a373ad73a504971]::panicking::panic_fmt
[INFO] [stdout]   11:     0x565e0730ea62 - core[a373ad73a504971]::result::unwrap_failed
[INFO] [stdout]   12:     0x565e071f70a5 - <message[72b1c87a4a97f7b3]::multi_file::{closure#0} as core[a373ad73a504971]::ops::function::FnOnce<()>>::call_once
[INFO] [stdout]   13:     0x565e0727822b - test[aada8e7e76ba119b]::__rust_begin_short_backtrace::<core[a373ad73a504971]::result::Result<(), alloc[2e1b2a31b91974c5]::string::String>, fn() -> core[a373ad73a504971]::result::Result<(), alloc[2e1b2a31b91974c5]::string::String>>
[INFO] [stdout]   14:     0x565e07285405 - test[aada8e7e76ba119b]::run_test::{closure#0}
[INFO] [stdout]   15:     0x565e0727ecf4 - std[617be2ca0a6fd877]::sys::backtrace::__rust_begin_short_backtrace::<test[aada8e7e76ba119b]::run_test::{closure#1}, ()>
[INFO] [stdout]   16:     0x565e07288492 - <std[617be2ca0a6fd877]::thread::lifecycle::spawn_unchecked<test[aada8e7e76ba119b]::run_test::{closure#1}, ()>::{closure#1} as core[a373ad73a504971]::ops::function::FnOnce<()>>::call_once::{shim:vtable#0}
[INFO] [stdout]   17:     0x565e072f6d2f - <std[617be2ca0a6fd877]::sys::thread::unix::Thread>::new::thread_start
[INFO] [stdout]   18:     0x706e19f23dfa - <unknown>
[INFO] [stdout]   19:     0x706e19fb73d4 - clone
[INFO] [stdout]   20:                0x0 - <unknown>
[INFO] [stdout] 
[INFO] [stdout] ---- only_identifier_url stdout ----
[INFO] [stdout] ━━━━━━━━━━━━━━━━━━━━━━━━━━━━━━━ Snapshot Summary ━━━━━━━━━━━━━━━━━━━━━━━━━━━━━━━
[INFO] [stdout] Snapshot file: tests/snapshots/message__only_identifier_url-2.snap
[INFO] [stdout] Snapshot: only_identifier_url-2
[INFO] [stdout] Source: tests/message.rs:71
[INFO] [stdout] ────────────────────────────────────────────────────────────────────────────────
[INFO] [stdout] Expression: message
[INFO] [stdout] ────────────────────────────────────────────────────────────────────────────────
[INFO] [stdout] -old snapshot
[INFO] [stdout] +new results
[INFO] [stdout] ────────────┬───────────────────────────────────────────────────────────────────
[INFO] [stdout]     0       │-[␛]8;;https://github.com/brettmayson/erebus␛\test␛]8;;␛\]: ␛[1mThis is a test message, but it has more text so that it is longer, and will␊
[INFO] [stdout]     1       │-        likely cause a text break on most terminals. This has been a test message.␛[0m
[INFO] [stdout]           0 │+[␛]8;;https://github.com/brettmayson/erebus␛\test␛]8;;␛\]: This is a test␊
[INFO] [stdout]           1 │+                                                           message, but it has
[INFO] [stdout]           2 │+                                                           more text so that it
[INFO] [stdout]           3 │+                                                           is longer, and will
[INFO] [stdout]           4 │+                                                           likely cause a text
[INFO] [stdout]           5 │+                                                           break on most
[INFO] [stdout]           6 │+                                                           terminals. This has
[INFO] [stdout]           7 │+                                                           been a test message.
[INFO] [stdout] ────────────┴───────────────────────────────────────────────────────────────────
[INFO] [stdout] 
[INFO] [stdout] thread 'only_identifier_url' (463) panicked at tests/message.rs:71:9:
[INFO] [stdout] called `Result::unwrap()` on an `Err` value: FileIo(Os { code: 30, kind: ReadOnlyFilesystem, message: "Read-only file system" }, "/opt/rustwide/workdir/tests/snapshots/message__only_identifier_url-2.snap.new")
[INFO] [stdout] stack backtrace:
[INFO] [stdout]    0:     0x565e072f7d51 - <<std[617be2ca0a6fd877]::sys::backtrace::BacktraceLock>::print::DisplayBacktrace as core[a373ad73a504971]::fmt::Display>::fmt
[INFO] [stdout]    1:     0x565e0730e52a - core[a373ad73a504971]::fmt::write
[INFO] [stdout]    2:     0x565e072fc2ec - <alloc[2e1b2a31b91974c5]::vec::Vec<u8> as core[a373ad73a504971]::io::write::Write>::write_fmt
[INFO] [stdout]    3:     0x565e072d1896 - std[617be2ca0a6fd877]::panicking::default_hook::{closure#0}
[INFO] [stdout]    4:     0x565e072ef569 - std[617be2ca0a6fd877]::panicking::default_hook
[INFO] [stdout]    5:     0x565e07284de0 - test[aada8e7e76ba119b]::test_main_inner::{closure#0}
[INFO] [stdout]    6:     0x565e072ef722 - std[617be2ca0a6fd877]::panicking::panic_with_hook
[INFO] [stdout]    7:     0x565e072d1942 - std[617be2ca0a6fd877]::panicking::panic_handler::{closure#0}
[INFO] [stdout]    8:     0x565e072ca179 - std[617be2ca0a6fd877]::sys::backtrace::__rust_end_short_backtrace::<std[617be2ca0a6fd877]::panicking::panic_handler::{closure#0}, !>
[INFO] [stdout]    9:     0x565e072d25ed - __rustc[ea4f61d10b84890b]::rust_begin_unwind
[INFO] [stdout]   10:     0x565e0730ec8c - core[a373ad73a504971]::panicking::panic_fmt
[INFO] [stdout]   11:     0x565e0730ea62 - core[a373ad73a504971]::result::unwrap_failed
[INFO] [stdout]   12:     0x565e071fa31c - <message[72b1c87a4a97f7b3]::only_identifier_url::{closure#0} as core[a373ad73a504971]::ops::function::FnOnce<()>>::call_once
[INFO] [stdout]   13:     0x565e0727822b - test[aada8e7e76ba119b]::__rust_begin_short_backtrace::<core[a373ad73a504971]::result::Result<(), alloc[2e1b2a31b91974c5]::string::String>, fn() -> core[a373ad73a504971]::result::Result<(), alloc[2e1b2a31b91974c5]::string::String>>
[INFO] [stdout]   14:     0x565e07285405 - test[aada8e7e76ba119b]::run_test::{closure#0}
[INFO] [stdout]   15:     0x565e0727ecf4 - std[617be2ca0a6fd877]::sys::backtrace::__rust_begin_short_backtrace::<test[aada8e7e76ba119b]::run_test::{closure#1}, ()>
[INFO] [stdout]   16:     0x565e07288492 - <std[617be2ca0a6fd877]::thread::lifecycle::spawn_unchecked<test[aada8e7e76ba119b]::run_test::{closure#1}, ()>::{closure#1} as core[a373ad73a504971]::ops::function::FnOnce<()>>::call_once::{shim:vtable#0}
[INFO] [stdout]   17:     0x565e072f6d2f - <std[617be2ca0a6fd877]::sys::thread::unix::Thread>::new::thread_start
[INFO] [stdout]   18:     0x706e19f23dfa - <unknown>
[INFO] [stdout]   19:     0x706e19fb73d4 - clone
[INFO] [stdout]   20:                0x0 - <unknown>
[INFO] [stdout] 
[INFO] [stdout] ---- nested_label_color stdout ----
[INFO] [stdout] ━━━━━━━━━━━━━━━━━━━━━━━━━━━━━━━ Snapshot Summary ━━━━━━━━━━━━━━━━━━━━━━━━━━━━━━━
[INFO] [stdout] Snapshot file: tests/snapshots/message__nested_label_color.snap
[INFO] [stdout] Snapshot: nested_label_color
[INFO] [stdout] Source: tests/message.rs:149
[INFO] [stdout] ────────────────────────────────────────────────────────────────────────────────
[INFO] [stdout] Expression: message
[INFO] [stdout] ────────────────────────────────────────────────────────────────────────────────
[INFO] [stdout] -old snapshot
[INFO] [stdout] +new results
[INFO] [stdout] ────────────┬───────────────────────────────────────────────────────────────────
[INFO] [stdout]     0     0 │ ␛[31merror␛[0m␛[31m[test]␛[0m: This is a test message.␊
[INFO] [stdout]     1       │-   ␛[2m╭␛[0m␛[2m[␛[0mhello.rs␛[2m]␛[0m
[INFO] [stdout]           1 │+   ␛[2m╭␛[0m␛[2m[␛[0mhello.rs:1:16␛[2m]␛[0m
[INFO] [stdout]     2     2 │    ␛[2m│␛[0m␊
[INFO] [stdout]     3     3 │ ␛[2m 1 │␛[0m ␛[2mfn hello(name: ␛[0m␛[32mSt␛[0m␛[33mr␛[0m␛[32ming␛[0m␛[2m) -> ␛[0m␛[35mString␛[0m␛[2m {␛[0m␛[39m␛[0m␊
[INFO] [stdout]     4     4 │    ␛[2m┆␛[0m                ␛[32m─┬────␛[0m     ␛[35m─┬────␛[0m␊
[INFO] [stdout]     5     5 │    ␛[2m┆␛[0m                 ␛[32m╰␛[0m Param    ␛[35m╰␛[0m Return␊
[INFO] [stdout]     6       │-
[INFO] [stdout]     7     6 │    ␛[2m╯␛[0m
[INFO] [stdout] ────────────┴───────────────────────────────────────────────────────────────────
[INFO] [stdout] 
[INFO] [stdout] thread 'nested_label_color' (460) panicked at tests/message.rs:149:5:
[INFO] [stdout] called `Result::unwrap()` on an `Err` value: FileIo(Os { code: 30, kind: ReadOnlyFilesystem, message: "Read-only file system" }, "/opt/rustwide/workdir/tests/snapshots/message__nested_label_color.snap.new")
[INFO] [stdout] stack backtrace:
[INFO] [stdout]    0:     0x565e072f7d51 - <<std[617be2ca0a6fd877]::sys::backtrace::BacktraceLock>::print::DisplayBacktrace as core[a373ad73a504971]::fmt::Display>::fmt
[INFO] [stdout]    1:     0x565e0730e52a - core[a373ad73a504971]::fmt::write
[INFO] [stdout]    2:     0x565e072fc2ec - <alloc[2e1b2a31b91974c5]::vec::Vec<u8> as core[a373ad73a504971]::io::write::Write>::write_fmt
[INFO] [stdout]    3:     0x565e072d1896 - std[617be2ca0a6fd877]::panicking::default_hook::{closure#0}
[INFO] [stdout]    4:     0x565e072ef569 - std[617be2ca0a6fd877]::panicking::default_hook
[INFO] [stdout]    5:     0x565e07284de0 - test[aada8e7e76ba119b]::test_main_inner::{closure#0}
[INFO] [stdout]    6:     0x565e072ef722 - std[617be2ca0a6fd877]::panicking::panic_with_hook
[INFO] [stdout]    7:     0x565e072d1942 - std[617be2ca0a6fd877]::panicking::panic_handler::{closure#0}
[INFO] [stdout]    8:     0x565e072ca179 - std[617be2ca0a6fd877]::sys::backtrace::__rust_end_short_backtrace::<std[617be2ca0a6fd877]::panicking::panic_handler::{closure#0}, !>
[INFO] [stdout]    9:     0x565e072d25ed - __rustc[ea4f61d10b84890b]::rust_begin_unwind
[INFO] [stdout]   10:     0x565e0730ec8c - core[a373ad73a504971]::panicking::panic_fmt
[INFO] [stdout]   11:     0x565e0730ea62 - core[a373ad73a504971]::result::unwrap_failed
[INFO] [stdout]   12:     0x565e071f99cd - <message[72b1c87a4a97f7b3]::nested_label_color::{closure#0} as core[a373ad73a504971]::ops::function::FnOnce<()>>::call_once
[INFO] [stdout]   13:     0x565e0727822b - test[aada8e7e76ba119b]::__rust_begin_short_backtrace::<core[a373ad73a504971]::result::Result<(), alloc[2e1b2a31b91974c5]::string::String>, fn() -> core[a373ad73a504971]::result::Result<(), alloc[2e1b2a31b91974c5]::string::String>>
[INFO] [stdout]   14:     0x565e07285405 - test[aada8e7e76ba119b]::run_test::{closure#0}
[INFO] [stdout]   15:     0x565e0727ecf4 - std[617be2ca0a6fd877]::sys::backtrace::__rust_begin_short_backtrace::<test[aada8e7e76ba119b]::run_test::{closure#1}, ()>
[INFO] [stdout]   16:     0x565e07288492 - <std[617be2ca0a6fd877]::thread::lifecycle::spawn_unchecked<test[aada8e7e76ba119b]::run_test::{closure#1}, ()>::{closure#1} as core[a373ad73a504971]::ops::function::FnOnce<()>>::call_once::{shim:vtable#0}
[INFO] [stdout]   17:     0x565e072f6d2f - <std[617be2ca0a6fd877]::sys::thread::unix::Thread>::new::thread_start
[INFO] [stdout]   18:     0x706e19f23dfa - <unknown>
[INFO] [stdout]   19:     0x706e19fb73d4 - clone
[INFO] [stdout]   20:                0x0 - <unknown>
[INFO] [stdout] 
[INFO] [stdout] ---- only_identifier stdout ----
[INFO] [stdout] ━━━━━━━━━━━━━━━━━━━━━━━━━━━━━━━ Snapshot Summary ━━━━━━━━━━━━━━━━━━━━━━━━━━━━━━━
[INFO] [stdout] Snapshot file: tests/snapshots/message__only_identifier-2.snap
[INFO] [stdout] Snapshot: only_identifier-2
[INFO] [stdout] Source: tests/message.rs:57
[INFO] [stdout] ────────────────────────────────────────────────────────────────────────────────
[INFO] [stdout] Expression: message
[INFO] [stdout] ────────────────────────────────────────────────────────────────────────────────
[INFO] [stdout] -old snapshot
[INFO] [stdout] +new results
[INFO] [stdout] ────────────┬───────────────────────────────────────────────────────────────────
[INFO] [stdout]     0       │-[test]: ␛[1mThis is a test message, but it has more text so that it is longer, and will
[INFO] [stdout]     1       │-        likely cause a text break on most terminals. This has been a test message.␛[0m
[INFO] [stdout]           0 │+[test]: This is a test message, but it has more text so that it is longer, and
[INFO] [stdout]           1 │+        will likely cause a text break on most terminals. This has been a test message.
[INFO] [stdout] ────────────┴───────────────────────────────────────────────────────────────────
[INFO] [stdout] 
[INFO] [stdout] thread 'only_identifier' (462) panicked at tests/message.rs:57:9:
[INFO] [stdout] called `Result::unwrap()` on an `Err` value: FileIo(Os { code: 30, kind: ReadOnlyFilesystem, message: "Read-only file system" }, "/opt/rustwide/workdir/tests/snapshots/message__only_identifier-2.snap.new")
[INFO] [stdout] stack backtrace:
[INFO] [stdout]    0:     0x565e072f7d51 - <<std[617be2ca0a6fd877]::sys::backtrace::BacktraceLock>::print::DisplayBacktrace as core[a373ad73a504971]::fmt::Display>::fmt
[INFO] [stdout]    1:     0x565e0730e52a - core[a373ad73a504971]::fmt::write
[INFO] [stdout]    2:     0x565e072fc2ec - <alloc[2e1b2a31b91974c5]::vec::Vec<u8> as core[a373ad73a504971]::io::write::Write>::write_fmt
[INFO] [stdout]    3:     0x565e072d1896 - std[617be2ca0a6fd877]::panicking::default_hook::{closure#0}
[INFO] [stdout]    4:     0x565e072ef569 - std[617be2ca0a6fd877]::panicking::default_hook
[INFO] [stdout]    5:     0x565e07284de0 - test[aada8e7e76ba119b]::test_main_inner::{closure#0}
[INFO] [stdout]    6:     0x565e072ef722 - std[617be2ca0a6fd877]::panicking::panic_with_hook
[INFO] [stdout]    7:     0x565e072d1942 - std[617be2ca0a6fd877]::panicking::panic_handler::{closure#0}
[INFO] [stdout]    8:     0x565e072ca179 - std[617be2ca0a6fd877]::sys::backtrace::__rust_end_short_backtrace::<std[617be2ca0a6fd877]::panicking::panic_handler::{closure#0}, !>
[INFO] [stdout]    9:     0x565e072d25ed - __rustc[ea4f61d10b84890b]::rust_begin_unwind
[INFO] [stdout]   10:     0x565e0730ec8c - core[a373ad73a504971]::panicking::panic_fmt
[INFO] [stdout]   11:     0x565e0730ea62 - core[a373ad73a504971]::result::unwrap_failed
[INFO] [stdout]   12:     0x565e071f8a8e - <message[72b1c87a4a97f7b3]::only_identifier::{closure#0} as core[a373ad73a504971]::ops::function::FnOnce<()>>::call_once
[INFO] [stdout]   13:     0x565e0727822b - test[aada8e7e76ba119b]::__rust_begin_short_backtrace::<core[a373ad73a504971]::result::Result<(), alloc[2e1b2a31b91974c5]::string::String>, fn() -> core[a373ad73a504971]::result::Result<(), alloc[2e1b2a31b91974c5]::string::String>>
[INFO] [stdout]   14:     0x565e07285405 - test[aada8e7e76ba119b]::run_test::{closure#0}
[INFO] [stdout]   15:     0x565e0727ecf4 - std[617be2ca0a6fd877]::sys::backtrace::__rust_begin_short_backtrace::<test[aada8e7e76ba119b]::run_test::{closure#1}, ()>
[INFO] [stdout]   16:     0x565e07288492 - <std[617be2ca0a6fd877]::thread::lifecycle::spawn_unchecked<test[aada8e7e76ba119b]::run_test::{closure#1}, ()>::{closure#1} as core[a373ad73a504971]::ops::function::FnOnce<()>>::call_once::{shim:vtable#0}
[INFO] [stdout]   17:     0x565e072f6d2f - <std[617be2ca0a6fd877]::sys::thread::unix::Thread>::new::thread_start
[INFO] [stdout]   18:     0x706e19f23dfa - <unknown>
[INFO] [stdout]   19:     0x706e19fb73d4 - clone
[INFO] [stdout]   20:                0x0 - <unknown>
[INFO] [stdout] 
[INFO] [stdout] ---- nested_label_message stdout ----
[INFO] [stdout] ━━━━━━━━━━━━━━━━━━━━━━━━━━━━━━━ Snapshot Summary ━━━━━━━━━━━━━━━━━━━━━━━━━━━━━━━
[INFO] [stdout] Snapshot file: tests/snapshots/message__nested_label_message.snap
[INFO] [stdout] Snapshot: nested_label_message
[INFO] [stdout] Source: tests/message.rs:177
[INFO] [stdout] ────────────────────────────────────────────────────────────────────────────────
[INFO] [stdout] Expression: message
[INFO] [stdout] ────────────────────────────────────────────────────────────────────────────────
[INFO] [stdout] -old snapshot
[INFO] [stdout] +new results
[INFO] [stdout] ────────────┬───────────────────────────────────────────────────────────────────
[INFO] [stdout]     0     0 │ ␛[31merror␛[0m␛[31m[test]␛[0m: This is a test message.␊
[INFO] [stdout]     1       │-   ␛[2m╭␛[0m␛[2m[␛[0mhello.rs␛[2m]␛[0m
[INFO] [stdout]           1 │+   ␛[2m╭␛[0m␛[2m[␛[0mhello.rs:1:16␛[2m]␛[0m
[INFO] [stdout]     2     2 │    ␛[2m│␛[0m␊
[INFO] [stdout]     3     3 │ ␛[2m 1 │␛[0m ␛[2mfn hello(name: ␛[0m␛[32mSt␛[0m␛[33mr␛[0m␛[32ming␛[0m␛[2m) -> ␛[0m␛[35mString␛[0m␛[2m {␛[0m␛[39m␛[0m␊
[INFO] [stdout]     4     4 │    ␛[2m┆␛[0m                ␛[32m─┬────␛[0m     ␛[35m─┬────␛[0m␊
[INFO] [stdout]     5     5 │    ␛[2m┆␛[0m                 ␛[32m╰␛[0m Param    ␛[35m╰␛[0m Return␊
[INFO] [stdout]     6     6 │    ␛[2m┆␛[0m                  ␛[33m╰␛[0m R␊
[INFO] [stdout]     7       │-
[INFO] [stdout]     8     7 │    ␛[2m╯␛[0m
[INFO] [stdout] ────────────┴───────────────────────────────────────────────────────────────────
[INFO] [stdout] 
[INFO] [stdout] thread 'nested_label_message' (461) panicked at tests/message.rs:177:5:
[INFO] [stdout] called `Result::unwrap()` on an `Err` value: FileIo(Os { code: 30, kind: ReadOnlyFilesystem, message: "Read-only file system" }, "/opt/rustwide/workdir/tests/snapshots/message__nested_label_message.snap.new")
[INFO] [stdout] stack backtrace:
[INFO] [stdout]    0:     0x565e072f7d51 - <<std[617be2ca0a6fd877]::sys::backtrace::BacktraceLock>::print::DisplayBacktrace as core[a373ad73a504971]::fmt::Display>::fmt
[INFO] [stdout]    1:     0x565e0730e52a - core[a373ad73a504971]::fmt::write
[INFO] [stdout]    2:     0x565e072fc2ec - <alloc[2e1b2a31b91974c5]::vec::Vec<u8> as core[a373ad73a504971]::io::write::Write>::write_fmt
[INFO] [stdout]    3:     0x565e072d1896 - std[617be2ca0a6fd877]::panicking::default_hook::{closure#0}
[INFO] [stdout]    4:     0x565e072ef569 - std[617be2ca0a6fd877]::panicking::default_hook
[INFO] [stdout]    5:     0x565e07284de0 - test[aada8e7e76ba119b]::test_main_inner::{closure#0}
[INFO] [stdout]    6:     0x565e072ef722 - std[617be2ca0a6fd877]::panicking::panic_with_hook
[INFO] [stdout]    7:     0x565e072d1942 - std[617be2ca0a6fd877]::panicking::panic_handler::{closure#0}
[INFO] [stdout]    8:     0x565e072ca179 - std[617be2ca0a6fd877]::sys::backtrace::__rust_end_short_backtrace::<std[617be2ca0a6fd877]::panicking::panic_handler::{closure#0}, !>
[INFO] [stdout]    9:     0x565e072d25ed - __rustc[ea4f61d10b84890b]::rust_begin_unwind
[INFO] [stdout]   10:     0x565e0730ec8c - core[a373ad73a504971]::panicking::panic_fmt
[INFO] [stdout]   11:     0x565e0730ea62 - core[a373ad73a504971]::result::unwrap_failed
[INFO] [stdout]   12:     0x565e071fab73 - <message[72b1c87a4a97f7b3]::nested_label_message::{closure#0} as core[a373ad73a504971]::ops::function::FnOnce<()>>::call_once
[INFO] [stdout]   13:     0x565e0727822b - test[aada8e7e76ba119b]::__rust_begin_short_backtrace::<core[a373ad73a504971]::result::Result<(), alloc[2e1b2a31b91974c5]::string::String>, fn() -> core[a373ad73a504971]::result::Result<(), alloc[2e1b2a31b91974c5]::string::String>>
[INFO] [stdout]   14:     0x565e07285405 - test[aada8e7e76ba119b]::run_test::{closure#0}
[INFO] [stdout]   15:     0x565e0727ecf4 - std[617be2ca0a6fd877]::sys::backtrace::__rust_begin_short_backtrace::<test[aada8e7e76ba119b]::run_test::{closure#1}, ()>
[INFO] [stdout]   16:     0x565e07288492 - <std[617be2ca0a6fd877]::thread::lifecycle::spawn_unchecked<test[aada8e7e76ba119b]::run_test::{closure#1}, ()>::{closure#1} as core[a373ad73a504971]::ops::function::FnOnce<()>>::call_once::{shim:vtable#0}
[INFO] [stdout]   17:     0x565e072f6d2f - <std[617be2ca0a6fd877]::sys::thread::unix::Thread>::new::thread_start
[INFO] [stdout]   18:     0x706e19f23dfa - <unknown>
[INFO] [stdout]   19:     0x706e19fb73d4 - clone
[INFO] [stdout]   20:                0x0 - <unknown>
[INFO] [stdout] 
[INFO] [stdout] ---- only_severity_identifier stdout ----
[INFO] [stdout] ━━━━━━━━━━━━━━━━━━━━━━━━━━━━━━━ Snapshot Summary ━━━━━━━━━━━━━━━━━━━━━━━━━━━━━━━
[INFO] [stdout] Snapshot file: tests/snapshots/message__only_severity_identifier-2.snap
[INFO] [stdout] Snapshot: only_severity_identifier-2
[INFO] [stdout] Source: tests/message.rs:83
[INFO] [stdout] ────────────────────────────────────────────────────────────────────────────────
[INFO] [stdout] Expression: message
[INFO] [stdout] ────────────────────────────────────────────────────────────────────────────────
[INFO] [stdout] -old snapshot
[INFO] [stdout] +new results
[INFO] [stdout] ────────────┬───────────────────────────────────────────────────────────────────
[INFO] [stdout]     0       │-␛[33mwarning␛[0m␛[33m[test]␛[0m: ␛[1mThis is a test message, but it has more text so that it is longer, and will
[INFO] [stdout]     1       │-               likely cause a text break on most terminals. This has been a test message.␛[0m
[INFO] [stdout]           0 │+␛[33mwarning␛[0m␛[33m[test]␛[0m: This is a test message, but it has more text so
[INFO] [stdout]           1 │+                                 that it is longer, and will likely cause a text
[INFO] [stdout]           2 │+                                 break on most terminals. This has been a test message.
[INFO] [stdout] ────────────┴───────────────────────────────────────────────────────────────────
[INFO] [stdout] 
[INFO] [stdout] thread 'only_severity_identifier' (491) panicked at tests/message.rs:83:9:
[INFO] [stdout] called `Result::unwrap()` on an `Err` value: FileIo(Os { code: 30, kind: ReadOnlyFilesystem, message: "Read-only file system" }, "/opt/rustwide/workdir/tests/snapshots/message__only_severity_identifier-2.snap.new")
[INFO] [stdout] stack backtrace:
[INFO] [stdout]    0:     0x565e072f7d51 - <<std[617be2ca0a6fd877]::sys::backtrace::BacktraceLock>::print::DisplayBacktrace as core[a373ad73a504971]::fmt::Display>::fmt
[INFO] [stdout]    1:     0x565e0730e52a - core[a373ad73a504971]::fmt::write
[INFO] [stdout]    2:     0x565e072fc2ec - <alloc[2e1b2a31b91974c5]::vec::Vec<u8> as core[a373ad73a504971]::io::write::Write>::write_fmt
[INFO] [stdout]    3:     0x565e072d1896 - std[617be2ca0a6fd877]::panicking::default_hook::{closure#0}
[INFO] [stdout]    4:     0x565e072ef569 - std[617be2ca0a6fd877]::panicking::default_hook
[INFO] [stdout]    5:     0x565e07284de0 - test[aada8e7e76ba119b]::test_main_inner::{closure#0}
[INFO] [stdout]    6:     0x565e072ef722 - std[617be2ca0a6fd877]::panicking::panic_with_hook
[INFO] [stdout]    7:     0x565e072d1942 - std[617be2ca0a6fd877]::panicking::panic_handler::{closure#0}
[INFO] [stdout]    8:     0x565e072ca179 - std[617be2ca0a6fd877]::sys::backtrace::__rust_end_short_backtrace::<std[617be2ca0a6fd877]::panicking::panic_handler::{closure#0}, !>
[INFO] [stdout]    9:     0x565e072d25ed - __rustc[ea4f61d10b84890b]::rust_begin_unwind
[INFO] [stdout]   10:     0x565e0730ec8c - core[a373ad73a504971]::panicking::panic_fmt
[INFO] [stdout]   11:     0x565e0730ea62 - core[a373ad73a504971]::result::unwrap_failed
[INFO] [stdout]   12:     0x565e071fbbde - <message[72b1c87a4a97f7b3]::only_severity_identifier::{closure#0} as core[a373ad73a504971]::ops::function::FnOnce<()>>::call_once
[INFO] [stdout]   13:     0x565e0727822b - test[aada8e7e76ba119b]::__rust_begin_short_backtrace::<core[a373ad73a504971]::result::Result<(), alloc[2e1b2a31b91974c5]::string::String>, fn() -> core[a373ad73a504971]::result::Result<(), alloc[2e1b2a31b91974c5]::string::String>>
[INFO] [stdout]   14:     0x565e07285405 - test[aada8e7e76ba119b]::run_test::{closure#0}
[INFO] [stdout]   15:     0x565e0727ecf4 - std[617be2ca0a6fd877]::sys::backtrace::__rust_begin_short_backtrace::<test[aada8e7e76ba119b]::run_test::{closure#1}, ()>
[INFO] [stdout]   16:     0x565e07288492 - <std[617be2ca0a6fd877]::thread::lifecycle::spawn_unchecked<test[aada8e7e76ba119b]::run_test::{closure#1}, ()>::{closure#1} as core[a373ad73a504971]::ops::function::FnOnce<()>>::call_once::{shim:vtable#0}
[INFO] [stdout]   17:     0x565e072f6d2f - <std[617be2ca0a6fd877]::sys::thread::unix::Thread>::new::thread_start
[INFO] [stdout]   18:     0x706e19f23dfa - <unknown>
[INFO] [stdout]   19:     0x706e19fb73d4 - clone
[INFO] [stdout]   20:                0x0 - <unknown>
[INFO] [stdout] 
[INFO] [stdout] ---- only_severity stdout ----
[INFO] [stdout] ━━━━━━━━━━━━━━━━━━━━━━━━━━━━━━━ Snapshot Summary ━━━━━━━━━━━━━━━━━━━━━━━━━━━━━━━
[INFO] [stdout] Snapshot file: tests/snapshots/message__only_severity-2.snap
[INFO] [stdout] Snapshot: only_severity-2
[INFO] [stdout] Source: tests/message.rs:46
[INFO] [stdout] ────────────────────────────────────────────────────────────────────────────────
[INFO] [stdout] Expression: message
[INFO] [stdout] ────────────────────────────────────────────────────────────────────────────────
[INFO] [stdout] -old snapshot
[INFO] [stdout] +new results
[INFO] [stdout] ────────────┬───────────────────────────────────────────────────────────────────
[INFO] [stdout]     0       │-␛[31merror␛[0m: ␛[1mThis is a test message, but it has more text so that it is longer, and will
[INFO] [stdout]     1       │-       likely cause a text break on most terminals. This has been a test message.␛[0m
[INFO] [stdout]           0 │+␛[31merror␛[0m: This is a test message, but it has more text so that it is
[INFO] [stdout]           1 │+                longer, and will likely cause a text break on most terminals.
[INFO] [stdout]           2 │+                This has been a test message.
[INFO] [stdout] ────────────┴───────────────────────────────────────────────────────────────────
[INFO] [stdout] 
[INFO] [stdout] thread 'only_severity' (466) panicked at tests/message.rs:46:9:
[INFO] [stdout] called `Result::unwrap()` on an `Err` value: FileIo(Os { code: 30, kind: ReadOnlyFilesystem, message: "Read-only file system" }, "/opt/rustwide/workdir/tests/snapshots/message__only_severity-2.snap.new")
[INFO] [stdout] stack backtrace:
[INFO] [stdout]    0:     0x565e072f7d51 - <<std[617be2ca0a6fd877]::sys::backtrace::BacktraceLock>::print::DisplayBacktrace as core[a373ad73a504971]::fmt::Display>::fmt
[INFO] [stdout]    1:     0x565e0730e52a - core[a373ad73a504971]::fmt::write
[INFO] [stdout]    2:     0x565e072fc2ec - <alloc[2e1b2a31b91974c5]::vec::Vec<u8> as core[a373ad73a504971]::io::write::Write>::write_fmt
[INFO] [stdout]    3:     0x565e072d1896 - std[617be2ca0a6fd877]::panicking::default_hook::{closure#0}
[INFO] [stdout]    4:     0x565e072ef569 - std[617be2ca0a6fd877]::panicking::default_hook
[INFO] [stdout]    5:     0x565e07284de0 - test[aada8e7e76ba119b]::test_main_inner::{closure#0}
[INFO] [stdout]    6:     0x565e072ef722 - std[617be2ca0a6fd877]::panicking::panic_with_hook
[INFO] [stdout]    7:     0x565e072d1942 - std[617be2ca0a6fd877]::panicking::panic_handler::{closure#0}
[INFO] [stdout]    8:     0x565e072ca179 - std[617be2ca0a6fd877]::sys::backtrace::__rust_end_short_backtrace::<std[617be2ca0a6fd877]::panicking::panic_handler::{closure#0}, !>
[INFO] [stdout]    9:     0x565e072d25ed - __rustc[ea4f61d10b84890b]::rust_begin_unwind
[INFO] [stdout]   10:     0x565e0730ec8c - core[a373ad73a504971]::panicking::panic_fmt
[INFO] [stdout]   11:     0x565e0730ea62 - core[a373ad73a504971]::result::unwrap_failed
[INFO] [stdout]   12:     0x565e071f829a - <message[72b1c87a4a97f7b3]::only_severity::{closure#0} as core[a373ad73a504971]::ops::function::FnOnce<()>>::call_once
[INFO] [stdout]   13:     0x565e0727822b - test[aada8e7e76ba119b]::__rust_begin_short_backtrace::<core[a373ad73a504971]::result::Result<(), alloc[2e1b2a31b91974c5]::string::String>, fn() -> core[a373ad73a504971]::result::Result<(), alloc[2e1b2a31b91974c5]::string::String>>
[INFO] [stdout]   14:     0x565e07285405 - test[aada8e7e76ba119b]::run_test::{closure#0}
[INFO] [stdout]   15:     0x565e0727ecf4 - std[617be2ca0a6fd877]::sys::backtrace::__rust_begin_short_backtrace::<test[aada8e7e76ba119b]::run_test::{closure#1}, ()>
[INFO] [stdout]   16:     0x565e07288492 - <std[617be2ca0a6fd877]::thread::lifecycle::spawn_unchecked<test[aada8e7e76ba119b]::run_test::{closure#1}, ()>::{closure#1} as core[a373ad73a504971]::ops::function::FnOnce<()>>::call_once::{shim:vtable#0}
[INFO] [stdout]   17:     0x565e072f6d2f - <std[617be2ca0a6fd877]::sys::thread::unix::Thread>::new::thread_start
[INFO] [stdout]   18:     0x706e19f23dfa - <unknown>
[INFO] [stdout]   19:     0x706e19fb73d4 - clone
[INFO] [stdout]   20:                0x0 - <unknown>
[INFO] [stdout] 
[INFO] [stdout] ---- only_message stdout ----
[INFO] [stdout] ━━━━━━━━━━━━━━━━━━━━━━━━━━━━━━━ Snapshot Summary ━━━━━━━━━━━━━━━━━━━━━━━━━━━━━━━
[INFO] [stdout] Snapshot file: tests/snapshots/message__only_message-2.snap
[INFO] [stdout] Snapshot: only_message-2
[INFO] [stdout] Source: tests/message.rs:35
[INFO] [stdout] ────────────────────────────────────────────────────────────────────────────────
[INFO] [stdout] Expression: message
[INFO] [stdout] ────────────────────────────────────────────────────────────────────────────────
[INFO] [stdout] -old snapshot
[INFO] [stdout] +new results
[INFO] [stdout] ────────────┬───────────────────────────────────────────────────────────────────
[INFO] [stdout]     0       │-␛[1mThis is a test message, but it has more text so that it is longer, and will
[INFO] [stdout]     1       │-  likely cause a text break on most terminals. This has been a test message.␛[0m
[INFO] [stdout]           0 │+This is a test message, but it has more text so that it is longer, and will
[INFO] [stdout]           1 │+likely cause a text break on most terminals. This has been a test message.
[INFO] [stdout] ────────────┴───────────────────────────────────────────────────────────────────
[INFO] [stdout] 
[INFO] [stdout] thread 'only_message' (464) panicked at tests/message.rs:35:9:
[INFO] [stdout] called `Result::unwrap()` on an `Err` value: FileIo(Os { code: 30, kind: ReadOnlyFilesystem, message: "Read-only file system" }, "/opt/rustwide/workdir/tests/snapshots/message__only_message-2.snap.new")
[INFO] [stdout] stack backtrace:
[INFO] [stdout]    0:     0x565e072f7d51 - <<std[617be2ca0a6fd877]::sys::backtrace::BacktraceLock>::print::DisplayBacktrace as core[a373ad73a504971]::fmt::Display>::fmt
[INFO] [stdout]    1:     0x565e0730e52a - core[a373ad73a504971]::fmt::write
[INFO] [stdout]    2:     0x565e072fc2ec - <alloc[2e1b2a31b91974c5]::vec::Vec<u8> as core[a373ad73a504971]::io::write::Write>::write_fmt
[INFO] [stdout]    3:     0x565e072d1896 - std[617be2ca0a6fd877]::panicking::default_hook::{closure#0}
[INFO] [stdout]    4:     0x565e072ef569 - std[617be2ca0a6fd877]::panicking::default_hook
[INFO] [stdout]    5:     0x565e07284de0 - test[aada8e7e76ba119b]::test_main_inner::{closure#0}
[INFO] [stdout]    6:     0x565e072ef722 - std[617be2ca0a6fd877]::panicking::panic_with_hook
[INFO] [stdout]    7:     0x565e072d1942 - std[617be2ca0a6fd877]::panicking::panic_handler::{closure#0}
[INFO] [stdout]    8:     0x565e072ca179 - std[617be2ca0a6fd877]::sys::backtrace::__rust_end_short_backtrace::<std[617be2ca0a6fd877]::panicking::panic_handler::{closure#0}, !>
[INFO] [stdout]    9:     0x565e072d25ed - __rustc[ea4f61d10b84890b]::rust_begin_unwind
[INFO] [stdout]   10:     0x565e0730ec8c - core[a373ad73a504971]::panicking::panic_fmt
[INFO] [stdout]   11:     0x565e0730ea62 - core[a373ad73a504971]::result::unwrap_failed
[INFO] [stdout]   12:     0x565e071f76ca - <message[72b1c87a4a97f7b3]::only_message::{closure#0} as core[a373ad73a504971]::ops::function::FnOnce<()>>::call_once
[INFO] [stdout]   13:     0x565e0727822b - test[aada8e7e76ba119b]::__rust_begin_short_backtrace::<core[a373ad73a504971]::result::Result<(), alloc[2e1b2a31b91974c5]::string::String>, fn() -> core[a373ad73a504971]::result::Result<(), alloc[2e1b2a31b91974c5]::string::String>>
[INFO] [stdout]   14:     0x565e07285405 - test[aada8e7e76ba119b]::run_test::{closure#0}
[INFO] [stdout]   15:     0x565e0727ecf4 - std[617be2ca0a6fd877]::sys::backtrace::__rust_begin_short_backtrace::<test[aada8e7e76ba119b]::run_test::{closure#1}, ()>
[INFO] [stdout]   16:     0x565e07288492 - <std[617be2ca0a6fd877]::thread::lifecycle::spawn_unchecked<test[aada8e7e76ba119b]::run_test::{closure#1}, ()>::{closure#1} as core[a373ad73a504971]::ops::function::FnOnce<()>>::call_once::{shim:vtable#0}
[INFO] [stdout]   17:     0x565e072f6d2f - <std[617be2ca0a6fd877]::sys::thread::unix::Thread>::new::thread_start
[INFO] [stdout]   18:     0x706e19f23dfa - <unknown>
[INFO] [stdout]   19:     0x706e19fb73d4 - clone
[INFO] [stdout]   20:                0x0 - <unknown>
[INFO] [stdout] 
[INFO] [stdout] ---- simple_label_two stdout ----
[INFO] [stdout] ━━━━━━━━━━━━━━━━━━━━━━━━━━━━━━━ Snapshot Summary ━━━━━━━━━━━━━━━━━━━━━━━━━━━━━━━
[INFO] [stdout] Snapshot file: tests/snapshots/message__simple_label_two.snap
[INFO] [stdout] Snapshot: simple_label_two
[INFO] [stdout] Source: tests/message.rs:122
[INFO] [stdout] ────────────────────────────────────────────────────────────────────────────────
[INFO] [stdout] Expression: message
[INFO] [stdout] ────────────────────────────────────────────────────────────────────────────────
[INFO] [stdout] -old snapshot
[INFO] [stdout] +new results
[INFO] [stdout] ────────────┬───────────────────────────────────────────────────────────────────
[INFO] [stdout]     0     0 │ ␛[31merror␛[0m␛[31m[test]␛[0m: This is a test message.␊
[INFO] [stdout]     1       │-   ␛[2m╭␛[0m␛[2m[␛[0mhello.rs␛[2m]␛[0m
[INFO] [stdout]           1 │+   ␛[2m╭␛[0m␛[2m[␛[0mhello.rs:1:16␛[2m]␛[0m
[INFO] [stdout]     2     2 │    ␛[2m│␛[0m␊
[INFO] [stdout]     3     3 │ ␛[2m 1 │␛[0m ␛[2mfn hello(name: ␛[0m␛[32mString␛[0m␛[2m) -> ␛[0m␛[35mString␛[0m␛[2m {␛[0m␛[39m␛[0m␊
[INFO] [stdout]     4     4 │    ␛[2m┆␛[0m                ␛[32m─┬────␛[0m     ␛[35m─┬────␛[0m␊
[INFO] [stdout]     5     5 │    ␛[2m┆␛[0m                 ␛[32m╰␛[0m Param    ␛[35m╰␛[0m Return␊
[INFO] [stdout]     6       │-
[INFO] [stdout]     7     6 │    ␛[2m╯␛[0m
[INFO] [stdout] ────────────┴───────────────────────────────────────────────────────────────────
[INFO] [stdout] 
[INFO] [stdout] thread 'simple_label_two' (1719) panicked at tests/message.rs:122:5:
[INFO] [stdout] called `Result::unwrap()` on an `Err` value: FileIo(Os { code: 30, kind: ReadOnlyFilesystem, message: "Read-only file system" }, "/opt/rustwide/workdir/tests/snapshots/message__simple_label_two.snap.new")
[INFO] [stdout] stack backtrace:
[INFO] [stdout]    0:     0x565e072f7d51 - <<std[617be2ca0a6fd877]::sys::backtrace::BacktraceLock>::print::DisplayBacktrace as core[a373ad73a504971]::fmt::Display>::fmt
[INFO] [stdout]    1:     0x565e0730e52a - core[a373ad73a504971]::fmt::write
[INFO] [stdout]    2:     0x565e072fc2ec - <alloc[2e1b2a31b91974c5]::vec::Vec<u8> as core[a373ad73a504971]::io::write::Write>::write_fmt
[INFO] [stdout]    3:     0x565e072d1896 - std[617be2ca0a6fd877]::panicking::default_hook::{closure#0}
[INFO] [stdout]    4:     0x565e072ef569 - std[617be2ca0a6fd877]::panicking::default_hook
[INFO] [stdout]    5:     0x565e07284de0 - test[aada8e7e76ba119b]::test_main_inner::{closure#0}
[INFO] [stdout]    6:     0x565e072ef722 - std[617be2ca0a6fd877]::panicking::panic_with_hook
[INFO] [stdout]    7:     0x565e072d1942 - std[617be2ca0a6fd877]::panicking::panic_handler::{closure#0}
[INFO] [stdout]    8:     0x565e072ca179 - std[617be2ca0a6fd877]::sys::backtrace::__rust_end_short_backtrace::<std[617be2ca0a6fd877]::panicking::panic_handler::{closure#0}, !>
[INFO] [stdout]    9:     0x565e072d25ed - __rustc[ea4f61d10b84890b]::rust_begin_unwind
[INFO] [stdout]   10:     0x565e0730ec8c - core[a373ad73a504971]::panicking::panic_fmt
[INFO] [stdout]   11:     0x565e0730ea62 - core[a373ad73a504971]::result::unwrap_failed
[INFO] [stdout]   12:     0x565e071f916c - <message[72b1c87a4a97f7b3]::simple_label_two::{closure#0} as core[a373ad73a504971]::ops::function::FnOnce<()>>::call_once
[INFO] [stdout]   13:     0x565e0727822b - test[aada8e7e76ba119b]::__rust_begin_short_backtrace::<core[a373ad73a504971]::result::Result<(), alloc[2e1b2a31b91974c5]::string::String>, fn() -> core[a373ad73a504971]::result::Result<(), alloc[2e1b2a31b91974c5]::string::String>>
[INFO] [stdout]   14:     0x565e07285405 - test[aada8e7e76ba119b]::run_test::{closure#0}
[INFO] [stdout]   15:     0x565e0727ecf4 - std[617be2ca0a6fd877]::sys::backtrace::__rust_begin_short_backtrace::<test[aada8e7e76ba119b]::run_test::{closure#1}, ()>
[INFO] [stdout]   16:     0x565e07288492 - <std[617be2ca0a6fd877]::thread::lifecycle::spawn_unchecked<test[aada8e7e76ba119b]::run_test::{closure#1}, ()>::{closure#1} as core[a373ad73a504971]::ops::function::FnOnce<()>>::call_once::{shim:vtable#0}
[INFO] [stdout]   17:     0x565e072f6d2f - <std[617be2ca0a6fd877]::sys::thread::unix::Thread>::new::thread_start
[INFO] [stdout]   18:     0x706e19f23dfa - <unknown>
[INFO] [stdout]   19:     0x706e19fb73d4 - clone
[INFO] [stdout]   20:                0x0 - <unknown>
[INFO] [stdout] 
[INFO] [stdout] ---- simple_label_two_lines stdout ----
[INFO] [stdout] ━━━━━━━━━━━━━━━━━━━━━━━━━━━━━━━ Snapshot Summary ━━━━━━━━━━━━━━━━━━━━━━━━━━━━━━━
[INFO] [stdout] Snapshot file: tests/snapshots/message__simple_label_two_lines.snap
[INFO] [stdout] Snapshot: simple_label_two_lines
[INFO] [stdout] Source: tests/message.rs:199
[INFO] [stdout] ────────────────────────────────────────────────────────────────────────────────
[INFO] [stdout] Expression: message
[INFO] [stdout] ────────────────────────────────────────────────────────────────────────────────
[INFO] [stdout] -old snapshot
[INFO] [stdout] +new results
[INFO] [stdout] ────────────┬───────────────────────────────────────────────────────────────────
[INFO] [stdout]     0       │-␛[31merror␛[0m␛[31m[test]␛[0m: ␛[1mThis is a test message.␛[0m
[INFO] [stdout]     1       │-   ␛[2m╭␛[0m␛[2m[␛[0mhello.rs␛[2m]␛[0m
[INFO] [stdout]           0 │+␛[31merror␛[0m␛[31m[test]␛[0m: This is a test message.
[INFO] [stdout]           1 │+   ␛[2m╭␛[0m␛[2m[␛[0mhello.rs:1:16␛[2m]␛[0m
[INFO] [stdout]     2     2 │    ␛[2m│␛[0m␊
[INFO] [stdout]     3       │-␛[2m 1 │␛[0m ␛[2mfn hello(name: ␛[0m␛[32mString␛[0m␛[2m) -> String {␛[0m␛[39m␛[0m
[INFO] [stdout]     4       │-   ␛[2m┆␛[0m                ␛[32m─┬────␛[0m
[INFO] [stdout]     5       │-   ␛[2m┆␛[0m                 ␛[32m╰␛[0m Parameter Type
[INFO] [stdout]     6       │-   ␛[2m┆␛[0m
[INFO] [stdout]     7       │-␛[2m 2 │␛[0m ␛[2m    format!("␛[0m␛[33mHello␛[0m␛[2m, {}!", name)␛[0m␛[39m␛[0m
[INFO] [stdout]     8       │-   ␛[2m┆␛[0m              ␛[33m─┬───␛[0m
[INFO] [stdout]     9       │-   ␛[2m┆␛[0m               ␛[33m╰␛[0m oh hi␊
[INFO] [stdout]           3 │+␛[2m 1 │␛[0m ␛[2mfn hello(name: ␛[0m␛[32mString␛[0m␛[2m) -> String {␛[0m␛[33m␛[0m
[INFO] [stdout]           4 │+   ␛[2m┆␛[0m                ␛[32m─┬────␛[0m                            ␛[33m─┬───␛[0m
[INFO] [stdout]           5 │+   ␛[2m┆␛[0m                 ␛[32m╰␛[0m Parameter Type                           ␛[33m╰␛[0m oh hi␊
[INFO] [stdout]    10     6 │    ␛[2m╯␛[0m
[INFO] [stdout] ────────────┴───────────────────────────────────────────────────────────────────
[INFO] [stdout] 
[INFO] [stdout] thread 'simple_label_two_lines' (1729) panicked at tests/message.rs:199:5:
[INFO] [stdout] called `Result::unwrap()` on an `Err` value: FileIo(Os { code: 30, kind: ReadOnlyFilesystem, message: "Read-only file system" }, "/opt/rustwide/workdir/tests/snapshots/message__simple_label_two_lines.snap.new")
[INFO] [stdout] stack backtrace:
[INFO] [stdout]    0:     0x565e072f7d51 - <<std[617be2ca0a6fd877]::sys::backtrace::BacktraceLock>::print::DisplayBacktrace as core[a373ad73a504971]::fmt::Display>::fmt
[INFO] [stdout]    1:     0x565e0730e52a - core[a373ad73a504971]::fmt::write
[INFO] [stdout]    2:     0x565e072fc2ec - <alloc[2e1b2a31b91974c5]::vec::Vec<u8> as core[a373ad73a504971]::io::write::Write>::write_fmt
[INFO] [stdout]    3:     0x565e072d1896 - std[617be2ca0a6fd877]::panicking::default_hook::{closure#0}
[INFO] [stdout]    4:     0x565e072ef569 - std[617be2ca0a6fd877]::panicking::default_hook
[INFO] [stdout]    5:     0x565e07284de0 - test[aada8e7e76ba119b]::test_main_inner::{closure#0}
[INFO] [stdout]    6:     0x565e072ef722 - std[617be2ca0a6fd877]::panicking::panic_with_hook
[INFO] [stdout]    7:     0x565e072d1942 - std[617be2ca0a6fd877]::panicking::panic_handler::{closure#0}
[INFO] [stdout]    8:     0x565e072ca179 - std[617be2ca0a6fd877]::sys::backtrace::__rust_end_short_backtrace::<std[617be2ca0a6fd877]::panicking::panic_handler::{closure#0}, !>
[INFO] [stdout]    9:     0x565e072d25ed - __rustc[ea4f61d10b84890b]::rust_begin_unwind
[INFO] [stdout]   10:     0x565e0730ec8c - core[a373ad73a504971]::panicking::panic_fmt
[INFO] [stdout]   11:     0x565e0730ea62 - core[a373ad73a504971]::result::unwrap_failed
[INFO] [stdout]   12:     0x565e071fb33e - <message[72b1c87a4a97f7b3]::simple_label_two_lines::{closure#0} as core[a373ad73a504971]::ops::function::FnOnce<()>>::call_once
[INFO] [stdout]   13:     0x565e0727822b - test[aada8e7e76ba119b]::__rust_begin_short_backtrace::<core[a373ad73a504971]::result::Result<(), alloc[2e1b2a31b91974c5]::string::String>, fn() -> core[a373ad73a504971]::result::Result<(), alloc[2e1b2a31b91974c5]::string::String>>
[INFO] [stdout]   14:     0x565e07285405 - test[aada8e7e76ba119b]::run_test::{closure#0}
[INFO] [stdout]   15:     0x565e0727ecf4 - std[617be2ca0a6fd877]::sys::backtrace::__rust_begin_short_backtrace::<test[aada8e7e76ba119b]::run_test::{closure#1}, ()>
[INFO] [stdout]   16:     0x565e07288492 - <std[617be2ca0a6fd877]::thread::lifecycle::spawn_unchecked<test[aada8e7e76ba119b]::run_test::{closure#1}, ()>::{closure#1} as core[a373ad73a504971]::ops::function::FnOnce<()>>::call_once::{shim:vtable#0}
[INFO] [stdout]   17:     0x565e072f6d2f - <std[617be2ca0a6fd877]::sys::thread::unix::Thread>::new::thread_start
[INFO] [stdout]   18:     0x706e19f23dfa - <unknown>
[INFO] [stdout]   19:     0x706e19fb73d4 - clone
[INFO] [stdout]   20:                0x0 - <unknown>
[INFO] [stdout] 
[INFO] [stdout] ---- simple_label stdout ----
[INFO] [stdout] ━━━━━━━━━━━━━━━━━━━━━━━━━━━━━━━ Snapshot Summary ━━━━━━━━━━━━━━━━━━━━━━━━━━━━━━━
[INFO] [stdout] Snapshot file: tests/snapshots/message__simple_label.snap
[INFO] [stdout] Snapshot: simple_label
[INFO] [stdout] Source: tests/message.rs:100
[INFO] [stdout] ────────────────────────────────────────────────────────────────────────────────
[INFO] [stdout] Expression: message
[INFO] [stdout] ────────────────────────────────────────────────────────────────────────────────
[INFO] [stdout] -old snapshot
[INFO] [stdout] +new results
[INFO] [stdout] ────────────┬───────────────────────────────────────────────────────────────────
[INFO] [stdout]     0     0 │ ␛[31merror␛[0m␛[31m[test]␛[0m: This is a test message.␊
[INFO] [stdout]     1       │-   ␛[2m╭␛[0m␛[2m[␛[0mhello.rs␛[2m]␛[0m
[INFO] [stdout]           1 │+   ␛[2m╭␛[0m␛[2m[␛[0mhello.rs:1:16␛[2m]␛[0m
[INFO] [stdout]     2     2 │    ␛[2m│␛[0m␊
[INFO] [stdout]     3     3 │ ␛[2m 1 │␛[0m ␛[2mfn hello(name: ␛[0m␛[32mString␛[0m␛[2m) -> String {␛[0m␛[39m␛[0m␊
[INFO] [stdout]     4     4 │    ␛[2m┆␛[0m                ␛[32m─┬────␛[0m␊
[INFO] [stdout]     5     5 │    ␛[2m┆␛[0m                 ␛[32m╰␛[0m Parameter Type␊
[INFO] [stdout]     6       │-
[INFO] [stdout]     7     6 │    ␛[2m╯␛[0m
[INFO] [stdout] ────────────┴───────────────────────────────────────────────────────────────────
[INFO] [stdout] 
[INFO] [stdout] thread 'simple_label' (1698) panicked at tests/message.rs:100:5:
[INFO] [stdout] called `Result::unwrap()` on an `Err` value: FileIo(Os { code: 30, kind: ReadOnlyFilesystem, message: "Read-only file system" }, "/opt/rustwide/workdir/tests/snapshots/message__simple_label.snap.new")
[INFO] [stdout] stack backtrace:
[INFO] [stdout]    0:     0x565e072f7d51 - <<std[617be2ca0a6fd877]::sys::backtrace::BacktraceLock>::print::DisplayBacktrace as core[a373ad73a504971]::fmt::Display>::fmt
[INFO] [stdout]    1:     0x565e0730e52a - core[a373ad73a504971]::fmt::write
[INFO] [stdout]    2:     0x565e072fc2ec - <alloc[2e1b2a31b91974c5]::vec::Vec<u8> as core[a373ad73a504971]::io::write::Write>::write_fmt
[INFO] [stdout]    3:     0x565e072d1896 - std[617be2ca0a6fd877]::panicking::default_hook::{closure#0}
[INFO] [stdout]    4:     0x565e072ef569 - std[617be2ca0a6fd877]::panicking::default_hook
[INFO] [stdout]    5:     0x565e07284de0 - test[aada8e7e76ba119b]::test_main_inner::{closure#0}
[INFO] [stdout]    6:     0x565e072ef722 - std[617be2ca0a6fd877]::panicking::panic_with_hook
[INFO] [stdout]    7:     0x565e072d1942 - std[617be2ca0a6fd877]::panicking::panic_handler::{closure#0}
[INFO] [stdout]    8:     0x565e072ca179 - std[617be2ca0a6fd877]::sys::backtrace::__rust_end_short_backtrace::<std[617be2ca0a6fd877]::panicking::panic_handler::{closure#0}, !>
[INFO] [stdout]    9:     0x565e072d25ed - __rustc[ea4f61d10b84890b]::rust_begin_unwind
[INFO] [stdout]   10:     0x565e0730ec8c - core[a373ad73a504971]::panicking::panic_fmt
[INFO] [stdout]   11:     0x565e0730ea62 - core[a373ad73a504971]::result::unwrap_failed
[INFO] [stdout]   12:     0x565e071f7caf - <message[72b1c87a4a97f7b3]::simple_label::{closure#0} as core[a373ad73a504971]::ops::function::FnOnce<()>>::call_once
[INFO] [stdout]   13:     0x565e0727822b - test[aada8e7e76ba119b]::__rust_begin_short_backtrace::<core[a373ad73a504971]::result::Result<(), alloc[2e1b2a31b91974c5]::string::String>, fn() -> core[a373ad73a504971]::result::Result<(), alloc[2e1b2a31b91974c5]::string::String>>
[INFO] [stdout]   14:     0x565e07285405 - test[aada8e7e76ba119b]::run_test::{closure#0}
[INFO] [stdout]   15:     0x565e0727ecf4 - std[617be2ca0a6fd877]::sys::backtrace::__rust_begin_short_backtrace::<test[aada8e7e76ba119b]::run_test::{closure#1}, ()>
[INFO] [stdout]   16:     0x565e07288492 - <std[617be2ca0a6fd877]::thread::lifecycle::spawn_unchecked<test[aada8e7e76ba119b]::run_test::{closure#1}, ()>::{closure#1} as core[a373ad73a504971]::ops::function::FnOnce<()>>::call_once::{shim:vtable#0}
[INFO] [stdout]   17:     0x565e072f6d2f - <std[617be2ca0a6fd877]::sys::thread::unix::Thread>::new::thread_start
[INFO] [stdout]   18:     0x706e19f23dfa - <unknown>
[INFO] [stdout]   19:     0x706e19fb73d4 - clone
[INFO] [stdout]   20:                0x0 - <unknown>
[INFO] [stdout] 
[INFO] [stdout] 
[INFO] [stdout] failures:
[INFO] [stdout]     multi_file
[INFO] [stdout]     nested_label_color
[INFO] [stdout]     nested_label_message
[INFO] [stdout]     only_identifier
[INFO] [stdout]     only_identifier_url
[INFO] [stdout]     only_message
[INFO] [stdout]     only_severity
[INFO] [stdout]     only_severity_identifier
[INFO] [stdout]     simple_label
[INFO] [stdout]     simple_label_two
[INFO] [stdout]     simple_label_two_lines
[INFO] [stdout] 
[INFO] [stdout] test result: FAILED. 1 passed; 11 failed; 0 ignored; 0 measured; 0 filtered out; finished in 1.08s
[INFO] [stdout] 
[INFO] running `Command { std: "docker" "inspect" "b257f96922635e27e9ac240c364f6927dbe58d363d8ff4011d2d16272addef49", kill_on_drop: false }`
[INFO] running `Command { std: "docker" "rm" "-f" "b257f96922635e27e9ac240c364f6927dbe58d363d8ff4011d2d16272addef49", kill_on_drop: false }`
[INFO] [stdout] b257f96922635e27e9ac240c364f6927dbe58d363d8ff4011d2d16272addef49
