[INFO] fetching crate equilibrium-ffi 0.3.0...
[INFO] testing equilibrium-ffi-0.3.0 against 1.100.0-beta.1+cargoflags=--release for beta-release-1.100-2
[INFO] extracting crate equilibrium-ffi 0.3.0 into /workspace/builds/worker-5-tc2/source
[INFO] started tweaking crates.io crate equilibrium-ffi 0.3.0
[INFO] removed 0 missing examples
[INFO] removed 0 missing tests
[INFO] finished tweaking crates.io crate equilibrium-ffi 0.3.0
[INFO] tweaked toml for crates.io crate equilibrium-ffi 0.3.0 written to /workspace/builds/worker-5-tc2/source/Cargo.toml
[INFO] validating manifest of crates.io crate equilibrium-ffi 0.3.0 on toolchain 1.100.0-beta.1
[INFO] running `Command { std: CARGO_HOME="/workspace/cargo-home" RUSTUP_HOME="/workspace/rustup-home" "/workspace/cargo-home/bin/cargo" "+1.100.0-beta.1" "metadata" "--manifest-path" "Cargo.toml" "--no-deps", kill_on_drop: false }`
[INFO] crate crates.io crate equilibrium-ffi 0.3.0 already has a lockfile, it will not be regenerated
[INFO] running `Command { std: CARGO_HOME="/workspace/cargo-home" RUSTUP_HOME="/workspace/rustup-home" "/workspace/cargo-home/bin/cargo" "+1.100.0-beta.1" "fetch" "--manifest-path" "Cargo.toml", kill_on_drop: false }`
[INFO] running `Command { std: "docker" "create" "-v" "/var/lib/crater-agent-workspace/builds/worker-5-tc2/source:/opt/rustwide/workdir:ro,Z" "-v" "/var/lib/crater-agent-workspace/builds/worker-5-tc2/target:/opt/rustwide/target:rw,Z" "-v" "/var/lib/crater-agent-workspace/cargo-home:/opt/rustwide/cargo-home:ro,Z" "-v" "/var/lib/crater-agent-workspace/rustup-home:/opt/rustwide/rustup-home:ro,Z" "-m" "1610612736" "--network" "none" "ghcr.io/rust-lang/crates-build-env/linux@sha256:77db811e55d90add9212f6832c23229e3de5f1c1f9905e8cb07319ea15df73ac" "sleep" "infinity", kill_on_drop: false }`
[INFO] [stdout] c0ef852415a1abbcca08eb71d275854a6e2a4afc4aedac1785f796135ee50cb8
[INFO] running `Command { std: "docker" "start" "c0ef852415a1abbcca08eb71d275854a6e2a4afc4aedac1785f796135ee50cb8", kill_on_drop: false }`
[INFO] running `Command { std: "docker" "inspect" "c0ef852415a1abbcca08eb71d275854a6e2a4afc4aedac1785f796135ee50cb8", kill_on_drop: false }`
[INFO] running `Command { std: "docker" "exec" "-e" "SOURCE_DIR=/opt/rustwide/workdir" "-e" "CARGO_HOME=/opt/rustwide/cargo-home" "-e" "RUSTUP_HOME=/opt/rustwide/rustup-home" "-e" "CARGO_TARGET_DIR=/opt/rustwide/target" "-w" "/opt/rustwide/workdir" "--user" "0:0" "c0ef852415a1abbcca08eb71d275854a6e2a4afc4aedac1785f796135ee50cb8" "/opt/rustwide/cargo-home/bin/cargo" "+1.100.0-beta.1" "metadata" "--no-deps" "--format-version=1", kill_on_drop: false }`
[INFO] running `Command { std: "docker" "inspect" "c0ef852415a1abbcca08eb71d275854a6e2a4afc4aedac1785f796135ee50cb8", kill_on_drop: false }`
[INFO] running `Command { std: "docker" "exec" "-e" "SOURCE_DIR=/opt/rustwide/workdir" "-e" "CARGO_HOME=/opt/rustwide/cargo-home" "-e" "RUSTUP_HOME=/opt/rustwide/rustup-home" "-e" "CARGO_TARGET_DIR=/opt/rustwide/target" "-e" "CARGO_INCREMENTAL=0" "-e" "RUST_BACKTRACE=full" "-e" "RUSTFLAGS=--cap-lints=warn" "-e" "RUSTDOCFLAGS=--cap-lints=warn" "-w" "/opt/rustwide/workdir" "--user" "0:0" "c0ef852415a1abbcca08eb71d275854a6e2a4afc4aedac1785f796135ee50cb8" "/opt/rustwide/cargo-home/bin/cargo" "+1.100.0-beta.1" "build" "--frozen" "--message-format=json" "--release", kill_on_drop: false }`
[INFO] [stderr]    Compiling proc-macro2 v1.0.107
[INFO] [stderr]    Compiling quote v1.0.47
[INFO] [stderr]    Compiling rustix v0.38.44
[INFO] [stderr]    Compiling linux-raw-sys v0.4.15
[INFO] [stderr]    Compiling either v1.18.0
[INFO] [stderr]    Compiling home v0.5.12
[INFO] [stderr]    Compiling indexmap v2.14.2
[INFO] [stderr]    Compiling syn v3.0.6
[INFO] [stderr]    Compiling which v6.0.3
[INFO] [stderr]    Compiling serde_derive v1.0.229
[INFO] [stderr]    Compiling serde v1.0.229
[INFO] [stderr]    Compiling serde_spanned v0.6.9
[INFO] [stderr]    Compiling toml_datetime v0.6.11
[INFO] [stderr]    Compiling toml_edit v0.22.27
[INFO] [stderr]    Compiling toml v0.8.23
[INFO] [stderr]    Compiling equilibrium-ffi v0.3.0 (/opt/rustwide/workdir)
[INFO] [stderr]     Finished `release` profile [optimized] target(s) in 22.98s
[INFO] running `Command { std: "docker" "inspect" "c0ef852415a1abbcca08eb71d275854a6e2a4afc4aedac1785f796135ee50cb8", kill_on_drop: false }`
[INFO] running `Command { std: "docker" "exec" "-e" "SOURCE_DIR=/opt/rustwide/workdir" "-e" "CARGO_HOME=/opt/rustwide/cargo-home" "-e" "RUSTUP_HOME=/opt/rustwide/rustup-home" "-e" "CARGO_TARGET_DIR=/opt/rustwide/target" "-e" "CARGO_INCREMENTAL=0" "-e" "RUST_BACKTRACE=full" "-e" "RUSTFLAGS=--cap-lints=warn" "-e" "RUSTDOCFLAGS=--cap-lints=warn" "-w" "/opt/rustwide/workdir" "--user" "0:0" "c0ef852415a1abbcca08eb71d275854a6e2a4afc4aedac1785f796135ee50cb8" "/opt/rustwide/cargo-home/bin/cargo" "+1.100.0-beta.1" "test" "--frozen" "--no-run" "--message-format=json" "--release", kill_on_drop: false }`
[INFO] [stderr]    Compiling libc v0.2.189
[INFO] [stderr]    Compiling getrandom v0.4.3
[INFO] [stderr]    Compiling tempfile v3.27.0
[INFO] [stderr]    Compiling equilibrium-ffi v0.3.0 (/opt/rustwide/workdir)
[INFO] [stderr]     Finished `release` profile [optimized] target(s) in 14.78s
[INFO] running `Command { std: "docker" "inspect" "c0ef852415a1abbcca08eb71d275854a6e2a4afc4aedac1785f796135ee50cb8", kill_on_drop: false }`
[INFO] running `Command { std: "docker" "exec" "-e" "SOURCE_DIR=/opt/rustwide/workdir" "-e" "CARGO_HOME=/opt/rustwide/cargo-home" "-e" "RUSTUP_HOME=/opt/rustwide/rustup-home" "-e" "CARGO_TARGET_DIR=/opt/rustwide/target" "-e" "CARGO_INCREMENTAL=0" "-e" "RUST_BACKTRACE=full" "-e" "RUSTFLAGS=--cap-lints=warn" "-e" "RUSTDOCFLAGS=--cap-lints=warn" "-w" "/opt/rustwide/workdir" "--user" "0:0" "c0ef852415a1abbcca08eb71d275854a6e2a4afc4aedac1785f796135ee50cb8" "/opt/rustwide/cargo-home/bin/cargo" "+1.100.0-beta.1" "test" "--frozen" "--release", kill_on_drop: false }`
[INFO] [stderr]     Finished `release` profile [optimized] target(s) in 0.09s
[INFO] [stderr]      Running unittests src/lib.rs (/opt/rustwide/target/release/build/equilibrium-ffi/a3f6e0ba956b399d/out/equilibrium_ffi-a3f6e0ba956b399d)
[INFO] [stdout] 
[INFO] [stdout] running 92 tests
[INFO] [stdout] test bindings::tests::test_c_type_to_rust ... ok
[INFO] [stdout] test bindings::tests::test_generate_bindings_char_double_pointer ... ok
[INFO] [stdout] test bindings::tests::test_generate_bindings_skips_multiline_prototype ... ok
[INFO] [stdout] test bindings::tests::test_parse_function_no_params ... ok
[INFO] [stdout] test bindings::tests::test_parse_function_pointer_param ... ok
[INFO] [stdout] test bindings::tests::test_generate_bindings_mathlib_header ... ok
[INFO] [stdout] test bindings::tests::test_parse_header_with_guards ... ok
[INFO] [stdout] test bindings::tests::test_parse_typedef ... ok
[INFO] [stdout] test bindings::tests::test_c_type_to_rust_nested_pointers ... ok
[INFO] [stdout] test bindings::tests::test_parse_function ... ok
[INFO] [stdout] test bindings::tests::test_generate_bindings_skips_unknown_type_passthrough ... ok
[INFO] [stdout] test compiler::tests::test_compile_batch_empty ... ok
[INFO] [stdout] test bindings::tests::test_generate_bindings_basic ... ok
[INFO] [stdout] test bindings::tests::test_generate_bindings_rejects_oversized_file ... ok
[INFO] [stdout] test bindings::tests::test_generate_bindings_with_typedef ... ok
[INFO] [stdout] test bindings::tests::test_c_type_to_rust_extended ... ok
[INFO] [stdout] test bindings::tests::test_generate_bindings_missing_file ... ok
[INFO] [stdout] test bindings::tests::test_generate_bindings_allowlist_functions ... ok
[INFO] [stdout] test bindings::tests::test_generate_bindings_rejects_malicious_enum_discriminant ... ok
[INFO] [stdout] test compiler::tests::test_compile_nonexistent ... ok
[INFO] [stdout] test compiler::tests::test_compile_unknown_extension ... ok
[INFO] [stdout] test compiler::tests::test_rejects_dangerous_compile_args ... ok
[INFO] [stdout] test config::tests::explicit_config_path_wins ... ok
[INFO] [stdout] test detector::tests::test_detect_case_insensitive_extension ... ok
[INFO] [stdout] test config::tests::sources_are_required_to_match ... ok
[INFO] [stdout] test config::tests::reads_exports_and_scriptc_settings ... ok
[INFO] [stdout] test detector::tests::test_all_languages ... ok
[INFO] [stdout] test detector::tests::test_detect_c_and_header ... ok
[INFO] [stdout] test detector::tests::test_detect_cpp ... ok
[INFO] [stdout] test detector::tests::test_detect_csharp ... ok
[INFO] [stdout] test detector::tests::test_detect_nim ... ok
[INFO] [stdout] test detector::tests::test_detect_d ... ok
[INFO] [stdout] test detector::tests::test_cli_name_round_trip ... ok
[INFO] [stdout] test config::tests::unknown_keys_are_refused ... ok
[INFO] [stdout] test detector::tests::test_detect_odin ... ok
[INFO] [stdout] test compiler::tests::test_compile_error_failed_display ... ok
[INFO] [stdout] test bindings::tests::test_parse_function_void_params ... ok
[INFO] [stdout] test bindings::tests::test_generate_bindings_rejects_too_many_lines ... ok
[INFO] [stdout] test detector::tests::test_detect_hare ... ok
[INFO] [stdout] test detector::tests::test_detect_rust ... ok
[INFO] [stdout] test compiler::tests::test_compile_error_display ... ok
[INFO] [stdout] test detector::tests::test_detect_scriptc ... ok
[INFO] [stdout] test detector::tests::test_detect_unknown ... ok
[INFO] [stdout] test detector::tests::test_detect_v ... ok
[INFO] [stdout] test detector::tests::test_detect_zig ... ok
[INFO] [stdout] test detector::tests::test_scan_directory_recurses ... ok
[INFO] [stdout] test detector::tests::test_scan_directory_empty ... ok
[INFO] [stdout] test detector::tests::test_scan_directory_finds_sources ... ok
[INFO] [stdout] test detector::tests::test_scan_directory_skips_symlinked_dirs ... ok
[INFO] [stdout] test detector::tests::test_to_c_args_nim_cache_under_output ... ok
[INFO] [stdout] test detector::tests::test_to_c_args_zig_pic_releasefast ... ok
[INFO] [stdout] test detector::tests::test_scan_directory_skips_target ... ok
[INFO] [stdout] test detector::tests::test_version_args_match_catalogue ... ok
[INFO] [stdout] test imports::tests::scriptc_bindings_fuse_length_delimited_spans ... ok
[INFO] [stdout] test imports::tests::scriptc_bindings_respect_the_function_allowlist ... ok
[INFO] [stdout] test imports::tests::scriptc_bindings_skip_shapes_without_an_outbound_class ... ok
[INFO] [stdout] test imports::tests::scriptc_bindings_use_the_outbound_classes ... ok
[INFO] [stdout] test imports::tests::scriptc_manifest_anchors_relative_libraries ... ok
[INFO] [stdout] test loader::tests::test_load_honors_compile_false ... ok
[INFO] [stdout] test loader::tests::test_load_options ... ok
[INFO] [stdout] test detector::tests::test_to_c_args_odin_pic ... ok
[INFO] [stdout] test imports::tests::scriptc_manifest_name_is_configurable ... ok
[INFO] [stdout] test detector::tests::test_to_c_args_scriptc_library_mode ... ok
[INFO] [stdout] test imports::tests::scriptc_manifest_names_the_configured_libraries ... ok
[INFO] [stdout] test detector::tests::test_to_c_args_c_object ... ok
[INFO] [stdout] test scanner::tests::test_scan_nested_libraries ... ok
[INFO] [stdout] test scriptc::tests::header_matches_the_profile_surface ... ok
[INFO] [stdout] test scanner::tests::test_scan_skips_target_and_git_dirs ... ok
[INFO] [stdout] test scriptc::tests::header_sanitises_keyword_parameter_names ... ok
[INFO] [stdout] test scriptc::tests::parse_bytes_and_void ... ok
[INFO] [stdout] test scriptc::tests::parse_multi_line_signature_with_buffer_classes ... ok
[INFO] [stdout] test scriptc::tests::parse_rejects_shapes_outside_the_c_abi ... ok
[INFO] [stdout] test scriptc::tests::profile_declares_the_abi_and_localizes_the_runtime ... ok
[INFO] [stdout] test scriptc::tests::profile_escapes_windows_entry_paths ... ok
[INFO] [stdout] test scanner::tests::test_exclude_patterns ... ok
[INFO] [stdout] test scanner::tests::test_scan_simple_library ... ok
[INFO] [stdout] test scriptc::tests::scan_finds_only_exported_functions ... ok
[INFO] [stdout] test scriptc::tests::symbol_prefix_is_a_c_identifier_fragment ... ok
[INFO] [stdout] test scriptc::tests::target_config_refines_classes_and_emission ... ok
[INFO] [stdout] test scriptc::tests::target_config_defaults_to_the_llvm_emission ... ok
[INFO] [stdout] test scriptc::tests::profile_path_sits_beside_the_archive ... ok
[INFO] [stdout] test scriptc::tests::parse_scalar_signature ... ok
[INFO] [stdout] test scriptc::tests::target_config_refuses_unusable_overrides ... ok
[INFO] [stdout] test scanner::tests::test_generate_all_creates_mod_rs ... ok
[INFO] [stdout] test detector::tests::test_find_compiler_c_available ... ok
[INFO] [stdout] test compiler::tests::test_compile_rejects_plugin_arg ... ok
[INFO] [stdout] test detector::tests::test_find_compiler_returns_version ... ok
[INFO] [stdout] test compiler::tests::test_compile_c_missing_include ... ok
[INFO] [stdout] test compiler::tests::test_compile_batch_c_files ... ok
[INFO] [stdout] test compiler::tests::test_compile_relative_output_dir_stays_with_the_caller ... FAILED
[INFO] [stdout] test compiler::tests::test_compile_c_file ... ok
[INFO] [stdout] test loader::tests::test_load_c ... ok
[INFO] [stdout] 
[INFO] [stdout] failures:
[INFO] [stdout] 
[INFO] [stdout] ---- compiler::tests::test_compile_relative_output_dir_stays_with_the_caller stdout ----
[INFO] [stdout] 
[INFO] [stdout] thread 'compiler::tests::test_compile_relative_output_dir_stays_with_the_caller' (765) panicked at src/compiler.rs:620:57:
[INFO] [stdout] called `Result::unwrap()` on an `Err` value: Io(Os { code: 30, kind: ReadOnlyFilesystem, message: "Read-only file system" })
[INFO] [stdout] stack backtrace:
[INFO] [stdout]    0:     0x622beef7f8e1 - <<std[617be2ca0a6fd877]::sys::backtrace::BacktraceLock>::print::DisplayBacktrace as core[a373ad73a504971]::fmt::Display>::fmt
[INFO] [stdout]    1:     0x622beef9597a - core[a373ad73a504971]::fmt::write
[INFO] [stdout]    2:     0x622beef83f6c - <alloc[2e1b2a31b91974c5]::vec::Vec<u8> as core[a373ad73a504971]::io::write::Write>::write_fmt
[INFO] [stdout]    3:     0x622beef57f46 - std[617be2ca0a6fd877]::panicking::default_hook::{closure#0}
[INFO] [stdout]    4:     0x622beef75d19 - std[617be2ca0a6fd877]::panicking::default_hook
[INFO] [stdout]    5:     0x622beef0e1c0 - test[aada8e7e76ba119b]::test_main_inner::{closure#0}
[INFO] [stdout]    6:     0x622beef76042 - std[617be2ca0a6fd877]::panicking::panic_with_hook
[INFO] [stdout]    7:     0x622beef57ff2 - std[617be2ca0a6fd877]::panicking::panic_handler::{closure#0}
[INFO] [stdout]    8:     0x622beef50959 - std[617be2ca0a6fd877]::sys::backtrace::__rust_end_short_backtrace::<std[617be2ca0a6fd877]::panicking::panic_handler::{closure#0}, !>
[INFO] [stdout]    9:     0x622beef58ced - __rustc[ea4f61d10b84890b]::rust_begin_unwind
[INFO] [stdout]   10:     0x622beef960ac - core[a373ad73a504971]::panicking::panic_fmt
[INFO] [stdout]   11:     0x622beef95e82 - core[a373ad73a504971]::result::unwrap_failed
[INFO] [stdout]   12:     0x622beeeb3d7e - <equilibrium_ffi[94fedaf92ea9904f]::compiler::tests::test_compile_relative_output_dir_stays_with_the_caller::{closure#0} as core[a373ad73a504971]::ops::function::FnOnce<()>>::call_once
[INFO] [stdout]   13:     0x622beef0160b - test[aada8e7e76ba119b]::__rust_begin_short_backtrace::<core[a373ad73a504971]::result::Result<(), alloc[2e1b2a31b91974c5]::string::String>, fn() -> core[a373ad73a504971]::result::Result<(), alloc[2e1b2a31b91974c5]::string::String>>
[INFO] [stdout]   14:     0x622beef0e7e5 - test[aada8e7e76ba119b]::run_test::{closure#0}
[INFO] [stdout]   15:     0x622beef080d4 - std[617be2ca0a6fd877]::sys::backtrace::__rust_begin_short_backtrace::<test[aada8e7e76ba119b]::run_test::{closure#1}, ()>
[INFO] [stdout]   16:     0x622beef11872 - <std[617be2ca0a6fd877]::thread::lifecycle::spawn_unchecked<test[aada8e7e76ba119b]::run_test::{closure#1}, ()>::{closure#1} as core[a373ad73a504971]::ops::function::FnOnce<()>>::call_once::{shim:vtable#0}
[INFO] [stdout]   17:     0x622beef7e81f - <std[617be2ca0a6fd877]::sys::thread::unix::Thread>::new::thread_start
[INFO] [stdout]   18:     0x727d04130dfa - <unknown>
[INFO] [stdout]   19:     0x727d041c43d4 - clone
[INFO] [stdout]   20:                0x0 - <unknown>
[INFO] [stdout] 
[INFO] [stdout] 
[INFO] [stdout] failures:
[INFO] [stdout]     compiler::tests::test_compile_relative_output_dir_stays_with_the_caller
[INFO] [stdout] 
[INFO] [stdout] test result: FAILED. 91 passed; 1 failed; 0 ignored; 0 measured; 0 filtered out; finished in 0.26s
[INFO] [stdout] 
[INFO] [stderr] error: test failed, to rerun pass `--lib`
[INFO] running `Command { std: "docker" "inspect" "c0ef852415a1abbcca08eb71d275854a6e2a4afc4aedac1785f796135ee50cb8", kill_on_drop: false }`
[INFO] running `Command { std: "docker" "rm" "-f" "c0ef852415a1abbcca08eb71d275854a6e2a4afc4aedac1785f796135ee50cb8", kill_on_drop: false }`
[INFO] [stdout] c0ef852415a1abbcca08eb71d275854a6e2a4afc4aedac1785f796135ee50cb8
