[INFO] fetching crate equation 1.0.0...
[INFO] testing equation-1.0.0 against 1.100.0-beta.1+cargoflags=--release for beta-release-1.100-2
[INFO] extracting crate equation 1.0.0 into /workspace/builds/worker-7-tc2/source
[INFO] started tweaking crates.io crate equation 1.0.0
[INFO] finished tweaking crates.io crate equation 1.0.0
[INFO] tweaked toml for crates.io crate equation 1.0.0 written to /workspace/builds/worker-7-tc2/source/Cargo.toml
[INFO] validating manifest of crates.io crate equation 1.0.0 on toolchain 1.100.0-beta.1
[INFO] running `Command { std: CARGO_HOME="/workspace/cargo-home" RUSTUP_HOME="/workspace/rustup-home" "/workspace/cargo-home/bin/cargo" "+1.100.0-beta.1" "metadata" "--manifest-path" "Cargo.toml" "--no-deps", kill_on_drop: false }`
[INFO] crate crates.io crate equation 1.0.0 already has a lockfile, it will not be regenerated
[INFO] running `Command { std: CARGO_HOME="/workspace/cargo-home" RUSTUP_HOME="/workspace/rustup-home" "/workspace/cargo-home/bin/cargo" "+1.100.0-beta.1" "fetch" "--manifest-path" "Cargo.toml", kill_on_drop: false }`
[INFO] running `Command { std: "docker" "create" "-v" "/var/lib/crater-agent-workspace/builds/worker-7-tc2/source:/opt/rustwide/workdir:ro,Z" "-v" "/var/lib/crater-agent-workspace/builds/worker-7-tc2/target:/opt/rustwide/target:rw,Z" "-v" "/var/lib/crater-agent-workspace/cargo-home:/opt/rustwide/cargo-home:ro,Z" "-v" "/var/lib/crater-agent-workspace/rustup-home:/opt/rustwide/rustup-home:ro,Z" "-m" "1610612736" "--network" "none" "ghcr.io/rust-lang/crates-build-env/linux@sha256:77db811e55d90add9212f6832c23229e3de5f1c1f9905e8cb07319ea15df73ac" "sleep" "infinity", kill_on_drop: false }`
[INFO] [stdout] ba946bdfa17fee2ac9db8086b7943bc64f82a4624c02fa3fc1672ee779ccfe55
[INFO] running `Command { std: "docker" "start" "ba946bdfa17fee2ac9db8086b7943bc64f82a4624c02fa3fc1672ee779ccfe55", kill_on_drop: false }`
[INFO] running `Command { std: "docker" "inspect" "ba946bdfa17fee2ac9db8086b7943bc64f82a4624c02fa3fc1672ee779ccfe55", kill_on_drop: false }`
[INFO] running `Command { std: "docker" "exec" "-e" "SOURCE_DIR=/opt/rustwide/workdir" "-e" "CARGO_HOME=/opt/rustwide/cargo-home" "-e" "RUSTUP_HOME=/opt/rustwide/rustup-home" "-e" "CARGO_TARGET_DIR=/opt/rustwide/target" "-w" "/opt/rustwide/workdir" "--user" "0:0" "ba946bdfa17fee2ac9db8086b7943bc64f82a4624c02fa3fc1672ee779ccfe55" "/opt/rustwide/cargo-home/bin/cargo" "+1.100.0-beta.1" "metadata" "--no-deps" "--format-version=1", kill_on_drop: false }`
[INFO] running `Command { std: "docker" "inspect" "ba946bdfa17fee2ac9db8086b7943bc64f82a4624c02fa3fc1672ee779ccfe55", kill_on_drop: false }`
[INFO] running `Command { std: "docker" "exec" "-e" "SOURCE_DIR=/opt/rustwide/workdir" "-e" "CARGO_HOME=/opt/rustwide/cargo-home" "-e" "RUSTUP_HOME=/opt/rustwide/rustup-home" "-e" "CARGO_TARGET_DIR=/opt/rustwide/target" "-e" "CARGO_INCREMENTAL=0" "-e" "RUST_BACKTRACE=full" "-e" "RUSTFLAGS=--cap-lints=warn" "-e" "RUSTDOCFLAGS=--cap-lints=warn" "-w" "/opt/rustwide/workdir" "--user" "0:0" "ba946bdfa17fee2ac9db8086b7943bc64f82a4624c02fa3fc1672ee779ccfe55" "/opt/rustwide/cargo-home/bin/cargo" "+1.100.0-beta.1" "build" "--frozen" "--message-format=json" "--release", kill_on_drop: false }`
[INFO] [stderr]    Compiling proc-macro2 v1.0.66
[INFO] [stderr]    Compiling unicode-ident v1.0.11
[INFO] [stderr]    Compiling thiserror v1.0.48
[INFO] [stderr]    Compiling ucd-trie v0.1.6
[INFO] [stderr]    Compiling memchr v2.6.3
[INFO] [stderr]    Compiling once_cell v1.18.0
[INFO] [stderr]    Compiling quote v1.0.33
[INFO] [stderr]    Compiling syn v2.0.32
[INFO] [stderr]    Compiling thiserror-impl v1.0.48
[INFO] [stderr]    Compiling pest v2.7.3
[INFO] [stderr]    Compiling pest_meta v2.7.3
[INFO] [stderr]    Compiling pest_generator v2.7.3
[INFO] [stderr]    Compiling pest_derive v2.7.3
[INFO] [stderr]    Compiling equation v1.0.0 (/opt/rustwide/workdir)
[INFO] [stderr]     Finished `release` profile [optimized] target(s) in 14.16s
[INFO] running `Command { std: "docker" "inspect" "ba946bdfa17fee2ac9db8086b7943bc64f82a4624c02fa3fc1672ee779ccfe55", kill_on_drop: false }`
[INFO] running `Command { std: "docker" "exec" "-e" "SOURCE_DIR=/opt/rustwide/workdir" "-e" "CARGO_HOME=/opt/rustwide/cargo-home" "-e" "RUSTUP_HOME=/opt/rustwide/rustup-home" "-e" "CARGO_TARGET_DIR=/opt/rustwide/target" "-e" "CARGO_INCREMENTAL=0" "-e" "RUST_BACKTRACE=full" "-e" "RUSTFLAGS=--cap-lints=warn" "-e" "RUSTDOCFLAGS=--cap-lints=warn" "-w" "/opt/rustwide/workdir" "--user" "0:0" "ba946bdfa17fee2ac9db8086b7943bc64f82a4624c02fa3fc1672ee779ccfe55" "/opt/rustwide/cargo-home/bin/cargo" "+1.100.0-beta.1" "test" "--frozen" "--no-run" "--message-format=json" "--release", kill_on_drop: false }`
[INFO] [stderr]    Compiling equation v1.0.0 (/opt/rustwide/workdir)
[INFO] [stderr]     Finished `release` profile [optimized] target(s) in 2.07s
[INFO] running `Command { std: "docker" "inspect" "ba946bdfa17fee2ac9db8086b7943bc64f82a4624c02fa3fc1672ee779ccfe55", kill_on_drop: false }`
[INFO] running `Command { std: "docker" "exec" "-e" "SOURCE_DIR=/opt/rustwide/workdir" "-e" "CARGO_HOME=/opt/rustwide/cargo-home" "-e" "RUSTUP_HOME=/opt/rustwide/rustup-home" "-e" "CARGO_TARGET_DIR=/opt/rustwide/target" "-e" "CARGO_INCREMENTAL=0" "-e" "RUST_BACKTRACE=full" "-e" "RUSTFLAGS=--cap-lints=warn" "-e" "RUSTDOCFLAGS=--cap-lints=warn" "-w" "/opt/rustwide/workdir" "--user" "0:0" "ba946bdfa17fee2ac9db8086b7943bc64f82a4624c02fa3fc1672ee779ccfe55" "/opt/rustwide/cargo-home/bin/cargo" "+1.100.0-beta.1" "test" "--frozen" "--release", kill_on_drop: false }`
[INFO] [stderr]     Finished `release` profile [optimized] target(s) in 0.04s
[INFO] [stderr]      Running unittests src/lib.rs (/opt/rustwide/target/release/build/equation/97232e11a5fb9783/out/equation-97232e11a5fb9783)
[INFO] [stdout] 
[INFO] [stdout] running 17 tests
[INFO] [stdout] test functions::tests::it_works_with_cos ... ok
[INFO] [stdout] test functions::tests::it_works_with_asinh ... ok
[INFO] [stdout] test functions::tests::it_works_with_acos ... FAILED
[INFO] [stdout] test functions::tests::it_works_with_atanh ... FAILED
[INFO] [stdout] test functions::tests::it_works_with_atan ... FAILED
[INFO] [stdout] test functions::tests::it_works_with_asin ... FAILED
[INFO] [stdout] test functions::tests::it_works_with_tanh ... ok
[INFO] [stdout] test functions::tests::it_works_with_cosh ... FAILED
[INFO] [stdout] test operation::tests::it_works_with_addition ... ok
[INFO] [stdout] test functions::tests::it_works_with_tan ... FAILED
[INFO] [stdout] test functions::tests::it_works_with_sinh ... ok
[INFO] [stdout] test functions::tests::it_works_with_acosh ... ok
[INFO] [stdout] test functions::tests::it_works_with_sin ... ok
[INFO] [stdout] test operation::tests::it_works_with_division ... ok
[INFO] [stdout] test operation::tests::it_works_with_multiplication ... ok
[INFO] [stdout] test operation::tests::it_works_with_subtraction ... ok
[INFO] [stdout] test evaluator::tests::it_works_with_test_cases ... FAILED
[INFO] [stdout] 
[INFO] [stdout] failures:
[INFO] [stdout] 
[INFO] [stderr] error: test failed, to rerun pass `--lib`
[INFO] [stdout] ---- functions::tests::it_works_with_acos stdout ----
[INFO] [stdout] 
[INFO] [stdout] thread 'functions::tests::it_works_with_acos' (427) panicked at src/functions.rs:82:9:
[INFO] [stdout] assertion `left == right` failed
[INFO] [stdout]   left: 1.0471975511965979
[INFO] [stdout]  right: 1.0471975511965976
[INFO] [stdout] stack backtrace:
[INFO] [stdout]    0:     0x5b64691018d1 - <<std[617be2ca0a6fd877]::sys::backtrace::BacktraceLock>::print::DisplayBacktrace as core[a373ad73a504971]::fmt::Display>::fmt
[INFO] [stdout]    1:     0x5b646911669a - core[a373ad73a504971]::fmt::write
[INFO] [stdout]    2:     0x5b6469105aec - <alloc[2e1b2a31b91974c5]::vec::Vec<u8> as core[a373ad73a504971]::io::write::Write>::write_fmt
[INFO] [stdout]    3:     0x5b64690ddd36 - std[617be2ca0a6fd877]::panicking::default_hook::{closure#0}
[INFO] [stdout]    4:     0x5b64690f9f69 - std[617be2ca0a6fd877]::panicking::default_hook
[INFO] [stdout]    5:     0x5b6469095be0 - test[aada8e7e76ba119b]::test_main_inner::{closure#0}
[INFO] [stdout]    6:     0x5b64690fa122 - std[617be2ca0a6fd877]::panicking::panic_with_hook
[INFO] [stdout]    7:     0x5b64690ddde2 - std[617be2ca0a6fd877]::panicking::panic_handler::{closure#0}
[INFO] [stdout]    8:     0x5b64690d6af9 - std[617be2ca0a6fd877]::sys::backtrace::__rust_end_short_backtrace::<std[617be2ca0a6fd877]::panicking::panic_handler::{closure#0}, !>
[INFO] [stdout]    9:     0x5b64690de9ed - __rustc[ea4f61d10b84890b]::rust_begin_unwind
[INFO] [stdout]   10:     0x5b6469116dcc - core[a373ad73a504971]::panicking::panic_fmt
[INFO] [stdout]   11:     0x5b6469116ce3 - core[a373ad73a504971]::panicking::assert_failed_inner
[INFO] [stdout]   12:     0x5b64690844d8 - core[a373ad73a504971]::panicking::assert_failed::<f64, f64>
[INFO] [stdout]   13:     0x5b6469083e49 - <equation[41c2e3af31fd3344]::functions::tests::it_works_with_acos::{closure#0} as core[a373ad73a504971]::ops::function::FnOnce<()>>::call_once
[INFO] [stdout]   14:     0x5b646908902b - test[aada8e7e76ba119b]::__rust_begin_short_backtrace::<core[a373ad73a504971]::result::Result<(), alloc[2e1b2a31b91974c5]::string::String>, fn() -> core[a373ad73a504971]::result::Result<(), alloc[2e1b2a31b91974c5]::string::String>>
[INFO] [stdout]   15:     0x5b6469096205 - test[aada8e7e76ba119b]::run_test::{closure#0}
[INFO] [stdout]   16:     0x5b646908faf4 - std[617be2ca0a6fd877]::sys::backtrace::__rust_begin_short_backtrace::<test[aada8e7e76ba119b]::run_test::{closure#1}, ()>
[INFO] [stdout]   17:     0x5b6469099292 - <std[617be2ca0a6fd877]::thread::lifecycle::spawn_unchecked<test[aada8e7e76ba119b]::run_test::{closure#1}, ()>::{closure#1} as core[a373ad73a504971]::ops::function::FnOnce<()>>::call_once::{shim:vtable#0}
[INFO] [stdout]   18:     0x5b646910112f - <std[617be2ca0a6fd877]::sys::thread::unix::Thread>::new::thread_start
[INFO] [stdout]   19:     0x7ee9e9cdcdfa - <unknown>
[INFO] [stdout]   20:     0x7ee9e9d703d4 - clone
[INFO] [stdout]   21:                0x0 - <unknown>
[INFO] [stdout] 
[INFO] [stdout] ---- functions::tests::it_works_with_atanh stdout ----
[INFO] [stdout] 
[INFO] [stdout] thread 'functions::tests::it_works_with_atanh' (432) panicked at src/functions.rs:124:9:
[INFO] [stdout] assertion `left == right` failed
[INFO] [stdout]   left: 0.5493061443340548
[INFO] [stdout]  right: 0.5493061443340549
[INFO] [stdout] stack backtrace:
[INFO] [stdout]    0:     0x5b64691018d1 - <<std[617be2ca0a6fd877]::sys::backtrace::BacktraceLock>::print::DisplayBacktrace as core[a373ad73a504971]::fmt::Display>::fmt
[INFO] [stdout]    1:     0x5b646911669a - core[a373ad73a504971]::fmt::write
[INFO] [stdout]    2:     0x5b6469105aec - <alloc[2e1b2a31b91974c5]::vec::Vec<u8> as core[a373ad73a504971]::io::write::Write>::write_fmt
[INFO] [stdout]    3:     0x5b64690ddd36 - std[617be2ca0a6fd877]::panicking::default_hook::{closure#0}
[INFO] [stdout]    4:     0x5b64690f9f69 - std[617be2ca0a6fd877]::panicking::default_hook
[INFO] [stdout]    5:     0x5b6469095be0 - test[aada8e7e76ba119b]::test_main_inner::{closure#0}
[INFO] [stdout]    6:     0x5b64690fa122 - std[617be2ca0a6fd877]::panicking::panic_with_hook
[INFO] [stdout]    7:     0x5b64690ddde2 - std[617be2ca0a6fd877]::panicking::panic_handler::{closure#0}
[INFO] [stdout]    8:     0x5b64690d6af9 - std[617be2ca0a6fd877]::sys::backtrace::__rust_end_short_backtrace::<std[617be2ca0a6fd877]::panicking::panic_handler::{closure#0}, !>
[INFO] [stdout]    9:     0x5b64690de9ed - __rustc[ea4f61d10b84890b]::rust_begin_unwind
[INFO] [stdout]   10:     0x5b6469116dcc - core[a373ad73a504971]::panicking::panic_fmt
[INFO] [stdout]   11:     0x5b6469116ce3 - core[a373ad73a504971]::panicking::assert_failed_inner
[INFO] [stdout]   12:     0x5b64690844d8 - core[a373ad73a504971]::panicking::assert_failed::<f64, f64>
[INFO] [stdout]   13:     0x5b6469083fe9 - <equation[41c2e3af31fd3344]::functions::tests::it_works_with_atanh::{closure#0} as core[a373ad73a504971]::ops::function::FnOnce<()>>::call_once
[INFO] [stdout]   14:     0x5b646908902b - test[aada8e7e76ba119b]::__rust_begin_short_backtrace::<core[a373ad73a504971]::result::Result<(), alloc[2e1b2a31b91974c5]::string::String>, fn() -> core[a373ad73a504971]::result::Result<(), alloc[2e1b2a31b91974c5]::string::String>>
[INFO] [stdout]   15:     0x5b6469096205 - test[aada8e7e76ba119b]::run_test::{closure#0}
[INFO] [stdout]   16:     0x5b646908faf4 - std[617be2ca0a6fd877]::sys::backtrace::__rust_begin_short_backtrace::<test[aada8e7e76ba119b]::run_test::{closure#1}, ()>
[INFO] [stdout]   17:     0x5b6469099292 - <std[617be2ca0a6fd877]::thread::lifecycle::spawn_unchecked<test[aada8e7e76ba119b]::run_test::{closure#1}, ()>::{closure#1} as core[a373ad73a504971]::ops::function::FnOnce<()>>::call_once::{shim:vtable#0}
[INFO] [stdout]   18:     0x5b646910112f - <std[617be2ca0a6fd877]::sys::thread::unix::Thread>::new::thread_start
[INFO] [stdout]   19:     0x7ee9e9cdcdfa - <unknown>
[INFO] [stdout]   20:     0x7ee9e9d703d4 - clone
[INFO] [stdout]   21:                0x0 - <unknown>
[INFO] [stdout] 
[INFO] [stdout] ---- functions::tests::it_works_with_atan stdout ----
[INFO] [stdout] 
[INFO] [stdout] thread 'functions::tests::it_works_with_atan' (431) panicked at src/functions.rs:88:9:
[INFO] [stdout] assertion `left == right` failed
[INFO] [stdout]   left: 1.4711276743037347
[INFO] [stdout]  right: 1.4711276743037345
[INFO] [stdout] stack backtrace:
[INFO] [stdout]    0:     0x5b64691018d1 - <<std[617be2ca0a6fd877]::sys::backtrace::BacktraceLock>::print::DisplayBacktrace as core[a373ad73a504971]::fmt::Display>::fmt
[INFO] [stdout]    1:     0x5b646911669a - core[a373ad73a504971]::fmt::write
[INFO] [stdout]    2:     0x5b6469105aec - <alloc[2e1b2a31b91974c5]::vec::Vec<u8> as core[a373ad73a504971]::io::write::Write>::write_fmt
[INFO] [stdout]    3:     0x5b64690ddd36 - std[617be2ca0a6fd877]::panicking::default_hook::{closure#0}
[INFO] [stdout]    4:     0x5b64690f9f69 - std[617be2ca0a6fd877]::panicking::default_hook
[INFO] [stdout]    5:     0x5b6469095be0 - test[aada8e7e76ba119b]::test_main_inner::{closure#0}
[INFO] [stdout]    6:     0x5b64690fa122 - std[617be2ca0a6fd877]::panicking::panic_with_hook
[INFO] [stdout]    7:     0x5b64690ddde2 - std[617be2ca0a6fd877]::panicking::panic_handler::{closure#0}
[INFO] [stdout]    8:     0x5b64690d6af9 - std[617be2ca0a6fd877]::sys::backtrace::__rust_end_short_backtrace::<std[617be2ca0a6fd877]::panicking::panic_handler::{closure#0}, !>
[INFO] [stdout]    9:     0x5b64690de9ed - __rustc[ea4f61d10b84890b]::rust_begin_unwind
[INFO] [stdout]   10:     0x5b6469116dcc - core[a373ad73a504971]::panicking::panic_fmt
[INFO] [stdout]   11:     0x5b6469116ce3 - core[a373ad73a504971]::panicking::assert_failed_inner
[INFO] [stdout]   12:     0x5b64690844d8 - core[a373ad73a504971]::panicking::assert_failed::<f64, f64>
[INFO] [stdout]   13:     0x5b6469083ea9 - <equation[41c2e3af31fd3344]::functions::tests::it_works_with_atan::{closure#0} as core[a373ad73a504971]::ops::function::FnOnce<()>>::call_once
[INFO] [stdout]   14:     0x5b646908902b - test[aada8e7e76ba119b]::__rust_begin_short_backtrace::<core[a373ad73a504971]::result::Result<(), alloc[2e1b2a31b91974c5]::string::String>, fn() -> core[a373ad73a504971]::result::Result<(), alloc[2e1b2a31b91974c5]::string::String>>
[INFO] [stdout]   15:     0x5b6469096205 - test[aada8e7e76ba119b]::run_test::{closure#0}
[INFO] [stdout]   16:     0x5b646908faf4 - std[617be2ca0a6fd877]::sys::backtrace::__rust_begin_short_backtrace::<test[aada8e7e76ba119b]::run_test::{closure#1}, ()>
[INFO] [stdout]   17:     0x5b6469099292 - <std[617be2ca0a6fd877]::thread::lifecycle::spawn_unchecked<test[aada8e7e76ba119b]::run_test::{closure#1}, ()>::{closure#1} as core[a373ad73a504971]::ops::function::FnOnce<()>>::call_once::{shim:vtable#0}
[INFO] [stdout]   18:     0x5b646910112f - <std[617be2ca0a6fd877]::sys::thread::unix::Thread>::new::thread_start
[INFO] [stdout]   19:     0x7ee9e9cdcdfa - <unknown>
[INFO] [stdout]   20:     0x7ee9e9d703d4 - clone
[INFO] [stdout]   21:                0x0 - <unknown>
[INFO] [stdout] 
[INFO] [stdout] ---- functions::tests::it_works_with_asin stdout ----
[INFO] [stdout] 
[INFO] [stdout] thread 'functions::tests::it_works_with_asin' (429) panicked at src/functions.rs:76:9:
[INFO] [stdout] assertion `left == right` failed
[INFO] [stdout]   left: 0.5235987755982989
[INFO] [stdout]  right: 0.5235987755982988
[INFO] [stdout] stack backtrace:
[INFO] [stdout]    0:     0x5b64691018d1 - <<std[617be2ca0a6fd877]::sys::backtrace::BacktraceLock>::print::DisplayBacktrace as core[a373ad73a504971]::fmt::Display>::fmt
[INFO] [stdout]    1:     0x5b646911669a - core[a373ad73a504971]::fmt::write
[INFO] [stdout]    2:     0x5b6469105aec - <alloc[2e1b2a31b91974c5]::vec::Vec<u8> as core[a373ad73a504971]::io::write::Write>::write_fmt
[INFO] [stdout]    3:     0x5b64690ddd36 - std[617be2ca0a6fd877]::panicking::default_hook::{closure#0}
[INFO] [stdout]    4:     0x5b64690f9f69 - std[617be2ca0a6fd877]::panicking::default_hook
[INFO] [stdout]    5:     0x5b6469095be0 - test[aada8e7e76ba119b]::test_main_inner::{closure#0}
[INFO] [stdout]    6:     0x5b64690fa122 - std[617be2ca0a6fd877]::panicking::panic_with_hook
[INFO] [stdout]    7:     0x5b64690ddde2 - std[617be2ca0a6fd877]::panicking::panic_handler::{closure#0}
[INFO] [stdout]    8:     0x5b64690d6af9 - std[617be2ca0a6fd877]::sys::backtrace::__rust_end_short_backtrace::<std[617be2ca0a6fd877]::panicking::panic_handler::{closure#0}, !>
[INFO] [stdout]    9:     0x5b64690de9ed - __rustc[ea4f61d10b84890b]::rust_begin_unwind
[INFO] [stdout]   10:     0x5b6469116dcc - core[a373ad73a504971]::panicking::panic_fmt
[INFO] [stdout]   11:     0x5b6469116ce3 - core[a373ad73a504971]::panicking::assert_failed_inner
[INFO] [stdout]   12:     0x5b64690844d8 - core[a373ad73a504971]::panicking::assert_failed::<f64, f64>
[INFO] [stdout]   13:     0x5b6469083e79 - <equation[41c2e3af31fd3344]::functions::tests::it_works_with_asin::{closure#0} as core[a373ad73a504971]::ops::function::FnOnce<()>>::call_once
[INFO] [stdout]   14:     0x5b646908902b - test[aada8e7e76ba119b]::__rust_begin_short_backtrace::<core[a373ad73a504971]::result::Result<(), alloc[2e1b2a31b91974c5]::string::String>, fn() -> core[a373ad73a504971]::result::Result<(), alloc[2e1b2a31b91974c5]::string::String>>
[INFO] [stdout]   15:     0x5b6469096205 - test[aada8e7e76ba119b]::run_test::{closure#0}
[INFO] [stdout]   16:     0x5b646908faf4 - std[617be2ca0a6fd877]::sys::backtrace::__rust_begin_short_backtrace::<test[aada8e7e76ba119b]::run_test::{closure#1}, ()>
[INFO] [stdout]   17:     0x5b6469099292 - <std[617be2ca0a6fd877]::thread::lifecycle::spawn_unchecked<test[aada8e7e76ba119b]::run_test::{closure#1}, ()>::{closure#1} as core[a373ad73a504971]::ops::function::FnOnce<()>>::call_once::{shim:vtable#0}
[INFO] [stdout]   18:     0x5b646910112f - <std[617be2ca0a6fd877]::sys::thread::unix::Thread>::new::thread_start
[INFO] [stdout]   19:     0x7ee9e9cdcdfa - <unknown>
[INFO] [stdout]   20:     0x7ee9e9d703d4 - clone
[INFO] [stdout]   21:                0x0 - <unknown>
[INFO] [stdout] 
[INFO] [stdout] ---- functions::tests::it_works_with_cosh stdout ----
[INFO] [stdout] 
[INFO] [stdout] thread 'functions::tests::it_works_with_cosh' (434) panicked at src/functions.rs:100:9:
[INFO] [stdout] assertion `left == right` failed
[INFO] [stdout]   left: 11013.232920103324
[INFO] [stdout]  right: 11013.232920103323
[INFO] [stdout] stack backtrace:
[INFO] [stdout]    0:     0x5b64691018d1 - <<std[617be2ca0a6fd877]::sys::backtrace::BacktraceLock>::print::DisplayBacktrace as core[a373ad73a504971]::fmt::Display>::fmt
[INFO] [stdout]    1:     0x5b646911669a - core[a373ad73a504971]::fmt::write
[INFO] [stdout]    2:     0x5b6469105aec - <alloc[2e1b2a31b91974c5]::vec::Vec<u8> as core[a373ad73a504971]::io::write::Write>::write_fmt
[INFO] [stdout]    3:     0x5b64690ddd36 - std[617be2ca0a6fd877]::panicking::default_hook::{closure#0}
[INFO] [stdout]    4:     0x5b64690f9f69 - std[617be2ca0a6fd877]::panicking::default_hook
[INFO] [stdout]    5:     0x5b6469095be0 - test[aada8e7e76ba119b]::test_main_inner::{closure#0}
[INFO] [stdout]    6:     0x5b64690fa122 - std[617be2ca0a6fd877]::panicking::panic_with_hook
[INFO] [stdout]    7:     0x5b64690ddde2 - std[617be2ca0a6fd877]::panicking::panic_handler::{closure#0}
[INFO] [stdout]    8:     0x5b64690d6af9 - std[617be2ca0a6fd877]::sys::backtrace::__rust_end_short_backtrace::<std[617be2ca0a6fd877]::panicking::panic_handler::{closure#0}, !>
[INFO] [stdout]    9:     0x5b64690de9ed - __rustc[ea4f61d10b84890b]::rust_begin_unwind
[INFO] [stdout]   10:     0x5b6469116dcc - core[a373ad73a504971]::panicking::panic_fmt
[INFO] [stdout]   11:     0x5b6469116ce3 - core[a373ad73a504971]::panicking::assert_failed_inner
[INFO] [stdout]   12:     0x5b64690844d8 - core[a373ad73a504971]::panicking::assert_failed::<f64, f64>
[INFO] [stdout]   13:     0x5b6469083ed9 - <equation[41c2e3af31fd3344]::functions::tests::it_works_with_cosh::{closure#0} as core[a373ad73a504971]::ops::function::FnOnce<()>>::call_once
[INFO] [stdout]   14:     0x5b646908902b - test[aada8e7e76ba119b]::__rust_begin_short_backtrace::<core[a373ad73a504971]::result::Result<(), alloc[2e1b2a31b91974c5]::string::String>, fn() -> core[a373ad73a504971]::result::Result<(), alloc[2e1b2a31b91974c5]::string::String>>
[INFO] [stdout]   15:     0x5b6469096205 - test[aada8e7e76ba119b]::run_test::{closure#0}
[INFO] [stdout]   16:     0x5b646908faf4 - std[617be2ca0a6fd877]::sys::backtrace::__rust_begin_short_backtrace::<test[aada8e7e76ba119b]::run_test::{closure#1}, ()>
[INFO] [stdout]   17:     0x5b6469099292 - <std[617be2ca0a6fd877]::thread::lifecycle::spawn_unchecked<test[aada8e7e76ba119b]::run_test::{closure#1}, ()>::{closure#1} as core[a373ad73a504971]::ops::function::FnOnce<()>>::call_once::{shim:vtable#0}
[INFO] [stdout]   18:     0x5b646910112f - <std[617be2ca0a6fd877]::sys::thread::unix::Thread>::new::thread_start
[INFO] [stdout]   19:     0x7ee9e9cdcdfa - <unknown>
[INFO] [stdout]   20:     0x7ee9e9d703d4 - clone
[INFO] [stdout]   21:                0x0 - <unknown>
[INFO] [stdout] 
[INFO] [stdout] ---- functions::tests::it_works_with_tan stdout ----
[INFO] [stdout] 
[INFO] [stdout] thread 'functions::tests::it_works_with_tan' (437) panicked at src/functions.rs:70:9:
[INFO] [stdout] assertion `left == right` failed
[INFO] [stdout]   left: 0.6483608274590866
[INFO] [stdout]  right: 0.6483608274590867
[INFO] [stdout] stack backtrace:
[INFO] [stdout]    0:     0x5b64691018d1 - <<std[617be2ca0a6fd877]::sys::backtrace::BacktraceLock>::print::DisplayBacktrace as core[a373ad73a504971]::fmt::Display>::fmt
[INFO] [stdout]    1:     0x5b646911669a - core[a373ad73a504971]::fmt::write
[INFO] [stdout]    2:     0x5b6469105aec - <alloc[2e1b2a31b91974c5]::vec::Vec<u8> as core[a373ad73a504971]::io::write::Write>::write_fmt
[INFO] [stdout]    3:     0x5b64690ddd36 - std[617be2ca0a6fd877]::panicking::default_hook::{closure#0}
[INFO] [stdout]    4:     0x5b64690f9f69 - std[617be2ca0a6fd877]::panicking::default_hook
[INFO] [stdout]    5:     0x5b6469095be0 - test[aada8e7e76ba119b]::test_main_inner::{closure#0}
[INFO] [stdout]    6:     0x5b64690fa122 - std[617be2ca0a6fd877]::panicking::panic_with_hook
[INFO] [stdout]    7:     0x5b64690ddde2 - std[617be2ca0a6fd877]::panicking::panic_handler::{closure#0}
[INFO] [stdout]    8:     0x5b64690d6af9 - std[617be2ca0a6fd877]::sys::backtrace::__rust_end_short_backtrace::<std[617be2ca0a6fd877]::panicking::panic_handler::{closure#0}, !>
[INFO] [stdout]    9:     0x5b64690de9ed - __rustc[ea4f61d10b84890b]::rust_begin_unwind
[INFO] [stdout]   10:     0x5b6469116dcc - core[a373ad73a504971]::panicking::panic_fmt
[INFO] [stdout]   11:     0x5b6469116ce3 - core[a373ad73a504971]::panicking::assert_failed_inner
[INFO] [stdout]   12:     0x5b64690844d8 - core[a373ad73a504971]::panicking::assert_failed::<f64, f64>
[INFO] [stdout]   13:     0x5b6469083e19 - <equation[41c2e3af31fd3344]::functions::tests::it_works_with_tan::{closure#0} as core[a373ad73a504971]::ops::function::FnOnce<()>>::call_once
[INFO] [stdout]   14:     0x5b646908902b - test[aada8e7e76ba119b]::__rust_begin_short_backtrace::<core[a373ad73a504971]::result::Result<(), alloc[2e1b2a31b91974c5]::string::String>, fn() -> core[a373ad73a504971]::result::Result<(), alloc[2e1b2a31b91974c5]::string::String>>
[INFO] [stdout]   15:     0x5b6469096205 - test[aada8e7e76ba119b]::run_test::{closure#0}
[INFO] [stdout]   16:     0x5b646908faf4 - std[617be2ca0a6fd877]::sys::backtrace::__rust_begin_short_backtrace::<test[aada8e7e76ba119b]::run_test::{closure#1}, ()>
[INFO] [stdout]   17:     0x5b6469099292 - <std[617be2ca0a6fd877]::thread::lifecycle::spawn_unchecked<test[aada8e7e76ba119b]::run_test::{closure#1}, ()>::{closure#1} as core[a373ad73a504971]::ops::function::FnOnce<()>>::call_once::{shim:vtable#0}
[INFO] [stdout]   18:     0x5b646910112f - <std[617be2ca0a6fd877]::sys::thread::unix::Thread>::new::thread_start
[INFO] [stdout]   19:     0x7ee9e9cdcdfa - <unknown>
[INFO] [stdout]   20:     0x7ee9e9d703d4 - clone
[INFO] [stdout]   21:                0x0 - <unknown>
[INFO] [stdout] 
[INFO] [stdout] ---- evaluator::tests::it_works_with_test_cases stdout ----
[INFO] [stdout] 
[INFO] [stdout] thread 'evaluator::tests::it_works_with_test_cases' (426) panicked at src/evaluator.rs:65:13:
[INFO] [stdout] assertion `left == right` failed: testing equation cos(90) + sin(45) expected 0.40282990840494826
[INFO] [stdout]   left: Ok(0.4028299084049483)
[INFO] [stdout]  right: Ok(0.40282990840494826)
[INFO] [stdout] stack backtrace:
[INFO] [stdout]    0:     0x5b64691018d1 - <<std[617be2ca0a6fd877]::sys::backtrace::BacktraceLock>::print::DisplayBacktrace as core[a373ad73a504971]::fmt::Display>::fmt
[INFO] [stdout]    1:     0x5b646911669a - core[a373ad73a504971]::fmt::write
[INFO] [stdout]    2:     0x5b6469105aec - <alloc[2e1b2a31b91974c5]::vec::Vec<u8> as core[a373ad73a504971]::io::write::Write>::write_fmt
[INFO] [stdout]    3:     0x5b64690ddd36 - std[617be2ca0a6fd877]::panicking::default_hook::{closure#0}
[INFO] [stdout]    4:     0x5b64690f9f69 - std[617be2ca0a6fd877]::panicking::default_hook
[INFO] [stdout]    5:     0x5b6469095be0 - test[aada8e7e76ba119b]::test_main_inner::{closure#0}
[INFO] [stdout]    6:     0x5b64690fa122 - std[617be2ca0a6fd877]::panicking::panic_with_hook
[INFO] [stdout]    7:     0x5b64690ddde2 - std[617be2ca0a6fd877]::panicking::panic_handler::{closure#0}
[INFO] [stdout]    8:     0x5b64690d6af9 - std[617be2ca0a6fd877]::sys::backtrace::__rust_end_short_backtrace::<std[617be2ca0a6fd877]::panicking::panic_handler::{closure#0}, !>
[INFO] [stdout]    9:     0x5b64690de9ed - __rustc[ea4f61d10b84890b]::rust_begin_unwind
[INFO] [stdout]   10:     0x5b6469116dcc - core[a373ad73a504971]::panicking::panic_fmt
[INFO] [stdout]   11:     0x5b6469116d43 - core[a373ad73a504971]::panicking::assert_failed_inner
[INFO] [stdout]   12:     0x5b64690844a5 - core[a373ad73a504971]::panicking::assert_failed::<core[a373ad73a504971]::result::Result<f64, pest[930ed4a662782147]::error::Error<equation[41c2e3af31fd3344]::parser::Rule>>, core[a373ad73a504971]::result::Result<f64, pest[930ed4a662782147]::error::Error<equation[41c2e3af31fd3344]::parser::Rule>>>
[INFO] [stdout]   13:     0x5b6469083d1a - <equation[41c2e3af31fd3344]::evaluator::tests::it_works_with_test_cases::{closure#0} as core[a373ad73a504971]::ops::function::FnOnce<()>>::call_once
[INFO] [stdout]   14:     0x5b646908902b - test[aada8e7e76ba119b]::__rust_begin_short_backtrace::<core[a373ad73a504971]::result::Result<(), alloc[2e1b2a31b91974c5]::string::String>, fn() -> core[a373ad73a504971]::result::Result<(), alloc[2e1b2a31b91974c5]::string::String>>
[INFO] [stdout]   15:     0x5b6469096205 - test[aada8e7e76ba119b]::run_test::{closure#0}
[INFO] [stdout]   16:     0x5b646908faf4 - std[617be2ca0a6fd877]::sys::backtrace::__rust_begin_short_backtrace::<test[aada8e7e76ba119b]::run_test::{closure#1}, ()>
[INFO] [stdout]   17:     0x5b6469099292 - <std[617be2ca0a6fd877]::thread::lifecycle::spawn_unchecked<test[aada8e7e76ba119b]::run_test::{closure#1}, ()>::{closure#1} as core[a373ad73a504971]::ops::function::FnOnce<()>>::call_once::{shim:vtable#0}
[INFO] [stdout]   18:     0x5b646910112f - <std[617be2ca0a6fd877]::sys::thread::unix::Thread>::new::thread_start
[INFO] [stdout]   19:     0x7ee9e9cdcdfa - <unknown>
[INFO] [stdout]   20:     0x7ee9e9d703d4 - clone
[INFO] [stdout]   21:                0x0 - <unknown>
[INFO] [stdout] 
[INFO] [stdout] 
[INFO] [stdout] failures:
[INFO] [stdout]     evaluator::tests::it_works_with_test_cases
[INFO] [stdout]     functions::tests::it_works_with_acos
[INFO] [stdout]     functions::tests::it_works_with_asin
[INFO] [stdout]     functions::tests::it_works_with_atan
[INFO] [stdout]     functions::tests::it_works_with_atanh
[INFO] [stdout]     functions::tests::it_works_with_cosh
[INFO] [stdout]     functions::tests::it_works_with_tan
[INFO] [stdout] 
[INFO] [stdout] test result: FAILED. 10 passed; 7 failed; 0 ignored; 0 measured; 0 filtered out; finished in 0.01s
[INFO] [stdout] 
[INFO] running `Command { std: "docker" "inspect" "ba946bdfa17fee2ac9db8086b7943bc64f82a4624c02fa3fc1672ee779ccfe55", kill_on_drop: false }`
[INFO] running `Command { std: "docker" "rm" "-f" "ba946bdfa17fee2ac9db8086b7943bc64f82a4624c02fa3fc1672ee779ccfe55", kill_on_drop: false }`
[INFO] [stdout] ba946bdfa17fee2ac9db8086b7943bc64f82a4624c02fa3fc1672ee779ccfe55
