[INFO] fetching crate epw-rs 0.1.4...
[INFO] testing epw-rs-0.1.4 against 1.99.0-beta.8+cargoflags=--release for beta-release-1.100-2
[INFO] extracting crate epw-rs 0.1.4 into /workspace/builds/worker-7-tc1/source
[INFO] started tweaking crates.io crate epw-rs 0.1.4
[INFO] removed 0 missing examples
[INFO] finished tweaking crates.io crate epw-rs 0.1.4
[INFO] tweaked toml for crates.io crate epw-rs 0.1.4 written to /workspace/builds/worker-7-tc1/source/Cargo.toml
[INFO] validating manifest of crates.io crate epw-rs 0.1.4 on toolchain 1.99.0-beta.8
[INFO] running `Command { std: CARGO_HOME="/workspace/cargo-home" RUSTUP_HOME="/workspace/rustup-home" "/workspace/cargo-home/bin/cargo" "+1.99.0-beta.8" "metadata" "--manifest-path" "Cargo.toml" "--no-deps", kill_on_drop: false }`
[INFO] crate crates.io crate epw-rs 0.1.4 already has a lockfile, it will not be regenerated
[INFO] running `Command { std: CARGO_HOME="/workspace/cargo-home" RUSTUP_HOME="/workspace/rustup-home" "/workspace/cargo-home/bin/cargo" "+1.99.0-beta.8" "fetch" "--manifest-path" "Cargo.toml", kill_on_drop: false }`
[INFO] [stderr]     Updating crates.io index
[INFO] [stderr]  Downloading crates ...
[INFO] [stderr]   Downloaded psm v0.1.24
[INFO] [stderr]   Downloaded stacker v0.1.17
[INFO] [stderr]   Downloaded polars-utils v0.45.1
[INFO] [stderr]   Downloaded array-init-cursor v0.2.0
[INFO] [stderr]   Downloaded itoa v1.0.14
[INFO] [stderr]   Downloaded castaway v0.2.3
[INFO] [stderr]   Downloaded wasm-bindgen-shared v0.2.99
[INFO] [stderr]   Downloaded home v0.5.11
[INFO] [stderr]   Downloaded multiversion v0.7.4
[INFO] [stderr]   Downloaded dyn-clone v1.0.17
[INFO] [stderr]   Downloaded chrono-tz-build v0.4.0
[INFO] [stderr]   Downloaded errno v0.3.10
[INFO] [stderr]   Downloaded recursive v0.1.1
[INFO] [stderr]   Downloaded recursive-proc-macro-impl v0.1.1
[INFO] [stderr]   Downloaded wasm-bindgen-macro v0.2.99
[INFO] [stderr]   Downloaded now v0.1.3
[INFO] [stderr]   Downloaded polars-error v0.45.1
[INFO] [stderr]   Downloaded thiserror-impl v2.0.11
[INFO] [stderr]   Downloaded planus v0.3.1
[INFO] [stderr]   Downloaded bytemuck_derive v1.8.1
[INFO] [stderr]   Downloaded rustversion v1.0.19
[INFO] [stderr]   Downloaded unicode-reverse v1.0.9
[INFO] [stderr]   Downloaded polars-schema v0.45.1
[INFO] [stderr]   Downloaded redox_syscall v0.5.8
[INFO] [stderr]   Downloaded target-features v0.1.6
[INFO] [stderr]   Downloaded multiversion-macros v0.7.4
[INFO] [stderr]   Downloaded streaming-decompression v0.1.2
[INFO] [stderr]   Downloaded glob v0.3.2
[INFO] [stderr]   Downloaded wasm-bindgen-macro-support v0.2.99
[INFO] [stderr]   Downloaded wasm-bindgen-backend v0.2.99
[INFO] [stderr]   Downloaded thiserror v2.0.11
[INFO] [stderr]   Downloaded zstd v0.13.2
[INFO] [stderr]   Downloaded atoi_simd v0.16.0
[INFO] [stderr]   Downloaded iana-time-zone v0.1.61
[INFO] [stderr]   Downloaded wasm-bindgen v0.2.99
[INFO] [stderr]   Downloaded polars-row v0.45.1
[INFO] [stderr]   Downloaded windows-core v0.52.0
[INFO] [stderr]   Downloaded async-trait v0.1.85
[INFO] [stderr]   Downloaded polars-mem-engine v0.45.1
[INFO] [stderr]   Downloaded uuid v1.11.1
[INFO] [stderr]   Downloaded jobserver v0.1.32
[INFO] [stderr]   Downloaded bitflags v2.7.0
[INFO] [stderr]   Downloaded js-sys v0.3.76
[INFO] [stderr]   Downloaded serde v1.0.217
[INFO] [stderr]   Downloaded serde_derive v1.0.217
[INFO] [stderr]   Downloaded bytes v1.9.0
[INFO] [stderr]   Downloaded bytemuck v1.21.0
[INFO] [stderr]   Downloaded ethnum v1.5.0
[INFO] [stderr]   Downloaded polars-sql v0.45.1
[INFO] [stderr]   Downloaded socket2 v0.5.8
[INFO] [stderr]   Downloaded polars-parquet-format v0.1.0
[INFO] [stderr]   Downloaded polars-expr v0.45.1
[INFO] [stderr]   Downloaded polars-arrow-format v0.1.0
[INFO] [stderr]   Downloaded indexmap v2.7.0
[INFO] [stderr]   Downloaded polars-time v0.45.1
[INFO] [stderr]   Downloaded polars-compute v0.45.1
[INFO] [stderr]   Downloaded comfy-table v7.1.3
[INFO] [stderr]   Downloaded argminmax v0.6.2
[INFO] [stderr]   Downloaded polars-pipe v0.45.1
[INFO] [stderr]   Downloaded crossbeam-channel v0.5.14
[INFO] [stderr]   Downloaded polars v0.45.1
[INFO] [stderr]   Downloaded itoap v1.0.1
[INFO] [stderr]   Downloaded parse-zoneinfo v0.3.1
[INFO] [stderr]   Downloaded polars-lazy v0.45.1
[INFO] [stderr]   Downloaded libm v0.2.11
[INFO] [stderr]   Downloaded mio v1.0.3
[INFO] [stderr]   Downloaded polars-stream v0.45.1
[INFO] [stderr]   Downloaded raw-cpuid v11.2.0
[INFO] [stderr]   Downloaded tokio-util v0.7.13
[INFO] [stderr]   Downloaded serde_json v1.0.135
[INFO] [stderr]   Downloaded polars-io v0.45.1
[INFO] [stderr]   Downloaded polars-ops v0.45.1
[INFO] [stderr]   Downloaded polars-parquet v0.45.1
[INFO] [stderr]   Downloaded syn v2.0.95
[INFO] [stderr]   Downloaded sqlparser v0.52.0
[INFO] [stderr]   Downloaded polars-plan v0.45.1
[INFO] [stderr]   Downloaded polars-arrow v0.45.1
[INFO] [stderr]   Downloaded rustix v0.38.43
[INFO] [stderr]   Downloaded chrono-tz v0.10.0
[INFO] [stderr]   Downloaded polars-core v0.45.1
[INFO] [stderr]   Downloaded tokio v1.43.0
[INFO] running `Command { std: "docker" "create" "-v" "/var/lib/crater-agent-workspace/builds/worker-7-tc1/source:/opt/rustwide/workdir:ro,Z" "-v" "/var/lib/crater-agent-workspace/builds/worker-7-tc1/target:/opt/rustwide/target:rw,Z" "-v" "/var/lib/crater-agent-workspace/cargo-home:/opt/rustwide/cargo-home:ro,Z" "-v" "/var/lib/crater-agent-workspace/rustup-home:/opt/rustwide/rustup-home:ro,Z" "-m" "1610612736" "--network" "none" "ghcr.io/rust-lang/crates-build-env/linux@sha256:77db811e55d90add9212f6832c23229e3de5f1c1f9905e8cb07319ea15df73ac" "sleep" "infinity", kill_on_drop: false }`
[INFO] [stdout] 3b6615ee0c69ec9907859197eb67df44b59b74b79293f65c4cd9cf2240fdb3ef
[INFO] running `Command { std: "docker" "start" "3b6615ee0c69ec9907859197eb67df44b59b74b79293f65c4cd9cf2240fdb3ef", kill_on_drop: false }`
[INFO] running `Command { std: "docker" "inspect" "3b6615ee0c69ec9907859197eb67df44b59b74b79293f65c4cd9cf2240fdb3ef", kill_on_drop: false }`
[INFO] running `Command { std: "docker" "exec" "-e" "SOURCE_DIR=/opt/rustwide/workdir" "-e" "CARGO_HOME=/opt/rustwide/cargo-home" "-e" "RUSTUP_HOME=/opt/rustwide/rustup-home" "-e" "CARGO_TARGET_DIR=/opt/rustwide/target" "-w" "/opt/rustwide/workdir" "--user" "0:0" "3b6615ee0c69ec9907859197eb67df44b59b74b79293f65c4cd9cf2240fdb3ef" "/opt/rustwide/cargo-home/bin/cargo" "+1.99.0-beta.8" "metadata" "--no-deps" "--format-version=1", kill_on_drop: false }`
[INFO] running `Command { std: "docker" "inspect" "3b6615ee0c69ec9907859197eb67df44b59b74b79293f65c4cd9cf2240fdb3ef", kill_on_drop: false }`
[INFO] running `Command { std: "docker" "exec" "-e" "SOURCE_DIR=/opt/rustwide/workdir" "-e" "CARGO_HOME=/opt/rustwide/cargo-home" "-e" "RUSTUP_HOME=/opt/rustwide/rustup-home" "-e" "CARGO_TARGET_DIR=/opt/rustwide/target" "-e" "CARGO_INCREMENTAL=0" "-e" "RUST_BACKTRACE=full" "-e" "RUSTFLAGS=--cap-lints=warn" "-e" "RUSTDOCFLAGS=--cap-lints=warn" "-w" "/opt/rustwide/workdir" "--user" "0:0" "3b6615ee0c69ec9907859197eb67df44b59b74b79293f65c4cd9cf2240fdb3ef" "/opt/rustwide/cargo-home/bin/cargo" "+1.99.0-beta.8" "build" "--frozen" "--message-format=json" "--release", kill_on_drop: false }`
[INFO] [stderr]    Compiling autocfg v1.4.0
[INFO] [stderr]    Compiling serde v1.0.217
[INFO] [stderr]    Compiling iana-time-zone v0.1.61
[INFO] [stderr]    Compiling num-traits v0.2.19
[INFO] [stderr]    Compiling chrono v0.4.39
[INFO] [stderr]    Compiling epw-rs v0.1.4 (/opt/rustwide/workdir)
[INFO] [stderr]     Finished `release` profile [optimized] target(s) in 6.62s
[INFO] running `Command { std: "docker" "inspect" "3b6615ee0c69ec9907859197eb67df44b59b74b79293f65c4cd9cf2240fdb3ef", kill_on_drop: false }`
[INFO] running `Command { std: "docker" "exec" "-e" "SOURCE_DIR=/opt/rustwide/workdir" "-e" "CARGO_HOME=/opt/rustwide/cargo-home" "-e" "RUSTUP_HOME=/opt/rustwide/rustup-home" "-e" "CARGO_TARGET_DIR=/opt/rustwide/target" "-e" "CARGO_INCREMENTAL=0" "-e" "RUST_BACKTRACE=full" "-e" "RUSTFLAGS=--cap-lints=warn" "-e" "RUSTDOCFLAGS=--cap-lints=warn" "-w" "/opt/rustwide/workdir" "--user" "0:0" "3b6615ee0c69ec9907859197eb67df44b59b74b79293f65c4cd9cf2240fdb3ef" "/opt/rustwide/cargo-home/bin/cargo" "+1.99.0-beta.8" "test" "--frozen" "--no-run" "--message-format=json" "--release", kill_on_drop: false }`
[INFO] [stderr]    Compiling epw-rs v0.1.4 (/opt/rustwide/workdir)
[INFO] [stderr]     Finished `release` profile [optimized] target(s) in 1.52s
[INFO] running `Command { std: "docker" "inspect" "3b6615ee0c69ec9907859197eb67df44b59b74b79293f65c4cd9cf2240fdb3ef", kill_on_drop: false }`
[INFO] running `Command { std: "docker" "exec" "-e" "SOURCE_DIR=/opt/rustwide/workdir" "-e" "CARGO_HOME=/opt/rustwide/cargo-home" "-e" "RUSTUP_HOME=/opt/rustwide/rustup-home" "-e" "CARGO_TARGET_DIR=/opt/rustwide/target" "-e" "CARGO_INCREMENTAL=0" "-e" "RUST_BACKTRACE=full" "-e" "RUSTFLAGS=--cap-lints=warn" "-e" "RUSTDOCFLAGS=--cap-lints=warn" "-w" "/opt/rustwide/workdir" "--user" "0:0" "3b6615ee0c69ec9907859197eb67df44b59b74b79293f65c4cd9cf2240fdb3ef" "/opt/rustwide/cargo-home/bin/cargo" "+1.99.0-beta.8" "test" "--frozen" "--release", kill_on_drop: false }`
[INFO] [stderr]     Finished `release` profile [optimized] target(s) in 0.09s
[INFO] [stderr]      Running unittests src/lib.rs (/opt/rustwide/target/release/deps/epw_rs-b4793da847462c67)
[INFO] [stdout] 
[INFO] [stdout] running 3 tests
[INFO] [stdout] test header::tests::test_parse_location_from_file ... FAILED
[INFO] [stdout] test header::tests::test_parse_typical_extreme_periods_from_file ... FAILED
[INFO] [stdout] test header::tests::test_parse_ground_temperature_from_file ... FAILED
[INFO] [stdout] 
[INFO] [stdout] failures:
[INFO] [stdout] 
[INFO] [stdout] ---- header::tests::test_parse_location_from_file stdout ----
[INFO] [stdout] 
[INFO] [stdout] thread 'header::tests::test_parse_location_from_file' (351) panicked at src/header.rs:695:42:
[INFO] [stdout] called `Result::unwrap()` on an `Err` value: Os { code: 2, kind: NotFound, message: "No such file or directory" }
[INFO] [stdout] stack backtrace:
[INFO] [stdout]    0:     0x6442b4b90d11 - <<std[70759c8f55707aa4]::sys::backtrace::BacktraceLock>::print::DisplayBacktrace as core[df12db4294e9bfd3]::fmt::Display>::fmt
[INFO] [stdout]    1:     0x6442b4ba5ada - core[df12db4294e9bfd3]::fmt::write
[INFO] [stdout]    2:     0x6442b4b951ac - <alloc[2182bb758b4b3781]::vec::Vec<u8> as core[df12db4294e9bfd3]::io::write::Write>::write_fmt
[INFO] [stdout]    3:     0x6442b4b6d306 - std[70759c8f55707aa4]::panicking::default_hook::{closure#0}
[INFO] [stdout]    4:     0x6442b4b89479 - std[70759c8f55707aa4]::panicking::default_hook
[INFO] [stdout]    5:     0x6442b4b257b0 - test[9d35eded1c95d3be]::test_main_inner::<test[9d35eded1c95d3be]::test_main_static::{closure#0}>::{closure#0}
[INFO] [stdout]    6:     0x6442b4b89632 - std[70759c8f55707aa4]::panicking::panic_with_hook
[INFO] [stdout]    7:     0x6442b4b6d3b2 - std[70759c8f55707aa4]::panicking::panic_handler::{closure#0}
[INFO] [stdout]    8:     0x6442b4b66139 - std[70759c8f55707aa4]::sys::backtrace::__rust_end_short_backtrace::<std[70759c8f55707aa4]::panicking::panic_handler::{closure#0}, !>
[INFO] [stdout]    9:     0x6442b4b6dfad - __rustc[8fa7c3cbc660c2b3]::rust_begin_unwind
[INFO] [stdout]   10:     0x6442b4ba620c - core[df12db4294e9bfd3]::panicking::panic_fmt
[INFO] [stdout]   11:     0x6442b4ba5fe2 - core[df12db4294e9bfd3]::result::unwrap_failed
[INFO] [stdout]   12:     0x6442b4b1594c - epw_rs[7bd704007640846a]::header::tests::_read_test_file
[INFO] [stdout]   13:     0x6442b4b159b0 - epw_rs[7bd704007640846a]::header::tests::test_parse_location_from_file
[INFO] [stdout]   14:     0x6442b4b189e9 - <epw_rs[7bd704007640846a]::header::tests::test_parse_location_from_file::{closure#0} as core[df12db4294e9bfd3]::ops::function::FnOnce<()>>::call_once
[INFO] [stdout]   15:     0x6442b4b18a9b - test[9d35eded1c95d3be]::__rust_begin_short_backtrace::<core[df12db4294e9bfd3]::result::Result<(), alloc[2182bb758b4b3781]::string::String>, fn() -> core[df12db4294e9bfd3]::result::Result<(), alloc[2182bb758b4b3781]::string::String>>
[INFO] [stdout]   16:     0x6442b4b26105 - test[9d35eded1c95d3be]::run_test::{closure#0}
[INFO] [stdout]   17:     0x6442b4b1f9c4 - std[70759c8f55707aa4]::sys::backtrace::__rust_begin_short_backtrace::<test[9d35eded1c95d3be]::run_test::{closure#1}, ()>
[INFO] [stdout]   18:     0x6442b4b29262 - <std[70759c8f55707aa4]::thread::lifecycle::spawn_unchecked<test[9d35eded1c95d3be]::run_test::{closure#1}, ()>::{closure#1} as core[df12db4294e9bfd3]::ops::function::FnOnce<()>>::call_once::{shim:vtable#0}
[INFO] [stdout]   19:     0x6442b4b905e9 - <std[70759c8f55707aa4]::sys::thread::unix::Thread>::new::thread_start
[INFO] [stdout]   20:     0x7e10a63c0dfa - <unknown>
[INFO] [stdout]   21:     0x7e10a64543d4 - clone
[INFO] [stdout]   22:                0x0 - <unknown>
[INFO] [stdout] 
[INFO] [stdout] ---- header::tests::test_parse_typical_extreme_periods_from_file stdout ----
[INFO] [stdout] 
[INFO] [stdout] thread 'header::tests::test_parse_typical_extreme_periods_from_file' (352) panicked at src/header.rs:695:42:
[INFO] [stderr] error: test failed, to rerun pass `--lib`
[INFO] [stdout] called `Result::unwrap()` on an `Err` value: Os { code: 2, kind: NotFound, message: "No such file or directory" }
[INFO] [stdout] stack backtrace:
[INFO] [stdout]    0:     0x6442b4b90d11 - <<std[70759c8f55707aa4]::sys::backtrace::BacktraceLock>::print::DisplayBacktrace as core[df12db4294e9bfd3]::fmt::Display>::fmt
[INFO] [stdout]    1:     0x6442b4ba5ada - core[df12db4294e9bfd3]::fmt::write
[INFO] [stdout]    2:     0x6442b4b951ac - <alloc[2182bb758b4b3781]::vec::Vec<u8> as core[df12db4294e9bfd3]::io::write::Write>::write_fmt
[INFO] [stdout]    3:     0x6442b4b6d306 - std[70759c8f55707aa4]::panicking::default_hook::{closure#0}
[INFO] [stdout]    4:     0x6442b4b89479 - std[70759c8f55707aa4]::panicking::default_hook
[INFO] [stdout]    5:     0x6442b4b257b0 - test[9d35eded1c95d3be]::test_main_inner::<test[9d35eded1c95d3be]::test_main_static::{closure#0}>::{closure#0}
[INFO] [stdout]    6:     0x6442b4b89632 - std[70759c8f55707aa4]::panicking::panic_with_hook
[INFO] [stdout]    7:     0x6442b4b6d3b2 - std[70759c8f55707aa4]::panicking::panic_handler::{closure#0}
[INFO] [stdout]    8:     0x6442b4b66139 - std[70759c8f55707aa4]::sys::backtrace::__rust_end_short_backtrace::<std[70759c8f55707aa4]::panicking::panic_handler::{closure#0}, !>
[INFO] [stdout]    9:     0x6442b4b6dfad - __rustc[8fa7c3cbc660c2b3]::rust_begin_unwind
[INFO] [stdout]   10:     0x6442b4ba620c - core[df12db4294e9bfd3]::panicking::panic_fmt
[INFO] [stdout]   11:     0x6442b4ba5fe2 - core[df12db4294e9bfd3]::result::unwrap_failed
[INFO] [stdout]   12:     0x6442b4b1594c - epw_rs[7bd704007640846a]::header::tests::_read_test_file
[INFO] [stdout]   13:     0x6442b4b16511 - epw_rs[7bd704007640846a]::header::tests::test_parse_typical_extreme_periods_from_file
[INFO] [stdout]   14:     0x6442b4b18a29 - <epw_rs[7bd704007640846a]::header::tests::test_parse_typical_extreme_periods_from_file::{closure#0} as core[df12db4294e9bfd3]::ops::function::FnOnce<()>>::call_once
[INFO] [stdout]   15:     0x6442b4b18a9b - test[9d35eded1c95d3be]::__rust_begin_short_backtrace::<core[df12db4294e9bfd3]::result::Result<(), alloc[2182bb758b4b3781]::string::String>, fn() -> core[df12db4294e9bfd3]::result::Result<(), alloc[2182bb758b4b3781]::string::String>>
[INFO] [stdout]   16:     0x6442b4b26105 - test[9d35eded1c95d3be]::run_test::{closure#0}
[INFO] [stdout]   17:     0x6442b4b1f9c4 - std[70759c8f55707aa4]::sys::backtrace::__rust_begin_short_backtrace::<test[9d35eded1c95d3be]::run_test::{closure#1}, ()>
[INFO] [stdout]   18:     0x6442b4b29262 - <std[70759c8f55707aa4]::thread::lifecycle::spawn_unchecked<test[9d35eded1c95d3be]::run_test::{closure#1}, ()>::{closure#1} as core[df12db4294e9bfd3]::ops::function::FnOnce<()>>::call_once::{shim:vtable#0}
[INFO] [stdout]   19:     0x6442b4b905e9 - <std[70759c8f55707aa4]::sys::thread::unix::Thread>::new::thread_start
[INFO] [stdout]   20:     0x7e10a63c0dfa - <unknown>
[INFO] [stdout]   21:     0x7e10a64543d4 - clone
[INFO] [stdout]   22:                0x0 - <unknown>
[INFO] [stdout] 
[INFO] [stdout] ---- header::tests::test_parse_ground_temperature_from_file stdout ----
[INFO] [stdout] 
[INFO] [stdout] thread 'header::tests::test_parse_ground_temperature_from_file' (350) panicked at src/header.rs:695:42:
[INFO] [stdout] called `Result::unwrap()` on an `Err` value: Os { code: 2, kind: NotFound, message: "No such file or directory" }
[INFO] [stdout] stack backtrace:
[INFO] [stdout]    0:     0x6442b4b90d11 - <<std[70759c8f55707aa4]::sys::backtrace::BacktraceLock>::print::DisplayBacktrace as core[df12db4294e9bfd3]::fmt::Display>::fmt
[INFO] [stdout]    1:     0x6442b4ba5ada - core[df12db4294e9bfd3]::fmt::write
[INFO] [stdout]    2:     0x6442b4b951ac - <alloc[2182bb758b4b3781]::vec::Vec<u8> as core[df12db4294e9bfd3]::io::write::Write>::write_fmt
[INFO] [stdout]    3:     0x6442b4b6d306 - std[70759c8f55707aa4]::panicking::default_hook::{closure#0}
[INFO] [stdout]    4:     0x6442b4b89479 - std[70759c8f55707aa4]::panicking::default_hook
[INFO] [stdout]    5:     0x6442b4b257b0 - test[9d35eded1c95d3be]::test_main_inner::<test[9d35eded1c95d3be]::test_main_static::{closure#0}>::{closure#0}
[INFO] [stdout]    6:     0x6442b4b89632 - std[70759c8f55707aa4]::panicking::panic_with_hook
[INFO] [stdout]    7:     0x6442b4b6d3b2 - std[70759c8f55707aa4]::panicking::panic_handler::{closure#0}
[INFO] [stdout]    8:     0x6442b4b66139 - std[70759c8f55707aa4]::sys::backtrace::__rust_end_short_backtrace::<std[70759c8f55707aa4]::panicking::panic_handler::{closure#0}, !>
[INFO] [stdout]    9:     0x6442b4b6dfad - __rustc[8fa7c3cbc660c2b3]::rust_begin_unwind
[INFO] [stdout]   10:     0x6442b4ba620c - core[df12db4294e9bfd3]::panicking::panic_fmt
[INFO] [stdout]   11:     0x6442b4ba5fe2 - core[df12db4294e9bfd3]::result::unwrap_failed
[INFO] [stdout]   12:     0x6442b4b1594c - epw_rs[7bd704007640846a]::header::tests::_read_test_file
[INFO] [stdout]   13:     0x6442b4b1600d - epw_rs[7bd704007640846a]::header::tests::test_parse_ground_temperature_from_file
[INFO] [stdout]   14:     0x6442b4b18a09 - <epw_rs[7bd704007640846a]::header::tests::test_parse_ground_temperature_from_file::{closure#0} as core[df12db4294e9bfd3]::ops::function::FnOnce<()>>::call_once
[INFO] [stdout]   15:     0x6442b4b18a9b - test[9d35eded1c95d3be]::__rust_begin_short_backtrace::<core[df12db4294e9bfd3]::result::Result<(), alloc[2182bb758b4b3781]::string::String>, fn() -> core[df12db4294e9bfd3]::result::Result<(), alloc[2182bb758b4b3781]::string::String>>
[INFO] [stdout]   16:     0x6442b4b26105 - test[9d35eded1c95d3be]::run_test::{closure#0}
[INFO] [stdout]   17:     0x6442b4b1f9c4 - std[70759c8f55707aa4]::sys::backtrace::__rust_begin_short_backtrace::<test[9d35eded1c95d3be]::run_test::{closure#1}, ()>
[INFO] [stdout]   18:     0x6442b4b29262 - <std[70759c8f55707aa4]::thread::lifecycle::spawn_unchecked<test[9d35eded1c95d3be]::run_test::{closure#1}, ()>::{closure#1} as core[df12db4294e9bfd3]::ops::function::FnOnce<()>>::call_once::{shim:vtable#0}
[INFO] [stdout]   19:     0x6442b4b905e9 - <std[70759c8f55707aa4]::sys::thread::unix::Thread>::new::thread_start
[INFO] [stdout]   20:     0x7e10a63c0dfa - <unknown>
[INFO] [stdout]   21:     0x7e10a64543d4 - clone
[INFO] [stdout]   22:                0x0 - <unknown>
[INFO] [stdout] 
[INFO] [stdout] 
[INFO] [stdout] failures:
[INFO] [stdout]     header::tests::test_parse_ground_temperature_from_file
[INFO] [stdout]     header::tests::test_parse_location_from_file
[INFO] [stdout]     header::tests::test_parse_typical_extreme_periods_from_file
[INFO] [stdout] 
[INFO] [stdout] test result: FAILED. 0 passed; 3 failed; 0 ignored; 0 measured; 0 filtered out; finished in 0.00s
[INFO] [stdout] 
[INFO] running `Command { std: "docker" "inspect" "3b6615ee0c69ec9907859197eb67df44b59b74b79293f65c4cd9cf2240fdb3ef", kill_on_drop: false }`
[INFO] running `Command { std: "docker" "rm" "-f" "3b6615ee0c69ec9907859197eb67df44b59b74b79293f65c4cd9cf2240fdb3ef", kill_on_drop: false }`
[INFO] [stdout] 3b6615ee0c69ec9907859197eb67df44b59b74b79293f65c4cd9cf2240fdb3ef
