[INFO] fetching crate epoll-rs 0.2.2...
[INFO] testing epoll-rs-0.2.2 against 1.99.0-beta.8+cargoflags=--release for beta-release-1.100-2
[INFO] extracting crate epoll-rs 0.2.2 into /workspace/builds/worker-7-tc1/source
[INFO] started tweaking crates.io crate epoll-rs 0.2.2
[INFO] finished tweaking crates.io crate epoll-rs 0.2.2
[INFO] tweaked toml for crates.io crate epoll-rs 0.2.2 written to /workspace/builds/worker-7-tc1/source/Cargo.toml
[INFO] validating manifest of crates.io crate epoll-rs 0.2.2 on toolchain 1.99.0-beta.8
[INFO] running `Command { std: CARGO_HOME="/workspace/cargo-home" RUSTUP_HOME="/workspace/rustup-home" "/workspace/cargo-home/bin/cargo" "+1.99.0-beta.8" "metadata" "--manifest-path" "Cargo.toml" "--no-deps", kill_on_drop: false }`
[INFO] crate crates.io crate epoll-rs 0.2.2 already has a lockfile, it will not be regenerated
[INFO] running `Command { std: CARGO_HOME="/workspace/cargo-home" RUSTUP_HOME="/workspace/rustup-home" "/workspace/cargo-home/bin/cargo" "+1.99.0-beta.8" "fetch" "--manifest-path" "Cargo.toml", kill_on_drop: false }`
[INFO] [stderr]  Downloading crates ...
[INFO] [stderr]   Downloaded libc v0.2.98
[INFO] running `Command { std: "docker" "create" "-v" "/var/lib/crater-agent-workspace/builds/worker-7-tc1/source:/opt/rustwide/workdir:ro,Z" "-v" "/var/lib/crater-agent-workspace/builds/worker-7-tc1/target:/opt/rustwide/target:rw,Z" "-v" "/var/lib/crater-agent-workspace/cargo-home:/opt/rustwide/cargo-home:ro,Z" "-v" "/var/lib/crater-agent-workspace/rustup-home:/opt/rustwide/rustup-home:ro,Z" "-m" "1610612736" "--network" "none" "ghcr.io/rust-lang/crates-build-env/linux@sha256:77db811e55d90add9212f6832c23229e3de5f1c1f9905e8cb07319ea15df73ac" "sleep" "infinity", kill_on_drop: false }`
[INFO] [stdout] 39a7975c56de36f969b5a90ddd19c02fbb8e948efccf3e954af5f37e99f7db08
[INFO] running `Command { std: "docker" "start" "39a7975c56de36f969b5a90ddd19c02fbb8e948efccf3e954af5f37e99f7db08", kill_on_drop: false }`
[INFO] running `Command { std: "docker" "inspect" "39a7975c56de36f969b5a90ddd19c02fbb8e948efccf3e954af5f37e99f7db08", kill_on_drop: false }`
[INFO] running `Command { std: "docker" "exec" "-e" "SOURCE_DIR=/opt/rustwide/workdir" "-e" "CARGO_HOME=/opt/rustwide/cargo-home" "-e" "RUSTUP_HOME=/opt/rustwide/rustup-home" "-e" "CARGO_TARGET_DIR=/opt/rustwide/target" "-w" "/opt/rustwide/workdir" "--user" "0:0" "39a7975c56de36f969b5a90ddd19c02fbb8e948efccf3e954af5f37e99f7db08" "/opt/rustwide/cargo-home/bin/cargo" "+1.99.0-beta.8" "metadata" "--no-deps" "--format-version=1", kill_on_drop: false }`
[INFO] running `Command { std: "docker" "inspect" "39a7975c56de36f969b5a90ddd19c02fbb8e948efccf3e954af5f37e99f7db08", kill_on_drop: false }`
[INFO] running `Command { std: "docker" "exec" "-e" "SOURCE_DIR=/opt/rustwide/workdir" "-e" "CARGO_HOME=/opt/rustwide/cargo-home" "-e" "RUSTUP_HOME=/opt/rustwide/rustup-home" "-e" "CARGO_TARGET_DIR=/opt/rustwide/target" "-e" "CARGO_INCREMENTAL=0" "-e" "RUST_BACKTRACE=full" "-e" "RUSTFLAGS=--cap-lints=warn" "-e" "RUSTDOCFLAGS=--cap-lints=warn" "-w" "/opt/rustwide/workdir" "--user" "0:0" "39a7975c56de36f969b5a90ddd19c02fbb8e948efccf3e954af5f37e99f7db08" "/opt/rustwide/cargo-home/bin/cargo" "+1.99.0-beta.8" "build" "--frozen" "--message-format=json" "--release", kill_on_drop: false }`
[INFO] [stderr]    Compiling bitflags v1.2.1
[INFO] [stderr]    Compiling libc v0.2.98
[INFO] [stderr]    Compiling epoll-rs v0.2.2 (/opt/rustwide/workdir)
[INFO] [stdout] warning: unexpected `cfg` condition name: `debug_assert`
[INFO] [stdout]    --> src/lib.rs:217:15
[INFO] [stdout]     |
[INFO] [stdout] 217 |         #[cfg(debug_assert)]
[INFO] [stdout]     |               ^^^^^^^^^^^^ help: there is a config with a similar name: `debug_assertions`
[INFO] [stdout]     |
[INFO] [stdout]     = help: consider using a Cargo feature instead
[INFO] [stdout]     = help: or consider adding in `Cargo.toml` the `check-cfg` lint config for the lint:
[INFO] [stdout]              [lints.rust]
[INFO] [stdout]              unexpected_cfgs = { level = "warn", check-cfg = ['cfg(debug_assert)'] }
[INFO] [stdout]     = help: or consider adding `println!("cargo::rustc-check-cfg=cfg(debug_assert)");` to the top of the `build.rs`
[INFO] [stdout]     = note: see <https://doc.rust-lang.org/nightly/rustc/check-cfg/cargo-specifics.html> for more information about checking conditional configuration
[INFO] [stdout]     = note: `#[warn(unexpected_cfgs)]` on by default
[INFO] [stdout] 
[INFO] [stdout] 
[INFO] [stderr]     Finished `release` profile [optimized] target(s) in 1.32s
[INFO] running `Command { std: "docker" "inspect" "39a7975c56de36f969b5a90ddd19c02fbb8e948efccf3e954af5f37e99f7db08", kill_on_drop: false }`
[INFO] running `Command { std: "docker" "exec" "-e" "SOURCE_DIR=/opt/rustwide/workdir" "-e" "CARGO_HOME=/opt/rustwide/cargo-home" "-e" "RUSTUP_HOME=/opt/rustwide/rustup-home" "-e" "CARGO_TARGET_DIR=/opt/rustwide/target" "-e" "CARGO_INCREMENTAL=0" "-e" "RUST_BACKTRACE=full" "-e" "RUSTFLAGS=--cap-lints=warn" "-e" "RUSTDOCFLAGS=--cap-lints=warn" "-w" "/opt/rustwide/workdir" "--user" "0:0" "39a7975c56de36f969b5a90ddd19c02fbb8e948efccf3e954af5f37e99f7db08" "/opt/rustwide/cargo-home/bin/cargo" "+1.99.0-beta.8" "test" "--frozen" "--no-run" "--message-format=json" "--release", kill_on_drop: false }`
[INFO] [stderr]    Compiling ppv-lite86 v0.2.10
[INFO] [stderr]    Compiling getrandom v0.2.3
[INFO] [stdout] warning: unexpected `cfg` condition name: `debug_assert`
[INFO] [stdout]    --> src/lib.rs:217:15
[INFO] [stdout]     |
[INFO] [stdout] 217 |         #[cfg(debug_assert)]
[INFO] [stdout]     |               ^^^^^^^^^^^^ help: there is a config with a similar name: `debug_assertions`
[INFO] [stdout]     |
[INFO] [stdout]     = help: consider using a Cargo feature instead
[INFO] [stdout]     = help: or consider adding in `Cargo.toml` the `check-cfg` lint config for the lint:
[INFO] [stdout]              [lints.rust]
[INFO] [stdout]              unexpected_cfgs = { level = "warn", check-cfg = ['cfg(debug_assert)'] }
[INFO] [stdout]     = help: or consider adding `println!("cargo::rustc-check-cfg=cfg(debug_assert)");` to the top of the `build.rs`
[INFO] [stdout]     = note: see <https://doc.rust-lang.org/nightly/rustc/check-cfg/cargo-specifics.html> for more information about checking conditional configuration
[INFO] [stdout]     = note: `#[warn(unexpected_cfgs)]` on by default
[INFO] [stdout] 
[INFO] [stdout] 
[INFO] [stderr]    Compiling rand_core v0.6.3
[INFO] [stderr]    Compiling rand_chacha v0.3.1
[INFO] [stderr]    Compiling rand v0.8.4
[INFO] [stderr]    Compiling epoll-rs v0.2.2 (/opt/rustwide/workdir)
[INFO] [stdout] warning: unexpected `cfg` condition name: `debug_assert`
[INFO] [stdout]    --> src/lib.rs:217:15
[INFO] [stdout]     |
[INFO] [stdout] 217 |         #[cfg(debug_assert)]
[INFO] [stdout]     |               ^^^^^^^^^^^^ help: there is a config with a similar name: `debug_assertions`
[INFO] [stdout]     |
[INFO] [stdout]     = help: consider using a Cargo feature instead
[INFO] [stdout]     = help: or consider adding in `Cargo.toml` the `check-cfg` lint config for the lint:
[INFO] [stdout]              [lints.rust]
[INFO] [stdout]              unexpected_cfgs = { level = "warn", check-cfg = ['cfg(debug_assert)'] }
[INFO] [stdout]     = help: or consider adding `println!("cargo::rustc-check-cfg=cfg(debug_assert)");` to the top of the `build.rs`
[INFO] [stdout]     = note: see <https://doc.rust-lang.org/nightly/rustc/check-cfg/cargo-specifics.html> for more information about checking conditional configuration
[INFO] [stdout]     = note: `#[warn(unexpected_cfgs)]` on by default
[INFO] [stdout] 
[INFO] [stdout] 
[INFO] [stderr]     Finished `release` profile [optimized] target(s) in 3.04s
[INFO] running `Command { std: "docker" "inspect" "39a7975c56de36f969b5a90ddd19c02fbb8e948efccf3e954af5f37e99f7db08", kill_on_drop: false }`
[INFO] running `Command { std: "docker" "exec" "-e" "SOURCE_DIR=/opt/rustwide/workdir" "-e" "CARGO_HOME=/opt/rustwide/cargo-home" "-e" "RUSTUP_HOME=/opt/rustwide/rustup-home" "-e" "CARGO_TARGET_DIR=/opt/rustwide/target" "-e" "CARGO_INCREMENTAL=0" "-e" "RUST_BACKTRACE=full" "-e" "RUSTFLAGS=--cap-lints=warn" "-e" "RUSTDOCFLAGS=--cap-lints=warn" "-w" "/opt/rustwide/workdir" "--user" "0:0" "39a7975c56de36f969b5a90ddd19c02fbb8e948efccf3e954af5f37e99f7db08" "/opt/rustwide/cargo-home/bin/cargo" "+1.99.0-beta.8" "test" "--frozen" "--release", kill_on_drop: false }`
[INFO] [stderr] warning: unexpected `cfg` condition name: `debug_assert`
[INFO] [stderr]    --> src/lib.rs:217:15
[INFO] [stderr]     |
[INFO] [stderr] 217 |         #[cfg(debug_assert)]
[INFO] [stderr]     |               ^^^^^^^^^^^^ help: there is a config with a similar name: `debug_assertions`
[INFO] [stderr]     |
[INFO] [stderr]     = help: consider using a Cargo feature instead
[INFO] [stderr]     = help: or consider adding in `Cargo.toml` the `check-cfg` lint config for the lint:
[INFO] [stderr]              [lints.rust]
[INFO] [stderr]              unexpected_cfgs = { level = "warn", check-cfg = ['cfg(debug_assert)'] }
[INFO] [stderr]     = help: or consider adding `println!("cargo::rustc-check-cfg=cfg(debug_assert)");` to the top of the `build.rs`
[INFO] [stderr]     = note: see <https://doc.rust-lang.org/nightly/rustc/check-cfg/cargo-specifics.html> for more information about checking conditional configuration
[INFO] [stderr]     = note: `#[warn(unexpected_cfgs)]` on by default
[INFO] [stderr] 
[INFO] [stderr] warning: `epoll-rs` (lib) generated 1 warning
[INFO] [stderr] warning: `epoll-rs` (lib test) generated 1 warning (1 duplicate)
[INFO] [stderr]     Finished `release` profile [optimized] target(s) in 0.02s
[INFO] [stderr]      Running unittests src/lib.rs (/opt/rustwide/target/release/deps/epoll_rs-860cefdcaa38fdfd)
[INFO] [stdout] 
[INFO] [stdout] running 8 tests
[INFO] [stdout] test test::test_epoll_event_equivalence ... ok
[INFO] [stdout] test test::test_add_different_types ... ok
[INFO] [stdout] test test::test_hup ... ok
[INFO] [stdout] test test::test_remove_ordering ... ok
[INFO] [stdout] test test::test_wait_many ... ok
[INFO] [stdout] test test::test_epoll_outlives_token ... ok
[INFO] [stdout] test test::test_epoll_wait_read ... ok
[INFO] [stdout] test test::test_timeout ... FAILED
[INFO] [stdout] 
[INFO] [stdout] failures:
[INFO] [stdout] 
[INFO] [stdout] ---- test::test_timeout stdout ----
[INFO] [stdout] 
[INFO] [stdout] thread 'test::test_timeout' (308) panicked at src/lib.rs:673:13:
[INFO] [stdout] elapsed: 102.771229ms
[INFO] [stdout] stack backtrace:
[INFO] [stdout]    0:     0x5be893bcd691 - <<std[70759c8f55707aa4]::sys::backtrace::BacktraceLock>::print::DisplayBacktrace as core[df12db4294e9bfd3]::fmt::Display>::fmt
[INFO] [stdout]    1:     0x5be893be206a - core[df12db4294e9bfd3]::fmt::write
[INFO] [stdout]    2:     0x5be893bd1b2c - <alloc[2182bb758b4b3781]::vec::Vec<u8> as core[df12db4294e9bfd3]::io::write::Write>::write_fmt
[INFO] [stdout]    3:     0x5be893ba99b6 - std[70759c8f55707aa4]::panicking::default_hook::{closure#0}
[INFO] [stdout]    4:     0x5be893bc5b29 - std[70759c8f55707aa4]::panicking::default_hook
[INFO] [stdout]    5:     0x5be893b5eec0 - test[9d35eded1c95d3be]::test_main_inner::<test[9d35eded1c95d3be]::test_main_static::{closure#0}>::{closure#0}
[INFO] [stdout]    6:     0x5be893bc5ce2 - std[70759c8f55707aa4]::panicking::panic_with_hook
[INFO] [stdout]    7:     0x5be893ba9a62 - std[70759c8f55707aa4]::panicking::panic_handler::{closure#0}
[INFO] [stdout]    8:     0x5be893ba27e9 - std[70759c8f55707aa4]::sys::backtrace::__rust_end_short_backtrace::<std[70759c8f55707aa4]::panicking::panic_handler::{closure#0}, !>
[INFO] [stdout]    9:     0x5be893baa65d - __rustc[8fa7c3cbc660c2b3]::rust_begin_unwind
[INFO] [stdout]   10:     0x5be893be279c - core[df12db4294e9bfd3]::panicking::panic_fmt
[INFO] [stdout]   11:     0x5be893b4eefe - epoll_rs[f20ae30d00b89ceb]::test::test_timeout
[INFO] [stdout]   12:     0x5be893b4e649 - <epoll_rs[f20ae30d00b89ceb]::test::test_timeout::{closure#0} as core[df12db4294e9bfd3]::ops::function::FnOnce<()>>::call_once
[INFO] [stdout]   13:     0x5be893b521ab - test[9d35eded1c95d3be]::__rust_begin_short_backtrace::<core[df12db4294e9bfd3]::result::Result<(), alloc[2182bb758b4b3781]::string::String>, fn() -> core[df12db4294e9bfd3]::result::Result<(), alloc[2182bb758b4b3781]::string::String>>
[INFO] [stdout]   14:     0x5be893b5f815 - test[9d35eded1c95d3be]::run_test::{closure#0}
[INFO] [stdout]   15:     0x5be893b590d4 - std[70759c8f55707aa4]::sys::backtrace::__rust_begin_short_backtrace::<test[9d35eded1c95d3be]::run_test::{closure#1}, ()>
[INFO] [stdout]   16:     0x5be893b62972 - <std[70759c8f55707aa4]::thread::lifecycle::spawn_unchecked<test[9d35eded1c95d3be]::run_test::{closure#1}, ()>::{closure#1} as core[df12db4294e9bfd3]::ops::function::FnOnce<()>>::call_once::{shim:vtable#0}
[INFO] [stdout]   17:     0x5be893bccdf9 - <std[70759c8f55707aa4]::sys::thread::unix::Thread>::new::thread_start
[INFO] [stdout]   18:     0x7b42c4208dfa - <unknown>
[INFO] [stdout]   19:     0x7b42c429c3d4 - clone
[INFO] [stdout]   20:                0x0 - <unknown>
[INFO] [stdout] 
[INFO] [stdout] 
[INFO] [stdout] failures:
[INFO] [stdout]     test::test_timeout
[INFO] [stdout] 
[INFO] [stdout] test result: FAILED. 7 passed; 1 failed; 0 ignored; 0 measured; 0 filtered out; finished in 0.13s
[INFO] [stdout] 
[INFO] [stderr] error: test failed, to rerun pass `--lib`
[INFO] running `Command { std: "docker" "inspect" "39a7975c56de36f969b5a90ddd19c02fbb8e948efccf3e954af5f37e99f7db08", kill_on_drop: false }`
[INFO] running `Command { std: "docker" "rm" "-f" "39a7975c56de36f969b5a90ddd19c02fbb8e948efccf3e954af5f37e99f7db08", kill_on_drop: false }`
[INFO] [stdout] 39a7975c56de36f969b5a90ddd19c02fbb8e948efccf3e954af5f37e99f7db08
