[INFO] fetching crate epics-tools-rs 0.31.0...
[INFO] testing epics-tools-rs-0.31.0 against 1.99.0-beta.8+cargoflags=--release for beta-release-1.100-2
[INFO] extracting crate epics-tools-rs 0.31.0 into /workspace/builds/worker-2-tc1/source
[INFO] started tweaking crates.io crate epics-tools-rs 0.31.0
[INFO] removed 0 missing tests
[INFO] finished tweaking crates.io crate epics-tools-rs 0.31.0
[INFO] tweaked toml for crates.io crate epics-tools-rs 0.31.0 written to /workspace/builds/worker-2-tc1/source/Cargo.toml
[INFO] validating manifest of crates.io crate epics-tools-rs 0.31.0 on toolchain 1.99.0-beta.8
[INFO] running `Command { std: CARGO_HOME="/workspace/cargo-home" RUSTUP_HOME="/workspace/rustup-home" "/workspace/cargo-home/bin/cargo" "+1.99.0-beta.8" "metadata" "--manifest-path" "Cargo.toml" "--no-deps", kill_on_drop: false }`
[INFO] crate crates.io crate epics-tools-rs 0.31.0 already has a lockfile, it will not be regenerated
[INFO] running `Command { std: CARGO_HOME="/workspace/cargo-home" RUSTUP_HOME="/workspace/rustup-home" "/workspace/cargo-home/bin/cargo" "+1.99.0-beta.8" "fetch" "--manifest-path" "Cargo.toml", kill_on_drop: false }`
[INFO] [stderr]     Updating crates.io index
[INFO] [stderr]  Downloading crates ...
[INFO] [stderr]   Downloaded if-addrs v0.13.4
[INFO] [stderr]   Downloaded hostname v0.4.2
[INFO] [stderr]   Downloaded rustyline v18.0.0
[INFO] [stderr]   Downloaded epics-macros-rs v0.31.0
[INFO] [stderr]   Downloaded epics-rtems-boot v0.31.0
[INFO] [stderr]   Downloaded arc-swap v1.9.1
[INFO] [stderr]   Downloaded epics-libcom-rs v0.31.0
[INFO] [stderr]   Downloaded tokio v1.51.1
[INFO] [stderr]   Downloaded epics-base-rs v0.31.0
[INFO] running `Command { std: "docker" "create" "-v" "/var/lib/crater-agent-workspace/builds/worker-2-tc1/source:/opt/rustwide/workdir:ro,Z" "-v" "/var/lib/crater-agent-workspace/builds/worker-2-tc1/target:/opt/rustwide/target:rw,Z" "-v" "/var/lib/crater-agent-workspace/cargo-home:/opt/rustwide/cargo-home:ro,Z" "-v" "/var/lib/crater-agent-workspace/rustup-home:/opt/rustwide/rustup-home:ro,Z" "-m" "1610612736" "--network" "none" "ghcr.io/rust-lang/crates-build-env/linux@sha256:77db811e55d90add9212f6832c23229e3de5f1c1f9905e8cb07319ea15df73ac" "sleep" "infinity", kill_on_drop: false }`
[INFO] [stdout] 379f37b323e55b368fbe8a3bfa39bb0187c473ebf62074655b3eae881eef213e
[INFO] running `Command { std: "docker" "start" "379f37b323e55b368fbe8a3bfa39bb0187c473ebf62074655b3eae881eef213e", kill_on_drop: false }`
[INFO] running `Command { std: "docker" "inspect" "379f37b323e55b368fbe8a3bfa39bb0187c473ebf62074655b3eae881eef213e", kill_on_drop: false }`
[INFO] running `Command { std: "docker" "exec" "-e" "SOURCE_DIR=/opt/rustwide/workdir" "-e" "CARGO_HOME=/opt/rustwide/cargo-home" "-e" "RUSTUP_HOME=/opt/rustwide/rustup-home" "-e" "CARGO_TARGET_DIR=/opt/rustwide/target" "-w" "/opt/rustwide/workdir" "--user" "0:0" "379f37b323e55b368fbe8a3bfa39bb0187c473ebf62074655b3eae881eef213e" "/opt/rustwide/cargo-home/bin/cargo" "+1.99.0-beta.8" "metadata" "--no-deps" "--format-version=1", kill_on_drop: false }`
[INFO] running `Command { std: "docker" "inspect" "379f37b323e55b368fbe8a3bfa39bb0187c473ebf62074655b3eae881eef213e", kill_on_drop: false }`
[INFO] running `Command { std: "docker" "exec" "-e" "SOURCE_DIR=/opt/rustwide/workdir" "-e" "CARGO_HOME=/opt/rustwide/cargo-home" "-e" "RUSTUP_HOME=/opt/rustwide/rustup-home" "-e" "CARGO_TARGET_DIR=/opt/rustwide/target" "-e" "CARGO_INCREMENTAL=0" "-e" "RUST_BACKTRACE=full" "-e" "RUSTFLAGS=--cap-lints=warn" "-e" "RUSTDOCFLAGS=--cap-lints=warn" "-w" "/opt/rustwide/workdir" "--user" "0:0" "379f37b323e55b368fbe8a3bfa39bb0187c473ebf62074655b3eae881eef213e" "/opt/rustwide/cargo-home/bin/cargo" "+1.99.0-beta.8" "build" "--frozen" "--message-format=json" "--release", kill_on_drop: false }`
[INFO] [stderr]    Compiling libc v0.2.190
[INFO] [stderr]    Compiling quote v1.0.45
[INFO] [stderr]    Compiling winnow v1.0.1
[INFO] [stderr]    Compiling hashbrown v0.17.0
[INFO] [stderr]    Compiling cc v1.2.60
[INFO] [stderr]    Compiling anstyle-parse v1.0.0
[INFO] [stderr]    Compiling nix v0.31.3
[INFO] [stderr]    Compiling anstyle v1.0.14
[INFO] [stderr]    Compiling syn v2.0.117
[INFO] [stderr]    Compiling log v0.4.29
[INFO] [stderr]    Compiling is_terminal_polyfill v1.70.2
[INFO] [stderr]    Compiling bitflags v2.11.0
[INFO] [stderr]    Compiling colorchoice v1.0.5
[INFO] [stderr]    Compiling toml_datetime v1.1.1+spec-1.1.0
[INFO] [stderr]    Compiling anstyle-query v1.1.5
[INFO] [stderr]    Compiling serde_core v1.0.228
[INFO] [stderr]    Compiling anstream v1.0.0
[INFO] [stderr]    Compiling nibble_vec v0.1.0
[INFO] [stderr]    Compiling serde_json v1.0.149
[INFO] [stderr]    Compiling indexmap v2.14.0
[INFO] [stderr]    Compiling thiserror v2.0.18
[INFO] [stderr]    Compiling endian-type v0.2.0
[INFO] [stderr]    Compiling memchr v2.8.0
[INFO] [stderr]    Compiling clap_lex v1.1.0
[INFO] [stderr]    Compiling regex-syntax v0.8.10
[INFO] [stderr]    Compiling toml_parser v1.1.2+spec-1.1.0
[INFO] [stderr]    Compiling epics-libcom-rs v0.31.0
[INFO] [stderr]    Compiling clap_builder v4.6.0
[INFO] [stderr]    Compiling epics-rtems-boot v0.31.0
[INFO] [stderr]    Compiling regex-automata v0.4.14
[INFO] [stderr]    Compiling errno v0.3.14
[INFO] [stderr]    Compiling parking_lot_core v0.9.12
[INFO] [stderr]    Compiling toml_edit v0.25.11+spec-1.1.0
[INFO] [stderr]    Compiling parking_lot v0.12.5
[INFO] [stderr]    Compiling signal-hook-registry v1.4.8
[INFO] [stderr]    Compiling mio v1.2.0
[INFO] [stderr]    Compiling socket2 v0.6.3
[INFO] [stderr]    Compiling proc-macro-crate v3.5.0
[INFO] [stderr]    Compiling socket2 v0.5.10
[INFO] [stderr]    Compiling if-addrs v0.13.4
[INFO] [stderr]    Compiling hostname v0.4.2
[INFO] [stderr]    Compiling radix_trie v0.3.0
[INFO] [stderr]    Compiling chrono v0.4.44
[INFO] [stderr]    Compiling tracing-attributes v0.1.31
[INFO] [stderr]    Compiling tokio-macros v2.7.0
[INFO] [stderr]    Compiling tokio v1.51.1
[INFO] [stderr]    Compiling tracing v0.1.44
[INFO] [stderr]    Compiling clap_derive v4.6.0
[INFO] [stderr]    Compiling thiserror-impl v2.0.18
[INFO] [stderr]    Compiling syn v3.0.6
[INFO] [stderr]    Compiling nix v0.29.0
[INFO] [stderr]    Compiling epics-base-rs v0.31.0
[INFO] [stderr]    Compiling unicode-segmentation v1.13.2
[INFO] [stderr]    Compiling home v0.5.12
[INFO] [stderr]    Compiling unicode-width v0.2.2
[INFO] [stderr]    Compiling clap v4.6.0
[INFO] [stderr]    Compiling arc-swap v1.9.1
[INFO] [stderr]    Compiling rustyline v18.0.0
[INFO] [stderr]    Compiling matchers v0.2.0
[INFO] [stderr]    Compiling epics-macros-rs v0.31.0
[INFO] [stderr]    Compiling tracing-log v0.2.0
[INFO] [stderr]    Compiling thread_local v1.1.9
[INFO] [stderr]    Compiling epics-tools-rs v0.31.0 (/opt/rustwide/workdir)
[INFO] [stderr]    Compiling tracing-subscriber v0.3.23
[INFO] [stderr]    Compiling async-trait v0.1.92
[INFO] [stderr]     Finished `release` profile [optimized] target(s) in 4m 20s
[INFO] running `Command { std: "docker" "inspect" "379f37b323e55b368fbe8a3bfa39bb0187c473ebf62074655b3eae881eef213e", kill_on_drop: false }`
[INFO] running `Command { std: "docker" "exec" "-e" "SOURCE_DIR=/opt/rustwide/workdir" "-e" "CARGO_HOME=/opt/rustwide/cargo-home" "-e" "RUSTUP_HOME=/opt/rustwide/rustup-home" "-e" "CARGO_TARGET_DIR=/opt/rustwide/target" "-e" "CARGO_INCREMENTAL=0" "-e" "RUST_BACKTRACE=full" "-e" "RUSTFLAGS=--cap-lints=warn" "-e" "RUSTDOCFLAGS=--cap-lints=warn" "-w" "/opt/rustwide/workdir" "--user" "0:0" "379f37b323e55b368fbe8a3bfa39bb0187c473ebf62074655b3eae881eef213e" "/opt/rustwide/cargo-home/bin/cargo" "+1.99.0-beta.8" "test" "--frozen" "--no-run" "--message-format=json" "--release", kill_on_drop: false }`
[INFO] [stderr]    Compiling nix v0.31.3
[INFO] [stderr]    Compiling getrandom v0.4.2
[INFO] [stderr]    Compiling nix v0.29.0
[INFO] [stderr]    Compiling fastrand v2.4.1
[INFO] [stderr]    Compiling tempfile v3.27.0
[INFO] [stderr]    Compiling rustyline v18.0.0
[INFO] [stderr]    Compiling epics-base-rs v0.31.0
[INFO] [stderr]    Compiling epics-tools-rs v0.31.0 (/opt/rustwide/workdir)
[INFO] [stderr]     Finished `release` profile [optimized] target(s) in 3m 09s
[INFO] running `Command { std: "docker" "inspect" "379f37b323e55b368fbe8a3bfa39bb0187c473ebf62074655b3eae881eef213e", kill_on_drop: false }`
[INFO] running `Command { std: "docker" "exec" "-e" "SOURCE_DIR=/opt/rustwide/workdir" "-e" "CARGO_HOME=/opt/rustwide/cargo-home" "-e" "RUSTUP_HOME=/opt/rustwide/rustup-home" "-e" "CARGO_TARGET_DIR=/opt/rustwide/target" "-e" "CARGO_INCREMENTAL=0" "-e" "RUST_BACKTRACE=full" "-e" "RUSTFLAGS=--cap-lints=warn" "-e" "RUSTDOCFLAGS=--cap-lints=warn" "-w" "/opt/rustwide/workdir" "--user" "0:0" "379f37b323e55b368fbe8a3bfa39bb0187c473ebf62074655b3eae881eef213e" "/opt/rustwide/cargo-home/bin/cargo" "+1.99.0-beta.8" "test" "--frozen" "--release", kill_on_drop: false }`
[INFO] [stderr]     Finished `release` profile [optimized] target(s) in 0.15s
[INFO] [stderr]      Running unittests src/lib.rs (/opt/rustwide/target/release/deps/epics_tools_rs-fde0a089d00283a9)
[INFO] [stdout] 
[INFO] [stdout] running 103 tests
[INFO] [stdout] test procserv::child::tests::normal_exit_reports_exit_code ... ok
[INFO] [stdout] test procserv::child::tests::core_size_applies_rlimit_core_to_child ... ok
[INFO] [stdout] test procserv::child::tests::failed_chdir_exits_255_not_126 ... ok
[INFO] [stdout] test procserv::child::tests::signal_reaches_a_child_that_is_not_yet_a_group_leader ... ok
[INFO] [stdout] test procserv::child::tests::child_signal_state_matches_a_c_procserv_child ... ok
[INFO] [stdout] test procserv::child::tests::child_exec_runs_override_binary_with_command_as_argv0 ... ok
[INFO] [stdout] test procserv::child::tests::missing_child_binary_exits_255_not_127 ... ok
[INFO] [stdout] test procserv::client::tests::read_data_propagates_inbound_event ... ok
[INFO] [stdout] test procserv::client::tests::set_keepalive_enables_so_keepalive ... ok
[INFO] [stdout] test procserv::client::tests::write_iac_escapes_payload_bytes ... ok
[INFO] [stdout] test procserv::child::tests::spawn_echo_child_yields_output_and_exits ... ok
[INFO] [stdout] test procserv::console::tests::console_stream_reads_chunks_and_reports_eof ... ok
[INFO] [stdout] test procserv::console::tests::tty_guard_is_inert_without_a_terminal ... ok
[INFO] [stdout] test procserv::daemon::tests::daemon_mode_keeps_sigint_as_shutdown_and_sigquit_default ... ok
[INFO] [stdout] test procserv::daemon::tests::foreground_mode_ignores_sigint_and_sigquit ... ok
[INFO] [stdout] test procserv::daemon::tests::sigxfsz_is_ignored_in_daemon_mode ... ok
[INFO] [stdout] test procserv::daemon::tests::sigxfsz_is_ignored_in_foreground_mode ... ok
[INFO] [stdout] test procserv::endpoint::tests::bare_port_binds_loopback_when_local_and_any_when_not ... ok
[INFO] [stdout] test procserv::endpoint::tests::bare_word_is_an_invalid_spec ... ok
[INFO] [stdout] test procserv::endpoint::tests::interface_bind_honored_only_when_not_local ... ok
[INFO] [stdout] test procserv::endpoint::tests::port_above_65535_is_rejected ... ok
[INFO] [stdout] test procserv::endpoint::tests::unix_abstract_strips_the_at_sign ... ok
[INFO] [stdout] test procserv::endpoint::tests::unix_empty_path_errors ... ok
[INFO] [stdout] test procserv::endpoint::tests::unix_permission_prefix_sets_perms_without_owner_change ... ok
[INFO] [stdout] test procserv::endpoint::tests::unix_plain_path_defaults ... ok
[INFO] [stdout] test procserv::endpoint::tests::unix_prefix_requires_three_colons ... ok
[INFO] [stdout] test procserv::endpoint::tests::unix_unknown_user_errors ... ok
[INFO] [stdout] test procserv::daemon::tests::recv_optional_signal_none_never_fires ... ok
[INFO] [stdout] test procserv::endpoint::tests::unix_user_prefix_resolves_to_uid_gid ... ok
[INFO] [stdout] test procserv::listener::tests::bind_one_fails_fast_on_address_in_use ... ok
[INFO] [stdout] test procserv::listener::tests::local_addr_reports_bound_tcp_port_and_none_for_unix ... ok
[INFO] [stdout] test procserv::listener::tests::tcp_listen_binds_via_reuseaddr_path ... ok
[INFO] [stdout] test procserv::client::tests::a_write_that_misses_its_deadline_ends_the_write_task ... ok
[INFO] [stdout] test procserv::child::tests::signal_death_reports_signal_not_128_plus_sig ... ok
[INFO] [stdout] test procserv::client::tests::dropping_the_handle_closes_a_stalled_clients_socket ... ok
[INFO] [stdout] test procserv::listener::tests::bind_one_binds_a_free_port_and_accepts ... ok
[INFO] [stdout] test procserv::menu::tests::kill_on_dead_child_restarts_and_still_broadcasts ... ok
[INFO] [stdout] test procserv::listener::tests::tcp_listener_forwards_accepted_socket ... ok
[INFO] [stdout] test procserv::menu::tests::kill_signals_a_live_child ... ok
[INFO] [stdout] test procserv::menu::tests::kill_restarts_dead_child_even_when_restart_key_disabled ... ok
[INFO] [stdout] test procserv::menu::tests::restart_only_when_child_dead ... ok
[INFO] [stdout] test procserv::menu::tests::scan_buffer_concatenates_per_byte_actions ... ok
[INFO] [stdout] test procserv::menu::tests::unbound_key_yields_no_actions ... ok
[INFO] [stdout] test procserv::messages::tests::child_reaped_reports_normal_exit_and_signal ... ok
[INFO] [stdout] test procserv::messages::tests::child_shutting_down_picks_reason_and_redisplays_menu_unless_oneshot ... ok
[INFO] [stdout] test procserv::menu::tests::one_byte_bound_to_two_keys_fires_both ... ok
[INFO] [stdout] test procserv::messages::tests::ctl_sc_emits_the_raw_byte_for_a_high_key ... ok
[INFO] [stdout] test procserv::messages::tests::ctl_sc_passes_printable_chars_literally_and_drops_nul ... ok
[INFO] [stdout] test procserv::messages::tests::ctl_sc_renders_control_chars_with_caret ... ok
[INFO] [stdout] test procserv::messages::tests::info_message1_names_the_child_only_when_distinct_from_command ... ok
[INFO] [stdout] test procserv::messages::tests::info_message2_distinguishes_alive_from_shutdown ... ok
[INFO] [stdout] test procserv::messages::tests::info_message3_matches_c_menu_with_logout_off ... ok
[INFO] [stdout] test procserv::messages::tests::new_child_pid_appends_ruler ... ok
[INFO] [stdout] test procserv::messages::tests::restarting_child_names_executable_only_when_distinct ... ok
[INFO] [stdout] test procserv::messages::tests::welcome_interactive_with_live_child_matches_c_order ... ok
[INFO] [stdout] test procserv::messages::tests::welcome_readonly_trims_greeting_counts_and_shows_menu_when_dead ... ok
[INFO] [stdout] test procserv::restart::tests::mode_cycles ... ok
[INFO] [stdout] test procserv::restart::tests::mode_labels_match_c_procserv ... ok
[INFO] [stdout] test procserv::sidecar::tests::abstract_unix_address_uses_the_at_prefix ... ok
[INFO] [stdout] test procserv::messages::tests::info_message3_appends_logout_clause_when_enabled ... ok
[INFO] [stdout] test procserv::sidecar::tests::info_file_matches_manage_procs_format ... ok
[INFO] [stdout] test procserv::sidecar::tests::bound_addresses_order_log_first_then_control_reversed_with_real_ports ... ok
[INFO] [stdout] test procserv::listener::tests::unix_filesystem_listener_forwards_accepted_socket ... ok
[INFO] [stdout] test procserv::listener::tests::unix_socket_file_unlinked_when_listener_task_ends ... ok
[INFO] [stdout] test procserv::sidecar::tests::log_stamp_is_applied_raw_without_added_brackets ... ok
[INFO] [stdout] test procserv::sidecar::tests::pid_file_atomic_write ... ok
[INFO] [stdout] to stdout
[INFO] [stdout] test procserv::sidecar::tests::procserv_info_env_strips_trailing_semicolon_with_no_listeners ... ok
[INFO] [stdout] test procserv::sidecar::tests::logfile_dash_logs_to_stdout_not_a_file_named_dash ... ok
[INFO] [stdout] test procserv::sidecar::tests::procserv_info_env_uses_pid_ctl_log_form ... ok
[INFO] [stdout] test procserv::sidecar::tests::stamp_lines_prefixes_each_new_line_and_tracks_continuation ... ok
[INFO] [stdout] test procserv::sidecar::tests::log_file_is_created_mode_0644 ... ok
[INFO] [stdout] test procserv::supervisor::tests::console_client_joins_the_roster_and_the_party_line ... ok
[INFO] [stdout] test procserv::supervisor::tests::exit_disposition_disabled_stays_dead ... ok
[INFO] [stdout] test procserv::supervisor::tests::exit_disposition_oneshot_first_run_grants_one_rerun ... ok
[INFO] [stdout] test procserv::supervisor::tests::exit_disposition_oneshot_spent_shuts_down ... ok
[INFO] [stdout] test procserv::supervisor::tests::exit_disposition_onexit_always_restarts ... ok
[INFO] [stdout] test procserv::supervisor::tests::holdoff_long_uptime_restarts_immediately ... ok
[INFO] [stdout] test procserv::supervisor::tests::holdoff_short_uptime_waits_difference ... ok
[INFO] [stdout] test procserv::supervisor::tests::holdoff_uptime_equals_holdoff_no_wait ... ok
[INFO] [stdout] test procserv::supervisor::tests::holdoff_zero_uptime_waits_full ... ok
[INFO] [stdout] test procserv::supervisor::tests::ignore_set_auto_appends_kill_toggle_logout_only ... ok
[INFO] [stdout] test procserv::supervisor::tests::ignore_set_skips_disabled_keys ... ok
[INFO] [stdout] test procserv::supervisor::tests::ignore_set_unions_explicit_then_command_keys_without_dups ... ok
[INFO] [stdout] test procserv::supervisor::tests::spawn_retry_gives_up_when_cap_exceeded ... ok
[INFO] [stdout] test procserv::supervisor::tests::spawn_retry_schedules_holdoff_when_under_cap ... ok
[INFO] [stdout] test procserv::telnet::tests::confirms_do_echo_silently ... ok
[INFO] [stdout] test procserv::sidecar::tests::log_file_prefixes_each_line_with_timestamp ... ok
[INFO] [stdout] test procserv::telnet::tests::confirms_will_linemode_silently ... ok
[INFO] [stdout] test procserv::telnet::tests::iac_escape_doubles_ff ... ok
[INFO] [stdout] test procserv::telnet::tests::initial_negotiation_offers_will_echo_then_do_linemode ... ok
[INFO] [stdout] test procserv::telnet::tests::passes_plain_data_through ... ok
[INFO] [stdout] test procserv::telnet::tests::refuses_peer_will_echo ... ok
[INFO] [stdout] test procserv::sidecar::tests::reopen_writes_to_a_fresh_file_after_rotation ... ok
[INFO] [stdout] test procserv::telnet::tests::refuses_unknown_options ... ok
[INFO] [stdout] test procserv::telnet::tests::rejects_do_linemode ... ok
[INFO] [stdout] test procserv::telnet::tests::skips_subnegotiation_block ... ok
[INFO] [stdout] test procserv::telnet::tests::unescapes_iac_iac ... ok
[INFO] [stdout] test procserv::tests::the_platform_rule_is_an_allowlist_that_refuses ... ok
[INFO] [stdout] test procserv::sidecar::tests::unstamped_log_is_byte_identical_to_child_output ... ok
[INFO] [stdout] test procserv::client::tests::readonly_client_telnet_negotiation_gets_no_reply ... ok
[INFO] [stdout] test procserv::client::tests::readonly_drops_input ... ok
[INFO] [stdout] test procserv::listener::tests::unix_socket_mode_is_applied_after_bind ... ok
[INFO] [stdout] test procserv::child::tests::write_stdin_filters_ignore_chars ... ok
[INFO] [stdout] 
[INFO] [stdout] test result: ok. 103 passed; 0 failed; 0 ignored; 0 measured; 0 filtered out; finished in 0.36s
[INFO] [stdout] 
[INFO] [stderr]      Running unittests src/bin/procserv_rs.rs (/opt/rustwide/target/release/deps/procserv_rs-d729f1dde4e79b88)
[INFO] [stdout] 
[INFO] [stdout] running 48 tests
[INFO] [stdout] test app::tests::autorestartcmd_sets_toggle_key ... ok
[INFO] [stdout] test app::tests::c_faithful_short_aliases_parse ... ok
[INFO] [stdout] test app::tests::bad_endpoint_spec_is_a_build_error ... ok
[INFO] [stdout] test app::tests::allow_binds_any_interface_and_honors_explicit_interface ... ok
[INFO] [stdout] test app::tests::coresize_negative_is_inert ... ok
[INFO] [stdout] test app::tests::child_name_defaults_to_whole_command_not_basename ... ok
[INFO] [stdout] test app::tests::child_name_honors_explicit_name ... ok
[INFO] [stdout] test app::tests::exec_overrides_exec_target_only ... ok
[INFO] [stdout] test app::tests::coresize_absent_leaves_core_limit_untouched ... ok
[INFO] [stdout] test app::tests::ignore_chars_apply_caret_escaping ... ok
[INFO] [stdout] test app::tests::ignore_flag_populates_explicit_child_ignore_chars ... ok
[INFO] [stdout] test app::tests::command_keys_default_to_c_values ... ok
[INFO] [stdout] test app::tests::coresize_nonnegative_sets_limit ... ok
[INFO] [stdout] test app::tests::interface_bind_forced_to_loopback_without_allow ... ok
[INFO] [stdout] test app::tests::exec_absent_runs_the_command_itself ... ok
[INFO] [stdout] test app::tests::get_option_char_matches_c_semantics ... ok
[INFO] [stdout] test app::tests::debug_and_quiet_flags_parse ... ok
[INFO] [stdout] test app::tests::killcmd_parses_caret_and_disable ... ok
[INFO] [stdout] test app::tests::killsig_above_31_falls_back_to_default ... ok
[INFO] [stdout] test app::tests::debug_forces_foreground ... ok
[INFO] [stdout] test app::tests::killsig_defaults_to_sigkill ... ok
[INFO] [stdout] test app::tests::killsig_negative_is_abs ... ok
[INFO] [stdout] test app::tests::logoutcmd_enables_logout_key ... ok
[INFO] [stdout] test app::tests::logstamp_absent_is_unstamped_by_default ... ok
[INFO] [stdout] test app::tests::max_restarts_defaults_to_unlimited ... ok
[INFO] [stdout] test app::tests::logstamp_value_overrides_timefmt_derived_stamp ... ok
[INFO] [stdout] test app::tests::log_port_binds_all_interfaces_by_default ... ok
[INFO] [stdout] test app::tests::killsig_sets_signal_number ... ok
[INFO] [stdout] test app::tests::logstamp_with_value_sets_raw_format ... ok
[INFO] [stdout] test app::tests::max_restarts_opt_in_is_honored ... ok
[INFO] [stdout] test app::tests::logstamp_flag_enables_stamping_with_default_format ... ok
[INFO] [stdout] test app::tests::logout_key_disabled_by_default ... ok
[INFO] [stdout] test app::tests::pidfile_resolves_flag_over_env_over_none ... ok
[INFO] [stdout] test app::tests::port_and_unixpath_combine_into_two_control_endpoints ... ok
[INFO] [stdout] test app::tests::restart_mode_defaults_to_on_exit ... ok
[INFO] [stdout] test app::tests::restrict_binds_log_port_to_localhost ... ok
[INFO] [stdout] test app::tests::killsig_short_flag_is_accepted ... ok
[INFO] [stdout] test app::tests::short_p_does_not_set_the_port ... ok
[INFO] [stdout] test app::tests::port_flag_is_repeatable_into_control_endpoints ... ok
[INFO] [stdout] test app::tests::quit_key_defaults_to_ctrl_q ... ok
[INFO] [stdout] test app::tests::no_control_endpoint_is_rejected_by_validate ... ok
[INFO] [stdout] test app::tests::short_p_is_pidfile_and_short_uppercase_p_is_port ... ok
[INFO] [stdout] test app::tests::noautorestart_starts_in_disabled_mode ... ok
[INFO] [stdout] test app::tests::timefmt_sets_banner_and_rebases_default_stamp ... ok
[INFO] [stderr]      Running tests/procserv_e2e.rs (/opt/rustwide/target/release/deps/procserv_e2e-9c7267d7ad8bcc91)
[INFO] [stdout] test app::tests::unix_endpoints_via_port_spec_and_unixpath ... ok
[INFO] [stdout] test app::tests::oneshot_starts_in_oneshot_mode ... ok
[INFO] [stdout] test app::tests::timefmt_absent_uses_c_default ... ok
[INFO] [stdout] test app::tests::noautorestart_and_oneshot_conflict ... ok
[INFO] [stdout] 
[INFO] [stdout] test result: ok. 48 passed; 0 failed; 0 ignored; 0 measured; 0 filtered out; finished in 0.01s
[INFO] [stdout] 
[INFO] [stdout] 
[INFO] [stdout] running 22 tests
[INFO] [stdout] test info_file_is_published_at_startup_even_under_wait_for_manual_start ... ok
[INFO] [stdout] test child_exit_code_becomes_server_exit_code ... ok
[INFO] [stdout] test clean_shutdown_removes_both_the_info_and_pid_files ... ok
[INFO] [stdout] test info_file_reports_the_kernel_assigned_port_for_a_port_zero_config ... ok
[INFO] [stdout] test kill_key_on_a_dead_child_restarts_it_and_still_broadcasts ... ok
[INFO] [stdout] test ignored_chars_are_stripped_from_child_stdin ... ok
[INFO] [stdout] test logstamp_prefixes_logger_client_stream_not_control ... ok
[INFO] [stdout] test norestart_keeps_server_alive_after_child_exit ... ok
[INFO] [stdout] test occupied_control_port_fails_fast_not_headless ... ok
[INFO] [stdout] test banner_precedes_telnet_negotiation ... ok
[INFO] [stdout] test server_messages_are_written_to_the_log ... ok
[INFO] [stdout] test timefmt_controls_banner_timestamp_format ... ok
[INFO] [stdout] test teardown_sigkills_a_child_that_traps_the_configurable_kill_signal ... ok
[INFO] [stdout] test toggle_into_oneshot_grants_one_more_run ... ok
[INFO] [stdout] test child_exit_sigkills_orphaned_process_group ... FAILED
[INFO] [stdout] test manual_restart_preempts_active_holdoff ... ok
[INFO] [stdout] test log_port_client_is_readonly_but_receives_output ... ok
[INFO] [stdout] test client_keystrokes_are_not_forwarded_to_other_clients ... ok
[INFO] [stdout] test cat_round_trip_via_tcp_console ... ok
[INFO] [stdout] test unwritable_pid_and_log_paths_do_not_abort_startup ... ok
[INFO] [stdout] test kill_keystroke_signals_child ... ok
[INFO] [stdout] test two_clients_share_same_party_line ... ok
[INFO] [stdout] 
[INFO] [stdout] failures:
[INFO] [stdout] 
[INFO] [stdout] ---- child_exit_sigkills_orphaned_process_group stdout ----
[INFO] [stdout] 
[INFO] [stdout] thread 'child_exit_sigkills_orphaned_process_group' (2037) panicked at tests/procserv_e2e.rs:950:5:
[INFO] [stdout] grandchild 2054 must be SIGKILLed with the child's process group
[INFO] [stdout] stack backtrace:
[INFO] [stdout]    0:     0x5599b4703481 - <<std[70759c8f55707aa4]::sys::backtrace::BacktraceLock>::print::DisplayBacktrace as core[df12db4294e9bfd3]::fmt::Display>::fmt
[INFO] [stdout]    1:     0x5599b4718d4a - core[df12db4294e9bfd3]::fmt::write
[INFO] [stdout]    2:     0x5599b470841c - <alloc[2182bb758b4b3781]::vec::Vec<u8> as core[df12db4294e9bfd3]::io::write::Write>::write_fmt
[INFO] [stdout]    3:     0x5599b46dbea6 - std[70759c8f55707aa4]::panicking::default_hook::{closure#0}
[INFO] [stdout]    4:     0x5599b46f9d99 - std[70759c8f55707aa4]::panicking::default_hook
[INFO] [stdout]    5:     0x5599b4628020 - test[9d35eded1c95d3be]::test_main_inner::<test[9d35eded1c95d3be]::test_main_static::{closure#0}>::{closure#0}
[INFO] [stdout]    6:     0x5599b46fa0c2 - std[70759c8f55707aa4]::panicking::panic_with_hook
[INFO] [stdout]    7:     0x5599b46dbf52 - std[70759c8f55707aa4]::panicking::panic_handler::{closure#0}
[INFO] [stdout]    8:     0x5599b46d4789 - std[70759c8f55707aa4]::sys::backtrace::__rust_end_short_backtrace::<std[70759c8f55707aa4]::panicking::panic_handler::{closure#0}, !>
[INFO] [stdout]    9:     0x5599b46dcf8d - __rustc[8fa7c3cbc660c2b3]::rust_begin_unwind
[INFO] [stdout]   10:     0x5599b47194ac - core[df12db4294e9bfd3]::panicking::panic_fmt
[INFO] [stdout]   11:     0x5599b45c7066 - procserv_e2e[d6f26b2bd3bf2f0a]::child_exit_sigkills_orphaned_process_group::{closure#0}
[INFO] [stdout]   12:     0x5599b460aa63 - <tokio[4a82691917806060]::runtime::scheduler::current_thread::Context>::enter::<core[df12db4294e9bfd3]::task::poll::Poll<()>, <tokio[4a82691917806060]::runtime::scheduler::current_thread::CoreGuard>::block_on<core[df12db4294e9bfd3]::pin::Pin<&mut core[df12db4294e9bfd3]::pin::Pin<&mut dyn core[df12db4294e9bfd3]::future::future::Future<Output = ()>>>>::{closure#0}::{closure#0}>
[INFO] [stdout]   13:     0x5599b46166cc - <tokio[4a82691917806060]::runtime::context::scoped::Scoped<tokio[4a82691917806060]::runtime::scheduler::Context>>::set::<<tokio[4a82691917806060]::runtime::scheduler::current_thread::CoreGuard>::enter<<tokio[4a82691917806060]::runtime::scheduler::current_thread::CoreGuard>::block_on<core[df12db4294e9bfd3]::pin::Pin<&mut core[df12db4294e9bfd3]::pin::Pin<&mut dyn core[df12db4294e9bfd3]::future::future::Future<Output = ()>>>>::{closure#0}, core[df12db4294e9bfd3]::option::Option<()>>::{closure#0}, (alloc[2182bb758b4b3781]::boxed::Box<tokio[4a82691917806060]::runtime::scheduler::current_thread::Core>, core[df12db4294e9bfd3]::option::Option<()>)>
[INFO] [stdout]   14:     0x5599b460adb7 - <tokio[4a82691917806060]::runtime::scheduler::current_thread::CoreGuard>::block_on::<core[df12db4294e9bfd3]::pin::Pin<&mut core[df12db4294e9bfd3]::pin::Pin<&mut dyn core[df12db4294e9bfd3]::future::future::Future<Output = ()>>>>
[INFO] [stdout]   15:     0x5599b461731d - tokio[4a82691917806060]::runtime::context::runtime::enter_runtime::<<tokio[4a82691917806060]::runtime::scheduler::current_thread::CurrentThread>::block_on<core[df12db4294e9bfd3]::pin::Pin<&mut dyn core[df12db4294e9bfd3]::future::future::Future<Output = ()>>>::{closure#0}, ()>
[INFO] [stdout]   16:     0x5599b461636e - <tokio[4a82691917806060]::runtime::runtime::Runtime>::block_on::<core[df12db4294e9bfd3]::pin::Pin<&mut dyn core[df12db4294e9bfd3]::future::future::Future<Output = ()>>>
[INFO] [stdout]   17:     0x5599b45dc2ee - <procserv_e2e[d6f26b2bd3bf2f0a]::child_exit_sigkills_orphaned_process_group::{closure#0} as core[df12db4294e9bfd3]::ops::function::FnOnce<()>>::call_once
[INFO] [stdout]   18:     0x5599b461b30b - test[9d35eded1c95d3be]::__rust_begin_short_backtrace::<core[df12db4294e9bfd3]::result::Result<(), alloc[2182bb758b4b3781]::string::String>, fn() -> core[df12db4294e9bfd3]::result::Result<(), alloc[2182bb758b4b3781]::string::String>>
[INFO] [stdout]   19:     0x5599b4628975 - test[9d35eded1c95d3be]::run_test::{closure#0}
[INFO] [stdout]   20:     0x5599b4622234 - std[70759c8f55707aa4]::sys::backtrace::__rust_begin_short_backtrace::<test[9d35eded1c95d3be]::run_test::{closure#1}, ()>
[INFO] [stdout]   21:     0x5599b462bad2 - <std[70759c8f55707aa4]::thread::lifecycle::spawn_unchecked<test[9d35eded1c95d3be]::run_test::{closure#1}, ()>::{closure#1} as core[df12db4294e9bfd3]::ops::function::FnOnce<()>>::call_once::{shim:vtable#0}
[INFO] [stdout]   22:     0x5599b4702129 - <std[70759c8f55707aa4]::sys::thread::unix::Thread>::new::thread_start
[INFO] [stdout]   23:     0x7befb955bdfa - <unknown>
[INFO] [stdout]   24:     0x7befb95ef3d4 - clone
[INFO] [stdout]   25:                0x0 - <unknown>
[INFO] [stdout] 
[INFO] [stdout] 
[INFO] [stdout] failures:
[INFO] [stdout]     child_exit_sigkills_orphaned_process_group
[INFO] [stdout] 
[INFO] [stdout] test result: FAILED. 21 passed; 1 failed; 0 ignored; 0 measured; 0 filtered out; finished in 4.66s
[INFO] [stdout] 
[INFO] [stderr] error: test failed, to rerun pass `--test procserv_e2e`
[INFO] running `Command { std: "docker" "inspect" "379f37b323e55b368fbe8a3bfa39bb0187c473ebf62074655b3eae881eef213e", kill_on_drop: false }`
[INFO] running `Command { std: "docker" "rm" "-f" "379f37b323e55b368fbe8a3bfa39bb0187c473ebf62074655b3eae881eef213e", kill_on_drop: false }`
[INFO] [stdout] 379f37b323e55b368fbe8a3bfa39bb0187c473ebf62074655b3eae881eef213e
