[INFO] fetching crate epic-mickey-lib-rs 0.2.0...
[INFO] testing epic-mickey-lib-rs-0.2.0 against 1.99.0-beta.8+cargoflags=--release for beta-release-1.100-2
[INFO] extracting crate epic-mickey-lib-rs 0.2.0 into /workspace/builds/worker-6-tc1/source
[INFO] started tweaking crates.io crate epic-mickey-lib-rs 0.2.0
[INFO] finished tweaking crates.io crate epic-mickey-lib-rs 0.2.0
[INFO] tweaked toml for crates.io crate epic-mickey-lib-rs 0.2.0 written to /workspace/builds/worker-6-tc1/source/Cargo.toml
[INFO] validating manifest of crates.io crate epic-mickey-lib-rs 0.2.0 on toolchain 1.99.0-beta.8
[INFO] running `Command { std: CARGO_HOME="/workspace/cargo-home" RUSTUP_HOME="/workspace/rustup-home" "/workspace/cargo-home/bin/cargo" "+1.99.0-beta.8" "metadata" "--manifest-path" "Cargo.toml" "--no-deps", kill_on_drop: false }`
[INFO] crate crates.io crate epic-mickey-lib-rs 0.2.0 already has a lockfile, it will not be regenerated
[INFO] running `Command { std: CARGO_HOME="/workspace/cargo-home" RUSTUP_HOME="/workspace/rustup-home" "/workspace/cargo-home/bin/cargo" "+1.99.0-beta.8" "fetch" "--manifest-path" "Cargo.toml", kill_on_drop: false }`
[INFO] running `Command { std: "docker" "create" "-v" "/var/lib/crater-agent-workspace/builds/worker-6-tc1/source:/opt/rustwide/workdir:ro,Z" "-v" "/var/lib/crater-agent-workspace/builds/worker-6-tc1/target:/opt/rustwide/target:rw,Z" "-v" "/var/lib/crater-agent-workspace/cargo-home:/opt/rustwide/cargo-home:ro,Z" "-v" "/var/lib/crater-agent-workspace/rustup-home:/opt/rustwide/rustup-home:ro,Z" "-m" "1610612736" "--network" "none" "ghcr.io/rust-lang/crates-build-env/linux@sha256:77db811e55d90add9212f6832c23229e3de5f1c1f9905e8cb07319ea15df73ac" "sleep" "infinity", kill_on_drop: false }`
[INFO] [stdout] cdf3d68f940da1fb60b68f049ed13ee49e166f1f37e24efb668d8228d743f773
[INFO] running `Command { std: "docker" "start" "cdf3d68f940da1fb60b68f049ed13ee49e166f1f37e24efb668d8228d743f773", kill_on_drop: false }`
[INFO] running `Command { std: "docker" "inspect" "cdf3d68f940da1fb60b68f049ed13ee49e166f1f37e24efb668d8228d743f773", kill_on_drop: false }`
[INFO] running `Command { std: "docker" "exec" "-e" "SOURCE_DIR=/opt/rustwide/workdir" "-e" "CARGO_HOME=/opt/rustwide/cargo-home" "-e" "RUSTUP_HOME=/opt/rustwide/rustup-home" "-e" "CARGO_TARGET_DIR=/opt/rustwide/target" "-w" "/opt/rustwide/workdir" "--user" "0:0" "cdf3d68f940da1fb60b68f049ed13ee49e166f1f37e24efb668d8228d743f773" "/opt/rustwide/cargo-home/bin/cargo" "+1.99.0-beta.8" "metadata" "--no-deps" "--format-version=1", kill_on_drop: false }`
[INFO] running `Command { std: "docker" "inspect" "cdf3d68f940da1fb60b68f049ed13ee49e166f1f37e24efb668d8228d743f773", kill_on_drop: false }`
[INFO] running `Command { std: "docker" "exec" "-e" "SOURCE_DIR=/opt/rustwide/workdir" "-e" "CARGO_HOME=/opt/rustwide/cargo-home" "-e" "RUSTUP_HOME=/opt/rustwide/rustup-home" "-e" "CARGO_TARGET_DIR=/opt/rustwide/target" "-e" "CARGO_INCREMENTAL=0" "-e" "RUST_BACKTRACE=full" "-e" "RUSTFLAGS=--cap-lints=warn" "-e" "RUSTDOCFLAGS=--cap-lints=warn" "-w" "/opt/rustwide/workdir" "--user" "0:0" "cdf3d68f940da1fb60b68f049ed13ee49e166f1f37e24efb668d8228d743f773" "/opt/rustwide/cargo-home/bin/cargo" "+1.99.0-beta.8" "build" "--frozen" "--message-format=json" "--release", kill_on_drop: false }`
[INFO] [stderr]    Compiling serde_core v1.0.228
[INFO] [stderr]    Compiling memchr v2.8.3
[INFO] [stderr]    Compiling flate2 v1.1.9
[INFO] [stderr]    Compiling serde_json v1.0.150
[INFO] [stderr]    Compiling epic-mickey-lib-rs v0.2.0 (/opt/rustwide/workdir)
[INFO] [stderr]     Finished `release` profile [optimized] target(s) in 8.94s
[INFO] running `Command { std: "docker" "inspect" "cdf3d68f940da1fb60b68f049ed13ee49e166f1f37e24efb668d8228d743f773", kill_on_drop: false }`
[INFO] running `Command { std: "docker" "exec" "-e" "SOURCE_DIR=/opt/rustwide/workdir" "-e" "CARGO_HOME=/opt/rustwide/cargo-home" "-e" "RUSTUP_HOME=/opt/rustwide/rustup-home" "-e" "CARGO_TARGET_DIR=/opt/rustwide/target" "-e" "CARGO_INCREMENTAL=0" "-e" "RUST_BACKTRACE=full" "-e" "RUSTFLAGS=--cap-lints=warn" "-e" "RUSTDOCFLAGS=--cap-lints=warn" "-w" "/opt/rustwide/workdir" "--user" "0:0" "cdf3d68f940da1fb60b68f049ed13ee49e166f1f37e24efb668d8228d743f773" "/opt/rustwide/cargo-home/bin/cargo" "+1.99.0-beta.8" "test" "--frozen" "--no-run" "--message-format=json" "--release", kill_on_drop: false }`
[INFO] [stderr]    Compiling epic-mickey-lib-rs v0.2.0 (/opt/rustwide/workdir)
[INFO] [stderr]     Finished `release` profile [optimized] target(s) in 0.88s
[INFO] running `Command { std: "docker" "inspect" "cdf3d68f940da1fb60b68f049ed13ee49e166f1f37e24efb668d8228d743f773", kill_on_drop: false }`
[INFO] running `Command { std: "docker" "exec" "-e" "SOURCE_DIR=/opt/rustwide/workdir" "-e" "CARGO_HOME=/opt/rustwide/cargo-home" "-e" "RUSTUP_HOME=/opt/rustwide/rustup-home" "-e" "CARGO_TARGET_DIR=/opt/rustwide/target" "-e" "CARGO_INCREMENTAL=0" "-e" "RUST_BACKTRACE=full" "-e" "RUSTFLAGS=--cap-lints=warn" "-e" "RUSTDOCFLAGS=--cap-lints=warn" "-w" "/opt/rustwide/workdir" "--user" "0:0" "cdf3d68f940da1fb60b68f049ed13ee49e166f1f37e24efb668d8228d743f773" "/opt/rustwide/cargo-home/bin/cargo" "+1.99.0-beta.8" "test" "--frozen" "--release", kill_on_drop: false }`
[INFO] [stderr]     Finished `release` profile [optimized] target(s) in 0.02s
[INFO] [stderr]      Running unittests src/lib.rs (/opt/rustwide/target/release/deps/epic_mickey_lib_rs-5bb0219b49e55dc8)
[INFO] [stdout] 
[INFO] [stdout] running 0 tests
[INFO] [stdout] 
[INFO] [stdout] test result: ok. 0 passed; 0 failed; 0 ignored; 0 measured; 0 filtered out; finished in 0.00s
[INFO] [stdout] 
[INFO] [stderr]    Doc-tests epic_mickey_lib_rs
[INFO] [stdout] 
[INFO] [stdout] running 9 tests
[INFO] [stdout] test src/lib.rs - (line 26) - compile ... ok
[INFO] [stdout] test src/dct.rs - dct::DCT::set_line (line 446) - compile ... ok
[INFO] [stdout] test src/sequence_file.rs - sequence_file (line 13) - compile ... ok
[INFO] [stdout] test src/packfile.rs - packfile::EndianDependentString (line 20) ... FAILED
[INFO] [stdout] test src/dct.rs - dct::DCT::get_line (line 423) - compile ... ok
[INFO] [stdout] test src/packfile.rs - packfile::EndianDependentString::unpack (line 52) ... FAILED
[INFO] [stdout] test src/sequence_file.rs - sequence_file::SequenceFile (line 1001) - compile ... ok
[INFO] [stdout] test src/dct.rs - dct::epic_mickey_hash (line 24) ... FAILED
[INFO] [stdout] test src/packfile.rs - packfile::VirtualFile::get_split_path (line 202) ... FAILED
[INFO] [stdout] 
[INFO] [stdout] failures:
[INFO] [stdout] 
[INFO] [stdout] ---- src/packfile.rs - packfile::EndianDependentString (line 20) stdout ----
[INFO] [stdout] error[E0433]: cannot find type `EndianDependentString` in this scope
[INFO] [stdout]   --> src/packfile.rs:21:14
[INFO] [stdout]    |
[INFO] [stdout] 21 | let string = EndianDependentString::new(" KAP".to_string());
[INFO] [stdout]    |              ^^^^^^^^^^^^^^^^^^^^^ use of undeclared type `EndianDependentString`
[INFO] [stdout] 
[INFO] [stdout] error: aborting due to 1 previous error
[INFO] [stdout] 
[INFO] [stdout] For more information about this error, try `rustc --explain E0433`.
[INFO] [stdout] Couldn't compile the test.
[INFO] [stdout] ---- src/packfile.rs - packfile::EndianDependentString::unpack (line 52) stdout ----
[INFO] [stdout] error[E0425]: cannot find value `fm` in this scope
[INFO] [stdout]   --> src/packfile.rs:54:20
[INFO] [stdout]    |
[INFO] [stdout] 54 | string.unpack(&mut fm);
[INFO] [stdout]    |                    ^^ not found in this scope
[INFO] [stdout] 
[INFO] [stdout] error[E0433]: cannot find type `EndianDependentString` in this scope
[INFO] [stdout]   --> src/packfile.rs:53:18
[INFO] [stdout]    |
[INFO] [stdout] 53 | let mut string = EndianDependentString::new("".to_string());
[INFO] [stdout]    |                  ^^^^^^^^^^^^^^^^^^^^^ use of undeclared type `EndianDependentString`
[INFO] [stdout] 
[INFO] [stdout] error: aborting due to 2 previous errors
[INFO] [stdout] 
[INFO] [stdout] Some errors have detailed explanations: E0425, E0433.
[INFO] [stdout] For more information about an error, try `rustc --explain E0425`.
[INFO] [stdout] Couldn't compile the test.
[INFO] [stdout] ---- src/dct.rs - dct::epic_mickey_hash (line 24) stdout ----
[INFO] [stdout] Test executable failed (exit status: 101).
[INFO] [stdout] 
[INFO] [stdout] stderr:
[INFO] [stdout] 
[INFO] [stdout] thread 'main' (308) panicked at src/dct.rs:73:45:
[INFO] [stdout] range start index 20 out of range for slice of length 13
[INFO] [stdout] stack backtrace:
[INFO] [stdout]    0:     0x64d89a4b9df1 - std[70759c8f55707aa4]::backtrace_rs::backtrace::libunwind::trace
[INFO] [stdout]                                at /rustc/dfb0accb7f508ae8be965d8629557221c889dd98/library/std/src/../../backtrace/src/backtrace/libunwind.rs:117:9
[INFO] [stdout]    1:     0x64d89a4b9df1 - std[70759c8f55707aa4]::backtrace_rs::backtrace::trace_unsynchronized::<std[70759c8f55707aa4]::sys::backtrace::_print_fmt::{closure#1}>
[INFO] [stdout]                                at /rustc/dfb0accb7f508ae8be965d8629557221c889dd98/library/std/src/../../backtrace/src/backtrace/mod.rs:66:14
[INFO] [stdout]    2:     0x64d89a4b9df1 - std[70759c8f55707aa4]::sys::backtrace::_print_fmt
[INFO] [stdout]                                at /rustc/dfb0accb7f508ae8be965d8629557221c889dd98/library/std/src/sys/backtrace.rs:74:9
[INFO] [stdout]    3:     0x64d89a4b9df1 - <<std[70759c8f55707aa4]::sys::backtrace::BacktraceLock>::print::DisplayBacktrace as core[df12db4294e9bfd3]::fmt::Display>::fmt
[INFO] [stdout]                                at /rustc/dfb0accb7f508ae8be965d8629557221c889dd98/library/std/src/sys/backtrace.rs:44:26
[INFO] [stdout]    4:     0x64d89a4ca28a - <core[df12db4294e9bfd3]::fmt::rt::Argument>::fmt
[INFO] [stdout]                                at /rustc/dfb0accb7f508ae8be965d8629557221c889dd98/library/core/src/fmt/rt.rs:152:76
[INFO] [stdout]    5:     0x64d89a4ca28a - core[df12db4294e9bfd3]::fmt::write
[INFO] [stdout]    6:     0x64d89a4bd1dc - core[df12db4294e9bfd3]::io::write::default_write_fmt::<std[70759c8f55707aa4]::sys::stdio::unix::Stderr>
[INFO] [stdout]                                at /rustc/dfb0accb7f508ae8be965d8629557221c889dd98/library/core/src/io/write.rs:402:11
[INFO] [stdout]    7:     0x64d89a4bd1dc - <std[70759c8f55707aa4]::sys::stdio::unix::Stderr as core[df12db4294e9bfd3]::io::write::Write>::write_fmt
[INFO] [stdout]                                at /rustc/dfb0accb7f508ae8be965d8629557221c889dd98/library/core/src/io/write.rs:335:13
[INFO] [stdout]    8:     0x64d89a4a4276 - <std[70759c8f55707aa4]::sys::backtrace::BacktraceLock>::print
[INFO] [stdout]                                at /rustc/dfb0accb7f508ae8be965d8629557221c889dd98/library/std/src/sys/backtrace.rs:47:9
[INFO] [stdout]    9:     0x64d89a4a4276 - std[70759c8f55707aa4]::panicking::default_hook::{closure#0}
[INFO] [stdout]                                at /rustc/dfb0accb7f508ae8be965d8629557221c889dd98/library/std/src/panicking.rs:292:27
[INFO] [stdout]   10:     0x64d89a4b6901 - std[70759c8f55707aa4]::panicking::default_hook
[INFO] [stdout]                                at /rustc/dfb0accb7f508ae8be965d8629557221c889dd98/library/std/src/panicking.rs:319:9
[INFO] [stdout]   11:     0x64d89a4b6abb - std[70759c8f55707aa4]::panicking::panic_with_hook
[INFO] [stdout]                                at /rustc/dfb0accb7f508ae8be965d8629557221c889dd98/library/std/src/panicking.rs:815:13
[INFO] [stdout]   12:     0x64d89a4a4322 - std[70759c8f55707aa4]::panicking::panic_handler::{closure#0}
[INFO] [stdout]                                at /rustc/dfb0accb7f508ae8be965d8629557221c889dd98/library/std/src/panicking.rs:688:13
[INFO] [stdout]   13:     0x64d89a49d549 - std[70759c8f55707aa4]::sys::backtrace::__rust_end_short_backtrace::<std[70759c8f55707aa4]::panicking::panic_handler::{closure#0}, !>
[INFO] [stdout]                                at /rustc/dfb0accb7f508ae8be965d8629557221c889dd98/library/std/src/sys/backtrace.rs:182:18
[INFO] [stdout]   14:     0x64d89a4a4a9d - __rustc[8fa7c3cbc660c2b3]::rust_begin_unwind
[INFO] [stdout]                                at /rustc/dfb0accb7f508ae8be965d8629557221c889dd98/library/std/src/panicking.rs:679:5
[INFO] [stdout]   15:     0x64d89a4ca97c - core[df12db4294e9bfd3]::panicking::panic_fmt
[INFO] [stdout]                                at /rustc/dfb0accb7f508ae8be965d8629557221c889dd98/library/core/src/panicking.rs:80:14
[INFO] [stdout]   16:     0x64d89a4cb258 - core[df12db4294e9bfd3]::slice::index::slice_index_fail
[INFO] [stdout]                                at /rustc/dfb0accb7f508ae8be965d8629557221c889dd98/library/core/src/panic.rs:177:9
[INFO] [stdout]   17:     0x64d89a493482 - epic_mickey_lib_rs[f4509b339d64f485]::dct::epic_mickey_hash
[INFO] [stdout]   18:     0x64d89a492f75 - rust_out[fc2a76a7d39855e1]::main::_doctest_main_src_dct_rs_24_0
[INFO] [stdout]   19:     0x64d89a492f56 - rust_out[fc2a76a7d39855e1]::main
[INFO] [stdout]   20:     0x64d89a492f83 - <fn() as core[df12db4294e9bfd3]::ops::function::FnOnce<()>>::call_once
[INFO] [stdout]   21:     0x64d89a492f1e - std[70759c8f55707aa4]::sys::backtrace::__rust_begin_short_backtrace::<fn(), ()>
[INFO] [stdout]   22:     0x64d89a492f29 - std[70759c8f55707aa4]::rt::lang_start::<()>::{closure#0}
[INFO] [stdout]   23:     0x64d89a4b6069 - <&dyn core[df12db4294e9bfd3]::ops::function::Fn<(), Output = i32> + core[df12db4294e9bfd3]::panic::unwind_safe::RefUnwindSafe + core[df12db4294e9bfd3]::marker::Sync as core[df12db4294e9bfd3]::ops::function::FnOnce<()>>::call_once
[INFO] [stdout]                                at /rustc/dfb0accb7f508ae8be965d8629557221c889dd98/library/core/src/ops/function.rs:287:21
[INFO] [stdout]   24:     0x64d89a4b6069 - std[70759c8f55707aa4]::panicking::catch_unwind::do_call::<&dyn core[df12db4294e9bfd3]::ops::function::Fn<(), Output = i32> + core[df12db4294e9bfd3]::panic::unwind_safe::RefUnwindSafe + core[df12db4294e9bfd3]::marker::Sync, i32>
[INFO] [stdout]                                at /rustc/dfb0accb7f508ae8be965d8629557221c889dd98/library/std/src/panicking.rs:576:43
[INFO] [stdout]   25:     0x64d89a4b6069 - std[70759c8f55707aa4]::panicking::catch_unwind::<i32, &dyn core[df12db4294e9bfd3]::ops::function::Fn<(), Output = i32> + core[df12db4294e9bfd3]::panic::unwind_safe::RefUnwindSafe + core[df12db4294e9bfd3]::marker::Sync>
[INFO] [stdout]                                at /rustc/dfb0accb7f508ae8be965d8629557221c889dd98/library/std/src/panicking.rs:544:19
[INFO] [stdout]   26:     0x64d89a4b6069 - std[70759c8f55707aa4]::panic::catch_unwind::<&dyn core[df12db4294e9bfd3]::ops::function::Fn<(), Output = i32> + core[df12db4294e9bfd3]::panic::unwind_safe::RefUnwindSafe + core[df12db4294e9bfd3]::marker::Sync, i32>
[INFO] [stdout]                                at /rustc/dfb0accb7f508ae8be965d8629557221c889dd98/library/std/src/panic.rs:359:14
[INFO] [stdout]   27:     0x64d89a4b6069 - std[70759c8f55707aa4]::rt::lang_start_internal::{closure#0}
[INFO] [stdout]                                at /rustc/dfb0accb7f508ae8be965d8629557221c889dd98/library/std/src/rt.rs:175:24
[INFO] [stdout]   28:     0x64d89a4b6069 - std[70759c8f55707aa4]::panicking::catch_unwind::do_call::<std[70759c8f55707aa4]::rt::lang_start_internal::{closure#0}, isize>
[INFO] [stdout]                                at /rustc/dfb0accb7f508ae8be965d8629557221c889dd98/library/std/src/panicking.rs:576:43
[INFO] [stdout]   29:     0x64d89a4b6069 - std[70759c8f55707aa4]::panicking::catch_unwind::<isize, std[70759c8f55707aa4]::rt::lang_start_internal::{closure#0}>
[INFO] [stdout]                                at /rustc/dfb0accb7f508ae8be965d8629557221c889dd98/library/std/src/panicking.rs:544:19
[INFO] [stdout]   30:     0x64d89a4b6069 - std[70759c8f55707aa4]::panic::catch_unwind::<std[70759c8f55707aa4]::rt::lang_start_internal::{closure#0}, isize>
[INFO] [stdout]                                at /rustc/dfb0accb7f508ae8be965d8629557221c889dd98/library/std/src/panic.rs:359:14
[INFO] [stdout]   31:     0x64d89a4b6069 - std[70759c8f55707aa4]::rt::lang_start_internal
[INFO] [stdout]                                at /rustc/dfb0accb7f508ae8be965d8629557221c889dd98/library/std/src/rt.rs:171:5
[INFO] [stdout]   32:     0x64d89a492f11 - std[70759c8f55707aa4]::rt::lang_start::<()>
[INFO] [stdout]   33:     0x64d89a492fc5 - main
[INFO] [stdout]   34:     0x79d0fedf5601 - <unknown>
[INFO] [stdout]   35:     0x79d0fedf5718 - __libc_start_main
[INFO] [stdout]   36:     0x64d89a492e25 - _start
[INFO] [stdout]   37:                0x0 - <unknown>
[INFO] [stdout] 
[INFO] [stdout] 
[INFO] [stdout] ---- src/packfile.rs - packfile::VirtualFile::get_split_path (line 202) stdout ----
[INFO] [stdout] error[E0433]: cannot find type `VirtualFile` in this scope
[INFO] [stdout]    --> src/packfile.rs:203:20
[INFO] [stdout]     |
[INFO] [stdout] 203 | let virtual_file = VirtualFile::new(EndianDependentString::new("".to_string()), false, 0, "Environments/_Test/Scene.bin".to_string(...
[INFO] [stdout]     |                    ^^^^^^^^^^^ use of undeclared type `VirtualFile`
[INFO] [stdout] 
[INFO] [stdout] error[E0433]: cannot find type `EndianDependentString` in this scope
[INFO] [stdout]    --> src/packfile.rs:203:37
[INFO] [stdout]     |
[INFO] [stdout] 203 | let virtual_file = VirtualFile::new(EndianDependentString::new("".to_string()), false, 0, "Environments/_Test/Scene.bin".to_string(...
[INFO] [stdout]     |                                     ^^^^^^^^^^^^^^^^^^^^^ use of undeclared type `EndianDependentString`
[INFO] [stdout] 
[INFO] [stdout] error: aborting due to 2 previous errors
[INFO] [stdout] 
[INFO] [stdout] For more information about this error, try `rustc --explain E0433`.
[INFO] [stdout] Couldn't compile the test.
[INFO] [stdout] 
[INFO] [stdout] failures:
[INFO] [stdout]     src/dct.rs - dct::epic_mickey_hash (line 24)
[INFO] [stdout]     src/packfile.rs - packfile::EndianDependentString (line 20)
[INFO] [stdout]     src/packfile.rs - packfile::EndianDependentString::unpack (line 52)
[INFO] [stdout]     src/packfile.rs - packfile::VirtualFile::get_split_path (line 202)
[INFO] [stdout] 
[INFO] [stdout] test result: FAILED. 5 passed; 4 failed; 0 ignored; 0 measured; 0 filtered out; finished in 0.44s
[INFO] [stdout] 
[INFO] [stderr] error: doctest failed, to rerun pass `--doc`
[INFO] running `Command { std: "docker" "inspect" "cdf3d68f940da1fb60b68f049ed13ee49e166f1f37e24efb668d8228d743f773", kill_on_drop: false }`
[INFO] running `Command { std: "docker" "rm" "-f" "cdf3d68f940da1fb60b68f049ed13ee49e166f1f37e24efb668d8228d743f773", kill_on_drop: false }`
[INFO] [stdout] cdf3d68f940da1fb60b68f049ed13ee49e166f1f37e24efb668d8228d743f773
