[INFO] fetching crate epanet 0.3.0...
[INFO] testing epanet-0.3.0 against 1.100.0-beta.1+cargoflags=--release for beta-release-1.100-2
[INFO] extracting crate epanet 0.3.0 into /workspace/builds/worker-5-tc2/source
[INFO] started tweaking crates.io crate epanet 0.3.0
[INFO] removed 0 missing tests
[INFO] finished tweaking crates.io crate epanet 0.3.0
[INFO] tweaked toml for crates.io crate epanet 0.3.0 written to /workspace/builds/worker-5-tc2/source/Cargo.toml
[INFO] validating manifest of crates.io crate epanet 0.3.0 on toolchain 1.100.0-beta.1
[INFO] running `Command { std: CARGO_HOME="/workspace/cargo-home" RUSTUP_HOME="/workspace/rustup-home" "/workspace/cargo-home/bin/cargo" "+1.100.0-beta.1" "metadata" "--manifest-path" "Cargo.toml" "--no-deps", kill_on_drop: false }`
[INFO] crate crates.io crate epanet 0.3.0 already has a lockfile, it will not be regenerated
[INFO] running `Command { std: CARGO_HOME="/workspace/cargo-home" RUSTUP_HOME="/workspace/rustup-home" "/workspace/cargo-home/bin/cargo" "+1.100.0-beta.1" "fetch" "--manifest-path" "Cargo.toml", kill_on_drop: false }`
[INFO] running `Command { std: "docker" "create" "-v" "/var/lib/crater-agent-workspace/builds/worker-5-tc2/source:/opt/rustwide/workdir:ro,Z" "-v" "/var/lib/crater-agent-workspace/builds/worker-5-tc2/target:/opt/rustwide/target:rw,Z" "-v" "/var/lib/crater-agent-workspace/cargo-home:/opt/rustwide/cargo-home:ro,Z" "-v" "/var/lib/crater-agent-workspace/rustup-home:/opt/rustwide/rustup-home:ro,Z" "-m" "1610612736" "--network" "none" "ghcr.io/rust-lang/crates-build-env/linux@sha256:77db811e55d90add9212f6832c23229e3de5f1c1f9905e8cb07319ea15df73ac" "sleep" "infinity", kill_on_drop: false }`
[INFO] [stdout] fad241e5924f0eba8d230ec5228abe00d0606cd5d66ed8f9dcaf4f7407791fef
[INFO] running `Command { std: "docker" "start" "fad241e5924f0eba8d230ec5228abe00d0606cd5d66ed8f9dcaf4f7407791fef", kill_on_drop: false }`
[INFO] running `Command { std: "docker" "inspect" "fad241e5924f0eba8d230ec5228abe00d0606cd5d66ed8f9dcaf4f7407791fef", kill_on_drop: false }`
[INFO] running `Command { std: "docker" "exec" "-e" "SOURCE_DIR=/opt/rustwide/workdir" "-e" "CARGO_HOME=/opt/rustwide/cargo-home" "-e" "RUSTUP_HOME=/opt/rustwide/rustup-home" "-e" "CARGO_TARGET_DIR=/opt/rustwide/target" "-w" "/opt/rustwide/workdir" "--user" "0:0" "fad241e5924f0eba8d230ec5228abe00d0606cd5d66ed8f9dcaf4f7407791fef" "/opt/rustwide/cargo-home/bin/cargo" "+1.100.0-beta.1" "metadata" "--no-deps" "--format-version=1", kill_on_drop: false }`
[INFO] running `Command { std: "docker" "inspect" "fad241e5924f0eba8d230ec5228abe00d0606cd5d66ed8f9dcaf4f7407791fef", kill_on_drop: false }`
[INFO] running `Command { std: "docker" "exec" "-e" "SOURCE_DIR=/opt/rustwide/workdir" "-e" "CARGO_HOME=/opt/rustwide/cargo-home" "-e" "RUSTUP_HOME=/opt/rustwide/rustup-home" "-e" "CARGO_TARGET_DIR=/opt/rustwide/target" "-e" "CARGO_INCREMENTAL=0" "-e" "RUST_BACKTRACE=full" "-e" "RUSTFLAGS=--cap-lints=warn" "-e" "RUSTDOCFLAGS=--cap-lints=warn" "-w" "/opt/rustwide/workdir" "--user" "0:0" "fad241e5924f0eba8d230ec5228abe00d0606cd5d66ed8f9dcaf4f7407791fef" "/opt/rustwide/cargo-home/bin/cargo" "+1.100.0-beta.1" "build" "--frozen" "--message-format=json" "--release", kill_on_drop: false }`
[INFO] [stderr]    Compiling prettyplease v0.2.25
[INFO] [stderr]    Compiling libc v0.2.183
[INFO] [stderr]    Compiling memchr v2.7.4
[INFO] [stderr]    Compiling regex-syntax v0.8.5
[INFO] [stderr]    Compiling bindgen v0.72.1
[INFO] [stderr]    Compiling either v1.15.0
[INFO] [stderr]    Compiling rustc-hash v2.1.1
[INFO] [stderr]    Compiling bitflags v2.11.0
[INFO] [stderr]    Compiling clang-sys v1.8.1
[INFO] [stderr]    Compiling libloading v0.8.9
[INFO] [stderr]    Compiling cc v1.2.57
[INFO] [stderr]    Compiling num-traits v0.2.19
[INFO] [stderr]    Compiling syn v2.0.89
[INFO] [stderr]    Compiling itertools v0.13.0
[INFO] [stderr]    Compiling nom v7.1.3
[INFO] [stderr]    Compiling cmake v0.1.57
[INFO] [stderr]    Compiling regex-automata v0.4.9
[INFO] [stderr]    Compiling cexpr v0.6.0
[INFO] [stderr]    Compiling regex v1.11.1
[INFO] [stderr]    Compiling num-derive v0.4.2
[INFO] [stderr]    Compiling epanet-sys v2.3.0
[INFO] [stderr]    Compiling epanet v0.3.0 (/opt/rustwide/workdir)
[INFO] [stderr]     Finished `release` profile [optimized] target(s) in 30.74s
[INFO] running `Command { std: "docker" "inspect" "fad241e5924f0eba8d230ec5228abe00d0606cd5d66ed8f9dcaf4f7407791fef", kill_on_drop: false }`
[INFO] running `Command { std: "docker" "exec" "-e" "SOURCE_DIR=/opt/rustwide/workdir" "-e" "CARGO_HOME=/opt/rustwide/cargo-home" "-e" "RUSTUP_HOME=/opt/rustwide/rustup-home" "-e" "CARGO_TARGET_DIR=/opt/rustwide/target" "-e" "CARGO_INCREMENTAL=0" "-e" "RUST_BACKTRACE=full" "-e" "RUSTFLAGS=--cap-lints=warn" "-e" "RUSTDOCFLAGS=--cap-lints=warn" "-w" "/opt/rustwide/workdir" "--user" "0:0" "fad241e5924f0eba8d230ec5228abe00d0606cd5d66ed8f9dcaf4f7407791fef" "/opt/rustwide/cargo-home/bin/cargo" "+1.100.0-beta.1" "test" "--frozen" "--no-run" "--message-format=json" "--release", kill_on_drop: false }`
[INFO] [stderr]    Compiling syn v2.0.89
[INFO] [stderr]    Compiling aho-corasick v1.1.3
[INFO] [stderr]    Compiling relative-path v1.9.3
[INFO] [stderr]    Compiling strum v0.27.2
[INFO] [stderr]    Compiling rstest_macros v0.18.2
[INFO] [stderr]    Compiling regex-automata v0.4.9
[INFO] [stderr]    Compiling regex v1.11.1
[INFO] [stderr]    Compiling prettyplease v0.2.25
[INFO] [stderr]    Compiling futures-macro v0.3.31
[INFO] [stderr]    Compiling num-derive v0.4.2
[INFO] [stderr]    Compiling strum_macros v0.27.2
[INFO] [stderr]    Compiling bindgen v0.72.1
[INFO] [stderr]    Compiling futures-util v0.3.31
[INFO] [stderr]    Compiling futures-executor v0.3.31
[INFO] [stderr]    Compiling futures v0.3.31
[INFO] [stderr]    Compiling rstest v0.18.2
[INFO] [stderr]    Compiling epanet-sys v2.3.0
[INFO] [stderr]    Compiling epanet v0.3.0 (/opt/rustwide/workdir)
[INFO] [stdout] warning: use of deprecated module `std::i32`: all constants in this module replaced by associated constants on the type
[INFO] [stdout]   --> src/bindings.rs:10:9
[INFO] [stdout]    |
[INFO] [stdout] 10 |         i32,
[INFO] [stdout]    |         ^^^
[INFO] [stdout]    |
[INFO] [stdout]    = note: `#[warn(deprecated)]` on by default
[INFO] [stdout] 
[INFO] [stdout] 
[INFO] [stdout] warning: variable `netPtr` should have a snake case name
[INFO] [stdout]   --> src/bindings.rs:52:17
[INFO] [stdout]    |
[INFO] [stdout] 52 |             let netPtr = CString::new(DATA_PATH_NET1).unwrap();
[INFO] [stdout]    |                 ^^^^^^ help: convert the identifier to snake case: `net_ptr`
[INFO] [stdout]    |
[INFO] [stdout]    = note: `#[warn(non_snake_case)]` (part of `#[warn(nonstandard_style)]`) on by default
[INFO] [stdout] 
[INFO] [stdout] 
[INFO] [stdout] warning: variable `pathPtr` should have a snake case name
[INFO] [stdout]   --> src/bindings.rs:53:17
[INFO] [stdout]    |
[INFO] [stdout] 53 |             let pathPtr = CString::new(rpt).unwrap();
[INFO] [stdout]    |                 ^^^^^^^ help: convert the identifier to snake case: `path_ptr`
[INFO] [stdout] 
[INFO] [stdout] 
[INFO] [stdout] warning: variable `outPtr` should have a snake case name
[INFO] [stdout]   --> src/bindings.rs:54:17
[INFO] [stdout]    |
[INFO] [stdout] 54 |             let outPtr = CString::new(DATA_PATH_OUT).unwrap();
[INFO] [stdout]    |                 ^^^^^^ help: convert the identifier to snake case: `out_ptr`
[INFO] [stdout] 
[INFO] [stdout] 
[INFO] [stdout] warning: variable `node1CStr` should have a snake case name
[INFO] [stdout]   --> src/bindings.rs:60:17
[INFO] [stdout]    |
[INFO] [stdout] 60 |             let node1CStr = CString::new(node1).unwrap();
[INFO] [stdout]    |                 ^^^^^^^^^ help: convert the identifier to snake case: `node1_cstr`
[INFO] [stdout] 
[INFO] [stdout] 
[INFO] [stdout] warning: variable `node2CStr` should have a snake case name
[INFO] [stdout]   --> src/bindings.rs:61:17
[INFO] [stdout]    |
[INFO] [stdout] 61 |             let node2CStr = CString::new(node2).unwrap();
[INFO] [stdout]    |                 ^^^^^^^^^ help: convert the identifier to snake case: `node2_cstr`
[INFO] [stdout] 
[INFO] [stdout] 
[INFO] [stderr]     Finished `release` profile [optimized] target(s) in 31.77s
[INFO] running `Command { std: "docker" "inspect" "fad241e5924f0eba8d230ec5228abe00d0606cd5d66ed8f9dcaf4f7407791fef", kill_on_drop: false }`
[INFO] running `Command { std: "docker" "exec" "-e" "SOURCE_DIR=/opt/rustwide/workdir" "-e" "CARGO_HOME=/opt/rustwide/cargo-home" "-e" "RUSTUP_HOME=/opt/rustwide/rustup-home" "-e" "CARGO_TARGET_DIR=/opt/rustwide/target" "-e" "CARGO_INCREMENTAL=0" "-e" "RUST_BACKTRACE=full" "-e" "RUSTFLAGS=--cap-lints=warn" "-e" "RUSTDOCFLAGS=--cap-lints=warn" "-w" "/opt/rustwide/workdir" "--user" "0:0" "fad241e5924f0eba8d230ec5228abe00d0606cd5d66ed8f9dcaf4f7407791fef" "/opt/rustwide/cargo-home/bin/cargo" "+1.100.0-beta.1" "test" "--frozen" "--release", kill_on_drop: false }`
[INFO] [stderr] warning: use of deprecated module `std::i32`: all constants in this module replaced by associated constants on the type
[INFO] [stderr]   --> src/bindings.rs:10:9
[INFO] [stderr]    |
[INFO] [stderr] 10 |         i32,
[INFO] [stderr]    |         ^^^
[INFO] [stderr]    |
[INFO] [stderr]    = note: `#[warn(deprecated)]` on by default
[INFO] [stderr] 
[INFO] [stderr] warning: variable `netPtr` should have a snake case name
[INFO] [stderr]   --> src/bindings.rs:52:17
[INFO] [stderr]    |
[INFO] [stderr] 52 |             let netPtr = CString::new(DATA_PATH_NET1).unwrap();
[INFO] [stderr]    |                 ^^^^^^ help: convert the identifier to snake case: `net_ptr`
[INFO] [stderr]    |
[INFO] [stderr]    = note: `#[warn(non_snake_case)]` (part of `#[warn(nonstandard_style)]`) on by default
[INFO] [stderr] 
[INFO] [stderr] warning: variable `pathPtr` should have a snake case name
[INFO] [stderr]   --> src/bindings.rs:53:17
[INFO] [stderr]    |
[INFO] [stderr] 53 |             let pathPtr = CString::new(rpt).unwrap();
[INFO] [stderr]    |                 ^^^^^^^ help: convert the identifier to snake case: `path_ptr`
[INFO] [stderr] 
[INFO] [stderr] warning: variable `outPtr` should have a snake case name
[INFO] [stderr]   --> src/bindings.rs:54:17
[INFO] [stderr]    |
[INFO] [stderr] 54 |             let outPtr = CString::new(DATA_PATH_OUT).unwrap();
[INFO] [stderr]    |                 ^^^^^^ help: convert the identifier to snake case: `out_ptr`
[INFO] [stderr] 
[INFO] [stderr] warning: variable `node1CStr` should have a snake case name
[INFO] [stderr]   --> src/bindings.rs:60:17
[INFO] [stderr]    |
[INFO] [stderr] 60 |             let node1CStr = CString::new(node1).unwrap();
[INFO] [stderr]    |                 ^^^^^^^^^ help: convert the identifier to snake case: `node1_cstr`
[INFO] [stderr] 
[INFO] [stderr] warning: variable `node2CStr` should have a snake case name
[INFO] [stderr]   --> src/bindings.rs:61:17
[INFO] [stderr]    |
[INFO] [stderr] 61 |             let node2CStr = CString::new(node2).unwrap();
[INFO] [stderr]    |                 ^^^^^^^^^ help: convert the identifier to snake case: `node2_cstr`
[INFO] [stderr] 
[INFO] [stderr] warning: `epanet` (lib test) generated 6 warnings
[INFO] [stderr]     Finished `release` profile [optimized] target(s) in 0.09s
[INFO] [stderr]      Running unittests src/lib.rs (/opt/rustwide/target/release/build/epanet/7086cdc5c166dc2f/out/epanet-7086cdc5c166dc2f)
[INFO] [stdout] 
[INFO] [stdout] running 127 tests
[INFO] [stdout] test bindings::tests::test_project ... ok
[INFO] [stdout] test bindings::tests::test_nodes ... ok
[INFO] [stdout] test impls::collections::tests::test_controls ... ok
[INFO] [stdout] test impls::collections::tests::test_rules ... ok
[INFO] [stdout] test impls::control::tests::test_control_constructors ... ok
[INFO] [stdout] test impls::collections::tests::test_pumps ... ok
[INFO] [stdout] test impls::collections::tests::test_curves ... ok
[INFO] [stdout] test impls::control::tests::test_get_control_methods ... ok
[INFO] [stdout] test impls::collections::tests::test_valves ... ok
[INFO] [stdout] test impls::curve::tests::test_update_curve ... ok
[INFO] [stdout] test impls::demand::tests::test_create_demand_with_pattern ... ok
[INFO] [stdout] test impls::collections::tests::test_pipes ... ok
[INFO] [stdout] test impls::curve::tests::test_delete_curve ... ok
[INFO] [stdout] test impls::collections::tests::test_links ... ok
[INFO] [stdout] test impls::collections::tests::test_patterns ... ok
[INFO] [stdout] test impls::curve::tests::test_create_curve_constructors ... ok
[INFO] [stdout] test impls::control::tests::test_delete_control ... ok
[INFO] [stdout] test impls::control::tests::test_update_control ... ok
[INFO] [stdout] test impls::collections::tests::test_junctions ... ok
[INFO] [stdout] test impls::demand::tests::test_create_demand ... ok
[INFO] [stdout] test impls::demand::tests::test_multiple_demands_on_node ... FAILED
[INFO] [stdout] test impls::demand::tests::test_get_demand_by_name ... ok
[INFO] [stdout] test impls::demand::tests::test_get_existing_demand ... ok
[INFO] [stdout] test impls::link::tests::test_add_delete_links ... ok
[INFO] [stdout] test impls::link::tests::test_link_type_get_set ... ok
[INFO] [stdout] test impls::link::tests::test_link_value_get_set ... ok
[INFO] [stdout] test impls::collections::tests::test_filtered_counts_consistent ... ok
[INFO] [stdout] test impls::hydraulic::tests::test_hyd_step ... ok
[INFO] [stdout] test impls::demand::tests::test_get_demand_by_index ... ok
[INFO] [stdout] test impls::hydraulic::tests::test_hydraulics_save ... FAILED
[INFO] [stdout] test impls::demand::tests::test_update_demand_name ... ok
[INFO] [stdout] test impls::link::tests::test_pump_type_and_head_curve ... ok
[INFO] [stdout] test impls::link::tests::test_link_index_and_id ... ok
[INFO] [stdout] test impls::demand::tests::test_delete_demand ... ok
[INFO] [stdout] test impls::hydraulic::tests::test_hydraulics_save_file ... FAILED
[INFO] [stdout] test impls::link::tests::test_link_nodes_get_set ... ok
[INFO] [stdout] test impls::demand::tests::test_update_demand ... ok
[INFO] [stdout] test impls::link::tests::test_set_link_id ... ok
[INFO] [stdout] test impls::curve::tests::test_get_curve_methods ... ok
[INFO] [stdout] test impls::link::tests::test_link_values_batch_and_pipe_data ... ok
[INFO] [stdout] test impls::link::tests::test_vertices ... ok
[INFO] [stdout] test impls::node::tests::node_validate_id ... ok
[INFO] [stdout] test impls::pattern::tests::test_create_pattern ... ok
[INFO] [stdout] test impls::node::tests::node_junction_properties_after_step ... FAILED
[INFO] [stdout] test impls::collections::tests::test_nodes ... ok
[INFO] [stdout] test impls::pattern::tests::test_create_pattern_via_project ... ok
[INFO] [stdout] test impls::node::tests::add_delete_nodes ... ok
[INFO] [stdout] test impls::collections::tests::test_tanks ... ok
[INFO] [stdout] test impls::options::tests::test_get_time_param ... FAILED
[INFO] [stdout] test impls::node::tests::node_junction_properties ... ok
[INFO] [stdout] test impls::node::tests::node_tank_properties ... ok
[INFO] [stdout] test impls::hydraulic::tests::test_solve_h ... FAILED
[INFO] [stdout] test impls::options::tests::test_get_set_flow_units ... ok
[INFO] [stdout] test impls::options::tests::test_set_option ... ok
[INFO] [stdout] test impls::options::tests::test_get_quality_info ... ok
[INFO] [stdout] test impls::options::tests::test_get_options ... FAILED
[INFO] [stdout] test impls::options::tests::test_set_quality_type ... ok
[INFO] [stdout] test impls::pattern::tests::test_get_pattern_by_index ... ok
[INFO] [stdout] test impls::pattern::tests::test_pattern_average ... ok
[INFO] [stdout] test impls::project::tests::test_get_set_comment ... ok
[INFO] [stdout] test impls::pattern::tests::test_update_pattern_multipliers ... ok
[INFO] [stdout] test impls::project::tests::test_run_project ... FAILED
[INFO] [stdout] test impls::project::tests::test_get_set_title ... ok
[INFO] [stdout] test impls::project::tests::test_get_count ... ok
[INFO] [stdout] test impls::pattern::tests::test_pattern_single_multiplier ... ok
[INFO] [stdout] test impls::pattern::tests::test_update_pattern_id ... ok
[INFO] [stdout] test impls::project::tests::test_get_set_tag ... ok
[INFO] [stdout] test impls::project::tests::test_save_inp_file ... FAILED
[INFO] [stdout] test impls::project::tests::test_run_project_with_callback ... FAILED
[INFO] [stdout] test impls::quality::tests::test_solve_q_step ... FAILED
[INFO] [stdout] test impls::pattern::tests::test_get_pattern_by_id ... ok
[INFO] [stdout] test impls::quality::tests::test_solve_q ... FAILED
[INFO] [stdout] test impls::pattern::tests::test_delete_pattern ... ok
[INFO] [stdout] test impls::report::tests::test_get_version ... ok
[INFO] [stdout] test impls::report::tests::test_set_report_commands ... ok
[INFO] [stdout] test impls::report::tests::test_set_report_callback_empty_line ... ok
[INFO] [stdout] test impls::report::tests::test_time_to_next_event ... ok
[INFO] [stdout] test impls::report::tests::test_set_status_report ... ok
[INFO] [stdout] test impls::report::tests::test_report_workflow ... FAILED
[INFO] [stdout] test impls::report::tests::test_get_result_index ... ok
[INFO] [stdout] test impls::report::tests::test_set_report_callback_replace ... ok
[INFO] [stdout] test impls::report::tests::test_set_report_callback_multiple_lines ... ok
[INFO] [stdout] test impls::report::tests::test_get_error_message ... ok
[INFO] [stdout] test impls::report::tests::test_set_report_callback_counter ... ok
[INFO] [stdout] test impls::report::tests::test_set_report_callback_with_solve ... FAILED
[INFO] [stdout] test impls::quality::tests::test_progressive_step ... ok
[INFO] [stdout] test impls::report::tests::test_get_statistic_after_solve ... FAILED
[INFO] [stdout] test impls::report::tests::test_report_callback_dropped_with_epanet ... ok
[INFO] [stdout] test impls::report::tests::test_set_report_callback_unregister ... ok
[INFO] [stdout] test impls::report::tests::test_set_report_callback_special_characters ... ok
[INFO] [stdout] test impls::report::tests::test_set_report_callback_filtering ... ok
[INFO] [stdout] test impls::rule::tests::test_add_get_rule ... ok
[INFO] [stdout] test impls::rule::tests::test_update_rule_enabled ... ok
[INFO] [stdout] test impls::rule::tests::test_update_rule_action ... ok
[INFO] [stdout] test impls::rule::tests::test_update_rule_priority ... ok
[INFO] [stdout] test impls::rule::tests::test_rule_delete_consuming ... ok
[INFO] [stdout] test impls::rule::tests::test_update_rule_premise ... ok
[INFO] [stdout] test tests::arc_mutex_shared_access ... ok
[INFO] [stdout] test impls::report::tests::test_set_report_callback_basic ... ok
[INFO] [stdout] test tests::epanet_is_not_sync ... ok
[INFO] [stdout] test tests::sequential_cross_thread_transfer ... ok
[INFO] [stdout] test tests::move_to_thread ... ok
[INFO] [stdout] test tests::epanet_is_send ... ok
[INFO] [stdout] test types::analysis::tests::test_close_h_then_quality ... FAILED
[INFO] [stdout] test types::link::tests::test_link_create_pipe ... ok
[INFO] [stdout] test types::node::tests::test_node_create_reservoir ... ok
[INFO] [stdout] test types::analysis::tests::test_quality_solver_next ... FAILED
[INFO] [stdout] test types::node::tests::test_node_get_from_model ... ok
[INFO] [stdout] test types::report::tests::test_report_callback_with_capture ... ok
[INFO] [stdout] test types::report::tests::test_trampoline_null_line ... ok
[INFO] [stdout] test types::report::tests::test_trampoline_null_user_data ... ok
[INFO] [stdout] test types::report::tests::test_trampoline_panic_safety ... ok
[INFO] [stdout] test types::link::tests::test_link_create_pump ... ok
[INFO] [stdout] test types::analysis::tests::test_quality_solver_one_shot ... FAILED
[INFO] [stdout] test types::analysis::tests::test_hydraulic_solver_step_by_step ... FAILED
[INFO] [stdout] test types::link::tests::test_link_get_from_model ... ok
[INFO] [stdout] test types::node::tests::test_node_create_junction ... ok
[INFO] [stdout] test types::link::tests::test_link_update ... ok
[INFO] [stdout] test types::node::tests::test_node_update ... ok
[INFO] [stdout] test types::report::tests::test_report_callback_type_alias ... ok
[INFO] [stdout] test types::analysis::tests::test_use_hyd_file ... FAILED
[INFO] [stdout] test types::analysis::tests::test_hydraulic_drop_safety ... ok
[INFO] [stdout] test types::analysis::tests::test_quality_solver_step_by_step ... FAILED
[INFO] [stdout] test types::analysis::tests::test_simultaneous_hq ... ok
[INFO] [stdout] test types::report::tests::test_trampoline_valid_call ... ok
[INFO] [stdout] test types::analysis::tests::test_hydraulic_solver_one_shot ... FAILED
[INFO] [stdout] test types::analysis::tests::test_quality_solver_drop_safety ... FAILED
[INFO] [stdout] 
[INFO] [stdout] failures:
[INFO] [stdout] 
[INFO] [stdout] ---- impls::demand::tests::test_multiple_demands_on_node stdout ----
[INFO] [stdout] 
[INFO] [stdout] thread 'impls::demand::tests::test_multiple_demands_on_node' (2038) panicked at src/impls/test_utils/fixtures.rs:27:70:
[INFO] [stdout] ERROR OPENING PROJECT: EPANETError { code: 200, message: "one or more errors in input file", context: None }
[INFO] [stdout] stack backtrace:
[INFO] [stdout]    0:     0x606df6bb74b1 - <<std[617be2ca0a6fd877]::sys::backtrace::BacktraceLock>::print::DisplayBacktrace as core[a373ad73a504971]::fmt::Display>::fmt
[INFO] [stdout]    1:     0x606df6bcbcea - core[a373ad73a504971]::fmt::write
[INFO] [stdout]    2:     0x606df6bbb6cc - <alloc[2e1b2a31b91974c5]::vec::Vec<u8> as core[a373ad73a504971]::io::write::Write>::write_fmt
[INFO] [stdout]    3:     0x606df6b93596 - std[617be2ca0a6fd877]::panicking::default_hook::{closure#0}
[INFO] [stdout]    4:     0x606df6bafa69 - std[617be2ca0a6fd877]::panicking::default_hook
[INFO] [stdout]    5:     0x606df6b1ad60 - test[aada8e7e76ba119b]::test_main_inner::{closure#0}
[INFO] [stdout]    6:     0x606df6bafc22 - std[617be2ca0a6fd877]::panicking::panic_with_hook
[INFO] [stdout]    7:     0x606df6b93642 - std[617be2ca0a6fd877]::panicking::panic_handler::{closure#0}
[INFO] [stdout]    8:     0x606df6b8c2a9 - std[617be2ca0a6fd877]::sys::backtrace::__rust_end_short_backtrace::<std[617be2ca0a6fd877]::panicking::panic_handler::{closure#0}, !>
[INFO] [stdout]    9:     0x606df6b9424d - __rustc[ea4f61d10b84890b]::rust_begin_unwind
[INFO] [stdout]   10:     0x606df6bcc44c - core[a373ad73a504971]::panicking::panic_fmt
[INFO] [stdout]   11:     0x606df6bcc222 - core[a373ad73a504971]::result::unwrap_failed
[INFO] [stdout]   12:     0x606df6aee22c - <epanet[b50de3748a5d85e2]::impls::test_utils::fixtures::ph>::default
[INFO] [stdout]   13:     0x606df6aec324 - <epanet[b50de3748a5d85e2]::impls::demand::tests::test_multiple_demands_on_node::{closure#0} as core[a373ad73a504971]::ops::function::FnOnce<()>>::call_once
[INFO] [stdout]   14:     0x606df6b0e1ab - test[aada8e7e76ba119b]::__rust_begin_short_backtrace::<core[a373ad73a504971]::result::Result<(), alloc[2e1b2a31b91974c5]::string::String>, fn() -> core[a373ad73a504971]::result::Result<(), alloc[2e1b2a31b91974c5]::string::String>>
[INFO] [stdout]   15:     0x606df6b1b385 - test[aada8e7e76ba119b]::run_test::{closure#0}
[INFO] [stdout]   16:     0x606df6b14c74 - std[617be2ca0a6fd877]::sys::backtrace::__rust_begin_short_backtrace::<test[aada8e7e76ba119b]::run_test::{closure#1}, ()>
[INFO] [stdout]   17:     0x606df6b1e412 - <std[617be2ca0a6fd877]::thread::lifecycle::spawn_unchecked<test[aada8e7e76ba119b]::run_test::{closure#1}, ()>::{closure#1} as core[a373ad73a504971]::ops::function::FnOnce<()>>::call_once::{shim:vtable#0}
[INFO] [stdout]   18:     0x606df6bb6d0f - <std[617be2ca0a6fd877]::sys::thread::unix::Thread>::new::thread_start
[INFO] [stdout]   19:     0x72c590c2ddfa - <unknown>
[INFO] [stdout]   20:     0x72c590cc13d4 - clone
[INFO] [stdout]   21:                0x0 - <unknown>
[INFO] [stdout] 
[INFO] [stdout] ---- impls::hydraulic::tests::test_hydraulics_save stdout ----
[INFO] [stdout] 
[INFO] [stdout] thread 'impls::hydraulic::tests::test_hydraulics_save' (2042) panicked at src/impls/hydraulic.rs:333:9:
[INFO] [stdout] assertion `left == right` failed
[INFO] [stdout]   left: Err(EPANETError { code: 305, message: "cannot open hydraulics file", context: None })
[INFO] [stdout]  right: Ok(())
[INFO] [stdout] stack backtrace:
[INFO] [stdout]    0:     0x606df6bb74b1 - <<std[617be2ca0a6fd877]::sys::backtrace::BacktraceLock>::print::DisplayBacktrace as core[a373ad73a504971]::fmt::Display>::fmt
[INFO] [stdout]    1:     0x606df6bcbcea - core[a373ad73a504971]::fmt::write
[INFO] [stdout]    2:     0x606df6bbb6cc - <alloc[2e1b2a31b91974c5]::vec::Vec<u8> as core[a373ad73a504971]::io::write::Write>::write_fmt
[INFO] [stdout]    3:     0x606df6b93596 - std[617be2ca0a6fd877]::panicking::default_hook::{closure#0}
[INFO] [stdout]    4:     0x606df6bafa69 - std[617be2ca0a6fd877]::panicking::default_hook
[INFO] [stdout]    5:     0x606df6b1ad60 - test[aada8e7e76ba119b]::test_main_inner::{closure#0}
[INFO] [stdout]    6:     0x606df6bafc22 - std[617be2ca0a6fd877]::panicking::panic_with_hook
[INFO] [stdout]    7:     0x606df6b93642 - std[617be2ca0a6fd877]::panicking::panic_handler::{closure#0}
[INFO] [stdout]    8:     0x606df6b8c2a9 - std[617be2ca0a6fd877]::sys::backtrace::__rust_end_short_backtrace::<std[617be2ca0a6fd877]::panicking::panic_handler::{closure#0}, !>
[INFO] [stdout]    9:     0x606df6b9424d - __rustc[ea4f61d10b84890b]::rust_begin_unwind
[INFO] [stdout]   10:     0x606df6bcc44c - core[a373ad73a504971]::panicking::panic_fmt
[INFO] [stdout]   11:     0x606df6bcc363 - core[a373ad73a504971]::panicking::assert_failed_inner
[INFO] [stdout]   12:     0x606df6af4001 - core[a373ad73a504971]::panicking::assert_failed::<core[a373ad73a504971]::result::Result<(), epanet[b50de3748a5d85e2]::epanet_error::EPANETError>, core[a373ad73a504971]::result::Result<(), epanet[b50de3748a5d85e2]::epanet_error::EPANETError>>
[INFO] [stdout]   13:     0x606df6afaeb5 - <epanet[b50de3748a5d85e2]::impls::hydraulic::tests::test_hydraulics_save::{closure#0} as core[a373ad73a504971]::ops::function::FnOnce<()>>::call_once
[INFO] [stdout]   14:     0x606df6b0e1ab - test[aada8e7e76ba119b]::__rust_begin_short_backtrace::<core[a373ad73a504971]::result::Result<(), alloc[2e1b2a31b91974c5]::string::String>, fn() -> core[a373ad73a504971]::result::Result<(), alloc[2e1b2a31b91974c5]::string::String>>
[INFO] [stdout]   15:     0x606df6b1b385 - test[aada8e7e76ba119b]::run_test::{closure#0}
[INFO] [stdout]   16:     0x606df6b14c74 - std[617be2ca0a6fd877]::sys::backtrace::__rust_begin_short_backtrace::<test[aada8e7e76ba119b]::run_test::{closure#1}, ()>
[INFO] [stdout]   17:     0x606df6b1e412 - <std[617be2ca0a6fd877]::thread::lifecycle::spawn_unchecked<test[aada8e7e76ba119b]::run_test::{closure#1}, ()>::{closure#1} as core[a373ad73a504971]::ops::function::FnOnce<()>>::call_once::{shim:vtable#0}
[INFO] [stdout]   18:     0x606df6bb6d0f - <std[617be2ca0a6fd877]::sys::thread::unix::Thread>::new::thread_start
[INFO] [stdout]   19:     0x72c590c2ddfa - <unknown>
[INFO] [stdout]   20:     0x72c590cc13d4 - clone
[INFO] [stdout]   21:                0x0 - <unknown>
[INFO] [stdout] 
[INFO] [stdout] ---- impls::hydraulic::tests::test_hydraulics_save_file stdout ----
[INFO] [stdout] 
[INFO] [stdout] thread 'impls::hydraulic::tests::test_hydraulics_save_file' (2043) panicked at src/impls/hydraulic.rs:345:9:
[INFO] [stdout] assertion `left == right` failed
[INFO] [stdout]   left: Err(EPANETError { code: 305, message: "cannot open hydraulics file", context: None })
[INFO] [stdout]  right: Ok(())
[INFO] [stdout] stack backtrace:
[INFO] [stdout]    0:     0x606df6bb74b1 - <<std[617be2ca0a6fd877]::sys::backtrace::BacktraceLock>::print::DisplayBacktrace as core[a373ad73a504971]::fmt::Display>::fmt
[INFO] [stdout]    1:     0x606df6bcbcea - core[a373ad73a504971]::fmt::write
[INFO] [stdout]    2:     0x606df6bbb6cc - <alloc[2e1b2a31b91974c5]::vec::Vec<u8> as core[a373ad73a504971]::io::write::Write>::write_fmt
[INFO] [stdout]    3:     0x606df6b93596 - std[617be2ca0a6fd877]::panicking::default_hook::{closure#0}
[INFO] [stdout]    4:     0x606df6bafa69 - std[617be2ca0a6fd877]::panicking::default_hook
[INFO] [stdout]    5:     0x606df6b1ad60 - test[aada8e7e76ba119b]::test_main_inner::{closure#0}
[INFO] [stdout]    6:     0x606df6bafc22 - std[617be2ca0a6fd877]::panicking::panic_with_hook
[INFO] [stdout]    7:     0x606df6b93642 - std[617be2ca0a6fd877]::panicking::panic_handler::{closure#0}
[INFO] [stdout]    8:     0x606df6b8c2a9 - std[617be2ca0a6fd877]::sys::backtrace::__rust_end_short_backtrace::<std[617be2ca0a6fd877]::panicking::panic_handler::{closure#0}, !>
[INFO] [stdout]    9:     0x606df6b9424d - __rustc[ea4f61d10b84890b]::rust_begin_unwind
[INFO] [stdout]   10:     0x606df6bcc44c - core[a373ad73a504971]::panicking::panic_fmt
[INFO] [stdout]   11:     0x606df6bcc363 - core[a373ad73a504971]::panicking::assert_failed_inner
[INFO] [stdout]   12:     0x606df6af4001 - core[a373ad73a504971]::panicking::assert_failed::<core[a373ad73a504971]::result::Result<(), epanet[b50de3748a5d85e2]::epanet_error::EPANETError>, core[a373ad73a504971]::result::Result<(), epanet[b50de3748a5d85e2]::epanet_error::EPANETError>>
[INFO] [stdout]   13:     0x606df6afb174 - <epanet[b50de3748a5d85e2]::impls::hydraulic::tests::test_hydraulics_save_file::{closure#0} as core[a373ad73a504971]::ops::function::FnOnce<()>>::call_once
[INFO] [stdout]   14:     0x606df6b0e1ab - test[aada8e7e76ba119b]::__rust_begin_short_backtrace::<core[a373ad73a504971]::result::Result<(), alloc[2e1b2a31b91974c5]::string::String>, fn() -> core[a373ad73a504971]::result::Result<(), alloc[2e1b2a31b91974c5]::string::String>>
[INFO] [stdout]   15:     0x606df6b1b385 - test[aada8e7e76ba119b]::run_test::{closure#0}
[INFO] [stdout]   16:     0x606df6b14c74 - std[617be2ca0a6fd877]::sys::backtrace::__rust_begin_short_backtrace::<test[aada8e7e76ba119b]::run_test::{closure#1}, ()>
[INFO] [stdout]   17:     0x606df6b1e412 - <std[617be2ca0a6fd877]::thread::lifecycle::spawn_unchecked<test[aada8e7e76ba119b]::run_test::{closure#1}, ()>::{closure#1} as core[a373ad73a504971]::ops::function::FnOnce<()>>::call_once::{shim:vtable#0}
[INFO] [stdout]   18:     0x606df6bb6d0f - <std[617be2ca0a6fd877]::sys::thread::unix::Thread>::new::thread_start
[INFO] [stdout]   19:     0x72c590c2ddfa - <unknown>
[INFO] [stdout]   20:     0x72c590cc13d4 - clone
[INFO] [stdout]   21:                0x0 - <unknown>
[INFO] [stdout] 
[INFO] [stdout] ---- impls::node::tests::node_junction_properties_after_step stdout ----
[INFO] [stdout] 
[INFO] [stdout] thread 'impls::node::tests::node_junction_properties_after_step' (2056) panicked at src/impls/test_utils/fixtures.rs:42:5:
[INFO] [stdout] assertion failed: result.is_ok()
[INFO] [stdout] stack backtrace:
[INFO] [stdout]    0:     0x606df6bb74b1 - <<std[617be2ca0a6fd877]::sys::backtrace::BacktraceLock>::print::DisplayBacktrace as core[a373ad73a504971]::fmt::Display>::fmt
[INFO] [stdout]    1:     0x606df6bcbcea - core[a373ad73a504971]::fmt::write
[INFO] [stdout]    2:     0x606df6bbb6cc - <alloc[2e1b2a31b91974c5]::vec::Vec<u8> as core[a373ad73a504971]::io::write::Write>::write_fmt
[INFO] [stdout]    3:     0x606df6b93596 - std[617be2ca0a6fd877]::panicking::default_hook::{closure#0}
[INFO] [stdout]    4:     0x606df6bafa69 - std[617be2ca0a6fd877]::panicking::default_hook
[INFO] [stdout]    5:     0x606df6b1ad60 - test[aada8e7e76ba119b]::test_main_inner::{closure#0}
[INFO] [stdout]    6:     0x606df6bafc22 - std[617be2ca0a6fd877]::panicking::panic_with_hook
[INFO] [stdout]    7:     0x606df6b93674 - std[617be2ca0a6fd877]::panicking::panic_handler::{closure#0}
[INFO] [stdout]    8:     0x606df6b8c2a9 - std[617be2ca0a6fd877]::sys::backtrace::__rust_end_short_backtrace::<std[617be2ca0a6fd877]::panicking::panic_handler::{closure#0}, !>
[INFO] [stdout]    9:     0x606df6b9424d - __rustc[ea4f61d10b84890b]::rust_begin_unwind
[INFO] [stdout]   10:     0x606df6bcc44c - core[a373ad73a504971]::panicking::panic_fmt
[INFO] [stdout]   11:     0x606df6bcc412 - core[a373ad73a504971]::panicking::panic
[INFO] [stdout]   12:     0x606df6aee470 - <epanet[b50de3748a5d85e2]::impls::test_utils::fixtures::after_step>::default
[INFO] [stdout]   13:     0x606df6b02369 - <epanet[b50de3748a5d85e2]::impls::node::tests::node_junction_properties_after_step::{closure#0} as core[a373ad73a504971]::ops::function::FnOnce<()>>::call_once
[INFO] [stdout]   14:     0x606df6b0e1ab - test[aada8e7e76ba119b]::__rust_begin_short_backtrace::<core[a373ad73a504971]::result::Result<(), alloc[2e1b2a31b91974c5]::string::String>, fn() -> core[a373ad73a504971]::result::Result<(), alloc[2e1b2a31b91974c5]::string::String>>
[INFO] [stdout]   15:     0x606df6b1b385 - test[aada8e7e76ba119b]::run_test::{closure#0}
[INFO] [stdout]   16:     0x606df6b14c74 - std[617be2ca0a6fd877]::sys::backtrace::__rust_begin_short_backtrace::<test[aada8e7e76ba119b]::run_test::{closure#1}, ()>
[INFO] [stdout]   17:     0x606df6b1e412 - <std[617be2ca0a6fd877]::thread::lifecycle::spawn_unchecked<test[aada8e7e76ba119b]::run_test::{closure#1}, ()>::{closure#1} as core[a373ad73a504971]::ops::function::FnOnce<()>>::call_once::{shim:vtable#0}
[INFO] [stdout]   18:     0x606df6bb6d0f - <std[617be2ca0a6fd877]::sys::thread::unix::Thread>::new::thread_start
[INFO] [stdout]   19:     0x72c590c2ddfa - <unknown>
[INFO] [stdout]   20:     0x72c590cc13d4 - clone
[INFO] [stdout]   21:                0x0 - <unknown>
[INFO] [stdout] 
[INFO] [stdout] ---- impls::options::tests::test_get_time_param stdout ----
[INFO] [stdout] 
[INFO] [stdout] thread 'impls::options::tests::test_get_time_param' (2062) panicked at src/impls/options.rs:164:9:
[INFO] [stdout] assertion failed: result.is_ok()
[INFO] [stdout] stack backtrace:
[INFO] [stdout]    0:     0x606df6bb74b1 - <<std[617be2ca0a6fd877]::sys::backtrace::BacktraceLock>::print::DisplayBacktrace as core[a373ad73a504971]::fmt::Display>::fmt
[INFO] [stdout]    1:     0x606df6bcbcea - core[a373ad73a504971]::fmt::write
[INFO] [stdout]    2:     0x606df6bbb6cc - <alloc[2e1b2a31b91974c5]::vec::Vec<u8> as core[a373ad73a504971]::io::write::Write>::write_fmt
[INFO] [stdout]    3:     0x606df6b93596 - std[617be2ca0a6fd877]::panicking::default_hook::{closure#0}
[INFO] [stdout]    4:     0x606df6bafa69 - std[617be2ca0a6fd877]::panicking::default_hook
[INFO] [stdout]    5:     0x606df6b1ad60 - test[aada8e7e76ba119b]::test_main_inner::{closure#0}
[INFO] [stdout]    6:     0x606df6bafc22 - std[617be2ca0a6fd877]::panicking::panic_with_hook
[INFO] [stdout]    7:     0x606df6b93674 - std[617be2ca0a6fd877]::panicking::panic_handler::{closure#0}
[INFO] [stdout]    8:     0x606df6b8c2a9 - std[617be2ca0a6fd877]::sys::backtrace::__rust_end_short_backtrace::<std[617be2ca0a6fd877]::panicking::panic_handler::{closure#0}, !>
[INFO] [stdout]    9:     0x606df6b9424d - __rustc[ea4f61d10b84890b]::rust_begin_unwind
[INFO] [stdout]   10:     0x606df6bcc44c - core[a373ad73a504971]::panicking::panic_fmt
[INFO] [stdout]   11:     0x606df6bcc412 - core[a373ad73a504971]::panicking::panic
[INFO] [stdout]   12:     0x606df6aed45b - <epanet[b50de3748a5d85e2]::impls::options::tests::test_get_time_param::{closure#0} as core[a373ad73a504971]::ops::function::FnOnce<()>>::call_once
[INFO] [stdout]   13:     0x606df6b0e1ab - test[aada8e7e76ba119b]::__rust_begin_short_backtrace::<core[a373ad73a504971]::result::Result<(), alloc[2e1b2a31b91974c5]::string::String>, fn() -> core[a373ad73a504971]::result::Result<(), alloc[2e1b2a31b91974c5]::string::String>>
[INFO] [stdout]   14:     0x606df6b1b385 - test[aada8e7e76ba119b]::run_test::{closure#0}
[INFO] [stdout]   15:     0x606df6b14c74 - std[617be2ca0a6fd877]::sys::backtrace::__rust_begin_short_backtrace::<test[aada8e7e76ba119b]::run_test::{closure#1}, ()>
[INFO] [stdout]   16:     0x606df6b1e412 - <std[617be2ca0a6fd877]::thread::lifecycle::spawn_unchecked<test[aada8e7e76ba119b]::run_test::{closure#1}, ()>::{closure#1} as core[a373ad73a504971]::ops::function::FnOnce<()>>::call_once::{shim:vtable#0}
[INFO] [stdout]   17:     0x606df6bb6d0f - <std[617be2ca0a6fd877]::sys::thread::unix::Thread>::new::thread_start
[INFO] [stdout]   18:     0x72c590c2ddfa - <unknown>
[INFO] [stdout]   19:     0x72c590cc13d4 - clone
[INFO] [stdout]   20:                0x0 - <unknown>
[INFO] [stdout] 
[INFO] [stdout] ---- impls::hydraulic::tests::test_solve_h stdout ----
[INFO] [stdout] 
[INFO] [stdout] thread 'impls::hydraulic::tests::test_solve_h' (2044) panicked at src/impls/hydraulic.rs:303:9:
[INFO] [stdout] assertion `left == right` failed
[INFO] [stdout]   left: Err(EPANETError { code: 305, message: "cannot open hydraulics file", context: None })
[INFO] [stdout]  right: Ok(())
[INFO] [stdout] stack backtrace:
[INFO] [stdout]    0:     0x606df6bb74b1 - <<std[617be2ca0a6fd877]::sys::backtrace::BacktraceLock>::print::DisplayBacktrace as core[a373ad73a504971]::fmt::Display>::fmt
[INFO] [stdout]    1:     0x606df6bcbcea - core[a373ad73a504971]::fmt::write
[INFO] [stdout]    2:     0x606df6bbb6cc - <alloc[2e1b2a31b91974c5]::vec::Vec<u8> as core[a373ad73a504971]::io::write::Write>::write_fmt
[INFO] [stdout]    3:     0x606df6b93596 - std[617be2ca0a6fd877]::panicking::default_hook::{closure#0}
[INFO] [stdout]    4:     0x606df6bafa69 - std[617be2ca0a6fd877]::panicking::default_hook
[INFO] [stdout]    5:     0x606df6b1ad60 - test[aada8e7e76ba119b]::test_main_inner::{closure#0}
[INFO] [stdout]    6:     0x606df6bafc22 - std[617be2ca0a6fd877]::panicking::panic_with_hook
[INFO] [stdout]    7:     0x606df6b93642 - std[617be2ca0a6fd877]::panicking::panic_handler::{closure#0}
[INFO] [stdout]    8:     0x606df6b8c2a9 - std[617be2ca0a6fd877]::sys::backtrace::__rust_end_short_backtrace::<std[617be2ca0a6fd877]::panicking::panic_handler::{closure#0}, !>
[INFO] [stdout]    9:     0x606df6b9424d - __rustc[ea4f61d10b84890b]::rust_begin_unwind
[INFO] [stdout]   10:     0x606df6bcc44c - core[a373ad73a504971]::panicking::panic_fmt
[INFO] [stdout]   11:     0x606df6bcc363 - core[a373ad73a504971]::panicking::assert_failed_inner
[INFO] [stdout]   12:     0x606df6af4001 - core[a373ad73a504971]::panicking::assert_failed::<core[a373ad73a504971]::result::Result<(), epanet[b50de3748a5d85e2]::epanet_error::EPANETError>, core[a373ad73a504971]::result::Result<(), epanet[b50de3748a5d85e2]::epanet_error::EPANETError>>
[INFO] [stdout]   13:     0x606df6afab93 - <epanet[b50de3748a5d85e2]::impls::hydraulic::tests::test_solve_h::{closure#0} as core[a373ad73a504971]::ops::function::FnOnce<()>>::call_once
[INFO] [stdout]   14:     0x606df6b0e1ab - test[aada8e7e76ba119b]::__rust_begin_short_backtrace::<core[a373ad73a504971]::result::Result<(), alloc[2e1b2a31b91974c5]::string::String>, fn() -> core[a373ad73a504971]::result::Result<(), alloc[2e1b2a31b91974c5]::string::String>>
[INFO] [stdout]   15:     0x606df6b1b385 - test[aada8e7e76ba119b]::run_test::{closure#0}
[INFO] [stdout]   16:     0x606df6b14c74 - std[617be2ca0a6fd877]::sys::backtrace::__rust_begin_short_backtrace::<test[aada8e7e76ba119b]::run_test::{closure#1}, ()>
[INFO] [stdout]   17:     0x606df6b1e412 - <std[617be2ca0a6fd877]::thread::lifecycle::spawn_unchecked<test[aada8e7e76ba119b]::run_test::{closure#1}, ()>::{closure#1} as core[a373ad73a504971]::ops::function::FnOnce<()>>::call_once::{shim:vtable#0}
[INFO] [stdout]   18:     0x606df6bb6d0f - <std[617be2ca0a6fd877]::sys::thread::unix::Thread>::new::thread_start
[INFO] [stdout]   19:     0x72c590c2ddfa - <unknown>
[INFO] [stdout]   20:     0x72c590cc13d4 - clone
[INFO] [stdout]   21:                0x0 - <unknown>
[INFO] [stdout] 
[INFO] [stdout] ---- impls::options::tests::test_get_options stdout ----
[INFO] [stdout] 
[INFO] [stdout] thread 'impls::options::tests::test_get_options' (2059) panicked at src/impls/options.rs:140:9:
[INFO] [stdout] assertion failed: result.is_ok()
[INFO] [stdout] stack backtrace:
[INFO] [stdout]    0:     0x606df6bb74b1 - <<std[617be2ca0a6fd877]::sys::backtrace::BacktraceLock>::print::DisplayBacktrace as core[a373ad73a504971]::fmt::Display>::fmt
[INFO] [stdout]    1:     0x606df6bcbcea - core[a373ad73a504971]::fmt::write
[INFO] [stdout]    2:     0x606df6bbb6cc - <alloc[2e1b2a31b91974c5]::vec::Vec<u8> as core[a373ad73a504971]::io::write::Write>::write_fmt
[INFO] [stdout]    3:     0x606df6b93596 - std[617be2ca0a6fd877]::panicking::default_hook::{closure#0}
[INFO] [stdout]    4:     0x606df6bafa69 - std[617be2ca0a6fd877]::panicking::default_hook
[INFO] [stdout]    5:     0x606df6b1ad60 - test[aada8e7e76ba119b]::test_main_inner::{closure#0}
[INFO] [stdout]    6:     0x606df6bafc22 - std[617be2ca0a6fd877]::panicking::panic_with_hook
[INFO] [stdout]    7:     0x606df6b93674 - std[617be2ca0a6fd877]::panicking::panic_handler::{closure#0}
[INFO] [stdout]    8:     0x606df6b8c2a9 - std[617be2ca0a6fd877]::sys::backtrace::__rust_end_short_backtrace::<std[617be2ca0a6fd877]::panicking::panic_handler::{closure#0}, !>
[INFO] [stdout]    9:     0x606df6b9424d - __rustc[ea4f61d10b84890b]::rust_begin_unwind
[INFO] [stdout]   10:     0x606df6bcc44c - core[a373ad73a504971]::panicking::panic_fmt
[INFO] [stdout]   11:     0x606df6bcc412 - core[a373ad73a504971]::panicking::panic
[INFO] [stdout]   12:     0x606df6aed1d5 - <epanet[b50de3748a5d85e2]::impls::options::tests::test_get_options::{closure#0} as core[a373ad73a504971]::ops::function::FnOnce<()>>::call_once
[INFO] [stdout]   13:     0x606df6b0e1ab - test[aada8e7e76ba119b]::__rust_begin_short_backtrace::<core[a373ad73a504971]::result::Result<(), alloc[2e1b2a31b91974c5]::string::String>, fn() -> core[a373ad73a504971]::result::Result<(), alloc[2e1b2a31b91974c5]::string::String>>
[INFO] [stdout]   14:     0x606df6b1b385 - test[aada8e7e76ba119b]::run_test::{closure#0}
[INFO] [stdout]   15:     0x606df6b14c74 - std[617be2ca0a6fd877]::sys::backtrace::__rust_begin_short_backtrace::<test[aada8e7e76ba119b]::run_test::{closure#1}, ()>
[INFO] [stdout]   16:     0x606df6b1e412 - <std[617be2ca0a6fd877]::thread::lifecycle::spawn_unchecked<test[aada8e7e76ba119b]::run_test::{closure#1}, ()>::{closure#1} as core[a373ad73a504971]::ops::function::FnOnce<()>>::call_once::{shim:vtable#0}
[INFO] [stdout]   17:     0x606df6bb6d0f - <std[617be2ca0a6fd877]::sys::thread::unix::Thread>::new::thread_start
[INFO] [stdout]   18:     0x72c590c2ddfa - <unknown>
[INFO] [stdout]   19:     0x72c590cc13d4 - clone
[INFO] [stdout]   20:                0x0 - <unknown>
[INFO] [stdout] 
[INFO] [stdout] ---- impls::project::tests::test_run_project stdout ----
[INFO] [stdout] 
[INFO] [stdout] thread 'impls::project::tests::test_run_project' (2078) panicked at src/impls/project.rs:278:9:
[INFO] [stdout] assertion failed: result.is_ok()
[INFO] [stdout] stack backtrace:
[INFO] [stdout]    0:     0x606df6bb74b1 - <<std[617be2ca0a6fd877]::sys::backtrace::BacktraceLock>::print::DisplayBacktrace as core[a373ad73a504971]::fmt::Display>::fmt
[INFO] [stdout]    1:     0x606df6bcbcea - core[a373ad73a504971]::fmt::write
[INFO] [stdout]    2:     0x606df6bbb6cc - <alloc[2e1b2a31b91974c5]::vec::Vec<u8> as core[a373ad73a504971]::io::write::Write>::write_fmt
[INFO] [stdout]    3:     0x606df6b93596 - std[617be2ca0a6fd877]::panicking::default_hook::{closure#0}
[INFO] [stdout]    4:     0x606df6bafa69 - std[617be2ca0a6fd877]::panicking::default_hook
[INFO] [stdout]    5:     0x606df6b1ad60 - test[aada8e7e76ba119b]::test_main_inner::{closure#0}
[INFO] [stdout]    6:     0x606df6bafc22 - std[617be2ca0a6fd877]::panicking::panic_with_hook
[INFO] [stdout]    7:     0x606df6b93674 - std[617be2ca0a6fd877]::panicking::panic_handler::{closure#0}
[INFO] [stdout]    8:     0x606df6b8c2a9 - std[617be2ca0a6fd877]::sys::backtrace::__rust_end_short_backtrace::<std[617be2ca0a6fd877]::panicking::panic_handler::{closure#0}, !>
[INFO] [stdout]    9:     0x606df6b9424d - __rustc[ea4f61d10b84890b]::rust_begin_unwind
[INFO] [stdout]   10:     0x606df6bcc44c - core[a373ad73a504971]::panicking::panic_fmt
[INFO] [stdout]   11:     0x606df6bcc412 - core[a373ad73a504971]::panicking::panic
[INFO] [stdout]   12:     0x606df6b03f91 - <epanet[b50de3748a5d85e2]::impls::project::tests::test_run_project::{closure#0} as core[a373ad73a504971]::ops::function::FnOnce<()>>::call_once
[INFO] [stdout]   13:     0x606df6b0e1ab - test[aada8e7e76ba119b]::__rust_begin_short_backtrace::<core[a373ad73a504971]::result::Result<(), alloc[2e1b2a31b91974c5]::string::String>, fn() -> core[a373ad73a504971]::result::Result<(), alloc[2e1b2a31b91974c5]::string::String>>
[INFO] [stdout]   14:     0x606df6b1b385 - test[aada8e7e76ba119b]::run_test::{closure#0}
[INFO] [stdout]   15:     0x606df6b14c74 - std[617be2ca0a6fd877]::sys::backtrace::__rust_begin_short_backtrace::<test[aada8e7e76ba119b]::run_test::{closure#1}, ()>
[INFO] [stdout]   16:     0x606df6b1e412 - <std[617be2ca0a6fd877]::thread::lifecycle::spawn_unchecked<test[aada8e7e76ba119b]::run_test::{closure#1}, ()>::{closure#1} as core[a373ad73a504971]::ops::function::FnOnce<()>>::call_once::{shim:vtable#0}
[INFO] [stdout]   17:     0x606df6bb6d0f - <std[617be2ca0a6fd877]::sys::thread::unix::Thread>::new::thread_start
[INFO] [stdout]   18:     0x72c590c2ddfa - <unknown>
[INFO] [stdout]   19:     0x72c590cc13d4 - clone
[INFO] [stdout]   20:                0x0 - <unknown>
[INFO] [stdout] 
[INFO] [stdout] ---- impls::project::tests::test_save_inp_file stdout ----
[INFO] [stdout] 
[INFO] [stdout] thread 'impls::project::tests::test_save_inp_file' (2080) panicked at src/impls/project.rs:258:36:
[INFO] [stdout] called `Result::unwrap()` on an `Err` value: EPANETError { code: 302, message: "cannot open input file", context: None }
[INFO] [stdout] stack backtrace:
[INFO] [stdout]    0:     0x606df6bb74b1 - <<std[617be2ca0a6fd877]::sys::backtrace::BacktraceLock>::print::DisplayBacktrace as core[a373ad73a504971]::fmt::Display>::fmt
[INFO] [stdout]    1:     0x606df6bcbcea - core[a373ad73a504971]::fmt::write
[INFO] [stdout]    2:     0x606df6bbb6cc - <alloc[2e1b2a31b91974c5]::vec::Vec<u8> as core[a373ad73a504971]::io::write::Write>::write_fmt
[INFO] [stdout]    3:     0x606df6b93596 - std[617be2ca0a6fd877]::panicking::default_hook::{closure#0}
[INFO] [stdout]    4:     0x606df6bafa69 - std[617be2ca0a6fd877]::panicking::default_hook
[INFO] [stdout]    5:     0x606df6b1ad60 - test[aada8e7e76ba119b]::test_main_inner::{closure#0}
[INFO] [stdout]    6:     0x606df6bafc22 - std[617be2ca0a6fd877]::panicking::panic_with_hook
[INFO] [stdout]    7:     0x606df6b93642 - std[617be2ca0a6fd877]::panicking::panic_handler::{closure#0}
[INFO] [stdout]    8:     0x606df6b8c2a9 - std[617be2ca0a6fd877]::sys::backtrace::__rust_end_short_backtrace::<std[617be2ca0a6fd877]::panicking::panic_handler::{closure#0}, !>
[INFO] [stdout]    9:     0x606df6b9424d - __rustc[ea4f61d10b84890b]::rust_begin_unwind
[INFO] [stdout]   10:     0x606df6bcc44c - core[a373ad73a504971]::panicking::panic_fmt
[INFO] [stdout]   11:     0x606df6bcc222 - core[a373ad73a504971]::result::unwrap_failed
[INFO] [stdout]   12:     0x606df6b04878 - <epanet[b50de3748a5d85e2]::impls::project::tests::test_save_inp_file::{closure#0} as core[a373ad73a504971]::ops::function::FnOnce<()>>::call_once
[INFO] [stdout]   13:     0x606df6b0e1ab - test[aada8e7e76ba119b]::__rust_begin_short_backtrace::<core[a373ad73a504971]::result::Result<(), alloc[2e1b2a31b91974c5]::string::String>, fn() -> core[a373ad73a504971]::result::Result<(), alloc[2e1b2a31b91974c5]::string::String>>
[INFO] [stdout]   14:     0x606df6b1b385 - test[aada8e7e76ba119b]::run_test::{closure#0}
[INFO] [stdout]   15:     0x606df6b14c74 - std[617be2ca0a6fd877]::sys::backtrace::__rust_begin_short_backtrace::<test[aada8e7e76ba119b]::run_test::{closure#1}, ()>
[INFO] [stdout]   16:     0x606df6b1e412 - <std[617be2ca0a6fd877]::thread::lifecycle::spawn_unchecked<test[aada8e7e76ba119b]::run_test::{closure#1}, ()>::{closure#1} as core[a373ad73a504971]::ops::function::FnOnce<()>>::call_once::{shim:vtable#0}
[INFO] [stdout]   17:     0x606df6bb6d0f - <std[617be2ca0a6fd877]::sys::thread::unix::Thread>::new::thread_start
[INFO] [stdout]   18:     0x72c590c2ddfa - <unknown>
[INFO] [stdout]   19:     0x72c590cc13d4 - clone
[INFO] [stdout]   20:                0x0 - <unknown>
[INFO] [stdout] 
[INFO] [stdout] ---- impls::project::tests::test_run_project_with_callback stdout ----
[INFO] [stdout] 
[INFO] [stdout] thread 'impls::project::tests::test_run_project_with_callback' (2079) panicked at src/impls/project.rs:293:9:
[INFO] [stdout] assertion failed: result.is_ok()
[INFO] [stdout] stack backtrace:
[INFO] [stdout]    0:     0x606df6bb74b1 - <<std[617be2ca0a6fd877]::sys::backtrace::BacktraceLock>::print::DisplayBacktrace as core[a373ad73a504971]::fmt::Display>::fmt
[INFO] [stdout]    1:     0x606df6bcbcea - core[a373ad73a504971]::fmt::write
[INFO] [stdout]    2:     0x606df6bbb6cc - <alloc[2e1b2a31b91974c5]::vec::Vec<u8> as core[a373ad73a504971]::io::write::Write>::write_fmt
[INFO] [stdout]    3:     0x606df6b93596 - std[617be2ca0a6fd877]::panicking::default_hook::{closure#0}
[INFO] [stdout]    4:     0x606df6bafa69 - std[617be2ca0a6fd877]::panicking::default_hook
[INFO] [stdout]    5:     0x606df6b1ad60 - test[aada8e7e76ba119b]::test_main_inner::{closure#0}
[INFO] [stdout]    6:     0x606df6bafc22 - std[617be2ca0a6fd877]::panicking::panic_with_hook
[INFO] [stdout]    7:     0x606df6b93674 - std[617be2ca0a6fd877]::panicking::panic_handler::{closure#0}
[INFO] [stdout]    8:     0x606df6b8c2a9 - std[617be2ca0a6fd877]::sys::backtrace::__rust_end_short_backtrace::<std[617be2ca0a6fd877]::panicking::panic_handler::{closure#0}, !>
[INFO] [stdout]    9:     0x606df6b9424d - __rustc[ea4f61d10b84890b]::rust_begin_unwind
[INFO] [stdout]   10:     0x606df6bcc44c - core[a373ad73a504971]::panicking::panic_fmt
[INFO] [stdout]   11:     0x606df6bcc412 - core[a373ad73a504971]::panicking::panic
[INFO] [stdout]   12:     0x606df6b04eb0 - <epanet[b50de3748a5d85e2]::impls::project::tests::test_run_project_with_callback::{closure#0} as core[a373ad73a504971]::ops::function::FnOnce<()>>::call_once
[INFO] [stdout]   13:     0x606df6b0e1ab - test[aada8e7e76ba119b]::__rust_begin_short_backtrace::<core[a373ad73a504971]::result::Result<(), alloc[2e1b2a31b91974c5]::string::String>, fn() -> core[a373ad73a504971]::result::Result<(), alloc[2e1b2a31b91974c5]::string::String>>
[INFO] [stdout]   14:     0x606df6b1b385 - test[aada8e7e76ba119b]::run_test::{closure#0}
[INFO] [stdout]   15:     0x606df6b14c74 - std[617be2ca0a6fd877]::sys::backtrace::__rust_begin_short_backtrace::<test[aada8e7e76ba119b]::run_test::{closure#1}, ()>
[INFO] [stdout]   16:     0x606df6b1e412 - <std[617be2ca0a6fd877]::thread::lifecycle::spawn_unchecked<test[aada8e7e76ba119b]::run_test::{closure#1}, ()>::{closure#1} as core[a373ad73a504971]::ops::function::FnOnce<()>>::call_once::{shim:vtable#0}
[INFO] [stdout]   17:     0x606df6bb6d0f - <std[617be2ca0a6fd877]::sys::thread::unix::Thread>::new::thread_start
[INFO] [stdout]   18:     0x72c590c2ddfa - <unknown>
[INFO] [stdout]   19:     0x72c590cc13d4 - clone
[INFO] [stdout]   20:                0x0 - <unknown>
[INFO] [stdout] 
[INFO] [stdout] ---- impls::quality::tests::test_solve_q_step stdout ----
[INFO] [stdout] 
[INFO] [stdout] thread 'impls::quality::tests::test_solve_q_step' (2083) panicked at src/impls/test_utils/fixtures.rs:27:70:
[INFO] [stdout] ERROR OPENING PROJECT: EPANETError { code: 200, message: "one or more errors in input file", context: None }
[INFO] [stdout] stack backtrace:
[INFO] [stdout]    0:     0x606df6bb74b1 - <<std[617be2ca0a6fd877]::sys::backtrace::BacktraceLock>::print::DisplayBacktrace as core[a373ad73a504971]::fmt::Display>::fmt
[INFO] [stdout]    1:     0x606df6bcbcea - core[a373ad73a504971]::fmt::write
[INFO] [stdout]    2:     0x606df6bbb6cc - <alloc[2e1b2a31b91974c5]::vec::Vec<u8> as core[a373ad73a504971]::io::write::Write>::write_fmt
[INFO] [stdout]    3:     0x606df6b93596 - std[617be2ca0a6fd877]::panicking::default_hook::{closure#0}
[INFO] [stdout]    4:     0x606df6bafa69 - std[617be2ca0a6fd877]::panicking::default_hook
[INFO] [stdout]    5:     0x606df6b1ad60 - test[aada8e7e76ba119b]::test_main_inner::{closure#0}
[INFO] [stdout]    6:     0x606df6bafc22 - std[617be2ca0a6fd877]::panicking::panic_with_hook
[INFO] [stdout]    7:     0x606df6b93642 - std[617be2ca0a6fd877]::panicking::panic_handler::{closure#0}
[INFO] [stdout]    8:     0x606df6b8c2a9 - std[617be2ca0a6fd877]::sys::backtrace::__rust_end_short_backtrace::<std[617be2ca0a6fd877]::panicking::panic_handler::{closure#0}, !>
[INFO] [stdout]    9:     0x606df6b9424d - __rustc[ea4f61d10b84890b]::rust_begin_unwind
[INFO] [stdout]   10:     0x606df6bcc44c - core[a373ad73a504971]::panicking::panic_fmt
[INFO] [stdout]   11:     0x606df6bcc222 - core[a373ad73a504971]::result::unwrap_failed
[INFO] [stdout]   12:     0x606df6aee22c - <epanet[b50de3748a5d85e2]::impls::test_utils::fixtures::ph>::default
[INFO] [stdout]   13:     0x606df6af11e1 - <epanet[b50de3748a5d85e2]::impls::quality::tests::test_solve_q_step::{closure#0} as core[a373ad73a504971]::ops::function::FnOnce<()>>::call_once
[INFO] [stdout]   14:     0x606df6b0e1ab - test[aada8e7e76ba119b]::__rust_begin_short_backtrace::<core[a373ad73a504971]::result::Result<(), alloc[2e1b2a31b91974c5]::string::String>, fn() -> core[a373ad73a504971]::result::Result<(), alloc[2e1b2a31b91974c5]::string::String>>
[INFO] [stdout]   15:     0x606df6b1b385 - test[aada8e7e76ba119b]::run_test::{closure#0}
[INFO] [stdout]   16:     0x606df6b14c74 - std[617be2ca0a6fd877]::sys::backtrace::__rust_begin_short_backtrace::<test[aada8e7e76ba119b]::run_test::{closure#1}, ()>
[INFO] [stdout]   17:     0x606df6b1e412 - <std[617be2ca0a6fd877]::thread::lifecycle::spawn_unchecked<test[aada8e7e76ba119b]::run_test::{closure#1}, ()>::{closure#1} as core[a373ad73a504971]::ops::function::FnOnce<()>>::call_once::{shim:vtable#0}
[INFO] [stdout]   18:     0x606df6bb6d0f - <std[617be2ca0a6fd877]::sys::thread::unix::Thread>::new::thread_start
[INFO] [stdout]   19:     0x72c590c2ddfa - <unknown>
[INFO] [stdout]   20:     0x72c590cc13d4 - clone
[INFO] [stdout]   21:                0x0 - <unknown>
[INFO] [stdout] 
[INFO] [stdout] ---- impls::quality::tests::test_solve_q stdout ----
[INFO] [stdout] 
[INFO] [stdout] thread 'impls::quality::tests::test_solve_q' (2082) panicked at src/impls/test_utils/fixtures.rs:27:70:
[INFO] [stdout] ERROR OPENING PROJECT: EPANETError { code: 200, message: "one or more errors in input file", context: None }
[INFO] [stdout] stack backtrace:
[INFO] [stdout]    0:     0x606df6bb74b1 - <<std[617be2ca0a6fd877]::sys::backtrace::BacktraceLock>::print::DisplayBacktrace as core[a373ad73a504971]::fmt::Display>::fmt
[INFO] [stdout]    1:     0x606df6bcbcea - core[a373ad73a504971]::fmt::write
[INFO] [stdout]    2:     0x606df6bbb6cc - <alloc[2e1b2a31b91974c5]::vec::Vec<u8> as core[a373ad73a504971]::io::write::Write>::write_fmt
[INFO] [stdout]    3:     0x606df6b93596 - std[617be2ca0a6fd877]::panicking::default_hook::{closure#0}
[INFO] [stdout]    4:     0x606df6bafa69 - std[617be2ca0a6fd877]::panicking::default_hook
[INFO] [stdout]    5:     0x606df6b1ad60 - test[aada8e7e76ba119b]::test_main_inner::{closure#0}
[INFO] [stdout]    6:     0x606df6bafc22 - std[617be2ca0a6fd877]::panicking::panic_with_hook
[INFO] [stdout]    7:     0x606df6b93642 - std[617be2ca0a6fd877]::panicking::panic_handler::{closure#0}
[INFO] [stdout]    8:     0x606df6b8c2a9 - std[617be2ca0a6fd877]::sys::backtrace::__rust_end_short_backtrace::<std[617be2ca0a6fd877]::panicking::panic_handler::{closure#0}, !>
[INFO] [stdout]    9:     0x606df6b9424d - __rustc[ea4f61d10b84890b]::rust_begin_unwind
[INFO] [stdout]   10:     0x606df6bcc44c - core[a373ad73a504971]::panicking::panic_fmt
[INFO] [stdout]   11:     0x606df6bcc222 - core[a373ad73a504971]::result::unwrap_failed
[INFO] [stdout]   12:     0x606df6aee22c - <epanet[b50de3748a5d85e2]::impls::test_utils::fixtures::ph>::default
[INFO] [stdout]   13:     0x606df6af1074 - <epanet[b50de3748a5d85e2]::impls::quality::tests::test_solve_q::{closure#0} as core[a373ad73a504971]::ops::function::FnOnce<()>>::call_once
[INFO] [stdout]   14:     0x606df6b0e1ab - test[aada8e7e76ba119b]::__rust_begin_short_backtrace::<core[a373ad73a504971]::result::Result<(), alloc[2e1b2a31b91974c5]::string::String>, fn() -> core[a373ad73a504971]::result::Result<(), alloc[2e1b2a31b91974c5]::string::String>>
[INFO] [stdout]   15:     0x606df6b1b385 - test[aada8e7e76ba119b]::run_test::{closure#0}
[INFO] [stdout]   16:     0x606df6b14c74 - std[617be2ca0a6fd877]::sys::backtrace::__rust_begin_short_backtrace::<test[aada8e7e76ba119b]::run_test::{closure#1}, ()>
[INFO] [stdout]   17:     0x606df6b1e412 - <std[617be2ca0a6fd877]::thread::lifecycle::spawn_unchecked<test[aada8e7e76ba119b]::run_test::{closure#1}, ()>::{closure#1} as core[a373ad73a504971]::ops::function::FnOnce<()>>::call_once::{shim:vtable#0}
[INFO] [stdout]   18:     0x606df6bb6d0f - <std[617be2ca0a6fd877]::sys::thread::unix::Thread>::new::thread_start
[INFO] [stdout]   19:     0x72c590c2ddfa - <unknown>
[INFO] [stdout]   20:     0x72c590cc13d4 - clone
[INFO] [stdout]   21:                0x0 - <unknown>
[INFO] [stdout] 
[INFO] [stdout] ---- impls::report::tests::test_report_workflow stdout ----
[INFO] [stdout] 
[INFO] [stdout] thread 'impls::report::tests::test_report_workflow' (2089) panicked at src/impls/report.rs:699:22:
[INFO] [stdout] called `Result::unwrap()` on an `Err` value: EPANETError { code: 305, message: "cannot open hydraulics file", context: None }
[INFO] [stdout] stack backtrace:
[INFO] [stdout]    0:     0x606df6bb74b1 - <<std[617be2ca0a6fd877]::sys::backtrace::BacktraceLock>::print::DisplayBacktrace as core[a373ad73a504971]::fmt::Display>::fmt
[INFO] [stdout]    1:     0x606df6bcbcea - core[a373ad73a504971]::fmt::write
[INFO] [stdout]    2:     0x606df6bbb6cc - <alloc[2e1b2a31b91974c5]::vec::Vec<u8> as core[a373ad73a504971]::io::write::Write>::write_fmt
[INFO] [stdout]    3:     0x606df6b93596 - std[617be2ca0a6fd877]::panicking::default_hook::{closure#0}
[INFO] [stdout]    4:     0x606df6bafa69 - std[617be2ca0a6fd877]::panicking::default_hook
[INFO] [stdout]    5:     0x606df6b1ad60 - test[aada8e7e76ba119b]::test_main_inner::{closure#0}
[INFO] [stdout]    6:     0x606df6bafc22 - std[617be2ca0a6fd877]::panicking::panic_with_hook
[INFO] [stdout]    7:     0x606df6b93642 - std[617be2ca0a6fd877]::panicking::panic_handler::{closure#0}
[INFO] [stdout]    8:     0x606df6b8c2a9 - std[617be2ca0a6fd877]::sys::backtrace::__rust_end_short_backtrace::<std[617be2ca0a6fd877]::panicking::panic_handler::{closure#0}, !>
[INFO] [stdout]    9:     0x606df6b9424d - __rustc[ea4f61d10b84890b]::rust_begin_unwind
[INFO] [stdout]   10:     0x606df6bcc44c - core[a373ad73a504971]::panicking::panic_fmt
[INFO] [stdout]   11:     0x606df6bcc222 - core[a373ad73a504971]::result::unwrap_failed
[INFO] [stdout]   12:     0x606df6ae451c - <epanet[b50de3748a5d85e2]::impls::report::tests::test_report_workflow::{closure#0} as core[a373ad73a504971]::ops::function::FnOnce<()>>::call_once
[INFO] [stdout]   13:     0x606df6b0e1ab - test[aada8e7e76ba119b]::__rust_begin_short_backtrace::<core[a373ad73a504971]::result::Result<(), alloc[2e1b2a31b91974c5]::string::String>, fn() -> core[a373ad73a504971]::result::Result<(), alloc[2e1b2a31b91974c5]::string::String>>
[INFO] [stdout]   14:     0x606df6b1b385 - test[aada8e7e76ba119b]::run_test::{closure#0}
[INFO] [stdout]   15:     0x606df6b14c74 - std[617be2ca0a6fd877]::sys::backtrace::__rust_begin_short_backtrace::<test[aada8e7e76ba119b]::run_test::{closure#1}, ()>
[INFO] [stdout]   16:     0x606df6b1e412 - <std[617be2ca0a6fd877]::thread::lifecycle::spawn_unchecked<test[aada8e7e76ba119b]::run_test::{closure#1}, ()>::{closure#1} as core[a373ad73a504971]::ops::function::FnOnce<()>>::call_once::{shim:vtable#0}
[INFO] [stdout]   17:     0x606df6bb6d0f - <std[617be2ca0a6fd877]::sys::thread::unix::Thread>::new::thread_start
[INFO] [stdout]   18:     0x72c590c2ddfa - <unknown>
[INFO] [stdout]   19:     0x72c590cc13d4 - clone
[INFO] [stdout]   20:                0x0 - <unknown>
[INFO] [stdout] 
[INFO] [stdout] ---- impls::report::tests::test_set_report_callback_with_solve stdout ----
[INFO] [stdout] 
[INFO] [stdout] thread 'impls::report::tests::test_set_report_callback_with_solve' (2098) panicked at src/impls/report.rs:927:22:
[INFO] [stdout] called `Result::unwrap()` on an `Err` value: EPANETError { code: 305, message: "cannot open hydraulics file", context: None }
[INFO] [stdout] stack backtrace:
[INFO] [stdout]    0:     0x606df6bb74b1 - <<std[617be2ca0a6fd877]::sys::backtrace::BacktraceLock>::print::DisplayBacktrace as core[a373ad73a504971]::fmt::Display>::fmt
[INFO] [stdout]    1:     0x606df6bcbcea - core[a373ad73a504971]::fmt::write
[INFO] [stdout]    2:     0x606df6bbb6cc - <alloc[2e1b2a31b91974c5]::vec::Vec<u8> as core[a373ad73a504971]::io::write::Write>::write_fmt
[INFO] [stdout]    3:     0x606df6b93596 - std[617be2ca0a6fd877]::panicking::default_hook::{closure#0}
[INFO] [stdout]    4:     0x606df6bafa69 - std[617be2ca0a6fd877]::panicking::default_hook
[INFO] [stdout]    5:     0x606df6b1ad60 - test[aada8e7e76ba119b]::test_main_inner::{closure#0}
[INFO] [stdout]    6:     0x606df6bafc22 - std[617be2ca0a6fd877]::panicking::panic_with_hook
[INFO] [stdout]    7:     0x606df6b93642 - std[617be2ca0a6fd877]::panicking::panic_handler::{closure#0}
[INFO] [stdout]    8:     0x606df6b8c2a9 - std[617be2ca0a6fd877]::sys::backtrace::__rust_end_short_backtrace::<std[617be2ca0a6fd877]::panicking::panic_handler::{closure#0}, !>
[INFO] [stdout]    9:     0x606df6b9424d - __rustc[ea4f61d10b84890b]::rust_begin_unwind
[INFO] [stdout]   10:     0x606df6bcc44c - core[a373ad73a504971]::panicking::panic_fmt
[INFO] [stdout]   11:     0x606df6bcc222 - core[a373ad73a504971]::result::unwrap_failed
[INFO] [stdout]   12:     0x606df6ae7b90 - <epanet[b50de3748a5d85e2]::impls::report::tests::test_set_report_callback_with_solve::{closure#0} as core[a373ad73a504971]::ops::function::FnOnce<()>>::call_once
[INFO] [stdout]   13:     0x606df6b0e1ab - test[aada8e7e76ba119b]::__rust_begin_short_backtrace::<core[a373ad73a504971]::result::Result<(), alloc[2e1b2a31b91974c5]::string::String>, fn() -> core[a373ad73a504971]::result::Result<(), alloc[2e1b2a31b91974c5]::string::String>>
[INFO] [stdout]   14:     0x606df6b1b385 - test[aada8e7e76ba119b]::run_test::{closure#0}
[INFO] [stdout]   15:     0x606df6b14c74 - std[617be2ca0a6fd877]::sys::backtrace::__rust_begin_short_backtrace::<test[aada8e7e76ba119b]::run_test::{closure#1}, ()>
[INFO] [stdout]   16:     0x606df6b1e412 - <std[617be2ca0a6fd877]::thread::lifecycle::spawn_unchecked<test[aada8e7e76ba119b]::run_test::{closure#1}, ()>::{closure#1} as core[a373ad73a504971]::ops::function::FnOnce<()>>::call_once::{shim:vtable#0}
[INFO] [stdout]   17:     0x606df6bb6d0f - <std[617be2ca0a6fd877]::sys::thread::unix::Thread>::new::thread_start
[INFO] [stdout]   18:     0x72c590c2ddfa - <unknown>
[INFO] [stdout]   19:     0x72c590cc13d4 - clone
[INFO] [stdout]   20:                0x0 - <unknown>
[INFO] [stdout] 
[INFO] [stdout] ---- impls::report::tests::test_get_statistic_after_solve stdout ----
[INFO] [stdout] 
[INFO] [stdout] thread 'impls::report::tests::test_get_statistic_after_solve' (2086) panicked at src/impls/report.rs:672:22:
[INFO] [stdout] called `Result::unwrap()` on an `Err` value: EPANETError { code: 305, message: "cannot open hydraulics file", context: None }
[INFO] [stdout] stack backtrace:
[INFO] [stdout]    0:     0x606df6bb74b1 - <<std[617be2ca0a6fd877]::sys::backtrace::BacktraceLock>::print::DisplayBacktrace as core[a373ad73a504971]::fmt::Display>::fmt
[INFO] [stdout]    1:     0x606df6bcbcea - core[a373ad73a504971]::fmt::write
[INFO] [stdout]    2:     0x606df6bbb6cc - <alloc[2e1b2a31b91974c5]::vec::Vec<u8> as core[a373ad73a504971]::io::write::Write>::write_fmt
[INFO] [stdout]    3:     0x606df6b93596 - std[617be2ca0a6fd877]::panicking::default_hook::{closure#0}
[INFO] [stdout]    4:     0x606df6bafa69 - std[617be2ca0a6fd877]::panicking::default_hook
[INFO] [stdout]    5:     0x606df6b1ad60 - test[aada8e7e76ba119b]::test_main_inner::{closure#0}
[INFO] [stdout]    6:     0x606df6bafc22 - std[617be2ca0a6fd877]::panicking::panic_with_hook
[INFO] [stdout]    7:     0x606df6b93642 - std[617be2ca0a6fd877]::panicking::panic_handler::{closure#0}
[INFO] [stdout]    8:     0x606df6b8c2a9 - std[617be2ca0a6fd877]::sys::backtrace::__rust_end_short_backtrace::<std[617be2ca0a6fd877]::panicking::panic_handler::{closure#0}, !>
[INFO] [stdout]    9:     0x606df6b9424d - __rustc[ea4f61d10b84890b]::rust_begin_unwind
[INFO] [stdout]   10:     0x606df6bcc44c - core[a373ad73a504971]::panicking::panic_fmt
[INFO] [stdout]   11:     0x606df6bcc222 - core[a373ad73a504971]::result::unwrap_failed
[INFO] [stdout]   12:     0x606df6ae5355 - <epanet[b50de3748a5d85e2]::impls::report::tests::test_get_statistic_after_solve::{closure#0} as core[a373ad73a504971]::ops::function::FnOnce<()>>::call_once
[INFO] [stdout]   13:     0x606df6b0e1ab - test[aada8e7e76ba119b]::__rust_begin_short_backtrace::<core[a373ad73a504971]::result::Result<(), alloc[2e1b2a31b91974c5]::string::String>, fn() -> core[a373ad73a504971]::result::Result<(), alloc[2e1b2a31b91974c5]::string::String>>
[INFO] [stdout]   14:     0x606df6b1b385 - test[aada8e7e76ba119b]::run_test::{closure#0}
[INFO] [stdout]   15:     0x606df6b14c74 - std[617be2ca0a6fd877]::sys::backtrace::__rust_begin_short_backtrace::<test[aada8e7e76ba119b]::run_test::{closure#1}, ()>
[INFO] [stdout]   16:     0x606df6b1e412 - <std[617be2ca0a6fd877]::thread::lifecycle::spawn_unchecked<test[aada8e7e76ba119b]::run_test::{closure#1}, ()>::{closure#1} as core[a373ad73a504971]::ops::function::FnOnce<()>>::call_once::{shim:vtable#0}
[INFO] [stdout]   17:     0x606df6bb6d0f - <std[617be2ca0a6fd877]::sys::thread::unix::Thread>::new::thread_start
[INFO] [stdout]   18:     0x72c590c2ddfa - <unknown>
[INFO] [stdout]   19:     0x72c590cc13d4 - clone
[INFO] [stdout]   20:                0x0 - <unknown>
[INFO] [stdout] 
[INFO] [stdout] ---- types::analysis::tests::test_close_h_then_quality stdout ----
[INFO] [stdout] 
[INFO] [stdout] thread 'types::analysis::tests::test_close_h_then_quality' (2117) panicked at src/types/analysis.rs:916:14:
[INFO] [stdout] Failed to init hydraulics: EPANETError { code: 305, message: "cannot open hydraulics file", context: None }
[INFO] [stdout] stack backtrace:
[INFO] [stdout]    0:     0x606df6bb74b1 - <<std[617be2ca0a6fd877]::sys::backtrace::BacktraceLock>::print::DisplayBacktrace as core[a373ad73a504971]::fmt::Display>::fmt
[INFO] [stdout]    1:     0x606df6bcbcea - core[a373ad73a504971]::fmt::write
[INFO] [stdout]    2:     0x606df6bbb6cc - <alloc[2e1b2a31b91974c5]::vec::Vec<u8> as core[a373ad73a504971]::io::write::Write>::write_fmt
[INFO] [stdout]    3:     0x606df6b93596 - std[617be2ca0a6fd877]::panicking::default_hook::{closure#0}
[INFO] [stdout]    4:     0x606df6bafa69 - std[617be2ca0a6fd877]::panicking::default_hook
[INFO] [stdout]    5:     0x606df6b1ad60 - test[aada8e7e76ba119b]::test_main_inner::{closure#0}
[INFO] [stdout]    6:     0x606df6bafc22 - std[617be2ca0a6fd877]::panicking::panic_with_hook
[INFO] [stdout]    7:     0x606df6b93642 - std[617be2ca0a6fd877]::panicking::panic_handler::{closure#0}
[INFO] [stdout]    8:     0x606df6b8c2a9 - std[617be2ca0a6fd877]::sys::backtrace::__rust_end_short_backtrace::<std[617be2ca0a6fd877]::panicking::panic_handler::{closure#0}, !>
[INFO] [stdout]    9:     0x606df6b9424d - __rustc[ea4f61d10b84890b]::rust_begin_unwind
[INFO] [stdout]   10:     0x606df6bcc44c - core[a373ad73a504971]::panicking::panic_fmt
[INFO] [stdout]   11:     0x606df6bcc222 - core[a373ad73a504971]::result::unwrap_failed
[INFO] [stdout]   12:     0x606df6af2bea - <epanet[b50de3748a5d85e2]::types::analysis::tests::test_close_h_then_quality::{closure#0} as core[a373ad73a504971]::ops::function::FnOnce<()>>::call_once
[INFO] [stdout]   13:     0x606df6b0e1ab - test[aada8e7e76ba119b]::__rust_begin_short_backtrace::<core[a373ad73a504971]::result::Result<(), alloc[2e1b2a31b91974c5]::string::String>, fn() -> core[a373ad73a504971]::result::Result<(), alloc[2e1b2a31b91974c5]::string::String>>
[INFO] [stdout]   14:     0x606df6b1b385 - test[aada8e7e76ba119b]::run_test::{closure#0}
[INFO] [stderr] error: test failed, to rerun pass `--lib`
[INFO] [stdout]   15:     0x606df6b14c74 - std[617be2ca0a6fd877]::sys::backtrace::__rust_begin_short_backtrace::<test[aada8e7e76ba119b]::run_test::{closure#1}, ()>
[INFO] [stdout]   16:     0x606df6b1e412 - <std[617be2ca0a6fd877]::thread::lifecycle::spawn_unchecked<test[aada8e7e76ba119b]::run_test::{closure#1}, ()>::{closure#1} as core[a373ad73a504971]::ops::function::FnOnce<()>>::call_once::{shim:vtable#0}
[INFO] [stdout]   17:     0x606df6bb6d0f - <std[617be2ca0a6fd877]::sys::thread::unix::Thread>::new::thread_start
[INFO] [stdout]   18:     0x72c590c2ddfa - <unknown>
[INFO] [stdout]   19:     0x72c590cc13d4 - clone
[INFO] [stdout]   20:                0x0 - <unknown>
[INFO] [stdout] 
[INFO] [stdout] ---- types::analysis::tests::test_quality_solver_next stdout ----
[INFO] [stdout] 
[INFO] [stdout] thread 'types::analysis::tests::test_quality_solver_next' (2123) panicked at src/types/analysis.rs:795:14:
[INFO] [stdout] Failed to solve hydraulics: EPANETError { code: 305, message: "cannot open hydraulics file", context: None }
[INFO] [stdout] stack backtrace:
[INFO] [stdout]    0:     0x606df6bb74b1 - <<std[617be2ca0a6fd877]::sys::backtrace::BacktraceLock>::print::DisplayBacktrace as core[a373ad73a504971]::fmt::Display>::fmt
[INFO] [stdout]    1:     0x606df6bcbcea - core[a373ad73a504971]::fmt::write
[INFO] [stdout]    2:     0x606df6bbb6cc - <alloc[2e1b2a31b91974c5]::vec::Vec<u8> as core[a373ad73a504971]::io::write::Write>::write_fmt
[INFO] [stdout]    3:     0x606df6b93596 - std[617be2ca0a6fd877]::panicking::default_hook::{closure#0}
[INFO] [stdout]    4:     0x606df6bafa69 - std[617be2ca0a6fd877]::panicking::default_hook
[INFO] [stdout]    5:     0x606df6b1ad60 - test[aada8e7e76ba119b]::test_main_inner::{closure#0}
[INFO] [stdout]    6:     0x606df6bafc22 - std[617be2ca0a6fd877]::panicking::panic_with_hook
[INFO] [stdout]    7:     0x606df6b93642 - std[617be2ca0a6fd877]::panicking::panic_handler::{closure#0}
[INFO] [stdout]    8:     0x606df6b8c2a9 - std[617be2ca0a6fd877]::sys::backtrace::__rust_end_short_backtrace::<std[617be2ca0a6fd877]::panicking::panic_handler::{closure#0}, !>
[INFO] [stdout]    9:     0x606df6b9424d - __rustc[ea4f61d10b84890b]::rust_begin_unwind
[INFO] [stdout]   10:     0x606df6bcc44c - core[a373ad73a504971]::panicking::panic_fmt
[INFO] [stdout]   11:     0x606df6bcc222 - core[a373ad73a504971]::result::unwrap_failed
[INFO] [stdout]   12:     0x606df6af2712 - <epanet[b50de3748a5d85e2]::types::analysis::tests::test_quality_solver_next::{closure#0} as core[a373ad73a504971]::ops::function::FnOnce<()>>::call_once
[INFO] [stdout]   13:     0x606df6b0e1ab - test[aada8e7e76ba119b]::__rust_begin_short_backtrace::<core[a373ad73a504971]::result::Result<(), alloc[2e1b2a31b91974c5]::string::String>, fn() -> core[a373ad73a504971]::result::Result<(), alloc[2e1b2a31b91974c5]::string::String>>
[INFO] [stdout]   14:     0x606df6b1b385 - test[aada8e7e76ba119b]::run_test::{closure#0}
[INFO] [stdout]   15:     0x606df6b14c74 - std[617be2ca0a6fd877]::sys::backtrace::__rust_begin_short_backtrace::<test[aada8e7e76ba119b]::run_test::{closure#1}, ()>
[INFO] [stdout]   16:     0x606df6b1e412 - <std[617be2ca0a6fd877]::thread::lifecycle::spawn_unchecked<test[aada8e7e76ba119b]::run_test::{closure#1}, ()>::{closure#1} as core[a373ad73a504971]::ops::function::FnOnce<()>>::call_once::{shim:vtable#0}
[INFO] [stdout]   17:     0x606df6bb6d0f - <std[617be2ca0a6fd877]::sys::thread::unix::Thread>::new::thread_start
[INFO] [stdout]   18:     0x72c590c2ddfa - <unknown>
[INFO] [stdout]   19:     0x72c590cc13d4 - clone
[INFO] [stdout]   20:                0x0 - <unknown>
[INFO] [stdout] 
[INFO] [stdout] ---- types::analysis::tests::test_quality_solver_one_shot stdout ----
[INFO] [stdout] 
[INFO] [stdout] thread 'types::analysis::tests::test_quality_solver_one_shot' (2124) panicked at src/types/analysis.rs:749:41:
[INFO] [stdout] Failed to solve hydraulics: EPANETError { code: 305, message: "cannot open hydraulics file", context: None }
[INFO] [stdout] stack backtrace:
[INFO] [stdout]    0:     0x606df6bb74b1 - <<std[617be2ca0a6fd877]::sys::backtrace::BacktraceLock>::print::DisplayBacktrace as core[a373ad73a504971]::fmt::Display>::fmt
[INFO] [stdout]    1:     0x606df6bcbcea - core[a373ad73a504971]::fmt::write
[INFO] [stdout]    2:     0x606df6bbb6cc - <alloc[2e1b2a31b91974c5]::vec::Vec<u8> as core[a373ad73a504971]::io::write::Write>::write_fmt
[INFO] [stdout]    3:     0x606df6b93596 - std[617be2ca0a6fd877]::panicking::default_hook::{closure#0}
[INFO] [stdout]    4:     0x606df6bafa69 - std[617be2ca0a6fd877]::panicking::default_hook
[INFO] [stdout]    5:     0x606df6b1ad60 - test[aada8e7e76ba119b]::test_main_inner::{closure#0}
[INFO] [stdout]    6:     0x606df6bafc22 - std[617be2ca0a6fd877]::panicking::panic_with_hook
[INFO] [stdout]    7:     0x606df6b93642 - std[617be2ca0a6fd877]::panicking::panic_handler::{closure#0}
[INFO] [stdout]    8:     0x606df6b8c2a9 - std[617be2ca0a6fd877]::sys::backtrace::__rust_end_short_backtrace::<std[617be2ca0a6fd877]::panicking::panic_handler::{closure#0}, !>
[INFO] [stdout]    9:     0x606df6b9424d - __rustc[ea4f61d10b84890b]::rust_begin_unwind
[INFO] [stdout]   10:     0x606df6bcc44c - core[a373ad73a504971]::panicking::panic_fmt
[INFO] [stdout]   11:     0x606df6bcc222 - core[a373ad73a504971]::result::unwrap_failed
[INFO] [stdout]   12:     0x606df6af30a7 - <epanet[b50de3748a5d85e2]::types::analysis::tests::test_quality_solver_one_shot::{closure#0} as core[a373ad73a504971]::ops::function::FnOnce<()>>::call_once
[INFO] [stdout]   13:     0x606df6b0e1ab - test[aada8e7e76ba119b]::__rust_begin_short_backtrace::<core[a373ad73a504971]::result::Result<(), alloc[2e1b2a31b91974c5]::string::String>, fn() -> core[a373ad73a504971]::result::Result<(), alloc[2e1b2a31b91974c5]::string::String>>
[INFO] [stdout]   14:     0x606df6b1b385 - test[aada8e7e76ba119b]::run_test::{closure#0}
[INFO] [stdout]   15:     0x606df6b14c74 - std[617be2ca0a6fd877]::sys::backtrace::__rust_begin_short_backtrace::<test[aada8e7e76ba119b]::run_test::{closure#1}, ()>
[INFO] [stdout]   16:     0x606df6b1e412 - <std[617be2ca0a6fd877]::thread::lifecycle::spawn_unchecked<test[aada8e7e76ba119b]::run_test::{closure#1}, ()>::{closure#1} as core[a373ad73a504971]::ops::function::FnOnce<()>>::call_once::{shim:vtable#0}
[INFO] [stdout]   17:     0x606df6bb6d0f - <std[617be2ca0a6fd877]::sys::thread::unix::Thread>::new::thread_start
[INFO] [stdout]   18:     0x72c590c2ddfa - <unknown>
[INFO] [stdout]   19:     0x72c590cc13d4 - clone
[INFO] [stdout]   20:                0x0 - <unknown>
[INFO] [stdout] 
[INFO] [stdout] ---- types::analysis::tests::test_hydraulic_solver_step_by_step stdout ----
[INFO] [stdout] 
[INFO] [stdout] thread 'types::analysis::tests::test_hydraulic_solver_step_by_step' (2121) panicked at src/types/analysis.rs:704:14:
[INFO] [stdout] Failed to init hydraulics: EPANETError { code: 305, message: "cannot open hydraulics file", context: None }
[INFO] [stdout] stack backtrace:
[INFO] [stdout]    0:     0x606df6bb74b1 - <<std[617be2ca0a6fd877]::sys::backtrace::BacktraceLock>::print::DisplayBacktrace as core[a373ad73a504971]::fmt::Display>::fmt
[INFO] [stdout]    1:     0x606df6bcbcea - core[a373ad73a504971]::fmt::write
[INFO] [stdout]    2:     0x606df6bbb6cc - <alloc[2e1b2a31b91974c5]::vec::Vec<u8> as core[a373ad73a504971]::io::write::Write>::write_fmt
[INFO] [stdout]    3:     0x606df6b93596 - std[617be2ca0a6fd877]::panicking::default_hook::{closure#0}
[INFO] [stdout]    4:     0x606df6bafa69 - std[617be2ca0a6fd877]::panicking::default_hook
[INFO] [stdout]    5:     0x606df6b1ad60 - test[aada8e7e76ba119b]::test_main_inner::{closure#0}
[INFO] [stdout]    6:     0x606df6bafc22 - std[617be2ca0a6fd877]::panicking::panic_with_hook
[INFO] [stdout]    7:     0x606df6b93642 - std[617be2ca0a6fd877]::panicking::panic_handler::{closure#0}
[INFO] [stdout]    8:     0x606df6b8c2a9 - std[617be2ca0a6fd877]::sys::backtrace::__rust_end_short_backtrace::<std[617be2ca0a6fd877]::panicking::panic_handler::{closure#0}, !>
[INFO] [stdout]    9:     0x606df6b9424d - __rustc[ea4f61d10b84890b]::rust_begin_unwind
[INFO] [stdout]   10:     0x606df6bcc44c - core[a373ad73a504971]::panicking::panic_fmt
[INFO] [stdout]   11:     0x606df6bcc222 - core[a373ad73a504971]::result::unwrap_failed
[INFO] [stdout]   12:     0x606df6af3c50 - <epanet[b50de3748a5d85e2]::types::analysis::tests::test_hydraulic_solver_step_by_step::{closure#0} as core[a373ad73a504971]::ops::function::FnOnce<()>>::call_once
[INFO] [stdout]   13:     0x606df6b0e1ab - test[aada8e7e76ba119b]::__rust_begin_short_backtrace::<core[a373ad73a504971]::result::Result<(), alloc[2e1b2a31b91974c5]::string::String>, fn() -> core[a373ad73a504971]::result::Result<(), alloc[2e1b2a31b91974c5]::string::String>>
[INFO] [stdout]   14:     0x606df6b1b385 - test[aada8e7e76ba119b]::run_test::{closure#0}
[INFO] [stdout]   15:     0x606df6b14c74 - std[617be2ca0a6fd877]::sys::backtrace::__rust_begin_short_backtrace::<test[aada8e7e76ba119b]::run_test::{closure#1}, ()>
[INFO] [stdout]   16:     0x606df6b1e412 - <std[617be2ca0a6fd877]::thread::lifecycle::spawn_unchecked<test[aada8e7e76ba119b]::run_test::{closure#1}, ()>::{closure#1} as core[a373ad73a504971]::ops::function::FnOnce<()>>::call_once::{shim:vtable#0}
[INFO] [stdout]   17:     0x606df6bb6d0f - <std[617be2ca0a6fd877]::sys::thread::unix::Thread>::new::thread_start
[INFO] [stdout]   18:     0x72c590c2ddfa - <unknown>
[INFO] [stdout]   19:     0x72c590cc13d4 - clone
[INFO] [stdout]   20:                0x0 - <unknown>
[INFO] [stdout] 
[INFO] [stdout] ---- types::analysis::tests::test_use_hyd_file stdout ----
[INFO] [stdout] 
[INFO] [stdout] thread 'types::analysis::tests::test_use_hyd_file' (2127) panicked at src/types/analysis.rs:893:45:
[INFO] [stdout] Failed to solve hydraulics: EPANETError { code: 305, message: "cannot open hydraulics file", context: None }
[INFO] [stdout] stack backtrace:
[INFO] [stdout]    0:     0x606df6bb74b1 - <<std[617be2ca0a6fd877]::sys::backtrace::BacktraceLock>::print::DisplayBacktrace as core[a373ad73a504971]::fmt::Display>::fmt
[INFO] [stdout]    1:     0x606df6bcbcea - core[a373ad73a504971]::fmt::write
[INFO] [stdout]    2:     0x606df6bbb6cc - <alloc[2e1b2a31b91974c5]::vec::Vec<u8> as core[a373ad73a504971]::io::write::Write>::write_fmt
[INFO] [stdout]    3:     0x606df6b93596 - std[617be2ca0a6fd877]::panicking::default_hook::{closure#0}
[INFO] [stdout]    4:     0x606df6bafa69 - std[617be2ca0a6fd877]::panicking::default_hook
[INFO] [stdout]    5:     0x606df6b1ad60 - test[aada8e7e76ba119b]::test_main_inner::{closure#0}
[INFO] [stdout]    6:     0x606df6bafc22 - std[617be2ca0a6fd877]::panicking::panic_with_hook
[INFO] [stdout]    7:     0x606df6b93642 - std[617be2ca0a6fd877]::panicking::panic_handler::{closure#0}
[INFO] [stdout]    8:     0x606df6b8c2a9 - std[617be2ca0a6fd877]::sys::backtrace::__rust_end_short_backtrace::<std[617be2ca0a6fd877]::panicking::panic_handler::{closure#0}, !>
[INFO] [stdout]    9:     0x606df6b9424d - __rustc[ea4f61d10b84890b]::rust_begin_unwind
[INFO] [stdout]   10:     0x606df6bcc44c - core[a373ad73a504971]::panicking::panic_fmt
[INFO] [stdout]   11:     0x606df6bcc222 - core[a373ad73a504971]::result::unwrap_failed
[INFO] [stdout]   12:     0x606df6af1f0e - <epanet[b50de3748a5d85e2]::types::analysis::tests::test_use_hyd_file::{closure#0} as core[a373ad73a504971]::ops::function::FnOnce<()>>::call_once
[INFO] [stdout]   13:     0x606df6b0e1ab - test[aada8e7e76ba119b]::__rust_begin_short_backtrace::<core[a373ad73a504971]::result::Result<(), alloc[2e1b2a31b91974c5]::string::String>, fn() -> core[a373ad73a504971]::result::Result<(), alloc[2e1b2a31b91974c5]::string::String>>
[INFO] [stdout]   14:     0x606df6b1b385 - test[aada8e7e76ba119b]::run_test::{closure#0}
[INFO] [stdout]   15:     0x606df6b14c74 - std[617be2ca0a6fd877]::sys::backtrace::__rust_begin_short_backtrace::<test[aada8e7e76ba119b]::run_test::{closure#1}, ()>
[INFO] [stdout]   16:     0x606df6b1e412 - <std[617be2ca0a6fd877]::thread::lifecycle::spawn_unchecked<test[aada8e7e76ba119b]::run_test::{closure#1}, ()>::{closure#1} as core[a373ad73a504971]::ops::function::FnOnce<()>>::call_once::{shim:vtable#0}
[INFO] [stdout]   17:     0x606df6bb6d0f - <std[617be2ca0a6fd877]::sys::thread::unix::Thread>::new::thread_start
[INFO] [stdout]   18:     0x72c590c2ddfa - <unknown>
[INFO] [stdout]   19:     0x72c590cc13d4 - clone
[INFO] [stdout]   20:                0x0 - <unknown>
[INFO] [stdout] 
[INFO] [stdout] ---- types::analysis::tests::test_quality_solver_step_by_step stdout ----
[INFO] [stdout] 
[INFO] [stdout] thread 'types::analysis::tests::test_quality_solver_step_by_step' (2125) panicked at src/types/analysis.rs:759:14:
[INFO] [stdout] Failed to solve hydraulics: EPANETError { code: 305, message: "cannot open hydraulics file", context: None }
[INFO] [stdout] stack backtrace:
[INFO] [stdout]    0:     0x606df6bb74b1 - <<std[617be2ca0a6fd877]::sys::backtrace::BacktraceLock>::print::DisplayBacktrace as core[a373ad73a504971]::fmt::Display>::fmt
[INFO] [stdout]    1:     0x606df6bcbcea - core[a373ad73a504971]::fmt::write
[INFO] [stdout]    2:     0x606df6bbb6cc - <alloc[2e1b2a31b91974c5]::vec::Vec<u8> as core[a373ad73a504971]::io::write::Write>::write_fmt
[INFO] [stdout]    3:     0x606df6b93596 - std[617be2ca0a6fd877]::panicking::default_hook::{closure#0}
[INFO] [stdout]    4:     0x606df6bafa69 - std[617be2ca0a6fd877]::panicking::default_hook
[INFO] [stdout]    5:     0x606df6b1ad60 - test[aada8e7e76ba119b]::test_main_inner::{closure#0}
[INFO] [stdout]    6:     0x606df6bafc22 - std[617be2ca0a6fd877]::panicking::panic_with_hook
[INFO] [stdout]    7:     0x606df6b93642 - std[617be2ca0a6fd877]::panicking::panic_handler::{closure#0}
[INFO] [stdout]    8:     0x606df6b8c2a9 - std[617be2ca0a6fd877]::sys::backtrace::__rust_end_short_backtrace::<std[617be2ca0a6fd877]::panicking::panic_handler::{closure#0}, !>
[INFO] [stdout]    9:     0x606df6b9424d - __rustc[ea4f61d10b84890b]::rust_begin_unwind
[INFO] [stdout]   10:     0x606df6bcc44c - core[a373ad73a504971]::panicking::panic_fmt
[INFO] [stdout]   11:     0x606df6bcc222 - core[a373ad73a504971]::result::unwrap_failed
[INFO] [stdout]   12:     0x606df6af376c - <epanet[b50de3748a5d85e2]::types::analysis::tests::test_quality_solver_step_by_step::{closure#0} as core[a373ad73a504971]::ops::function::FnOnce<()>>::call_once
[INFO] [stdout]   13:     0x606df6b0e1ab - test[aada8e7e76ba119b]::__rust_begin_short_backtrace::<core[a373ad73a504971]::result::Result<(), alloc[2e1b2a31b91974c5]::string::String>, fn() -> core[a373ad73a504971]::result::Result<(), alloc[2e1b2a31b91974c5]::string::String>>
[INFO] [stdout]   14:     0x606df6b1b385 - test[aada8e7e76ba119b]::run_test::{closure#0}
[INFO] [stdout]   15:     0x606df6b14c74 - std[617be2ca0a6fd877]::sys::backtrace::__rust_begin_short_backtrace::<test[aada8e7e76ba119b]::run_test::{closure#1}, ()>
[INFO] [stdout]   16:     0x606df6b1e412 - <std[617be2ca0a6fd877]::thread::lifecycle::spawn_unchecked<test[aada8e7e76ba119b]::run_test::{closure#1}, ()>::{closure#1} as core[a373ad73a504971]::ops::function::FnOnce<()>>::call_once::{shim:vtable#0}
[INFO] [stdout]   17:     0x606df6bb6d0f - <std[617be2ca0a6fd877]::sys::thread::unix::Thread>::new::thread_start
[INFO] [stdout]   18:     0x72c590c2ddfa - <unknown>
[INFO] [stdout]   19:     0x72c590cc13d4 - clone
[INFO] [stdout]   20:                0x0 - <unknown>
[INFO] [stdout] 
[INFO] [stdout] ---- types::analysis::tests::test_hydraulic_solver_one_shot stdout ----
[INFO] [stdout] 
[INFO] [stdout] thread 'types::analysis::tests::test_hydraulic_solver_one_shot' (2120) panicked at src/types/analysis.rs:695:44:
[INFO] [stdout] Failed to solve hydraulics: EPANETError { code: 305, message: "cannot open hydraulics file", context: None }
[INFO] [stdout] stack backtrace:
[INFO] [stdout]    0:     0x606df6bb74b1 - <<std[617be2ca0a6fd877]::sys::backtrace::BacktraceLock>::print::DisplayBacktrace as core[a373ad73a504971]::fmt::Display>::fmt
[INFO] [stdout]    1:     0x606df6bcbcea - core[a373ad73a504971]::fmt::write
[INFO] [stdout]    2:     0x606df6bbb6cc - <alloc[2e1b2a31b91974c5]::vec::Vec<u8> as core[a373ad73a504971]::io::write::Write>::write_fmt
[INFO] [stdout]    3:     0x606df6b93596 - std[617be2ca0a6fd877]::panicking::default_hook::{closure#0}
[INFO] [stdout]    4:     0x606df6bafa69 - std[617be2ca0a6fd877]::panicking::default_hook
[INFO] [stdout]    5:     0x606df6b1ad60 - test[aada8e7e76ba119b]::test_main_inner::{closure#0}
[INFO] [stdout]    6:     0x606df6bafc22 - std[617be2ca0a6fd877]::panicking::panic_with_hook
[INFO] [stdout]    7:     0x606df6b93642 - std[617be2ca0a6fd877]::panicking::panic_handler::{closure#0}
[INFO] [stdout]    8:     0x606df6b8c2a9 - std[617be2ca0a6fd877]::sys::backtrace::__rust_end_short_backtrace::<std[617be2ca0a6fd877]::panicking::panic_handler::{closure#0}, !>
[INFO] [stdout]    9:     0x606df6b9424d - __rustc[ea4f61d10b84890b]::rust_begin_unwind
[INFO] [stdout]   10:     0x606df6bcc44c - core[a373ad73a504971]::panicking::panic_fmt
[INFO] [stdout]   11:     0x606df6bcc222 - core[a373ad73a504971]::result::unwrap_failed
[INFO] [stdout]   12:     0x606df6af3280 - <epanet[b50de3748a5d85e2]::types::analysis::tests::test_hydraulic_solver_one_shot::{closure#0} as core[a373ad73a504971]::ops::function::FnOnce<()>>::call_once
[INFO] [stdout]   13:     0x606df6b0e1ab - test[aada8e7e76ba119b]::__rust_begin_short_backtrace::<core[a373ad73a504971]::result::Result<(), alloc[2e1b2a31b91974c5]::string::String>, fn() -> core[a373ad73a504971]::result::Result<(), alloc[2e1b2a31b91974c5]::string::String>>
[INFO] [stdout]   14:     0x606df6b1b385 - test[aada8e7e76ba119b]::run_test::{closure#0}
[INFO] [stdout]   15:     0x606df6b14c74 - std[617be2ca0a6fd877]::sys::backtrace::__rust_begin_short_backtrace::<test[aada8e7e76ba119b]::run_test::{closure#1}, ()>
[INFO] [stdout]   16:     0x606df6b1e412 - <std[617be2ca0a6fd877]::thread::lifecycle::spawn_unchecked<test[aada8e7e76ba119b]::run_test::{closure#1}, ()>::{closure#1} as core[a373ad73a504971]::ops::function::FnOnce<()>>::call_once::{shim:vtable#0}
[INFO] [stdout]   17:     0x606df6bb6d0f - <std[617be2ca0a6fd877]::sys::thread::unix::Thread>::new::thread_start
[INFO] [stdout]   18:     0x72c590c2ddfa - <unknown>
[INFO] [stdout]   19:     0x72c590cc13d4 - clone
[INFO] [stdout]   20:                0x0 - <unknown>
[INFO] [stdout] 
[INFO] [stdout] ---- types::analysis::tests::test_quality_solver_drop_safety stdout ----
[INFO] [stdout] 
[INFO] [stdout] thread 'types::analysis::tests::test_quality_solver_drop_safety' (2122) panicked at src/types/analysis.rs:827:14:
[INFO] [stdout] Failed to solve hydraulics: EPANETError { code: 305, message: "cannot open hydraulics file", context: None }
[INFO] [stdout] stack backtrace:
[INFO] [stdout]    0:     0x606df6bb74b1 - <<std[617be2ca0a6fd877]::sys::backtrace::BacktraceLock>::print::DisplayBacktrace as core[a373ad73a504971]::fmt::Display>::fmt
[INFO] [stdout]    1:     0x606df6bcbcea - core[a373ad73a504971]::fmt::write
[INFO] [stdout]    2:     0x606df6bbb6cc - <alloc[2e1b2a31b91974c5]::vec::Vec<u8> as core[a373ad73a504971]::io::write::Write>::write_fmt
[INFO] [stdout]    3:     0x606df6b93596 - std[617be2ca0a6fd877]::panicking::default_hook::{closure#0}
[INFO] [stdout]    4:     0x606df6bafa69 - std[617be2ca0a6fd877]::panicking::default_hook
[INFO] [stdout]    5:     0x606df6b1ad60 - test[aada8e7e76ba119b]::test_main_inner::{closure#0}
[INFO] [stdout]    6:     0x606df6bafc22 - std[617be2ca0a6fd877]::panicking::panic_with_hook
[INFO] [stdout]    7:     0x606df6b93642 - std[617be2ca0a6fd877]::panicking::panic_handler::{closure#0}
[INFO] [stdout]    8:     0x606df6b8c2a9 - std[617be2ca0a6fd877]::sys::backtrace::__rust_end_short_backtrace::<std[617be2ca0a6fd877]::panicking::panic_handler::{closure#0}, !>
[INFO] [stdout]    9:     0x606df6b9424d - __rustc[ea4f61d10b84890b]::rust_begin_unwind
[INFO] [stdout]   10:     0x606df6bcc44c - core[a373ad73a504971]::panicking::panic_fmt
[INFO] [stdout]   11:     0x606df6bcc222 - core[a373ad73a504971]::result::unwrap_failed
[INFO] [stdout]   12:     0x606df6af342c - <epanet[b50de3748a5d85e2]::types::analysis::tests::test_quality_solver_drop_safety::{closure#0} as core[a373ad73a504971]::ops::function::FnOnce<()>>::call_once
[INFO] [stdout]   13:     0x606df6b0e1ab - test[aada8e7e76ba119b]::__rust_begin_short_backtrace::<core[a373ad73a504971]::result::Result<(), alloc[2e1b2a31b91974c5]::string::String>, fn() -> core[a373ad73a504971]::result::Result<(), alloc[2e1b2a31b91974c5]::string::String>>
[INFO] [stdout]   14:     0x606df6b1b385 - test[aada8e7e76ba119b]::run_test::{closure#0}
[INFO] [stdout]   15:     0x606df6b14c74 - std[617be2ca0a6fd877]::sys::backtrace::__rust_begin_short_backtrace::<test[aada8e7e76ba119b]::run_test::{closure#1}, ()>
[INFO] [stdout]   16:     0x606df6b1e412 - <std[617be2ca0a6fd877]::thread::lifecycle::spawn_unchecked<test[aada8e7e76ba119b]::run_test::{closure#1}, ()>::{closure#1} as core[a373ad73a504971]::ops::function::FnOnce<()>>::call_once::{shim:vtable#0}
[INFO] [stdout]   17:     0x606df6bb6d0f - <std[617be2ca0a6fd877]::sys::thread::unix::Thread>::new::thread_start
[INFO] [stdout]   18:     0x72c590c2ddfa - <unknown>
[INFO] [stdout]   19:     0x72c590cc13d4 - clone
[INFO] [stdout]   20:                0x0 - <unknown>
[INFO] [stdout] 
[INFO] [stdout] 
[INFO] [stdout] failures:
[INFO] [stdout]     impls::demand::tests::test_multiple_demands_on_node
[INFO] [stdout]     impls::hydraulic::tests::test_hydraulics_save
[INFO] [stdout]     impls::hydraulic::tests::test_hydraulics_save_file
[INFO] [stdout]     impls::hydraulic::tests::test_solve_h
[INFO] [stdout]     impls::node::tests::node_junction_properties_after_step
[INFO] [stdout]     impls::options::tests::test_get_options
[INFO] [stdout]     impls::options::tests::test_get_time_param
[INFO] [stdout]     impls::project::tests::test_run_project
[INFO] [stdout]     impls::project::tests::test_run_project_with_callback
[INFO] [stdout]     impls::project::tests::test_save_inp_file
[INFO] [stdout]     impls::quality::tests::test_solve_q
[INFO] [stdout]     impls::quality::tests::test_solve_q_step
[INFO] [stdout]     impls::report::tests::test_get_statistic_after_solve
[INFO] [stdout]     impls::report::tests::test_report_workflow
[INFO] [stdout]     impls::report::tests::test_set_report_callback_with_solve
[INFO] [stdout]     types::analysis::tests::test_close_h_then_quality
[INFO] [stdout]     types::analysis::tests::test_hydraulic_solver_one_shot
[INFO] [stdout]     types::analysis::tests::test_hydraulic_solver_step_by_step
[INFO] [stdout]     types::analysis::tests::test_quality_solver_drop_safety
[INFO] [stdout]     types::analysis::tests::test_quality_solver_next
[INFO] [stdout]     types::analysis::tests::test_quality_solver_one_shot
[INFO] [stdout]     types::analysis::tests::test_quality_solver_step_by_step
[INFO] [stdout]     types::analysis::tests::test_use_hyd_file
[INFO] [stdout] 
[INFO] [stdout] test result: FAILED. 104 passed; 23 failed; 0 ignored; 0 measured; 0 filtered out; finished in 0.25s
[INFO] [stdout] 
[INFO] running `Command { std: "docker" "inspect" "fad241e5924f0eba8d230ec5228abe00d0606cd5d66ed8f9dcaf4f7407791fef", kill_on_drop: false }`
[INFO] running `Command { std: "docker" "rm" "-f" "fad241e5924f0eba8d230ec5228abe00d0606cd5d66ed8f9dcaf4f7407791fef", kill_on_drop: false }`
[INFO] [stdout] fad241e5924f0eba8d230ec5228abe00d0606cd5d66ed8f9dcaf4f7407791fef
