[INFO] fetching crate envmap 0.0.2...
[INFO] testing envmap-0.0.2 against 1.100.0-beta.1+cargoflags=--release for beta-release-1.100-2
[INFO] extracting crate envmap 0.0.2 into /workspace/builds/worker-7-tc2/source
[INFO] started tweaking crates.io crate envmap 0.0.2
[INFO] finished tweaking crates.io crate envmap 0.0.2
[INFO] tweaked toml for crates.io crate envmap 0.0.2 written to /workspace/builds/worker-7-tc2/source/Cargo.toml
[INFO] validating manifest of crates.io crate envmap 0.0.2 on toolchain 1.100.0-beta.1
[INFO] running `Command { std: CARGO_HOME="/workspace/cargo-home" RUSTUP_HOME="/workspace/rustup-home" "/workspace/cargo-home/bin/cargo" "+1.100.0-beta.1" "metadata" "--manifest-path" "Cargo.toml" "--no-deps", kill_on_drop: false }`
[INFO] running `Command { std: CARGO_HOME="/workspace/cargo-home" RUSTUP_HOME="/workspace/rustup-home" "/workspace/cargo-home/bin/cargo" "+1.100.0-beta.1" "generate-lockfile" "--manifest-path" "Cargo.toml", kill_on_drop: false }`
[INFO] running `Command { std: CARGO_HOME="/workspace/cargo-home" RUSTUP_HOME="/workspace/rustup-home" "/workspace/cargo-home/bin/cargo" "+1.100.0-beta.1" "fetch" "--manifest-path" "Cargo.toml", kill_on_drop: false }`
[INFO] running `Command { std: "docker" "create" "-v" "/var/lib/crater-agent-workspace/builds/worker-7-tc2/source:/opt/rustwide/workdir:ro,Z" "-v" "/var/lib/crater-agent-workspace/builds/worker-7-tc2/target:/opt/rustwide/target:rw,Z" "-v" "/var/lib/crater-agent-workspace/cargo-home:/opt/rustwide/cargo-home:ro,Z" "-v" "/var/lib/crater-agent-workspace/rustup-home:/opt/rustwide/rustup-home:ro,Z" "-m" "1610612736" "--network" "none" "ghcr.io/rust-lang/crates-build-env/linux@sha256:77db811e55d90add9212f6832c23229e3de5f1c1f9905e8cb07319ea15df73ac" "sleep" "infinity", kill_on_drop: false }`
[INFO] [stdout] dd1ff3ce9e33b561d9657bf9d17a81372827e7405394d0afef7880fe26c82a45
[INFO] running `Command { std: "docker" "start" "dd1ff3ce9e33b561d9657bf9d17a81372827e7405394d0afef7880fe26c82a45", kill_on_drop: false }`
[INFO] running `Command { std: "docker" "inspect" "dd1ff3ce9e33b561d9657bf9d17a81372827e7405394d0afef7880fe26c82a45", kill_on_drop: false }`
[INFO] running `Command { std: "docker" "exec" "-e" "SOURCE_DIR=/opt/rustwide/workdir" "-e" "CARGO_HOME=/opt/rustwide/cargo-home" "-e" "RUSTUP_HOME=/opt/rustwide/rustup-home" "-e" "CARGO_TARGET_DIR=/opt/rustwide/target" "-w" "/opt/rustwide/workdir" "--user" "0:0" "dd1ff3ce9e33b561d9657bf9d17a81372827e7405394d0afef7880fe26c82a45" "/opt/rustwide/cargo-home/bin/cargo" "+1.100.0-beta.1" "metadata" "--no-deps" "--format-version=1", kill_on_drop: false }`
[INFO] running `Command { std: "docker" "inspect" "dd1ff3ce9e33b561d9657bf9d17a81372827e7405394d0afef7880fe26c82a45", kill_on_drop: false }`
[INFO] running `Command { std: "docker" "exec" "-e" "SOURCE_DIR=/opt/rustwide/workdir" "-e" "CARGO_HOME=/opt/rustwide/cargo-home" "-e" "RUSTUP_HOME=/opt/rustwide/rustup-home" "-e" "CARGO_TARGET_DIR=/opt/rustwide/target" "-e" "CARGO_INCREMENTAL=0" "-e" "RUST_BACKTRACE=full" "-e" "RUSTFLAGS=--cap-lints=warn" "-e" "RUSTDOCFLAGS=--cap-lints=warn" "-w" "/opt/rustwide/workdir" "--user" "0:0" "dd1ff3ce9e33b561d9657bf9d17a81372827e7405394d0afef7880fe26c82a45" "/opt/rustwide/cargo-home/bin/cargo" "+1.100.0-beta.1" "build" "--frozen" "--message-format=json" "--release", kill_on_drop: false }`
[INFO] [stderr]    Compiling envmap v0.0.2 (/opt/rustwide/workdir)
[INFO] [stderr]     Finished `release` profile [optimized] target(s) in 0.67s
[INFO] running `Command { std: "docker" "inspect" "dd1ff3ce9e33b561d9657bf9d17a81372827e7405394d0afef7880fe26c82a45", kill_on_drop: false }`
[INFO] running `Command { std: "docker" "exec" "-e" "SOURCE_DIR=/opt/rustwide/workdir" "-e" "CARGO_HOME=/opt/rustwide/cargo-home" "-e" "RUSTUP_HOME=/opt/rustwide/rustup-home" "-e" "CARGO_TARGET_DIR=/opt/rustwide/target" "-e" "CARGO_INCREMENTAL=0" "-e" "RUST_BACKTRACE=full" "-e" "RUSTFLAGS=--cap-lints=warn" "-e" "RUSTDOCFLAGS=--cap-lints=warn" "-w" "/opt/rustwide/workdir" "--user" "0:0" "dd1ff3ce9e33b561d9657bf9d17a81372827e7405394d0afef7880fe26c82a45" "/opt/rustwide/cargo-home/bin/cargo" "+1.100.0-beta.1" "test" "--frozen" "--no-run" "--message-format=json" "--release", kill_on_drop: false }`
[INFO] [stderr]    Compiling envmap v0.0.2 (/opt/rustwide/workdir)
[INFO] [stderr]     Finished `release` profile [optimized] target(s) in 1.02s
[INFO] running `Command { std: "docker" "inspect" "dd1ff3ce9e33b561d9657bf9d17a81372827e7405394d0afef7880fe26c82a45", kill_on_drop: false }`
[INFO] running `Command { std: "docker" "exec" "-e" "SOURCE_DIR=/opt/rustwide/workdir" "-e" "CARGO_HOME=/opt/rustwide/cargo-home" "-e" "RUSTUP_HOME=/opt/rustwide/rustup-home" "-e" "CARGO_TARGET_DIR=/opt/rustwide/target" "-e" "CARGO_INCREMENTAL=0" "-e" "RUST_BACKTRACE=full" "-e" "RUSTFLAGS=--cap-lints=warn" "-e" "RUSTDOCFLAGS=--cap-lints=warn" "-w" "/opt/rustwide/workdir" "--user" "0:0" "dd1ff3ce9e33b561d9657bf9d17a81372827e7405394d0afef7880fe26c82a45" "/opt/rustwide/cargo-home/bin/cargo" "+1.100.0-beta.1" "test" "--frozen" "--release", kill_on_drop: false }`
[INFO] [stderr]     Finished `release` profile [optimized] target(s) in 0.03s
[INFO] [stderr]      Running unittests src/lib.rs (/opt/rustwide/target/release/build/envmap/6103cb27f6aeec12/out/envmap-6103cb27f6aeec12)
[INFO] [stdout] 
[INFO] [stdout] running 6 tests
[INFO] [stdout] test tests::env_var_file_pass ... FAILED
[INFO] [stdout] test tests::env_var_pass ... FAILED
[INFO] [stdout] test tests::env_var_empty ... ok
[INFO] [stdout] test tests::env_var_fail ... FAILED
[INFO] [stdout] test tests::env_var_file_fail ... FAILED
[INFO] [stdout] test tests::env_var_file_empty ... ok
[INFO] [stdout] 
[INFO] [stdout] failures:
[INFO] [stdout] 
[INFO] [stdout] ---- tests::env_var_file_pass stdout ----
[INFO] [stdout] Error: ""
[INFO] [stdout] 
[INFO] [stdout] ---- tests::env_var_pass stdout ----
[INFO] [stdout] Error: ""
[INFO] [stdout] 
[INFO] [stdout] ---- tests::env_var_fail stdout ----
[INFO] [stdout] Error: ""
[INFO] [stdout] 
[INFO] [stdout] ---- tests::env_var_file_fail stdout ----
[INFO] [stdout] Error: ""
[INFO] [stdout] 
[INFO] [stdout] 
[INFO] [stdout] failures:
[INFO] [stdout]     tests::env_var_fail
[INFO] [stdout]     tests::env_var_file_fail
[INFO] [stdout]     tests::env_var_file_pass
[INFO] [stdout]     tests::env_var_pass
[INFO] [stdout] 
[INFO] [stdout] test result: FAILED. 2 passed; 4 failed; 0 ignored; 0 measured; 0 filtered out; finished in 0.01s
[INFO] [stdout] 
[INFO] [stderr] error: test failed, to rerun pass `--lib`
[INFO] running `Command { std: "docker" "inspect" "dd1ff3ce9e33b561d9657bf9d17a81372827e7405394d0afef7880fe26c82a45", kill_on_drop: false }`
[INFO] running `Command { std: "docker" "rm" "-f" "dd1ff3ce9e33b561d9657bf9d17a81372827e7405394d0afef7880fe26c82a45", kill_on_drop: false }`
[INFO] [stdout] dd1ff3ce9e33b561d9657bf9d17a81372827e7405394d0afef7880fe26c82a45
