[INFO] fetching crate enventory 0.2.0...
[INFO] testing enventory-0.2.0 against 1.99.0-beta.8+cargoflags=--release for beta-release-1.100-2
[INFO] extracting crate enventory 0.2.0 into /workspace/builds/worker-7-tc1/source
[INFO] started tweaking crates.io crate enventory 0.2.0
[INFO] removed 0 missing tests
[INFO] finished tweaking crates.io crate enventory 0.2.0
[INFO] tweaked toml for crates.io crate enventory 0.2.0 written to /workspace/builds/worker-7-tc1/source/Cargo.toml
[INFO] validating manifest of crates.io crate enventory 0.2.0 on toolchain 1.99.0-beta.8
[INFO] running `Command { std: CARGO_HOME="/workspace/cargo-home" RUSTUP_HOME="/workspace/rustup-home" "/workspace/cargo-home/bin/cargo" "+1.99.0-beta.8" "metadata" "--manifest-path" "Cargo.toml" "--no-deps", kill_on_drop: false }`
[INFO] crate crates.io crate enventory 0.2.0 already has a lockfile, it will not be regenerated
[INFO] running `Command { std: CARGO_HOME="/workspace/cargo-home" RUSTUP_HOME="/workspace/rustup-home" "/workspace/cargo-home/bin/cargo" "+1.99.0-beta.8" "fetch" "--manifest-path" "Cargo.toml", kill_on_drop: false }`
[INFO] [stderr]     Updating crates.io index
[INFO] [stderr]  Downloading crates ...
[INFO] [stderr]   Downloaded expect-test v1.5.1
[INFO] [stderr]   Downloaded enventory-core v0.1.0
[INFO] running `Command { std: "docker" "create" "-v" "/var/lib/crater-agent-workspace/builds/worker-7-tc1/source:/opt/rustwide/workdir:ro,Z" "-v" "/var/lib/crater-agent-workspace/builds/worker-7-tc1/target:/opt/rustwide/target:rw,Z" "-v" "/var/lib/crater-agent-workspace/cargo-home:/opt/rustwide/cargo-home:ro,Z" "-v" "/var/lib/crater-agent-workspace/rustup-home:/opt/rustwide/rustup-home:ro,Z" "-m" "1610612736" "--network" "none" "ghcr.io/rust-lang/crates-build-env/linux@sha256:77db811e55d90add9212f6832c23229e3de5f1c1f9905e8cb07319ea15df73ac" "sleep" "infinity", kill_on_drop: false }`
[INFO] [stdout] dfe119462db5af32d716537227cfa6d9913a54df5880405e8696733a31203ae8
[INFO] running `Command { std: "docker" "start" "dfe119462db5af32d716537227cfa6d9913a54df5880405e8696733a31203ae8", kill_on_drop: false }`
[INFO] running `Command { std: "docker" "inspect" "dfe119462db5af32d716537227cfa6d9913a54df5880405e8696733a31203ae8", kill_on_drop: false }`
[INFO] running `Command { std: "docker" "exec" "-e" "SOURCE_DIR=/opt/rustwide/workdir" "-e" "CARGO_HOME=/opt/rustwide/cargo-home" "-e" "RUSTUP_HOME=/opt/rustwide/rustup-home" "-e" "CARGO_TARGET_DIR=/opt/rustwide/target" "-w" "/opt/rustwide/workdir" "--user" "0:0" "dfe119462db5af32d716537227cfa6d9913a54df5880405e8696733a31203ae8" "/opt/rustwide/cargo-home/bin/cargo" "+1.99.0-beta.8" "metadata" "--no-deps" "--format-version=1", kill_on_drop: false }`
[INFO] running `Command { std: "docker" "inspect" "dfe119462db5af32d716537227cfa6d9913a54df5880405e8696733a31203ae8", kill_on_drop: false }`
[INFO] running `Command { std: "docker" "exec" "-e" "SOURCE_DIR=/opt/rustwide/workdir" "-e" "CARGO_HOME=/opt/rustwide/cargo-home" "-e" "RUSTUP_HOME=/opt/rustwide/rustup-home" "-e" "CARGO_TARGET_DIR=/opt/rustwide/target" "-e" "CARGO_INCREMENTAL=0" "-e" "RUST_BACKTRACE=full" "-e" "RUSTFLAGS=--cap-lints=warn" "-e" "RUSTDOCFLAGS=--cap-lints=warn" "-w" "/opt/rustwide/workdir" "--user" "0:0" "dfe119462db5af32d716537227cfa6d9913a54df5880405e8696733a31203ae8" "/opt/rustwide/cargo-home/bin/cargo" "+1.99.0-beta.8" "build" "--frozen" "--message-format=json" "--release", kill_on_drop: false }`
[INFO] [stderr]    Compiling enventory v0.2.0 (/opt/rustwide/workdir)
[INFO] [stderr]     Finished `release` profile [optimized] target(s) in 0.12s
[INFO] running `Command { std: "docker" "inspect" "dfe119462db5af32d716537227cfa6d9913a54df5880405e8696733a31203ae8", kill_on_drop: false }`
[INFO] running `Command { std: "docker" "exec" "-e" "SOURCE_DIR=/opt/rustwide/workdir" "-e" "CARGO_HOME=/opt/rustwide/cargo-home" "-e" "RUSTUP_HOME=/opt/rustwide/rustup-home" "-e" "CARGO_TARGET_DIR=/opt/rustwide/target" "-e" "CARGO_INCREMENTAL=0" "-e" "RUST_BACKTRACE=full" "-e" "RUSTFLAGS=--cap-lints=warn" "-e" "RUSTDOCFLAGS=--cap-lints=warn" "-w" "/opt/rustwide/workdir" "--user" "0:0" "dfe119462db5af32d716537227cfa6d9913a54df5880405e8696733a31203ae8" "/opt/rustwide/cargo-home/bin/cargo" "+1.99.0-beta.8" "test" "--frozen" "--no-run" "--message-format=json" "--release", kill_on_drop: false }`
[INFO] [stderr]    Compiling dissimilar v1.0.11
[INFO] [stderr]    Compiling expect-test v1.5.1
[INFO] [stderr]    Compiling enventory v0.2.0 (/opt/rustwide/workdir)
[INFO] [stderr]     Finished `release` profile [optimized] target(s) in 3.31s
[INFO] running `Command { std: "docker" "inspect" "dfe119462db5af32d716537227cfa6d9913a54df5880405e8696733a31203ae8", kill_on_drop: false }`
[INFO] running `Command { std: "docker" "exec" "-e" "SOURCE_DIR=/opt/rustwide/workdir" "-e" "CARGO_HOME=/opt/rustwide/cargo-home" "-e" "RUSTUP_HOME=/opt/rustwide/rustup-home" "-e" "CARGO_TARGET_DIR=/opt/rustwide/target" "-e" "CARGO_INCREMENTAL=0" "-e" "RUST_BACKTRACE=full" "-e" "RUSTFLAGS=--cap-lints=warn" "-e" "RUSTDOCFLAGS=--cap-lints=warn" "-w" "/opt/rustwide/workdir" "--user" "0:0" "dfe119462db5af32d716537227cfa6d9913a54df5880405e8696733a31203ae8" "/opt/rustwide/cargo-home/bin/cargo" "+1.99.0-beta.8" "test" "--frozen" "--release", kill_on_drop: false }`
[INFO] [stderr]     Finished `release` profile [optimized] target(s) in 0.06s
[INFO] [stderr]      Running unittests src/lib.rs (/opt/rustwide/target/release/deps/enventory-8ec1bb4b1a91700f)
[INFO] [stdout] 
[INFO] [stdout] running 0 tests
[INFO] [stdout] 
[INFO] [stdout] test result: ok. 0 passed; 0 failed; 0 ignored; 0 measured; 0 filtered out; finished in 0.00s
[INFO] [stdout] 
[INFO] [stderr]    Doc-tests enventory
[INFO] [stdout] 
[INFO] [stdout] running 10 tests
[INFO] [stdout] test src/lib.rs - (line 25) ... FAILED
[INFO] [stdout] test src/var.rs - var::parse_boolish (line 30) ... ok
[INFO] [stdout] test src/lib.rs - (line 7) ... ok
[INFO] [stdout] test src/macros.rs - macros::define (line 32) ... ok
[INFO] [stdout] test src/macros.rs - macros::define_boolish (line 197) ... ok
[INFO] [stdout] test src/macros.rs - macros::define (line 47) ... ok
[INFO] [stdout] test src/var.rs - var::option_repr (line 69) ... ok
[INFO] [stdout] test src/macros.rs - macros::define (line 65) ... ok
[INFO] [stdout] test src/var.rs - var::parse_from_str (line 13) ... ok
[INFO] [stderr] error: doctest failed, to rerun pass `--doc`
[INFO] [stdout] test src/var.rs - var::parse_some (line 50) ... ok
[INFO] [stdout] 
[INFO] [stdout] failures:
[INFO] [stdout] 
[INFO] [stdout] ---- src/lib.rs - (line 25) stdout ----
[INFO] [stdout] error[E0432]: unresolved import `clap`
[INFO] [stdout]   --> src/lib.rs:27:5
[INFO] [stdout]    |
[INFO] [stdout] 27 | use clap::Parser;
[INFO] [stdout]    |     ^^^^ use of unresolved module or unlinked crate `clap`
[INFO] [stdout]    |
[INFO] [stdout]    = help: if you wanted to use a crate named `clap`, use `cargo add clap` to add it to your `Cargo.toml`
[INFO] [stdout] 
[INFO] [stdout] error: cannot find attribute `command` in this scope
[INFO] [stdout]   --> src/lib.rs:40:7
[INFO] [stdout]    |
[INFO] [stdout] 40 |     #[command(flatten)]
[INFO] [stdout]    |       ^^^^^^^
[INFO] [stdout] 
[INFO] [stdout] error[E0425]: cannot find type `EnvArgs` in crate `enventory`
[INFO] [stdout]   --> src/lib.rs:41:21
[INFO] [stdout]    |
[INFO] [stdout] 41 |     env: enventory::EnvArgs,
[INFO] [stdout]    |                     ^^^^^^^ not found in `enventory`
[INFO] [stdout]    |
[INFO] [stdout] note: found an item that was configured out
[INFO] [stdout]   --> src/lib.rs:67:20
[INFO] [stdout]    |
[INFO] [stdout] 66 | #[cfg(feature = "clap")]
[INFO] [stdout]    |       ---------------- the item is gated behind the `clap` feature
[INFO] [stdout] 67 | pub use clap_ext::{EnvArgs, args, set_all_from_matches};
[INFO] [stdout]    |                    ^^^^^^^
[INFO] [stdout] 
[INFO] [stdout] error[E0599]: no associated function or constant named `try_parse_from` found for struct `Cli` in the current scope
[INFO] [stdout]   --> src/lib.rs:45:18
[INFO] [stdout]    |
[INFO] [stdout] 39 | struct Cli {
[INFO] [stdout]    | ---------- associated function or constant `try_parse_from` not found for this struct
[INFO] [stdout] ...
[INFO] [stdout] 45 |     let _ = Cli::try_parse_from(["app"]).unwrap();
[INFO] [stdout]    |                  ^^^^^^^^^^^^^^ associated function or constant not found in `Cli`
[INFO] [stdout]    |
[INFO] [stdout] help: there is an associated function `try_from` with a similar name
[INFO] [stdout]    |
[INFO] [stdout] 45 -     let _ = Cli::try_parse_from(["app"]).unwrap();
[INFO] [stdout] 45 +     let _ = Cli::try_from(["app"]).unwrap();
[INFO] [stdout]    |
[INFO] [stdout] 
[INFO] [stdout] error: aborting due to 4 previous errors
[INFO] [stdout] 
[INFO] [stdout] Some errors have detailed explanations: E0425, E0432, E0599.
[INFO] [stdout] For more information about an error, try `rustc --explain E0425`.
[INFO] [stdout] Couldn't compile the test.
[INFO] [stdout] 
[INFO] [stdout] failures:
[INFO] [stdout]     src/lib.rs - (line 25)
[INFO] [stdout] 
[INFO] [stdout] test result: FAILED. 9 passed; 1 failed; 0 ignored; 0 measured; 0 filtered out; finished in 0.97s
[INFO] [stdout] 
[INFO] [stdout] all doctests ran in 1.14s; merged doctests compilation took 0.17s
[INFO] running `Command { std: "docker" "inspect" "dfe119462db5af32d716537227cfa6d9913a54df5880405e8696733a31203ae8", kill_on_drop: false }`
[INFO] running `Command { std: "docker" "rm" "-f" "dfe119462db5af32d716537227cfa6d9913a54df5880405e8696733a31203ae8", kill_on_drop: false }`
[INFO] [stdout] dfe119462db5af32d716537227cfa6d9913a54df5880405e8696733a31203ae8
