[INFO] fetching crate envdoctor 0.1.0...
[INFO] testing envdoctor-0.1.0 against 1.100.0-beta.1+cargoflags=--release for beta-release-1.100-2
[INFO] extracting crate envdoctor 0.1.0 into /workspace/builds/worker-2-tc2/source
[INFO] started tweaking crates.io crate envdoctor 0.1.0
[INFO] finished tweaking crates.io crate envdoctor 0.1.0
[INFO] tweaked toml for crates.io crate envdoctor 0.1.0 written to /workspace/builds/worker-2-tc2/source/Cargo.toml
[INFO] validating manifest of crates.io crate envdoctor 0.1.0 on toolchain 1.100.0-beta.1
[INFO] running `Command { std: CARGO_HOME="/workspace/cargo-home" RUSTUP_HOME="/workspace/rustup-home" "/workspace/cargo-home/bin/cargo" "+1.100.0-beta.1" "metadata" "--manifest-path" "Cargo.toml" "--no-deps", kill_on_drop: false }`
[INFO] crate crates.io crate envdoctor 0.1.0 already has a lockfile, it will not be regenerated
[INFO] running `Command { std: CARGO_HOME="/workspace/cargo-home" RUSTUP_HOME="/workspace/rustup-home" "/workspace/cargo-home/bin/cargo" "+1.100.0-beta.1" "fetch" "--manifest-path" "Cargo.toml", kill_on_drop: false }`
[INFO] running `Command { std: "docker" "create" "-v" "/var/lib/crater-agent-workspace/builds/worker-2-tc2/source:/opt/rustwide/workdir:ro,Z" "-v" "/var/lib/crater-agent-workspace/builds/worker-2-tc2/target:/opt/rustwide/target:rw,Z" "-v" "/var/lib/crater-agent-workspace/cargo-home:/opt/rustwide/cargo-home:ro,Z" "-v" "/var/lib/crater-agent-workspace/rustup-home:/opt/rustwide/rustup-home:ro,Z" "-m" "1610612736" "--network" "none" "ghcr.io/rust-lang/crates-build-env/linux@sha256:77db811e55d90add9212f6832c23229e3de5f1c1f9905e8cb07319ea15df73ac" "sleep" "infinity", kill_on_drop: false }`
[INFO] [stdout] 150f48b84ed6da775841ef5e1da1833735a17a654a9664128d9168c3b2fb713e
[INFO] running `Command { std: "docker" "start" "150f48b84ed6da775841ef5e1da1833735a17a654a9664128d9168c3b2fb713e", kill_on_drop: false }`
[INFO] running `Command { std: "docker" "inspect" "150f48b84ed6da775841ef5e1da1833735a17a654a9664128d9168c3b2fb713e", kill_on_drop: false }`
[INFO] running `Command { std: "docker" "exec" "-e" "SOURCE_DIR=/opt/rustwide/workdir" "-e" "CARGO_HOME=/opt/rustwide/cargo-home" "-e" "RUSTUP_HOME=/opt/rustwide/rustup-home" "-e" "CARGO_TARGET_DIR=/opt/rustwide/target" "-w" "/opt/rustwide/workdir" "--user" "0:0" "150f48b84ed6da775841ef5e1da1833735a17a654a9664128d9168c3b2fb713e" "/opt/rustwide/cargo-home/bin/cargo" "+1.100.0-beta.1" "metadata" "--no-deps" "--format-version=1", kill_on_drop: false }`
[INFO] running `Command { std: "docker" "inspect" "150f48b84ed6da775841ef5e1da1833735a17a654a9664128d9168c3b2fb713e", kill_on_drop: false }`
[INFO] running `Command { std: "docker" "exec" "-e" "SOURCE_DIR=/opt/rustwide/workdir" "-e" "CARGO_HOME=/opt/rustwide/cargo-home" "-e" "RUSTUP_HOME=/opt/rustwide/rustup-home" "-e" "CARGO_TARGET_DIR=/opt/rustwide/target" "-e" "CARGO_INCREMENTAL=0" "-e" "RUST_BACKTRACE=full" "-e" "RUSTFLAGS=--cap-lints=warn" "-e" "RUSTDOCFLAGS=--cap-lints=warn" "-w" "/opt/rustwide/workdir" "--user" "0:0" "150f48b84ed6da775841ef5e1da1833735a17a654a9664128d9168c3b2fb713e" "/opt/rustwide/cargo-home/bin/cargo" "+1.100.0-beta.1" "build" "--frozen" "--message-format=json" "--release", kill_on_drop: false }`
[INFO] [stderr]    Compiling tree-sitter-language v0.1.7
[INFO] [stderr]    Compiling crossbeam-utils v0.8.22
[INFO] [stderr]    Compiling crossbeam-epoch v0.9.20
[INFO] [stderr]    Compiling cc v1.3.0
[INFO] [stderr]    Compiling crossbeam-deque v0.8.7
[INFO] [stderr]    Compiling syn v3.0.3
[INFO] [stderr]    Compiling syn v2.0.119
[INFO] [stderr]    Compiling errno v0.3.14
[INFO] [stderr]    Compiling smallvec v1.15.2
[INFO] [stderr]    Compiling either v1.16.0
[INFO] [stderr]    Compiling mio v1.2.2
[INFO] [stderr]    Compiling num-traits v0.2.19
[INFO] [stderr]    Compiling indexmap v2.14.0
[INFO] [stderr]    Compiling aho-corasick v1.1.4
[INFO] [stderr]    Compiling instability v0.3.12
[INFO] [stderr]    Compiling regex-syntax v0.8.11
[INFO] [stderr]    Compiling signal-hook-registry v1.4.8
[INFO] [stderr]    Compiling bitflags v2.13.1
[INFO] [stderr]    Compiling portable-atomic v1.14.0
[INFO] [stderr]    Compiling clap_builder v4.6.2
[INFO] [stderr]    Compiling thiserror v2.0.19
[INFO] [stderr]    Compiling rustix v0.38.44
[INFO] [stderr]    Compiling signal-hook v0.3.18
[INFO] [stderr]    Compiling itertools v0.13.0
[INFO] [stderr]    Compiling unicode-segmentation v1.13.3
[INFO] [stderr]    Compiling compact_str v0.8.2
[INFO] [stderr]    Compiling console v0.15.11
[INFO] [stderr]    Compiling parking_lot_core v0.9.12
[INFO] [stderr]    Compiling signal-hook-mio v0.2.5
[INFO] [stderr]    Compiling parking_lot v0.12.5
[INFO] [stderr]    Compiling fixedbitset v0.4.2
[INFO] [stderr]    Compiling streaming-iterator v0.1.9
[INFO] [stderr]    Compiling crossterm v0.28.1
[INFO] [stderr]    Compiling number_prefix v0.4.0
[INFO] [stderr]    Compiling petgraph v0.6.5
[INFO] [stderr]    Compiling chrono v0.4.45
[INFO] [stderr]    Compiling rayon-core v1.13.0
[INFO] [stderr]    Compiling serde_json v1.0.151
[INFO] [stderr]    Compiling regex-lite v0.1.9
[INFO] [stderr]    Compiling tree-sitter v0.24.7
[INFO] [stderr]    Compiling tree-sitter-python v0.23.6
[INFO] [stderr]    Compiling tree-sitter-ruby v0.23.1
[INFO] [stderr]    Compiling tree-sitter-rust v0.23.3
[INFO] [stderr]    Compiling tree-sitter-typescript v0.23.2
[INFO] [stderr]    Compiling tree-sitter-go v0.23.4
[INFO] [stderr]    Compiling tree-sitter-javascript v0.23.1
[INFO] [stderr]    Compiling unicode-truncate v1.1.0
[INFO] [stderr]    Compiling serde_derive v1.0.229
[INFO] [stderr]    Compiling clap_derive v4.6.4
[INFO] [stderr]    Compiling regex-automata v0.4.16
[INFO] [stderr]    Compiling thiserror-impl v2.0.19
[INFO] [stderr]    Compiling darling_core v0.23.0
[INFO] [stderr]    Compiling rayon v1.12.0
[INFO] [stderr]    Compiling indicatif v0.17.11
[INFO] [stderr]    Compiling clap v4.6.4
[INFO] [stderr]    Compiling clap_complete v4.6.7
[INFO] [stderr]    Compiling strum_macros v0.26.4
[INFO] [stderr]    Compiling regex v1.13.1
[INFO] [stderr]    Compiling serde v1.0.229
[INFO] [stderr]    Compiling strum v0.26.3
[INFO] [stderr]    Compiling serde_spanned v0.6.9
[INFO] [stderr]    Compiling toml_datetime v0.6.11
[INFO] [stderr]    Compiling toml_edit v0.22.27
[INFO] [stderr]    Compiling darling_macro v0.23.0
[INFO] [stderr]    Compiling darling v0.23.0
[INFO] [stderr]    Compiling ratatui v0.28.1
[INFO] [stderr]    Compiling toml v0.8.23
[INFO] [stderr]    Compiling envdoctor v0.1.0 (/opt/rustwide/workdir)
[INFO] [stderr] warning: unused dependency `petgraph`
[INFO] [stderr]   --> Cargo.toml:21:15
[INFO] [stderr]    |
[INFO] [stderr] 21 | [dependencies.petgraph]
[INFO] [stderr]    |               ^^^^^^^^^
[INFO] [stderr]    |
[INFO] [stderr]    = note: `cargo::unused_dependencies` is set to `warn` by default
[INFO] [stderr] help: consider removing the dependency on `petgraph`
[INFO] [stderr] warning: unused dependency `ratatui`
[INFO] [stderr]   --> Cargo.toml:24:15
[INFO] [stderr]    |
[INFO] [stderr] 24 | [dependencies.ratatui]
[INFO] [stderr]    |               ^^^^^^^^
[INFO] [stderr]    |
[INFO] [stderr] help: consider removing the dependency on `ratatui`
[INFO] [stderr] warning: unused dependency `thiserror`
[INFO] [stderr]   --> Cargo.toml:43:15
[INFO] [stderr]    |
[INFO] [stderr] 43 | [dependencies.thiserror]
[INFO] [stderr]    |               ^^^^^^^^^^
[INFO] [stderr]    |
[INFO] [stderr] help: consider removing the dependency on `thiserror`
[INFO] [stderr] warning: `envdoctor` (manifest) generated 3 warnings
[INFO] [stderr]     Finished `release` profile [optimized] target(s) in 1m 00s
[INFO] running `Command { std: "docker" "inspect" "150f48b84ed6da775841ef5e1da1833735a17a654a9664128d9168c3b2fb713e", kill_on_drop: false }`
[INFO] running `Command { std: "docker" "exec" "-e" "SOURCE_DIR=/opt/rustwide/workdir" "-e" "CARGO_HOME=/opt/rustwide/cargo-home" "-e" "RUSTUP_HOME=/opt/rustwide/rustup-home" "-e" "CARGO_TARGET_DIR=/opt/rustwide/target" "-e" "CARGO_INCREMENTAL=0" "-e" "RUST_BACKTRACE=full" "-e" "RUSTFLAGS=--cap-lints=warn" "-e" "RUSTDOCFLAGS=--cap-lints=warn" "-w" "/opt/rustwide/workdir" "--user" "0:0" "150f48b84ed6da775841ef5e1da1833735a17a654a9664128d9168c3b2fb713e" "/opt/rustwide/cargo-home/bin/cargo" "+1.100.0-beta.1" "test" "--frozen" "--no-run" "--message-format=json" "--release", kill_on_drop: false }`
[INFO] [stderr]    Compiling log v0.4.33
[INFO] [stderr]    Compiling getrandom v0.4.3
[INFO] [stderr]    Compiling rustix v1.1.4
[INFO] [stderr]    Compiling console v0.16.4
[INFO] [stderr]    Compiling similar v2.7.0
[INFO] [stderr]    Compiling mio v1.2.2
[INFO] [stderr]    Compiling env_filter v2.0.0
[INFO] [stderr]    Compiling rand v0.10.2
[INFO] [stderr]    Compiling env_logger v0.11.11
[INFO] [stderr]    Compiling quickcheck v1.1.0
[INFO] [stderr]    Compiling signal-hook-mio v0.2.5
[INFO] [stderr]    Compiling crossterm v0.28.1
[INFO] [stderr]    Compiling ratatui v0.28.1
[INFO] [stderr]    Compiling tempfile v3.27.0
[INFO] [stderr]    Compiling insta v1.48.0
[INFO] [stderr]    Compiling envdoctor v0.1.0 (/opt/rustwide/workdir)
[INFO] [stderr] warning: unused dependency `insta`
[INFO] [stderr]   --> Cargo.toml:70:19
[INFO] [stderr]    |
[INFO] [stderr] 70 | [dev-dependencies.insta]
[INFO] [stderr]    |                   ^^^^^^
[INFO] [stderr]    |
[INFO] [stderr]    = note: `cargo::unused_dependencies` is set to `warn` by default
[INFO] [stderr] help: consider removing the dependency on `insta`
[INFO] [stderr] warning: unused dependency `petgraph`
[INFO] [stderr]   --> Cargo.toml:21:15
[INFO] [stderr]    |
[INFO] [stderr] 21 | [dependencies.petgraph]
[INFO] [stderr]    |               ^^^^^^^^^
[INFO] [stderr]    |
[INFO] [stderr] help: consider removing the dependency on `petgraph`
[INFO] [stderr] warning: unused dependency `quickcheck`
[INFO] [stderr]   --> Cargo.toml:73:19
[INFO] [stderr]    |
[INFO] [stderr] 73 | [dev-dependencies.quickcheck]
[INFO] [stderr]    |                   ^^^^^^^^^^^
[INFO] [stderr]    |
[INFO] [stderr] help: consider removing the dependency on `quickcheck`
[INFO] [stderr] warning: unused dependency `ratatui`
[INFO] [stderr]   --> Cargo.toml:24:15
[INFO] [stderr]    |
[INFO] [stderr] 24 | [dependencies.ratatui]
[INFO] [stderr]    |               ^^^^^^^^
[INFO] [stderr]    |
[INFO] [stderr] help: consider removing the dependency on `ratatui`
[INFO] [stderr] warning: unused dependency `thiserror`
[INFO] [stderr]   --> Cargo.toml:43:15
[INFO] [stderr]    |
[INFO] [stderr] 43 | [dependencies.thiserror]
[INFO] [stderr]    |               ^^^^^^^^^^
[INFO] [stderr]    |
[INFO] [stderr] help: consider removing the dependency on `thiserror`
[INFO] [stderr] warning: `envdoctor` (manifest) generated 5 warnings
[INFO] [stderr]     Finished `release` profile [optimized] target(s) in 23.23s
[INFO] running `Command { std: "docker" "inspect" "150f48b84ed6da775841ef5e1da1833735a17a654a9664128d9168c3b2fb713e", kill_on_drop: false }`
[INFO] running `Command { std: "docker" "exec" "-e" "SOURCE_DIR=/opt/rustwide/workdir" "-e" "CARGO_HOME=/opt/rustwide/cargo-home" "-e" "RUSTUP_HOME=/opt/rustwide/rustup-home" "-e" "CARGO_TARGET_DIR=/opt/rustwide/target" "-e" "CARGO_INCREMENTAL=0" "-e" "RUST_BACKTRACE=full" "-e" "RUSTFLAGS=--cap-lints=warn" "-e" "RUSTDOCFLAGS=--cap-lints=warn" "-w" "/opt/rustwide/workdir" "--user" "0:0" "150f48b84ed6da775841ef5e1da1833735a17a654a9664128d9168c3b2fb713e" "/opt/rustwide/cargo-home/bin/cargo" "+1.100.0-beta.1" "test" "--frozen" "--release", kill_on_drop: false }`
[INFO] [stderr] warning: unused dependency `insta`
[INFO] [stderr]   --> Cargo.toml:70:19
[INFO] [stderr]    |
[INFO] [stderr] 70 | [dev-dependencies.insta]
[INFO] [stderr]    |                   ^^^^^^
[INFO] [stderr]    |
[INFO] [stderr]    = note: `cargo::unused_dependencies` is set to `warn` by default
[INFO] [stderr] help: consider removing the dependency on `insta`
[INFO] [stderr] warning: unused dependency `petgraph`
[INFO] [stderr]   --> Cargo.toml:21:15
[INFO] [stderr]    |
[INFO] [stderr] 21 | [dependencies.petgraph]
[INFO] [stderr]    |               ^^^^^^^^^
[INFO] [stderr]    |
[INFO] [stderr] help: consider removing the dependency on `petgraph`
[INFO] [stderr] warning: unused dependency `quickcheck`
[INFO] [stderr]   --> Cargo.toml:73:19
[INFO] [stderr]    |
[INFO] [stderr] 73 | [dev-dependencies.quickcheck]
[INFO] [stderr]    |                   ^^^^^^^^^^^
[INFO] [stderr]    |
[INFO] [stderr] help: consider removing the dependency on `quickcheck`
[INFO] [stderr] warning: unused dependency `ratatui`
[INFO] [stderr]   --> Cargo.toml:24:15
[INFO] [stderr]    |
[INFO] [stderr] 24 | [dependencies.ratatui]
[INFO] [stderr]    |               ^^^^^^^^
[INFO] [stderr]    |
[INFO] [stderr] help: consider removing the dependency on `ratatui`
[INFO] [stderr] warning: unused dependency `thiserror`
[INFO] [stderr]   --> Cargo.toml:43:15
[INFO] [stderr]    |
[INFO] [stderr] 43 | [dependencies.thiserror]
[INFO] [stderr]    |               ^^^^^^^^^^
[INFO] [stderr]    |
[INFO] [stderr] help: consider removing the dependency on `thiserror`
[INFO] [stderr] warning: `envdoctor` (manifest) generated 5 warnings
[INFO] [stderr]     Finished `release` profile [optimized] target(s) in 0.16s
[INFO] [stderr]      Running unittests src/main.rs (/opt/rustwide/target/release/build/envdoctor/dac2c6be5bace8ce/out/envdoctor-dac2c6be5bace8ce)
[INFO] [stdout] 
[INFO] [stdout] running 206 tests
[INFO] [stdout] test adapter::dotenv::parser::tests::test_classify_dotenv_environment ... ok
[INFO] [stdout] test adapter::dotenv::parser::tests::test_classify_dotenv_local ... ok
[INFO] [stdout] test adapter::dotenv::parser::tests::test_export_prefix ... ok
[INFO] [stdout] test adapter::dotenv::parser::tests::test_malformed_line ... ok
[INFO] [stdout] test adapter::dotenv::parser::tests::test_classify_dotenv_plain ... ok
[INFO] [stdout] test adapter::dotenv::parser::tests::test_multiple_entries ... ok
[INFO] [stdout] test adapter::dotenv::parser::tests::test_no_value ... ok
[INFO] [stdout] test adapter::dotenv::parser::tests::test_comment_lines_skipped ... ok
[INFO] [stdout] test adapter::dotenv::parser::tests::test_single_quoted_value ... ok
[INFO] [stdout] test adapter::dotenv::parser::tests::test_classify_dotenv_example ... ok
[INFO] [stdout] test adapter::dotenv::parser::tests::test_double_quoted_value ... ok
[INFO] [stdout] test adapter::javascript::parser::tests::test_extension_support ... ok
[INFO] [stdout] test adapter::go::parser::tests::test_extension_support ... ok
[INFO] [stdout] test adapter::dotenv::parser::tests::test_empty_lines_skipped ... ok
[INFO] [stdout] test adapter::dotenv::parser::tests::test_simple_key_value ... ok
[INFO] [stdout] test adapter::dotenv::parser::tests::test_inline_comment ... ok
[INFO] [stdout] test adapter::go::parser::tests::test_os_unsetenv ... ok
[INFO] [stdout] test adapter::go::parser::tests::test_os_setenv ... ok
[INFO] [stdout] test adapter::go::parser::tests::test_os_lookupenv ... ok
[INFO] [stdout] test adapter::go::parser::tests::test_multiple_usages ... ok
[INFO] [stdout] test adapter::go::parser::tests::test_empty_file ... ok
[INFO] [stdout] test adapter::go::parser::tests::test_os_getenv ... ok
[INFO] [stdout] test adapter::go::parser::tests::test_no_false_positives_in_comments ... ok
[INFO] [stdout] test adapter::python::parser::tests::test_extension_support ... ok
[INFO] [stdout] test adapter::javascript::parser::tests::test_empty_file ... ok
[INFO] [stdout] test adapter::javascript::parser::tests::test_import_meta_env_subscript ... ok
[INFO] [stdout] test adapter::javascript::parser::tests::test_import_dotenv_config ... ok
[INFO] [stdout] test adapter::javascript::parser::tests::test_process_env_double_quoted ... ok
[INFO] [stdout] test adapter::javascript::parser::tests::test_no_false_positives_in_comments ... ok
[INFO] [stdout] test adapter::javascript::parser::tests::test_import_meta_env_var ... ok
[INFO] [stdout] test adapter::javascript::parser::tests::test_process_env_subscript ... ok
[INFO] [stdout] test adapter::javascript::parser::tests::test_require_dotenv_config ... ok
[INFO] [stdout] test adapter::javascript::parser::tests::test_destructuring_process_env ... ok
[INFO] [stdout] test adapter::javascript::parser::tests::test_multiple_usages ... ok
[INFO] [stdout] test adapter::registry::tests::test_registry_dispatch ... ok
[INFO] [stdout] test adapter::registry::tests::test_registry_empty ... ok
[INFO] [stdout] test adapter::registry::tests::test_registry_multiple_adapters ... ok
[INFO] [stdout] test adapter::registry::tests::test_supported_extensions ... ok
[INFO] [stdout] test adapter::registry::tests::test_registry_unknown_extension ... ok
[INFO] [stdout] test adapter::javascript::parser::tests::test_process_env_var ... ok
[INFO] [stdout] test adapter::registry::tests::test_language_for_extension ... ok
[INFO] [stdout] test adapter::python::parser::tests::test_load_dotenv ... ok
[INFO] [stdout] test adapter::python::parser::tests::test_dotenv_load_dotenv ... ok
[INFO] [stdout] test adapter::python::parser::tests::test_os_environ_subscript ... ok
[INFO] [stdout] test adapter::python::parser::tests::test_os_getenv_double_quotes ... ok
[INFO] [stdout] test adapter::python::parser::tests::test_no_false_positives_in_comments ... ok
[INFO] [stdout] test adapter::python::parser::tests::test_from_dotenv_import ... ok
[INFO] [stdout] test adapter::python::parser::tests::test_os_environ_get_with_default ... ok
[INFO] [stdout] test adapter::python::parser::tests::test_os_environ_get ... ok
[INFO] [stdout] test adapter::python::parser::tests::test_empty_file ... ok
[INFO] [stdout] test adapter::python::parser::tests::test_multiple_usages ... ok
[INFO] [stdout] test adapter::python::parser::tests::test_os_getenv ... ok
[INFO] [stdout] test adapter::rust::parser::tests::test_extension_support ... ok
[INFO] [stdout] test adapter::ruby::parser::tests::test_extension_support ... ok
[INFO] [stdout] test adapter::ruby::parser::tests::test_empty_file ... ok
[INFO] [stdout] test adapter::ruby::parser::tests::test_no_false_positives_in_comments ... ok
[INFO] [stdout] test adapter::ruby::parser::tests::test_env_subscript ... ok
[INFO] [stdout] test adapter::ruby::parser::tests::test_env_fetch_with_default ... ok
[INFO] [stdout] test adapter::ruby::parser::tests::test_multiple_usages ... ok
[INFO] [stdout] test adapter::ruby::parser::tests::test_env_fetch ... ok
[INFO] [stdout] test adapter::ruby::parser::tests::test_dotenv_load ... ok
[INFO] [stdout] test analysis::rule::tests::test_rule_trait_compiles ... ok
[INFO] [stdout] test adapter::ruby::parser::tests::test_dotenv_load_bang ... ok
[INFO] [stdout] test analysis::engine::tests::test_orchestrator_new ... ok
[INFO] [stdout] test analysis::engine::tests::test_issue_summary_from_issues ... ok
[INFO] [stdout] test analysis::rules::missing_definition::tests::test_flags_variable_used_but_not_defined ... ok
[INFO] [stdout] test analysis::rules::missing_definition::tests::test_no_issue_when_defined_in_dotenv ... ok
[INFO] [stdout] test analysis::rules::missing_definition::tests::test_no_issue_when_has_code_default ... ok
[INFO] [stdout] test analysis::rules::missing_definition::tests::test_no_issue_when_no_usages ... ok
[INFO] [stdout] test analysis::rules::missing_definition::tests::test_issue_has_correct_location ... ok
[INFO] [stdout] test analysis::rules::naming_convention::tests::test_custom_pattern ... ok
[INFO] [stdout] test analysis::rules::naming_convention::tests::test_custom_pattern_works ... ok
[INFO] [stdout] test analysis::rules::naming_convention::tests::test_default_pattern_matches_valid_names ... ok
[INFO] [stdout] test analysis::rules::missing_definition::tests::test_flags_multiple_undefined_variables ... ok
[INFO] [stdout] test analysis::rules::naming_convention::tests::test_flags_hyphenated_name ... ok
[INFO] [stdout] test analysis::rules::naming_convention::tests::test_flags_lowercase_variable ... ok
[INFO] [stdout] test analysis::rules::naming_convention::tests::test_default_pattern_rejects_invalid_names ... ok
[INFO] [stdout] test analysis::rules::naming_convention::tests::test_flags_name_starting_with_number ... ok
[INFO] [stdout] test analysis::rules::naming_convention::tests::test_min_length_allows_long_names ... ok
[INFO] [stdout] test analysis::rules::naming_convention::tests::test_min_length_rejects_short_names ... ok
[INFO] [stdout] test analysis::rules::naming_convention::tests::test_naming_convention_rule_identity ... ok
[INFO] [stdout] test analysis::rules::undocumented_var::tests::test_flags_multiple_undocumented_variables ... ok
[INFO] [stdout] test analysis::rule::tests::test_rule_can_be_boxed ... ok
[INFO] [stdout] test analysis::rules::naming_convention::tests::test_no_issue_for_valid_names ... ok
[INFO] [stdout] test analysis::rules::missing_definition::tests::test_issue_has_help_message ... ok
[INFO] [stdout] test analysis::rules::undocumented_var::tests::test_no_issue_when_in_example ... ok
[INFO] [stdout] test analysis::rules::missing_definition::tests::test_missing_definition_rule_identity ... ok
[INFO] [stdout] test analysis::rules::undocumented_var::tests::test_flags_variable_not_in_example ... ok
[INFO] [stdout] test analysis::rules::undocumented_var::tests::test_issue_has_help_message ... ok
[INFO] [stdout] test analysis::rules::undocumented_var::tests::test_mixed_documented_and_undocumented ... ok
[INFO] [stdout] test analysis::rules::undocumented_var::tests::test_no_issue_when_only_used_not_defined ... ok
[INFO] [stdout] test analysis::rules::unused_variable::tests::test_flags_multiple_unused_variables ... ok
[INFO] [stdout] test analysis::rules::undocumented_var::tests::test_undocumented_var_rule_identity ... ok
[INFO] [stdout] test analysis::rules::unused_variable::tests::test_no_issue_when_only_in_example ... ok
[INFO] [stdout] test analysis::engine::tests::test_orchestrator_with_severity_override ... ok
[INFO] [stdout] test analysis::rules::unused_variable::tests::test_flags_variable_defined_but_not_used ... ok
[INFO] [stdout] test analysis::rules::unused_variable::tests::test_mixed_used_and_unused ... ok
[INFO] [stdout] test analysis::rules::unused_variable::tests::test_issue_has_help_message ... ok
[INFO] [stdout] test analysis::rules::unused_variable::tests::test_issue_has_location ... ok
[INFO] [stdout] test config::discovery::tests::test_cli_override_nonexistent_file ... ok
[INFO] [stdout] test config::discovery::tests::test_cli_override_takes_priority ... ok
[INFO] [stdout] test analysis::rules::unused_variable::tests::test_no_issue_when_used_in_code ... ok
[INFO] [stdout] test config::discovery::tests::test_defaults_when_no_file_exists ... ok
[INFO] [stdout] test config::discovery::tests::test_env_override_used_when_no_cli ... ok
[INFO] [stdout] test config::discovery::tests::test_invalid_toml_returns_error ... ok
[INFO] [stdout] test config::tests::test_config_toml_partial ... ok
[INFO] [stdout] test config::tests::test_config_toml_roundtrip ... ok
[INFO] [stdout] test config::discovery::tests::test_hidden_file_discovered ... ok
[INFO] [stdout] test config::tests::test_config_default ... ok
[INFO] [stdout] test config::validation::tests::test_empty_naming_pattern_warning ... ok
[INFO] [stdout] test config::validation::tests::test_max_file_size_zero_warning ... ok
[INFO] [stdout] test config::validation::tests::test_empty_exclude_glob_warning ... ok
[INFO] [stdout] test config::validation::tests::test_multiple_warnings ... ok
[INFO] [stdout] test config::validation::tests::test_empty_include_glob_warning ... ok
[INFO] [stdout] test config::validation::tests::test_valid_config_no_warnings ... ok
[INFO] [stdout] test config::discovery::tests::test_project_file_discovered ... ok
[INFO] [stdout] test config::tests::test_output_format_serde ... ok
[INFO] [stdout] test error::tests::test_analysis_error_display ... ok
[INFO] [stdout] test error::tests::test_ir_error_display ... ok
[INFO] [stdout] test analysis::rules::unused_variable::tests::test_unused_variable_rule_identity ... ok
[INFO] [stdout] test config::discovery::tests::test_env_override_nonexistent_file ... ok
[INFO] [stdout] test error::tests::test_parse_error_display ... ok
[INFO] [stdout] test error::tests::test_render_error_display ... ok
[INFO] [stdout] test error::tests::test_scan_error_display ... ok
[INFO] [stdout] test ir::builder::tests::test_determine_dotenv_type ... ok
[INFO] [stdout] test error::tests::test_config_error_display ... ok
[INFO] [stdout] test error::tests::test_env_doctor_error_from ... ok
[INFO] [stdout] test ir::builder::tests::test_variable_normalization ... ok
[INFO] [stdout] test ir::entities::tests::test_id_types_are_distinct ... ok
[INFO] [stdout] test ir::entities::tests::test_scan_summary_default ... ok
[INFO] [stdout] test ir::builder::tests::test_builder_new ... ok
[INFO] [stdout] test ir::entities::tests::test_severity_ordering ... ok
[INFO] [stdout] test ir::builder::tests::test_get_or_create_variable ... ok
[INFO] [stdout] test ir::entities::tests::test_language_display ... ok
[INFO] [stdout] test ir::relationships::tests::test_multimap_get_or_empty ... ok
[INFO] [stdout] test ir::relationships::tests::test_multimap_iter ... ok
[INFO] [stdout] test ir::relationships::tests::test_multimap_insert_and_get ... ok
[INFO] [stdout] test ir::relationships::tests::test_relationships_insert ... ok
[INFO] [stdout] test ir::entities::tests::test_access_type_display ... ok
[INFO] [stdout] test ir::entities::tests::test_dotenv_type_display ... ok
[INFO] [stdout] test render::cli::check::tests::test_check_renderer_no_issues ... ok
[INFO] [stdout] test ir::entities::tests::test_source_location ... ok
[INFO] [stdout] test render::cli::check::tests::test_check_renderer_strict_mode ... ok
[INFO] [stdout] test ir::entities::tests::test_variable_creation ... ok
[INFO] [stdout] test ir::relationships::tests::test_multimap_contains_key ... ok
[INFO] [stdout] test render::cli::doctor::tests::test_check_status_icon ... ok
[INFO] [stdout] test render::cli::check::tests::test_check_renderer_with_warnings ... ok
[INFO] [stdout] test render::cli::doctor::tests::test_doctor_renderer_config_only ... ok
[INFO] [stdout] test render::cli::doctor::tests::test_doctor_renderer_output ... ok
[INFO] [stdout] test render::cli::explain::tests::test_explain_case_insensitive ... ok
[INFO] [stdout] test render::cli::explain::tests::test_explain_variable_not_found ... ok
[INFO] [stdout] test render::cli::explain::tests::test_explain_variable_found ... ok
[INFO] [stdout] test render::cli::init::tests::test_generate_config_content ... ok
[INFO] [stdout] test render::cli::scan::tests::test_scan_renderer_no_issues ... ok
[INFO] [stdout] test render::cli::init::tests::test_render_output ... ok
[INFO] [stdout] test render::cli::init::tests::test_write_config_creates_file ... ok
[INFO] [stdout] test render::cli::scan::tests::test_scan_renderer_with_issues ... ok
[INFO] [stdout] test ir::relationships::tests::test_relationships_multiple_maps ... ok
[INFO] [stdout] test ir::relationships::tests::test_relationships_new ... ok
[INFO] [stdout] test render::cli::init::tests::test_write_config_refuses_overwrite ... ok
[INFO] [stdout] test render::html::tests::test_html_renderer_produces_output ... ok
[INFO] [stdout] test render::json::serialize::tests::test_json_file_ids ... ok
[INFO] [stdout] test scanner::core::tests::test_detect_language ... ok
[INFO] [stdout] test render::json::serialize::tests::test_json_report_construction ... ok
[INFO] [stdout] test render::json::tests::test_json_renderer_pretty ... ok
[INFO] [stdout] test render::json::tests::test_json_renderer_valid_json ... ok
[INFO] [stdout] test scanner::core::tests::test_scan_hidden_dirs_skipped ... ok
[INFO] [stdout] test scanner::core::tests::test_scan_ignores_node_modules ... ok
[INFO] [stdout] test scanner::core::tests::test_scan_ignores_target_dir ... ok
[INFO] [stdout] test scanner::core::tests::test_scan_dotenv_files ... ok
[INFO] [stdout] test scanner::filter::tests::test_empty_pattern ... ok
[INFO] [stdout] test scanner::filter::tests::test_exact_match ... ok
[INFO] [stdout] test scanner::core::tests::test_scan_single_file ... ok
[INFO] [stdout] test scanner::filter::tests::test_directory_pattern ... ok
[INFO] [stdout] test scanner::filter::tests::test_negation ... ok
[INFO] [stdout] test scanner::filter::tests::test_target_skip ... ok
[INFO] [stdout] test render::json::serialize::tests::test_json_variable_ids ... ok
[INFO] [stdout] test scanner::filter::tests::test_no_match ... ok
[INFO] [stdout] test render::json::tests::test_json_renderer_compact ... ok
[INFO] [stdout] test render::cli::init::tests::test_write_config_force_overwrite ... ok
[INFO] [stdout] test util::path::tests::test_file_extension_lowercase ... ok
[INFO] [stdout] test util::path::tests::test_file_extension_dotfile ... ok
[INFO] [stdout] test util::path::tests::test_file_extension_no_extension ... ok
[INFO] [stdout] test util::path::tests::test_file_extension_normal ... ok
[INFO] [stdout] test util::path::tests::test_is_binary_text_files ... ok
[INFO] [stdout] test util::path::tests::test_is_binary_known_extensions ... ok
[INFO] [stdout] test util::path::tests::test_is_hidden_regular_file ... ok
[INFO] [stdout] test scanner::filter::tests::test_wildcard_match ... ok
[INFO] [stdout] test scanner::core::tests::test_scan_nonexistent_dir ... ok
[INFO] [stdout] test util::path::tests::test_is_hidden_dotfile ... ok
[INFO] [stdout] test util::path::tests::test_normalize_path_resolves_parent ... ok
[INFO] [stdout] test util::path::tests::test_normalize_path_removes_dot ... ok
[INFO] [stdout] test util::path::tests::test_is_hidden_empty_path ... ok
[INFO] [stdout] test scanner::filter::tests::test_vendor_skip ... ok
[INFO] [stdout] test util::path::tests::test_is_binary_no_extension ... ok
[INFO] [stdout] test util::path::tests::test_normalize_path_preserves_root_parent ... ok
[INFO] [stdout] test util::path::tests::test_windows_paths ... FAILED
[INFO] [stdout] test adapter::rust::parser::tests::test_dotenvy_dotenv ... ok
[INFO] [stdout] test adapter::rust::parser::tests::test_method_chain_no_duplicate ... ok
[INFO] [stdout] test adapter::rust::parser::tests::test_no_false_positives_in_comments ... ok
[INFO] [stdout] test adapter::rust::parser::tests::test_dotenv_dotenv ... ok
[INFO] [stdout] test adapter::rust::parser::tests::test_empty_file ... ok
[INFO] [stdout] test adapter::rust::parser::tests::test_multiple_usages ... ok
[INFO] [stdout] test adapter::rust::parser::tests::test_env_macro ... ok
[INFO] [stdout] test adapter::rust::parser::tests::test_std_env_var ... ok
[INFO] [stdout] test adapter::rust::parser::tests::test_std_env_var_os ... ok
[INFO] [stdout] 
[INFO] [stdout] failures:
[INFO] [stdout] 
[INFO] [stdout] ---- util::path::tests::test_windows_paths stdout ----
[INFO] [stdout] 
[INFO] [stdout] thread 'util::path::tests::test_windows_paths' (2437) panicked at src/util/path.rs:175:9:
[INFO] [stdout] assertion `left == right` failed
[INFO] [stdout]   left: "foo\\bar\\..\\baz"
[INFO] [stdout]  right: "foo/baz"
[INFO] [stdout] stack backtrace:
[INFO] [stdout]    0:     0x58ccde061f11 - <<std[617be2ca0a6fd877]::sys::backtrace::BacktraceLock>::print::DisplayBacktrace as core[a373ad73a504971]::fmt::Display>::fmt
[INFO] [stdout]    1:     0x58ccde07986a - core[a373ad73a504971]::fmt::write
[INFO] [stdout]    2:     0x58ccde06641c - <alloc[2e1b2a31b91974c5]::vec::Vec<u8> as core[a373ad73a504971]::io::write::Write>::write_fmt
[INFO] [stdout]    3:     0x58ccde03c446 - std[617be2ca0a6fd877]::panicking::default_hook::{closure#0}
[INFO] [stdout]    4:     0x58ccde0596b9 - std[617be2ca0a6fd877]::panicking::default_hook
[INFO] [stdout]    5:     0x58ccddef7ae0 - test[aada8e7e76ba119b]::test_main_inner::{closure#0}
[INFO] [stdout]    6:     0x58ccde059872 - std[617be2ca0a6fd877]::panicking::panic_with_hook
[INFO] [stdout]    7:     0x58ccde03c4f2 - std[617be2ca0a6fd877]::panicking::panic_handler::{closure#0}
[INFO] [stdout]    8:     0x58ccde034eb9 - std[617be2ca0a6fd877]::sys::backtrace::__rust_end_short_backtrace::<std[617be2ca0a6fd877]::panicking::panic_handler::{closure#0}, !>
[INFO] [stdout]    9:     0x58ccde03d0fd - __rustc[ea4f61d10b84890b]::rust_begin_unwind
[INFO] [stdout]   10:     0x58ccde07a04c - core[a373ad73a504971]::panicking::panic_fmt
[INFO] [stdout]   11:     0x58ccde079f63 - core[a373ad73a504971]::panicking::assert_failed_inner
[INFO] [stdout]   12:     0x58ccdde75ca2 - core[a373ad73a504971]::panicking::assert_failed::<std[617be2ca0a6fd877]::path::PathBuf, std[617be2ca0a6fd877]::path::PathBuf>
[INFO] [stdout]   13:     0x58ccdde557da - <envdoctor[4a0ac7cc120064ed]::util::path::tests::test_windows_paths::{closure#0} as core[a373ad73a504971]::ops::function::FnOnce<()>>::call_once
[INFO] [stdout]   14:     0x58ccddeeaf2b - test[aada8e7e76ba119b]::__rust_begin_short_backtrace::<core[a373ad73a504971]::result::Result<(), alloc[2e1b2a31b91974c5]::string::String>, fn() -> core[a373ad73a504971]::result::Result<(), alloc[2e1b2a31b91974c5]::string::String>>
[INFO] [stdout]   15:     0x58ccddef8105 - test[aada8e7e76ba119b]::run_test::{closure#0}
[INFO] [stdout]   16:     0x58ccddef19f4 - std[617be2ca0a6fd877]::sys::backtrace::__rust_begin_short_backtrace::<test[aada8e7e76ba119b]::run_test::{closure#1}, ()>
[INFO] [stdout]   17:     0x58ccddefb192 - <std[617be2ca0a6fd877]::thread::lifecycle::spawn_unchecked<test[aada8e7e76ba119b]::run_test::{closure#1}, ()>::{closure#1} as core[a373ad73a504971]::ops::function::FnOnce<()>>::call_once::{shim:vtable#0}
[INFO] [stdout]   18:     0x58ccde06122f - <std[617be2ca0a6fd877]::sys::thread::unix::Thread>::new::thread_start
[INFO] [stdout]   19:     0x7dcc2370ddfa - <unknown>
[INFO] [stdout]   20:     0x7dcc237a13d4 - clone
[INFO] [stdout]   21:                0x0 - <unknown>
[INFO] [stdout] 
[INFO] [stdout] 
[INFO] [stdout] failures:
[INFO] [stdout]     util::path::tests::test_windows_paths
[INFO] [stdout] 
[INFO] [stdout] test result: FAILED. 205 passed; 1 failed; 0 ignored; 0 measured; 0 filtered out; finished in 0.27s
[INFO] [stdout] 
[INFO] [stderr] error: test failed, to rerun pass `--bin envdoctor`
[INFO] running `Command { std: "docker" "inspect" "150f48b84ed6da775841ef5e1da1833735a17a654a9664128d9168c3b2fb713e", kill_on_drop: false }`
[INFO] running `Command { std: "docker" "rm" "-f" "150f48b84ed6da775841ef5e1da1833735a17a654a9664128d9168c3b2fb713e", kill_on_drop: false }`
[INFO] [stdout] 150f48b84ed6da775841ef5e1da1833735a17a654a9664128d9168c3b2fb713e
