[INFO] fetching crate envcast 1.0.0...
[INFO] testing envcast-1.0.0 against 1.99.0-beta.8+cargoflags=--release for beta-release-1.100-2
[INFO] extracting crate envcast 1.0.0 into /workspace/builds/worker-7-tc1/source
[INFO] started tweaking crates.io crate envcast 1.0.0
[INFO] removed 0 missing examples
[INFO] finished tweaking crates.io crate envcast 1.0.0
[INFO] tweaked toml for crates.io crate envcast 1.0.0 written to /workspace/builds/worker-7-tc1/source/Cargo.toml
[INFO] validating manifest of crates.io crate envcast 1.0.0 on toolchain 1.99.0-beta.8
[INFO] running `Command { std: CARGO_HOME="/workspace/cargo-home" RUSTUP_HOME="/workspace/rustup-home" "/workspace/cargo-home/bin/cargo" "+1.99.0-beta.8" "metadata" "--manifest-path" "Cargo.toml" "--no-deps", kill_on_drop: false }`
[INFO] crate crates.io crate envcast 1.0.0 already has a lockfile, it will not be regenerated
[INFO] running `Command { std: CARGO_HOME="/workspace/cargo-home" RUSTUP_HOME="/workspace/rustup-home" "/workspace/cargo-home/bin/cargo" "+1.99.0-beta.8" "fetch" "--manifest-path" "Cargo.toml", kill_on_drop: false }`
[INFO] [stderr]     Updating crates.io index
[INFO] [stderr]  Downloading crates ...
[INFO] [stderr]   Downloaded envcast_derive v1.0.0
[INFO] running `Command { std: "docker" "create" "-v" "/var/lib/crater-agent-workspace/builds/worker-7-tc1/source:/opt/rustwide/workdir:ro,Z" "-v" "/var/lib/crater-agent-workspace/builds/worker-7-tc1/target:/opt/rustwide/target:rw,Z" "-v" "/var/lib/crater-agent-workspace/cargo-home:/opt/rustwide/cargo-home:ro,Z" "-v" "/var/lib/crater-agent-workspace/rustup-home:/opt/rustwide/rustup-home:ro,Z" "-m" "1610612736" "--network" "none" "ghcr.io/rust-lang/crates-build-env/linux@sha256:77db811e55d90add9212f6832c23229e3de5f1c1f9905e8cb07319ea15df73ac" "sleep" "infinity", kill_on_drop: false }`
[INFO] [stdout] ca8431481d35ef668089707e546b7a9b2e0bffd14325b096fcc86f557e672fbc
[INFO] running `Command { std: "docker" "start" "ca8431481d35ef668089707e546b7a9b2e0bffd14325b096fcc86f557e672fbc", kill_on_drop: false }`
[INFO] running `Command { std: "docker" "inspect" "ca8431481d35ef668089707e546b7a9b2e0bffd14325b096fcc86f557e672fbc", kill_on_drop: false }`
[INFO] running `Command { std: "docker" "exec" "-e" "SOURCE_DIR=/opt/rustwide/workdir" "-e" "CARGO_HOME=/opt/rustwide/cargo-home" "-e" "RUSTUP_HOME=/opt/rustwide/rustup-home" "-e" "CARGO_TARGET_DIR=/opt/rustwide/target" "-w" "/opt/rustwide/workdir" "--user" "0:0" "ca8431481d35ef668089707e546b7a9b2e0bffd14325b096fcc86f557e672fbc" "/opt/rustwide/cargo-home/bin/cargo" "+1.99.0-beta.8" "metadata" "--no-deps" "--format-version=1", kill_on_drop: false }`
[INFO] running `Command { std: "docker" "inspect" "ca8431481d35ef668089707e546b7a9b2e0bffd14325b096fcc86f557e672fbc", kill_on_drop: false }`
[INFO] running `Command { std: "docker" "exec" "-e" "SOURCE_DIR=/opt/rustwide/workdir" "-e" "CARGO_HOME=/opt/rustwide/cargo-home" "-e" "RUSTUP_HOME=/opt/rustwide/rustup-home" "-e" "CARGO_TARGET_DIR=/opt/rustwide/target" "-e" "CARGO_INCREMENTAL=0" "-e" "RUST_BACKTRACE=full" "-e" "RUSTFLAGS=--cap-lints=warn" "-e" "RUSTDOCFLAGS=--cap-lints=warn" "-w" "/opt/rustwide/workdir" "--user" "0:0" "ca8431481d35ef668089707e546b7a9b2e0bffd14325b096fcc86f557e672fbc" "/opt/rustwide/cargo-home/bin/cargo" "+1.99.0-beta.8" "build" "--frozen" "--message-format=json" "--release", kill_on_drop: false }`
[INFO] [stderr]    Compiling proc-macro2 v1.0.103
[INFO] [stderr]    Compiling memchr v2.7.6
[INFO] [stderr]    Compiling regex-syntax v0.8.8
[INFO] [stderr]    Compiling aho-corasick v1.1.4
[INFO] [stderr]    Compiling quote v1.0.42
[INFO] [stderr]    Compiling syn v2.0.111
[INFO] [stderr]    Compiling regex-automata v0.4.13
[INFO] [stderr]    Compiling envcast_derive v1.0.0
[INFO] [stderr]    Compiling regex v1.12.2
[INFO] [stderr]    Compiling envcast v1.0.0 (/opt/rustwide/workdir)
[INFO] [stderr]     Finished `release` profile [optimized] target(s) in 21.13s
[INFO] running `Command { std: "docker" "inspect" "ca8431481d35ef668089707e546b7a9b2e0bffd14325b096fcc86f557e672fbc", kill_on_drop: false }`
[INFO] running `Command { std: "docker" "exec" "-e" "SOURCE_DIR=/opt/rustwide/workdir" "-e" "CARGO_HOME=/opt/rustwide/cargo-home" "-e" "RUSTUP_HOME=/opt/rustwide/rustup-home" "-e" "CARGO_TARGET_DIR=/opt/rustwide/target" "-e" "CARGO_INCREMENTAL=0" "-e" "RUST_BACKTRACE=full" "-e" "RUSTFLAGS=--cap-lints=warn" "-e" "RUSTDOCFLAGS=--cap-lints=warn" "-w" "/opt/rustwide/workdir" "--user" "0:0" "ca8431481d35ef668089707e546b7a9b2e0bffd14325b096fcc86f557e672fbc" "/opt/rustwide/cargo-home/bin/cargo" "+1.99.0-beta.8" "test" "--frozen" "--no-run" "--message-format=json" "--release", kill_on_drop: false }`
[INFO] [stderr]    Compiling envcast v1.0.0 (/opt/rustwide/workdir)
[INFO] [stdout] warning: falling back to `f32` as the trait bound `f32: From<f64>` is not satisfied
[INFO] [stdout]   --> examples/default.rs:10:17
[INFO] [stdout]    |
[INFO] [stdout] 10 |     #[default = 50.0]
[INFO] [stdout]    |                 ^^^^ help: explicitly specify the type as `f32`: `50.0_f32`
[INFO] [stdout]    |
[INFO] [stdout]    = warning: this was previously accepted by the compiler but is being phased out; it will become a hard error in a future release!
[INFO] [stdout]    = note: for more information, see issue #154024 <https://github.com/rust-lang/rust/issues/154024>
[INFO] [stdout]    = note: `#[warn(float_literal_f32_fallback)]` (part of `#[warn(future_incompatible)]`) on by default
[INFO] [stdout] 
[INFO] [stdout] 
[INFO] [stderr]     Finished `release` profile [optimized] target(s) in 1.86s
[INFO] running `Command { std: "docker" "inspect" "ca8431481d35ef668089707e546b7a9b2e0bffd14325b096fcc86f557e672fbc", kill_on_drop: false }`
[INFO] running `Command { std: "docker" "exec" "-e" "SOURCE_DIR=/opt/rustwide/workdir" "-e" "CARGO_HOME=/opt/rustwide/cargo-home" "-e" "RUSTUP_HOME=/opt/rustwide/rustup-home" "-e" "CARGO_TARGET_DIR=/opt/rustwide/target" "-e" "CARGO_INCREMENTAL=0" "-e" "RUST_BACKTRACE=full" "-e" "RUSTFLAGS=--cap-lints=warn" "-e" "RUSTDOCFLAGS=--cap-lints=warn" "-w" "/opt/rustwide/workdir" "--user" "0:0" "ca8431481d35ef668089707e546b7a9b2e0bffd14325b096fcc86f557e672fbc" "/opt/rustwide/cargo-home/bin/cargo" "+1.99.0-beta.8" "test" "--frozen" "--release", kill_on_drop: false }`
[INFO] [stderr] warning: falling back to `f32` as the trait bound `f32: From<f64>` is not satisfied
[INFO] [stderr]   --> examples/default.rs:10:17
[INFO] [stderr]    |
[INFO] [stderr] 10 |     #[default = 50.0]
[INFO] [stderr]    |                 ^^^^ help: explicitly specify the type as `f32`: `50.0_f32`
[INFO] [stderr]    |
[INFO] [stderr]    = warning: this was previously accepted by the compiler but is being phased out; it will become a hard error in a future release!
[INFO] [stderr]    = note: for more information, see issue #154024 <https://github.com/rust-lang/rust/issues/154024>
[INFO] [stderr]    = note: `#[warn(float_literal_f32_fallback)]` (part of `#[warn(future_incompatible)]`) on by default
[INFO] [stderr] 
[INFO] [stderr] warning: `envcast` (example "default") generated 1 warning (run `cargo fix --example "default" -p envcast` to apply 1 suggestion)
[INFO] [stderr]     Finished `release` profile [optimized] target(s) in 0.05s
[INFO] [stderr]      Running unittests src/lib.rs (/opt/rustwide/target/release/deps/envcast-e64b4d2578a5b5d5)
[INFO] [stdout] 
[INFO] [stdout] running 11 tests
[INFO] [stdout] test dotenv::reader::tests::test_get_dotenv_file_content_is_none ... ok
[INFO] [stdout] test dotenv::tests::test_get_dotenv_file_values_is_none ... ok
[INFO] [stdout] test tests::test_get_from_envvar_case_fail_and_retry_upper ... ok
[INFO] [stdout] test dotenv::tests::test_get_dotenv_file_values_by_envvar_path ... FAILED
[INFO] [stdout] test tests::test_get_from_envvar_case_fail_cast ... ok
[INFO] [stdout] test dotenv::reader::tests::test_get_dotenv_file_content_by_envvar_path ... FAILED
[INFO] [stdout] test dotenv::reader::tests::test_get_dotenv_file_content_in_cwd ... FAILED
[INFO] [stdout] test dotenv::tests::test_get_dotenv_file_values_in_cwd ... FAILED
[INFO] [stdout] test dotenv::parser::tests::test_parse_dotenv_vars ... ok
[INFO] [stdout] test tests::test_get_from_envvar_case_success ... ok
[INFO] [stdout] test tests::test_get_from_envvar_case_retry_upper_and_fail_cast ... ok
[INFO] [stdout] 
[INFO] [stdout] failures:
[INFO] [stdout] 
[INFO] [stdout] ---- dotenv::tests::test_get_dotenv_file_values_by_envvar_path stdout ----
[INFO] [stdout] 
[INFO] [stdout] thread 'dotenv::tests::test_get_dotenv_file_values_by_envvar_path' (441) panicked at src/dotenv/mod.rs:35:9:
[INFO] [stdout] assertion failed: content.is_some()
[INFO] [stdout] stack backtrace:
[INFO] [stdout]    0:     0x5fe2169596d1 - <<std[70759c8f55707aa4]::sys::backtrace::BacktraceLock>::print::DisplayBacktrace as core[df12db4294e9bfd3]::fmt::Display>::fmt
[INFO] [stdout]    1:     0x5fe21696f8da - core[df12db4294e9bfd3]::fmt::write
[INFO] [stdout]    2:     0x5fe21695db8c - <alloc[2182bb758b4b3781]::vec::Vec<u8> as core[df12db4294e9bfd3]::io::write::Write>::write_fmt
[INFO] [stdout]    3:     0x5fe2169348d6 - std[70759c8f55707aa4]::panicking::default_hook::{closure#0}
[INFO] [stdout]    4:     0x5fe216950eb9 - std[70759c8f55707aa4]::panicking::default_hook
[INFO] [stdout]    5:     0x5fe21682af00 - test[9d35eded1c95d3be]::test_main_inner::<test[9d35eded1c95d3be]::test_main_static::{closure#0}>::{closure#0}
[INFO] [stdout]    6:     0x5fe216951072 - std[70759c8f55707aa4]::panicking::panic_with_hook
[INFO] [stdout]    7:     0x5fe2169349b4 - std[70759c8f55707aa4]::panicking::panic_handler::{closure#0}
[INFO] [stdout]    8:     0x5fe21692d4c9 - std[70759c8f55707aa4]::sys::backtrace::__rust_end_short_backtrace::<std[70759c8f55707aa4]::panicking::panic_handler::{closure#0}, !>
[INFO] [stdout]    9:     0x5fe21693579d - __rustc[8fa7c3cbc660c2b3]::rust_begin_unwind
[INFO] [stdout]   10:     0x5fe2169700bc - core[df12db4294e9bfd3]::panicking::panic_fmt
[INFO] [stdout]   11:     0x5fe216970082 - core[df12db4294e9bfd3]::panicking::panic
[INFO] [stdout]   12:     0x5fe216814651 - envcast[60db398cf1631457]::dotenv::tests::test_get_dotenv_file_values_by_envvar_path
[INFO] [stdout]   13:     0x5fe21680f239 - <envcast[60db398cf1631457]::dotenv::tests::test_get_dotenv_file_values_by_envvar_path::{closure#0} as core[df12db4294e9bfd3]::ops::function::FnOnce<()>>::call_once
[INFO] [stdout]   14:     0x5fe21681e1eb - test[9d35eded1c95d3be]::__rust_begin_short_backtrace::<core[df12db4294e9bfd3]::result::Result<(), alloc[2182bb758b4b3781]::string::String>, fn() -> core[df12db4294e9bfd3]::result::Result<(), alloc[2182bb758b4b3781]::string::String>>
[INFO] [stdout]   15:     0x5fe21682b855 - test[9d35eded1c95d3be]::run_test::{closure#0}
[INFO] [stdout]   16:     0x5fe216825114 - std[70759c8f55707aa4]::sys::backtrace::__rust_begin_short_backtrace::<test[9d35eded1c95d3be]::run_test::{closure#1}, ()>
[INFO] [stdout]   17:     0x5fe21682e9b2 - <std[70759c8f55707aa4]::thread::lifecycle::spawn_unchecked<test[9d35eded1c95d3be]::run_test::{closure#1}, ()>::{closure#1} as core[df12db4294e9bfd3]::ops::function::FnOnce<()>>::call_once::{shim:vtable#0}
[INFO] [stdout]   18:     0x5fe216958ee9 - <std[70759c8f55707aa4]::sys::thread::unix::Thread>::new::thread_start
[INFO] [stdout]   19:     0x72f652fd1dfa - <unknown>
[INFO] [stdout]   20:     0x72f6530653d4 - clone
[INFO] [stdout]   21:                0x0 - <unknown>
[INFO] [stdout] 
[INFO] [stdout] ---- dotenv::reader::tests::test_get_dotenv_file_content_by_envvar_path stdout ----
[INFO] [stdout] 
[INFO] [stdout] thread 'dotenv::reader::tests::test_get_dotenv_file_content_by_envvar_path' (438) panicked at src/dotenv/reader.rs:31:9:
[INFO] [stdout] assertion failed: content.is_some()
[INFO] [stdout] stack backtrace:
[INFO] [stdout]    0:     0x5fe2169596d1 - <<std[70759c8f55707aa4]::sys::backtrace::BacktraceLock>::print::DisplayBacktrace as core[df12db4294e9bfd3]::fmt::Display>::fmt
[INFO] [stdout]    1:     0x5fe21696f8da - core[df12db4294e9bfd3]::fmt::write
[INFO] [stdout]    2:     0x5fe21695db8c - <alloc[2182bb758b4b3781]::vec::Vec<u8> as core[df12db4294e9bfd3]::io::write::Write>::write_fmt
[INFO] [stdout]    3:     0x5fe2169348d6 - std[70759c8f55707aa4]::panicking::default_hook::{closure#0}
[INFO] [stdout]    4:     0x5fe216950eb9 - std[70759c8f55707aa4]::panicking::default_hook
[INFO] [stdout]    5:     0x5fe21682af00 - test[9d35eded1c95d3be]::test_main_inner::<test[9d35eded1c95d3be]::test_main_static::{closure#0}>::{closure#0}
[INFO] [stdout]    6:     0x5fe216951072 - std[70759c8f55707aa4]::panicking::panic_with_hook
[INFO] [stdout]    7:     0x5fe2169349b4 - std[70759c8f55707aa4]::panicking::panic_handler::{closure#0}
[INFO] [stdout]    8:     0x5fe21692d4c9 - std[70759c8f55707aa4]::sys::backtrace::__rust_end_short_backtrace::<std[70759c8f55707aa4]::panicking::panic_handler::{closure#0}, !>
[INFO] [stdout]    9:     0x5fe21693579d - __rustc[8fa7c3cbc660c2b3]::rust_begin_unwind
[INFO] [stdout]   10:     0x5fe2169700bc - core[df12db4294e9bfd3]::panicking::panic_fmt
[INFO] [stdout]   11:     0x5fe216970082 - core[df12db4294e9bfd3]::panicking::panic
[INFO] [stdout]   12:     0x5fe21680f563 - <envcast[60db398cf1631457]::dotenv::reader::tests::test_get_dotenv_file_content_by_envvar_path::{closure#0} as core[df12db4294e9bfd3]::ops::function::FnOnce<()>>::call_once
[INFO] [stdout]   13:     0x5fe21681e1eb - test[9d35eded1c95d3be]::__rust_begin_short_backtrace::<core[df12db4294e9bfd3]::result::Result<(), alloc[2182bb758b4b3781]::string::String>, fn() -> core[df12db4294e9bfd3]::result::Result<(), alloc[2182bb758b4b3781]::string::String>>
[INFO] [stdout]   14:     0x5fe21682b855 - test[9d35eded1c95d3be]::run_test::{closure#0}
[INFO] [stdout]   15:     0x5fe216825114 - std[70759c8f55707aa4]::sys::backtrace::__rust_begin_short_backtrace::<test[9d35eded1c95d3be]::run_test::{closure#1}, ()>
[INFO] [stdout]   16:     0x5fe21682e9b2 - <std[70759c8f55707aa4]::thread::lifecycle::spawn_unchecked<test[9d35eded1c95d3be]::run_test::{closure#1}, ()>::{closure#1} as core[df12db4294e9bfd3]::ops::function::FnOnce<()>>::call_once::{shim:vtable#0}
[INFO] [stdout]   17:     0x5fe216958ee9 - <std[70759c8f55707aa4]::sys::thread::unix::Thread>::new::thread_start
[INFO] [stdout]   18:     0x72f652fd1dfa - <unknown>
[INFO] [stdout]   19:     0x72f6530653d4 - clone
[INFO] [stdout]   20:                0x0 - <unknown>
[INFO] [stdout] 
[INFO] [stdout] ---- dotenv::reader::tests::test_get_dotenv_file_content_in_cwd stdout ----
[INFO] [stdout] 
[INFO] [stdout] thread 'dotenv::reader::tests::test_get_dotenv_file_content_in_cwd' (439) panicked at src/dotenv/reader.rs:40:48:
[INFO] [stdout] Failed to copy file: Os { code: 2, kind: NotFound, message: "No such file or directory" }
[INFO] [stdout] stack backtrace:
[INFO] [stdout]    0:     0x5fe2169596d1 - <<std[70759c8f55707aa4]::sys::backtrace::BacktraceLock>::print::DisplayBacktrace as core[df12db4294e9bfd3]::fmt::Display>::fmt
[INFO] [stdout]    1:     0x5fe21696f8da - core[df12db4294e9bfd3]::fmt::write
[INFO] [stdout]    2:     0x5fe21695db8c - <alloc[2182bb758b4b3781]::vec::Vec<u8> as core[df12db4294e9bfd3]::io::write::Write>::write_fmt
[INFO] [stdout]    3:     0x5fe2169348d6 - std[70759c8f55707aa4]::panicking::default_hook::{closure#0}
[INFO] [stdout]    4:     0x5fe216950eb9 - std[70759c8f55707aa4]::panicking::default_hook
[INFO] [stdout]    5:     0x5fe21682af00 - test[9d35eded1c95d3be]::test_main_inner::<test[9d35eded1c95d3be]::test_main_static::{closure#0}>::{closure#0}
[INFO] [stdout]    6:     0x5fe216951072 - std[70759c8f55707aa4]::panicking::panic_with_hook
[INFO] [stdout]    7:     0x5fe216934982 - std[70759c8f55707aa4]::panicking::panic_handler::{closure#0}
[INFO] [stdout]    8:     0x5fe21692d4c9 - std[70759c8f55707aa4]::sys::backtrace::__rust_end_short_backtrace::<std[70759c8f55707aa4]::panicking::panic_handler::{closure#0}, !>
[INFO] [stdout]    9:     0x5fe21693579d - __rustc[8fa7c3cbc660c2b3]::rust_begin_unwind
[INFO] [stdout]   10:     0x5fe2169700bc - core[df12db4294e9bfd3]::panicking::panic_fmt
[INFO] [stdout]   11:     0x5fe21696fe92 - core[df12db4294e9bfd3]::result::unwrap_failed
[INFO] [stdout]   12:     0x5fe21680f33e - <envcast[60db398cf1631457]::dotenv::reader::tests::test_get_dotenv_file_content_in_cwd::{closure#0} as core[df12db4294e9bfd3]::ops::function::FnOnce<()>>::call_once
[INFO] [stdout]   13:     0x5fe21681e1eb - test[9d35eded1c95d3be]::__rust_begin_short_backtrace::<core[df12db4294e9bfd3]::result::Result<(), alloc[2182bb758b4b3781]::string::String>, fn() -> core[df12db4294e9bfd3]::result::Result<(), alloc[2182bb758b4b3781]::string::String>>
[INFO] [stdout]   14:     0x5fe21682b855 - test[9d35eded1c95d3be]::run_test::{closure#0}
[INFO] [stdout]   15:     0x5fe216825114 - std[70759c8f55707aa4]::sys::backtrace::__rust_begin_short_backtrace::<test[9d35eded1c95d3be]::run_test::{closure#1}, ()>
[INFO] [stdout]   16:     0x5fe21682e9b2 - <std[70759c8f55707aa4]::thread::lifecycle::spawn_unchecked<test[9d35eded1c95d3be]::run_test::{closure#1}, ()>::{closure#1} as core[df12db4294e9bfd3]::ops::function::FnOnce<()>>::call_once::{shim:vtable#0}
[INFO] [stdout]   17:     0x5fe216958ee9 - <std[70759c8f55707aa4]::sys::thread::unix::Thread>::new::thread_start
[INFO] [stdout]   18:     0x72f652fd1dfa - <unknown>
[INFO] [stdout]   19:     0x72f6530653d4 - clone
[INFO] [stdout]   20:                0x0 - <unknown>
[INFO] [stdout] 
[INFO] [stdout] ---- dotenv::tests::test_get_dotenv_file_values_in_cwd stdout ----
[INFO] [stdout] 
[INFO] [stdout] thread 'dotenv::tests::test_get_dotenv_file_values_in_cwd' (442) panicked at src/dotenv/mod.rs:147:48:
[INFO] [stdout] Failed to copy file: Os { code: 2, kind: NotFound, message: "No such file or directory" }
[INFO] [stdout] stack backtrace:
[INFO] [stdout]    0:     0x5fe2169596d1 - <<std[70759c8f55707aa4]::sys::backtrace::BacktraceLock>::print::DisplayBacktrace as core[df12db4294e9bfd3]::fmt::Display>::fmt
[INFO] [stdout]    1:     0x5fe21696f8da - core[df12db4294e9bfd3]::fmt::write
[INFO] [stdout]    2:     0x5fe21695db8c - <alloc[2182bb758b4b3781]::vec::Vec<u8> as core[df12db4294e9bfd3]::io::write::Write>::write_fmt
[INFO] [stdout]    3:     0x5fe2169348d6 - std[70759c8f55707aa4]::panicking::default_hook::{closure#0}
[INFO] [stdout]    4:     0x5fe216950eb9 - std[70759c8f55707aa4]::panicking::default_hook
[INFO] [stdout]    5:     0x5fe21682af00 - test[9d35eded1c95d3be]::test_main_inner::<test[9d35eded1c95d3be]::test_main_static::{closure#0}>::{closure#0}
[INFO] [stdout]    6:     0x5fe216951072 - std[70759c8f55707aa4]::panicking::panic_with_hook
[INFO] [stdout]    7:     0x5fe216934982 - std[70759c8f55707aa4]::panicking::panic_handler::{closure#0}
[INFO] [stdout]    8:     0x5fe21692d4c9 - std[70759c8f55707aa4]::sys::backtrace::__rust_end_short_backtrace::<std[70759c8f55707aa4]::panicking::panic_handler::{closure#0}, !>
[INFO] [stdout]    9:     0x5fe21693579d - __rustc[8fa7c3cbc660c2b3]::rust_begin_unwind
[INFO] [stdout]   10:     0x5fe2169700bc - core[df12db4294e9bfd3]::panicking::panic_fmt
[INFO] [stdout]   11:     0x5fe21696fe92 - core[df12db4294e9bfd3]::result::unwrap_failed
[INFO] [stdout]   12:     0x5fe216810884 - envcast[60db398cf1631457]::dotenv::tests::test_get_dotenv_file_values_in_cwd
[INFO] [stdout]   13:     0x5fe21680f1f9 - <envcast[60db398cf1631457]::dotenv::tests::test_get_dotenv_file_values_in_cwd::{closure#0} as core[df12db4294e9bfd3]::ops::function::FnOnce<()>>::call_once
[INFO] [stdout]   14:     0x5fe21681e1eb - test[9d35eded1c95d3be]::__rust_begin_short_backtrace::<core[df12db4294e9bfd3]::result::Result<(), alloc[2182bb758b4b3781]::string::String>, fn() -> core[df12db4294e9bfd3]::result::Result<(), alloc[2182bb758b4b3781]::string::String>>
[INFO] [stdout]   15:     0x5fe21682b855 - test[9d35eded1c95d3be]::run_test::{closure#0}
[INFO] [stdout]   16:     0x5fe216825114 - std[70759c8f55707aa4]::sys::backtrace::__rust_begin_short_backtrace::<test[9d35eded1c95d3be]::run_test::{closure#1}, ()>
[INFO] [stdout]   17:     0x5fe21682e9b2 - <std[70759c8f55707aa4]::thread::lifecycle::spawn_unchecked<test[9d35eded1c95d3be]::run_test::{closure#1}, ()>::{closure#1} as core[df12db4294e9bfd3]::ops::function::FnOnce<()>>::call_once::{shim:vtable#0}
[INFO] [stdout]   18:     0x5fe216958ee9 - <std[70759c8f55707aa4]::sys::thread::unix::Thread>::new::thread_start
[INFO] [stdout]   19:     0x72f652fd1dfa - <unknown>
[INFO] [stdout]   20:     0x72f6530653d4 - clone
[INFO] [stdout]   21:                0x0 - <unknown>
[INFO] [stdout] 
[INFO] [stdout] 
[INFO] [stdout] failures:
[INFO] [stdout]     dotenv::reader::tests::test_get_dotenv_file_content_by_envvar_path
[INFO] [stdout]     dotenv::reader::tests::test_get_dotenv_file_content_in_cwd
[INFO] [stdout]     dotenv::tests::test_get_dotenv_file_values_by_envvar_path
[INFO] [stdout]     dotenv::tests::test_get_dotenv_file_values_in_cwd
[INFO] [stdout] 
[INFO] [stdout] test result: FAILED. 7 passed; 4 failed; 0 ignored; 0 measured; 0 filtered out; finished in 0.02s
[INFO] [stdout] 
[INFO] [stderr] error: test failed, to rerun pass `--lib`
[INFO] running `Command { std: "docker" "inspect" "ca8431481d35ef668089707e546b7a9b2e0bffd14325b096fcc86f557e672fbc", kill_on_drop: false }`
[INFO] running `Command { std: "docker" "rm" "-f" "ca8431481d35ef668089707e546b7a9b2e0bffd14325b096fcc86f557e672fbc", kill_on_drop: false }`
[INFO] [stdout] ca8431481d35ef668089707e546b7a9b2e0bffd14325b096fcc86f557e672fbc
