[INFO] fetching crate env-select 1.2.0...
[INFO] testing env-select-1.2.0 against 1.99.0-beta.8+cargoflags=--release for beta-release-1.100-2
[INFO] extracting crate env-select 1.2.0 into /workspace/builds/worker-4-tc1/source
[INFO] removed /workspace/builds/worker-4-tc1/source/rust-toolchain.toml
[INFO] started tweaking crates.io crate env-select 1.2.0
[INFO] removed 0 missing tests
[INFO] finished tweaking crates.io crate env-select 1.2.0
[INFO] tweaked toml for crates.io crate env-select 1.2.0 written to /workspace/builds/worker-4-tc1/source/Cargo.toml
[INFO] validating manifest of crates.io crate env-select 1.2.0 on toolchain 1.99.0-beta.8
[INFO] running `Command { std: CARGO_HOME="/workspace/cargo-home" RUSTUP_HOME="/workspace/rustup-home" "/workspace/cargo-home/bin/cargo" "+1.99.0-beta.8" "metadata" "--manifest-path" "Cargo.toml" "--no-deps", kill_on_drop: false }`
[INFO] crate crates.io crate env-select 1.2.0 already has a lockfile, it will not be regenerated
[INFO] running `Command { std: CARGO_HOME="/workspace/cargo-home" RUSTUP_HOME="/workspace/rustup-home" "/workspace/cargo-home/bin/cargo" "+1.99.0-beta.8" "fetch" "--manifest-path" "Cargo.toml", kill_on_drop: false }`
[INFO] [stderr]     Updating crates.io index
[INFO] [stderr]  Downloading crates ...
[INFO] [stderr]   Downloaded async-signal v0.2.10
[INFO] [stderr]   Downloaded async-executor v1.13.1
[INFO] [stderr]   Downloaded dotenv-parser v0.1.3
[INFO] [stderr]   Downloaded smol v2.0.2
[INFO] [stderr]   Downloaded clap_complete v4.5.32
[INFO] [stderr]   Downloaded clap v4.5.19
[INFO] [stderr]   Downloaded clap_builder v4.5.19
[INFO] running `Command { std: "docker" "create" "-v" "/var/lib/crater-agent-workspace/builds/worker-4-tc1/source:/opt/rustwide/workdir:ro,Z" "-v" "/var/lib/crater-agent-workspace/builds/worker-4-tc1/target:/opt/rustwide/target:rw,Z" "-v" "/var/lib/crater-agent-workspace/cargo-home:/opt/rustwide/cargo-home:ro,Z" "-v" "/var/lib/crater-agent-workspace/rustup-home:/opt/rustwide/rustup-home:ro,Z" "-m" "1610612736" "--network" "none" "ghcr.io/rust-lang/crates-build-env/linux@sha256:77db811e55d90add9212f6832c23229e3de5f1c1f9905e8cb07319ea15df73ac" "sleep" "infinity", kill_on_drop: false }`
[INFO] [stdout] 31e0d3deec6f36f1be07839404af47056004887362e1053855740600df55beb5
[INFO] running `Command { std: "docker" "start" "31e0d3deec6f36f1be07839404af47056004887362e1053855740600df55beb5", kill_on_drop: false }`
[INFO] running `Command { std: "docker" "inspect" "31e0d3deec6f36f1be07839404af47056004887362e1053855740600df55beb5", kill_on_drop: false }`
[INFO] running `Command { std: "docker" "exec" "-e" "SOURCE_DIR=/opt/rustwide/workdir" "-e" "CARGO_HOME=/opt/rustwide/cargo-home" "-e" "RUSTUP_HOME=/opt/rustwide/rustup-home" "-e" "CARGO_TARGET_DIR=/opt/rustwide/target" "-w" "/opt/rustwide/workdir" "--user" "0:0" "31e0d3deec6f36f1be07839404af47056004887362e1053855740600df55beb5" "/opt/rustwide/cargo-home/bin/cargo" "+1.99.0-beta.8" "metadata" "--no-deps" "--format-version=1", kill_on_drop: false }`
[INFO] running `Command { std: "docker" "inspect" "31e0d3deec6f36f1be07839404af47056004887362e1053855740600df55beb5", kill_on_drop: false }`
[INFO] running `Command { std: "docker" "exec" "-e" "SOURCE_DIR=/opt/rustwide/workdir" "-e" "CARGO_HOME=/opt/rustwide/cargo-home" "-e" "RUSTUP_HOME=/opt/rustwide/rustup-home" "-e" "CARGO_TARGET_DIR=/opt/rustwide/target" "-e" "CARGO_INCREMENTAL=0" "-e" "RUST_BACKTRACE=full" "-e" "RUSTFLAGS=--cap-lints=warn" "-e" "RUSTDOCFLAGS=--cap-lints=warn" "-w" "/opt/rustwide/workdir" "--user" "0:0" "31e0d3deec6f36f1be07839404af47056004887362e1053855740600df55beb5" "/opt/rustwide/cargo-home/bin/cargo" "+1.99.0-beta.8" "build" "--frozen" "--message-format=json" "--release", kill_on_drop: false }`
[INFO] [stderr]    Compiling unicode-ident v1.0.13
[INFO] [stderr]    Compiling pin-project-lite v0.2.14
[INFO] [stderr]    Compiling crossbeam-utils v0.8.20
[INFO] [stderr]    Compiling libc v0.2.159
[INFO] [stderr]    Compiling slab v0.4.9
[INFO] [stderr]    Compiling fastrand v2.1.1
[INFO] [stderr]    Compiling rustix v0.38.37
[INFO] [stderr]    Compiling linux-raw-sys v0.4.14
[INFO] [stderr]    Compiling tracing-core v0.1.32
[INFO] [stderr]    Compiling proc-macro2 v1.0.86
[INFO] [stderr]    Compiling futures-lite v2.3.0
[INFO] [stderr]    Compiling memchr v2.7.4
[INFO] [stderr]    Compiling serde v1.0.210
[INFO] [stderr]    Compiling thiserror v1.0.64
[INFO] [stderr]    Compiling anstyle-parse v0.2.5
[INFO] [stderr]    Compiling tracing v0.1.40
[INFO] [stderr]    Compiling quote v1.0.37
[INFO] [stderr]    Compiling concurrent-queue v2.5.0
[INFO] [stderr]    Compiling ucd-trie v0.1.7
[INFO] [stderr]    Compiling is_terminal_polyfill v1.70.1
[INFO] [stderr]    Compiling anstyle-query v1.1.1
[INFO] [stderr]    Compiling syn v2.0.79
[INFO] [stderr]    Compiling event-listener v5.3.1
[INFO] [stderr]    Compiling colorchoice v1.0.2
[INFO] [stderr]    Compiling anstyle v1.0.8
[INFO] [stderr]    Compiling event-listener-strategy v0.5.2
[INFO] [stderr]    Compiling piper v0.2.4
[INFO] [stderr]    Compiling async-lock v3.4.0
[INFO] [stderr]    Compiling async-channel v2.3.1
[INFO] [stderr]    Compiling anstream v0.6.15
[INFO] [stderr]    Compiling once_cell v1.20.1
[INFO] [stderr]    Compiling nix v0.29.0
[INFO] [stderr]    Compiling blocking v1.6.1
[INFO] [stderr]    Compiling clap_lex v0.7.2
[INFO] [stderr]    Compiling signal-hook-registry v1.4.2
[INFO] [stderr]    Compiling gimli v0.31.1
[INFO] [stderr]    Compiling hashbrown v0.15.0
[INFO] [stderr]    Compiling futures-sink v0.3.31
[INFO] [stderr]    Compiling adler2 v2.0.0
[INFO] [stderr]    Compiling miniz_oxide v0.8.0
[INFO] [stderr]    Compiling futures-channel v0.3.31
[INFO] [stderr]    Compiling clap_builder v4.5.19
[INFO] [stderr]    Compiling object v0.36.5
[INFO] [stderr]    Compiling log v0.4.22
[INFO] [stderr]    Compiling rustc-demangle v0.1.24
[INFO] [stderr]    Compiling anyhow v1.0.89
[INFO] [stderr]    Compiling unicode-width v0.1.14
[INFO] [stderr]    Compiling winnow v0.6.20
[INFO] [stderr]    Compiling console v0.15.8
[INFO] [stderr]    Compiling futures-util v0.3.31
[INFO] [stderr]    Compiling addr2line v0.24.2
[INFO] [stderr]    Compiling env_filter v0.1.2
[INFO] [stderr]    Compiling async-fs v2.1.2
[INFO] [stderr]    Compiling thiserror-impl v1.0.64
[INFO] [stderr]    Compiling serde_derive v1.0.210
[INFO] [stderr]    Compiling polling v3.7.3
[INFO] [stderr]    Compiling clap_derive v4.5.18
[INFO] [stderr]    Compiling pest v2.7.13
[INFO] [stderr]    Compiling async-io v2.3.4
[INFO] [stderr]    Compiling pest_meta v2.7.13
[INFO] [stderr]    Compiling async-signal v0.2.10
[INFO] [stderr]    Compiling clap v4.5.19
[INFO] [stderr]    Compiling async-net v2.0.0
[INFO] [stderr]    Compiling async-process v2.3.0
[INFO] [stderr]    Compiling backtrace v0.3.74
[INFO] [stderr]    Compiling derive_more-impl v1.0.0
[INFO] [stderr]    Compiling pest_generator v2.7.13
[INFO] [stderr]    Compiling async-executor v1.13.1
[INFO] [stderr]    Compiling shlex v1.3.0
[INFO] [stderr]    Compiling pest_derive v2.7.13
[INFO] [stderr]    Compiling is_executable v1.0.4
[INFO] [stderr]    Compiling shell-words v1.1.0
[INFO] [stderr]    Compiling dotenv-parser v0.1.3
[INFO] [stderr]    Compiling clap_complete v4.5.32
[INFO] [stderr]    Compiling dialoguer v0.11.0
[INFO] [stderr]    Compiling smol v2.0.2
[INFO] [stderr]    Compiling derive_more v1.0.0
[INFO] [stderr]    Compiling futures v0.3.31
[INFO] [stderr]    Compiling ctrlc v3.4.5
[INFO] [stderr]    Compiling env_logger v0.11.5
[INFO] [stderr]    Compiling indexmap v2.6.0
[INFO] [stderr]    Compiling toml_datetime v0.6.8
[INFO] [stderr]    Compiling serde_spanned v0.6.8
[INFO] [stderr]    Compiling toml_edit v0.22.22
[INFO] [stderr]    Compiling toml v0.8.19
[INFO] [stderr]    Compiling env-select v1.2.0 (/opt/rustwide/workdir)
[INFO] [stderr]     Finished `release` profile [optimized] target(s) in 2m 17s
[INFO] running `Command { std: "docker" "inspect" "31e0d3deec6f36f1be07839404af47056004887362e1053855740600df55beb5", kill_on_drop: false }`
[INFO] running `Command { std: "docker" "exec" "-e" "SOURCE_DIR=/opt/rustwide/workdir" "-e" "CARGO_HOME=/opt/rustwide/cargo-home" "-e" "RUSTUP_HOME=/opt/rustwide/rustup-home" "-e" "CARGO_TARGET_DIR=/opt/rustwide/target" "-e" "CARGO_INCREMENTAL=0" "-e" "RUST_BACKTRACE=full" "-e" "RUSTFLAGS=--cap-lints=warn" "-e" "RUSTDOCFLAGS=--cap-lints=warn" "-w" "/opt/rustwide/workdir" "--user" "0:0" "31e0d3deec6f36f1be07839404af47056004887362e1053855740600df55beb5" "/opt/rustwide/cargo-home/bin/cargo" "+1.99.0-beta.8" "test" "--frozen" "--no-run" "--message-format=json" "--release", kill_on_drop: false }`
[INFO] [stderr]    Compiling syn v2.0.79
[INFO] [stderr]    Compiling libc v0.2.159
[INFO] [stderr]    Compiling semver v1.0.23
[INFO] [stderr]    Compiling byteorder v1.5.0
[INFO] [stderr]    Compiling aho-corasick v1.1.3
[INFO] [stderr]    Compiling regex-syntax v0.8.5
[INFO] [stderr]    Compiling doc-comment v0.3.3
[INFO] [stderr]    Compiling predicates-core v1.0.8
[INFO] [stderr]    Compiling glob v0.3.1
[INFO] [stderr]    Compiling relative-path v1.9.3
[INFO] [stderr]    Compiling termtree v0.4.1
[INFO] [stderr]    Compiling rustc_version v0.4.1
[INFO] [stderr]    Compiling regex-automata v0.4.8
[INFO] [stderr]    Compiling assert_cmd v2.0.16
[INFO] [stderr]    Compiling predicates-tree v1.0.11
[INFO] [stderr]    Compiling predicates v3.1.2
[INFO] [stderr]    Compiling rstest_macros v0.23.0
[INFO] [stderr]    Compiling getrandom v0.2.15
[INFO] [stderr]    Compiling wait-timeout v0.2.0
[INFO] [stderr]    Compiling yansi v1.0.1
[INFO] [stderr]    Compiling rand_core v0.6.4
[INFO] [stderr]    Compiling diff v0.1.13
[INFO] [stderr]    Compiling pretty_assertions v1.4.1
[INFO] [stderr]    Compiling bstr v1.10.0
[INFO] [stderr]    Compiling regex v1.11.0
[INFO] [stderr]    Compiling thiserror-impl v1.0.64
[INFO] [stderr]    Compiling serde_derive v1.0.210
[INFO] [stderr]    Compiling zerocopy-derive v0.7.35
[INFO] [stderr]    Compiling clap_derive v4.5.18
[INFO] [stderr]    Compiling derive_more-impl v1.0.0
[INFO] [stderr]    Compiling zerocopy v0.7.35
[INFO] [stderr]    Compiling thiserror v1.0.64
[INFO] [stderr]    Compiling pest v2.7.13
[INFO] [stderr]    Compiling dialoguer v0.11.0
[INFO] [stderr]    Compiling ppv-lite86 v0.2.20
[INFO] [stderr]    Compiling rand_chacha v0.3.1
[INFO] [stderr]    Compiling clap v4.5.19
[INFO] [stderr]    Compiling clap_complete v4.5.32
[INFO] [stderr]    Compiling rand v0.8.5
[INFO] [stderr]    Compiling pest_meta v2.7.13
[INFO] [stderr]    Compiling derive_more v1.0.0
[INFO] [stderr]    Compiling rstest v0.23.0
[INFO] [stderr]    Compiling rstest_reuse v0.7.0
[INFO] [stderr]    Compiling serde v1.0.210
[INFO] [stderr]    Compiling pest_generator v2.7.13
[INFO] [stderr]    Compiling pest_derive v2.7.13
[INFO] [stderr]    Compiling dotenv-parser v0.1.3
[INFO] [stderr]    Compiling serde_spanned v0.6.8
[INFO] [stderr]    Compiling indexmap v2.6.0
[INFO] [stderr]    Compiling toml_datetime v0.6.8
[INFO] [stderr]    Compiling serde_test v1.0.177
[INFO] [stderr]    Compiling toml_edit v0.22.22
[INFO] [stderr]    Compiling toml v0.8.19
[INFO] [stderr]    Compiling env-select v1.2.0 (/opt/rustwide/workdir)
[INFO] [stderr]     Finished `release` profile [optimized] target(s) in 1m 12s
[INFO] running `Command { std: "docker" "inspect" "31e0d3deec6f36f1be07839404af47056004887362e1053855740600df55beb5", kill_on_drop: false }`
[INFO] running `Command { std: "docker" "exec" "-e" "SOURCE_DIR=/opt/rustwide/workdir" "-e" "CARGO_HOME=/opt/rustwide/cargo-home" "-e" "RUSTUP_HOME=/opt/rustwide/rustup-home" "-e" "CARGO_TARGET_DIR=/opt/rustwide/target" "-e" "CARGO_INCREMENTAL=0" "-e" "RUST_BACKTRACE=full" "-e" "RUSTFLAGS=--cap-lints=warn" "-e" "RUSTDOCFLAGS=--cap-lints=warn" "-w" "/opt/rustwide/workdir" "--user" "0:0" "31e0d3deec6f36f1be07839404af47056004887362e1053855740600df55beb5" "/opt/rustwide/cargo-home/bin/cargo" "+1.99.0-beta.8" "test" "--frozen" "--release", kill_on_drop: false }`
[INFO] [stderr]     Finished `release` profile [optimized] target(s) in 0.17s
[INFO] [stderr]      Running unittests src/main.rs (/opt/rustwide/target/release/deps/es-8106cb16f88180ec)
[INFO] [stdout] 
[INFO] [stdout] running 48 tests
[INFO] [stdout] test config::inherit::tests::test_inherit_single ... ok
[INFO] [stdout] test config::inherit::tests::test_inherit_unknown ... ok
[INFO] [stdout] test config::inherit::tests::test_inherit_nonlinear ... ok
[INFO] [stdout] test config::merge::tests::test_merge_config ... ok
[INFO] [stdout] test config::qualify::tests::test_qualify_path::case_2 ... ok
[INFO] [stdout] test config::qualify::tests::test_qualify_path::case_1 ... ok
[INFO] [stdout] test config::inherit::tests::test_inherit_cycle ... ok
[INFO] [stdout] test config::qualify::tests::test_qualify_file_value_path ... ok
[INFO] [stdout] test config::inherit::tests::test_inherit_linear ... ok
[INFO] [stdout] test config::qualify::tests::test_qualify_path::case_3 ... ok
[INFO] [stdout] test config::qualify::tests::test_qualify_path::case_5 ... ok
[INFO] [stdout] test config::qualify::tests::test_qualify_path::case_6 ... ok
[INFO] [stdout] test config::qualify::tests::test_qualify_path::case_7 ... ok
[INFO] [stdout] test config::tests::test_parse_shell_command ... ok
[INFO] [stdout] test config::tests::test_parse_side_effects ... ok
[INFO] [stdout] test config::tests::test_parse_name ... ok
[INFO] [stdout] test config::tests::test_parse_unknown_type ... ok
[INFO] [stdout] test config::tests::test_parse_value_source ... ok
[INFO] [stdout] test config::qualify::tests::test_qualify_profile_reference ... ok
[INFO] [stdout] test config::tests::test_parse_literal ... ok
[INFO] [stdout] test config::tests::test_parse_profile_reference ... ok
[INFO] [stdout] test environment::tests::test_path_variable::shell_kind_2_ShellKind__Zsh ... ok
[INFO] [stdout] test environment::tests::test_path_variable::shell_kind_1_ShellKind__Bash ... ok
[INFO] [stdout] test environment::tests::test_resolve_file ... ok
[INFO] [stdout] test environment::tests::test_resolve_literal ... ok
[INFO] [stdout] test config::qualify::tests::test_qualify_path::case_4 ... ok
[INFO] [stdout] test config::qualify::tests::test_qualify_command_cwd_path ... ok
[INFO] [stdout] test environment::tests::test_path_variable::shell_kind_3_ShellKind__Fish ... ok
[INFO] [stdout] test config::tests::test_parse_config ... ok
[INFO] [stdout] test environment::tests::test_resolve_multiple ... ok
[INFO] [stdout] test environment::tests::test_resolve_command::shell_kind_2_ShellKind__Zsh ... FAILED
[INFO] [stdout] test environment::tests::test_resolve_command::shell_kind_3_ShellKind__Fish ... FAILED
[INFO] [stdout] test shell::tests::test_bash_zsh_export::shell_kind_2_ShellKind__Zsh ... ok
[INFO] [stdout] test shell::tests::test_executable_from_args::case_1::shell_kind_3_ShellKind__Fish ... FAILED
[INFO] [stdout] test shell::tests::test_executable_from_args::case_1::shell_kind_2_ShellKind__Zsh ... FAILED
[INFO] [stdout] test shell::tests::test_executable_from_args::case_3::shell_kind_2_ShellKind__Zsh ... FAILED
[INFO] [stdout] test shell::tests::test_executable_from_args::case_2::shell_kind_3_ShellKind__Fish ... FAILED
[INFO] [stdout] test shell::tests::test_bash_zsh_export::shell_kind_1_ShellKind__Bash ... ok
[INFO] [stdout] test shell::tests::test_executable_from_args::case_2::shell_kind_2_ShellKind__Zsh ... FAILED
[INFO] [stdout] test shell::tests::test_executable_from_args::case_4::shell_kind_3_ShellKind__Fish ... FAILED
[INFO] [stdout] test shell::tests::test_fish_export ... ok
[INFO] [stdout] test shell::tests::test_executable_from_args::case_4::shell_kind_2_ShellKind__Zsh ... FAILED
[INFO] [stdout] test shell::tests::test_executable_from_args::case_3::shell_kind_3_ShellKind__Fish ... FAILED
[INFO] [stdout] test shell::tests::test_executable_from_args::case_4::shell_kind_1_ShellKind__Bash ... ok
[INFO] [stdout] test environment::tests::test_resolve_command::shell_kind_1_ShellKind__Bash ... ok
[INFO] [stdout] test shell::tests::test_executable_from_args::case_3::shell_kind_1_ShellKind__Bash ... ok
[INFO] [stdout] test shell::tests::test_executable_from_args::case_1::shell_kind_1_ShellKind__Bash ... ok
[INFO] [stdout] test shell::tests::test_executable_from_args::case_2::shell_kind_1_ShellKind__Bash ... ok
[INFO] [stdout] 
[INFO] [stdout] failures:
[INFO] [stdout] 
[INFO] [stdout] ---- environment::tests::test_resolve_command::shell_kind_2_ShellKind__Zsh stdout ----
[INFO] [stdout] 
[INFO] [stdout] thread 'environment::tests::test_resolve_command::shell_kind_2_ShellKind__Zsh' (2609) panicked at src/environment.rs:222:14:
[INFO] [stdout] called `Result::unwrap()` on an `Err` value: Error executing command `zsh ["-c", "echo test"]`
[INFO] [stdout] 
[INFO] [stdout] Caused by:
[INFO] [stdout]     No such file or directory (os error 2)
[INFO] [stdout] 
[INFO] [stdout] Stack backtrace:
[INFO] [stdout]    0: <core::io::error::Error as anyhow::context::ext::StdError>::ext_context::<alloc::string::String>
[INFO] [stdout]    1: <futures_util::future::try_maybe_done::TryMaybeDone<futures_util::future::try_future::into_future::IntoFuture<<es::environment::Environment>::from_profile::{closure#0}::{closure#0}>> as core::future::future::Future>::poll
[INFO] [stdout]    2: <futures_util::future::try_join_all::TryJoinAll<<es::environment::Environment>::from_profile::{closure#0}::{closure#0}> as core::future::future::Future>::poll
[INFO] [stdout]    3: <std::thread::local::LocalKey<core::cell::RefCell<(parking::Parker, core::task::wake::Waker, alloc::sync::Arc<core::sync::atomic::Atomic<bool>>)>>>::with::<async_io::driver::block_on<core::result::Result<alloc::vec::Vec<(&str, &es::config::ValueSource, alloc::string::String)>, anyhow::Error>, futures_util::future::try_join_all::TryJoinAll<<es::environment::Environment>::from_profile::{closure#0}::{closure#0}>>::{closure#1}, core::result::Result<alloc::vec::Vec<(&str, &es::config::ValueSource, alloc::string::String)>, anyhow::Error>>
[INFO] [stdout]    4: async_io::driver::block_on::<core::result::Result<alloc::vec::Vec<(&str, &es::config::ValueSource, alloc::string::String)>, anyhow::Error>, futures_util::future::try_join_all::TryJoinAll<<es::environment::Environment>::from_profile::{closure#0}::{closure#0}>>
[INFO] [stdout]    5: <es::environment::Environment>::from_profile
[INFO] [stdout]    6: es::environment::tests::environment_shell
[INFO] [stdout]    7: es::environment::tests::test_resolve_command
[INFO] [stdout]    8: <es::environment::tests::test_resolve_command::shell_kind_2_ShellKind__Zsh::{closure#0} as core::ops::function::FnOnce<()>>::call_once
[INFO] [stdout]    9: test::__rust_begin_short_backtrace::<core::result::Result<(), alloc::string::String>, fn() -> core::result::Result<(), alloc::string::String>>
[INFO] [stdout]   10: test::run_test::{closure#0}
[INFO] [stdout]   11: std::sys::backtrace::__rust_begin_short_backtrace::<test::run_test::{closure#1}, ()>
[INFO] [stdout]   12: <std::thread::lifecycle::spawn_unchecked<test::run_test::{closure#1}, ()>::{closure#1} as core::ops::function::FnOnce<()>>::call_once::{shim:vtable#0}
[INFO] [stdout]   13: <std::sys::thread::unix::Thread>::new::thread_start
[INFO] [stdout]   14: <unknown>
[INFO] [stdout]   15: clone
[INFO] [stdout] stack backtrace:
[INFO] [stdout]    0:     0x5f4a23959ec1 - <<std[70759c8f55707aa4]::sys::backtrace::BacktraceLock>::print::DisplayBacktrace as core[df12db4294e9bfd3]::fmt::Display>::fmt
[INFO] [stdout]    1:     0x5f4a2397301a - core[df12db4294e9bfd3]::fmt::write
[INFO] [stdout]    2:     0x5f4a239607fc - <alloc[2182bb758b4b3781]::vec::Vec<u8> as core[df12db4294e9bfd3]::io::write::Write>::write_fmt
[INFO] [stdout]    3:     0x5f4a23934986 - std[70759c8f55707aa4]::panicking::default_hook::{closure#0}
[INFO] [stdout]    4:     0x5f4a23951d59 - std[70759c8f55707aa4]::panicking::default_hook
[INFO] [stdout]    5:     0x5f4a238a2220 - test[9d35eded1c95d3be]::test_main_inner::<test[9d35eded1c95d3be]::test_main_static::{closure#0}>::{closure#0}
[INFO] [stdout]    6:     0x5f4a23952082 - std[70759c8f55707aa4]::panicking::panic_with_hook
[INFO] [stdout]    7:     0x5f4a23934a32 - std[70759c8f55707aa4]::panicking::panic_handler::{closure#0}
[INFO] [stdout]    8:     0x5f4a2392d069 - std[70759c8f55707aa4]::sys::backtrace::__rust_end_short_backtrace::<std[70759c8f55707aa4]::panicking::panic_handler::{closure#0}, !>
[INFO] [stdout]    9:     0x5f4a2393573d - __rustc[8fa7c3cbc660c2b3]::rust_begin_unwind
[INFO] [stdout]   10:     0x5f4a2397374c - core[df12db4294e9bfd3]::panicking::panic_fmt
[INFO] [stdout]   11:     0x5f4a23973522 - core[df12db4294e9bfd3]::result::unwrap_failed
[INFO] [stdout]   12:     0x5f4a237f7602 - es[7d6065f3948f913d]::environment::tests::test_resolve_command
[INFO] [stdout]   13:     0x5f4a2385c3fe - <es[7d6065f3948f913d]::environment::tests::test_resolve_command::shell_kind_2_ShellKind__Zsh::{closure#0} as core[df12db4294e9bfd3]::ops::function::FnOnce<()>>::call_once
[INFO] [stdout]   14:     0x5f4a2389550b - test[9d35eded1c95d3be]::__rust_begin_short_backtrace::<core[df12db4294e9bfd3]::result::Result<(), alloc[2182bb758b4b3781]::string::String>, fn() -> core[df12db4294e9bfd3]::result::Result<(), alloc[2182bb758b4b3781]::string::String>>
[INFO] [stdout]   15:     0x5f4a238a2b75 - test[9d35eded1c95d3be]::run_test::{closure#0}
[INFO] [stdout]   16:     0x5f4a2389c434 - std[70759c8f55707aa4]::sys::backtrace::__rust_begin_short_backtrace::<test[9d35eded1c95d3be]::run_test::{closure#1}, ()>
[INFO] [stdout]   17:     0x5f4a238a5cd2 - <std[70759c8f55707aa4]::thread::lifecycle::spawn_unchecked<test[9d35eded1c95d3be]::run_test::{closure#1}, ()>::{closure#1} as core[df12db4294e9bfd3]::ops::function::FnOnce<()>>::call_once::{shim:vtable#0}
[INFO] [stdout]   18:     0x5f4a239591a9 - <std[70759c8f55707aa4]::sys::thread::unix::Thread>::new::thread_start
[INFO] [stdout]   19:     0x7e62569b1dfa - <unknown>
[INFO] [stdout]   20:     0x7e6256a453d4 - clone
[INFO] [stdout]   21:                0x0 - <unknown>
[INFO] [stdout] 
[INFO] [stdout] ---- environment::tests::test_resolve_command::shell_kind_3_ShellKind__Fish stdout ----
[INFO] [stdout] 
[INFO] [stdout] thread 'environment::tests::test_resolve_command::shell_kind_3_ShellKind__Fish' (2610) panicked at src/environment.rs:222:14:
[INFO] [stdout] called `Result::unwrap()` on an `Err` value: Error executing command `fish ["-c", "echo test"]`
[INFO] [stdout] 
[INFO] [stdout] Caused by:
[INFO] [stdout]     No such file or directory (os error 2)
[INFO] [stdout] 
[INFO] [stdout] Stack backtrace:
[INFO] [stdout]    0: <core::io::error::Error as anyhow::context::ext::StdError>::ext_context::<alloc::string::String>
[INFO] [stdout]    1: <futures_util::future::try_maybe_done::TryMaybeDone<futures_util::future::try_future::into_future::IntoFuture<<es::environment::Environment>::from_profile::{closure#0}::{closure#0}>> as core::future::future::Future>::poll
[INFO] [stdout]    2: <futures_util::future::try_join_all::TryJoinAll<<es::environment::Environment>::from_profile::{closure#0}::{closure#0}> as core::future::future::Future>::poll
[INFO] [stdout]    3: <std::thread::local::LocalKey<core::cell::RefCell<(parking::Parker, core::task::wake::Waker, alloc::sync::Arc<core::sync::atomic::Atomic<bool>>)>>>::with::<async_io::driver::block_on<core::result::Result<alloc::vec::Vec<(&str, &es::config::ValueSource, alloc::string::String)>, anyhow::Error>, futures_util::future::try_join_all::TryJoinAll<<es::environment::Environment>::from_profile::{closure#0}::{closure#0}>>::{closure#1}, core::result::Result<alloc::vec::Vec<(&str, &es::config::ValueSource, alloc::string::String)>, anyhow::Error>>
[INFO] [stdout]    4: async_io::driver::block_on::<core::result::Result<alloc::vec::Vec<(&str, &es::config::ValueSource, alloc::string::String)>, anyhow::Error>, futures_util::future::try_join_all::TryJoinAll<<es::environment::Environment>::from_profile::{closure#0}::{closure#0}>>
[INFO] [stdout]    5: <es::environment::Environment>::from_profile
[INFO] [stdout]    6: es::environment::tests::environment_shell
[INFO] [stdout]    7: es::environment::tests::test_resolve_command
[INFO] [stdout]    8: <es::environment::tests::test_resolve_command::shell_kind_3_ShellKind__Fish::{closure#0} as core::ops::function::FnOnce<()>>::call_once
[INFO] [stdout]    9: test::__rust_begin_short_backtrace::<core::result::Result<(), alloc::string::String>, fn() -> core::result::Result<(), alloc::string::String>>
[INFO] [stdout]   10: test::run_test::{closure#0}
[INFO] [stdout]   11: std::sys::backtrace::__rust_begin_short_backtrace::<test::run_test::{closure#1}, ()>
[INFO] [stdout]   12: <std::thread::lifecycle::spawn_unchecked<test::run_test::{closure#1}, ()>::{closure#1} as core::ops::function::FnOnce<()>>::call_once::{shim:vtable#0}
[INFO] [stdout]   13: <std::sys::thread::unix::Thread>::new::thread_start
[INFO] [stdout]   14: <unknown>
[INFO] [stdout]   15: clone
[INFO] [stdout] stack backtrace:
[INFO] [stdout]    0:     0x5f4a23959ec1 - <<std[70759c8f55707aa4]::sys::backtrace::BacktraceLock>::print::DisplayBacktrace as core[df12db4294e9bfd3]::fmt::Display>::fmt
[INFO] [stdout]    1:     0x5f4a2397301a - core[df12db4294e9bfd3]::fmt::write
[INFO] [stdout]    2:     0x5f4a239607fc - <alloc[2182bb758b4b3781]::vec::Vec<u8> as core[df12db4294e9bfd3]::io::write::Write>::write_fmt
[INFO] [stdout]    3:     0x5f4a23934986 - std[70759c8f55707aa4]::panicking::default_hook::{closure#0}
[INFO] [stdout]    4:     0x5f4a23951d59 - std[70759c8f55707aa4]::panicking::default_hook
[INFO] [stdout]    5:     0x5f4a238a2220 - test[9d35eded1c95d3be]::test_main_inner::<test[9d35eded1c95d3be]::test_main_static::{closure#0}>::{closure#0}
[INFO] [stdout]    6:     0x5f4a23952082 - std[70759c8f55707aa4]::panicking::panic_with_hook
[INFO] [stdout]    7:     0x5f4a23934a32 - std[70759c8f55707aa4]::panicking::panic_handler::{closure#0}
[INFO] [stdout]    8:     0x5f4a2392d069 - std[70759c8f55707aa4]::sys::backtrace::__rust_end_short_backtrace::<std[70759c8f55707aa4]::panicking::panic_handler::{closure#0}, !>
[INFO] [stdout]    9:     0x5f4a2393573d - __rustc[8fa7c3cbc660c2b3]::rust_begin_unwind
[INFO] [stdout]   10:     0x5f4a2397374c - core[df12db4294e9bfd3]::panicking::panic_fmt
[INFO] [stdout]   11:     0x5f4a23973522 - core[df12db4294e9bfd3]::result::unwrap_failed
[INFO] [stdout]   12:     0x5f4a237f7602 - es[7d6065f3948f913d]::environment::tests::test_resolve_command
[INFO] [stdout]   13:     0x5f4a2385c43e - <es[7d6065f3948f913d]::environment::tests::test_resolve_command::shell_kind_3_ShellKind__Fish::{closure#0} as core[df12db4294e9bfd3]::ops::function::FnOnce<()>>::call_once
[INFO] [stdout]   14:     0x5f4a2389550b - test[9d35eded1c95d3be]::__rust_begin_short_backtrace::<core[df12db4294e9bfd3]::result::Result<(), alloc[2182bb758b4b3781]::string::String>, fn() -> core[df12db4294e9bfd3]::result::Result<(), alloc[2182bb758b4b3781]::string::String>>
[INFO] [stdout]   15:     0x5f4a238a2b75 - test[9d35eded1c95d3be]::run_test::{closure#0}
[INFO] [stdout]   16:     0x5f4a2389c434 - std[70759c8f55707aa4]::sys::backtrace::__rust_begin_short_backtrace::<test[9d35eded1c95d3be]::run_test::{closure#1}, ()>
[INFO] [stdout]   17:     0x5f4a238a5cd2 - <std[70759c8f55707aa4]::thread::lifecycle::spawn_unchecked<test[9d35eded1c95d3be]::run_test::{closure#1}, ()>::{closure#1} as core[df12db4294e9bfd3]::ops::function::FnOnce<()>>::call_once::{shim:vtable#0}
[INFO] [stdout]   18:     0x5f4a239591a9 - <std[70759c8f55707aa4]::sys::thread::unix::Thread>::new::thread_start
[INFO] [stdout]   19:     0x7e62569b1dfa - <unknown>
[INFO] [stdout]   20:     0x7e6256a453d4 - clone
[INFO] [stdout]   21:                0x0 - <unknown>
[INFO] [stdout] 
[INFO] [stdout] ---- shell::tests::test_executable_from_args::case_1::shell_kind_3_ShellKind__Fish stdout ----
[INFO] [stdout] 
[INFO] [stdout] thread 'shell::tests::test_executable_from_args::case_1::shell_kind_3_ShellKind__Fish' (2623) panicked at /opt/rustwide/cargo-home/registry/src/index.crates.io-1949cf8c6b5b557f/assert_cmd-2.0.16/src/cmd.rs:651:17:
[INFO] [stdout] Failed to spawn Command { cmd: "fish" "-c" "", stdin: None, timeout: None }: No such file or directory (os error 2)
[INFO] [stdout] stack backtrace:
[INFO] [stdout]    0:     0x5f4a23959ec1 - <<std[70759c8f55707aa4]::sys::backtrace::BacktraceLock>::print::DisplayBacktrace as core[df12db4294e9bfd3]::fmt::Display>::fmt
[INFO] [stdout]    1:     0x5f4a2397301a - core[df12db4294e9bfd3]::fmt::write
[INFO] [stdout]    2:     0x5f4a239607fc - <alloc[2182bb758b4b3781]::vec::Vec<u8> as core[df12db4294e9bfd3]::io::write::Write>::write_fmt
[INFO] [stdout]    3:     0x5f4a23934986 - std[70759c8f55707aa4]::panicking::default_hook::{closure#0}
[INFO] [stdout]    4:     0x5f4a23951d59 - std[70759c8f55707aa4]::panicking::default_hook
[INFO] [stdout]    5:     0x5f4a238a2220 - test[9d35eded1c95d3be]::test_main_inner::<test[9d35eded1c95d3be]::test_main_static::{closure#0}>::{closure#0}
[INFO] [stdout]    6:     0x5f4a23952082 - std[70759c8f55707aa4]::panicking::panic_with_hook
[INFO] [stdout]    7:     0x5f4a23934a32 - std[70759c8f55707aa4]::panicking::panic_handler::{closure#0}
[INFO] [stdout]    8:     0x5f4a2392d069 - std[70759c8f55707aa4]::sys::backtrace::__rust_end_short_backtrace::<std[70759c8f55707aa4]::panicking::panic_handler::{closure#0}, !>
[INFO] [stdout]    9:     0x5f4a2393573d - __rustc[8fa7c3cbc660c2b3]::rust_begin_unwind
[INFO] [stdout]   10:     0x5f4a2397374c - core[df12db4294e9bfd3]::panicking::panic_fmt
[INFO] [stdout]   11:     0x5f4a238dc5c9 - <&mut assert_cmd[c6e64784314872d0]::cmd::Command as assert_cmd[c6e64784314872d0]::assert::OutputAssertExt>::assert
[INFO] [stdout]   12:     0x5f4a2383decc - es[7d6065f3948f913d]::shell::tests::test_executable_from_args
[INFO] [stdout]   13:     0x5f4a2385c62d - <es[7d6065f3948f913d]::shell::tests::test_executable_from_args::case_1::shell_kind_3_ShellKind__Fish::{closure#0} as core[df12db4294e9bfd3]::ops::function::FnOnce<()>>::call_once
[INFO] [stdout]   14:     0x5f4a2389550b - test[9d35eded1c95d3be]::__rust_begin_short_backtrace::<core[df12db4294e9bfd3]::result::Result<(), alloc[2182bb758b4b3781]::string::String>, fn() -> core[df12db4294e9bfd3]::result::Result<(), alloc[2182bb758b4b3781]::string::String>>
[INFO] [stdout]   15:     0x5f4a238a2b75 - test[9d35eded1c95d3be]::run_test::{closure#0}
[INFO] [stdout]   16:     0x5f4a2389c434 - std[70759c8f55707aa4]::sys::backtrace::__rust_begin_short_backtrace::<test[9d35eded1c95d3be]::run_test::{closure#1}, ()>
[INFO] [stdout]   17:     0x5f4a238a5cd2 - <std[70759c8f55707aa4]::thread::lifecycle::spawn_unchecked<test[9d35eded1c95d3be]::run_test::{closure#1}, ()>::{closure#1} as core[df12db4294e9bfd3]::ops::function::FnOnce<()>>::call_once::{shim:vtable#0}
[INFO] [stdout]   18:     0x5f4a239591a9 - <std[70759c8f55707aa4]::sys::thread::unix::Thread>::new::thread_start
[INFO] [stdout]   19:     0x7e62569b1dfa - <unknown>
[INFO] [stdout]   20:     0x7e6256a453d4 - clone
[INFO] [stdout]   21:                0x0 - <unknown>
[INFO] [stdout] 
[INFO] [stdout] ---- shell::tests::test_executable_from_args::case_1::shell_kind_2_ShellKind__Zsh stdout ----
[INFO] [stdout] 
[INFO] [stdout] thread 'shell::tests::test_executable_from_args::case_1::shell_kind_2_ShellKind__Zsh' (2622) panicked at /opt/rustwide/cargo-home/registry/src/index.crates.io-1949cf8c6b5b557f/assert_cmd-2.0.16/src/cmd.rs:651:17:
[INFO] [stdout] Failed to spawn Command { cmd: "zsh" "-c" "", stdin: None, timeout: None }: No such file or directory (os error 2)
[INFO] [stdout] stack backtrace:
[INFO] [stdout]    0:     0x5f4a23959ec1 - <<std[70759c8f55707aa4]::sys::backtrace::BacktraceLock>::print::DisplayBacktrace as core[df12db4294e9bfd3]::fmt::Display>::fmt
[INFO] [stdout]    1:     0x5f4a2397301a - core[df12db4294e9bfd3]::fmt::write
[INFO] [stdout]    2:     0x5f4a239607fc - <alloc[2182bb758b4b3781]::vec::Vec<u8> as core[df12db4294e9bfd3]::io::write::Write>::write_fmt
[INFO] [stdout]    3:     0x5f4a23934986 - std[70759c8f55707aa4]::panicking::default_hook::{closure#0}
[INFO] [stdout]    4:     0x5f4a23951d59 - std[70759c8f55707aa4]::panicking::default_hook
[INFO] [stdout]    5:     0x5f4a238a2220 - test[9d35eded1c95d3be]::test_main_inner::<test[9d35eded1c95d3be]::test_main_static::{closure#0}>::{closure#0}
[INFO] [stdout]    6:     0x5f4a23952082 - std[70759c8f55707aa4]::panicking::panic_with_hook
[INFO] [stdout]    7:     0x5f4a23934a32 - std[70759c8f55707aa4]::panicking::panic_handler::{closure#0}
[INFO] [stdout]    8:     0x5f4a2392d069 - std[70759c8f55707aa4]::sys::backtrace::__rust_end_short_backtrace::<std[70759c8f55707aa4]::panicking::panic_handler::{closure#0}, !>
[INFO] [stdout]    9:     0x5f4a2393573d - __rustc[8fa7c3cbc660c2b3]::rust_begin_unwind
[INFO] [stdout]   10:     0x5f4a2397374c - core[df12db4294e9bfd3]::panicking::panic_fmt
[INFO] [stdout]   11:     0x5f4a238dc5c9 - <&mut assert_cmd[c6e64784314872d0]::cmd::Command as assert_cmd[c6e64784314872d0]::assert::OutputAssertExt>::assert
[INFO] [stdout]   12:     0x5f4a2383decc - es[7d6065f3948f913d]::shell::tests::test_executable_from_args
[INFO] [stdout]   13:     0x5f4a2385c5cd - <es[7d6065f3948f913d]::shell::tests::test_executable_from_args::case_1::shell_kind_2_ShellKind__Zsh::{closure#0} as core[df12db4294e9bfd3]::ops::function::FnOnce<()>>::call_once
[INFO] [stdout]   14:     0x5f4a2389550b - test[9d35eded1c95d3be]::__rust_begin_short_backtrace::<core[df12db4294e9bfd3]::result::Result<(), alloc[2182bb758b4b3781]::string::String>, fn() -> core[df12db4294e9bfd3]::result::Result<(), alloc[2182bb758b4b3781]::string::String>>
[INFO] [stdout]   15:     0x5f4a238a2b75 - test[9d35eded1c95d3be]::run_test::{closure#0}
[INFO] [stdout]   16:     0x5f4a2389c434 - std[70759c8f55707aa4]::sys::backtrace::__rust_begin_short_backtrace::<test[9d35eded1c95d3be]::run_test::{closure#1}, ()>
[INFO] [stdout]   17:     0x5f4a238a5cd2 - <std[70759c8f55707aa4]::thread::lifecycle::spawn_unchecked<test[9d35eded1c95d3be]::run_test::{closure#1}, ()>::{closure#1} as core[df12db4294e9bfd3]::ops::function::FnOnce<()>>::call_once::{shim:vtable#0}
[INFO] [stdout]   18:     0x5f4a239591a9 - <std[70759c8f55707aa4]::sys::thread::unix::Thread>::new::thread_start
[INFO] [stdout]   19:     0x7e62569b1dfa - <unknown>
[INFO] [stdout]   20:     0x7e6256a453d4 - clone
[INFO] [stdout]   21:                0x0 - <unknown>
[INFO] [stdout] 
[INFO] [stdout] ---- shell::tests::test_executable_from_args::case_3::shell_kind_2_ShellKind__Zsh stdout ----
[INFO] [stdout] 
[INFO] [stdout] thread 'shell::tests::test_executable_from_args::case_3::shell_kind_2_ShellKind__Zsh' (2634) panicked at /opt/rustwide/cargo-home/registry/src/index.crates.io-1949cf8c6b5b557f/assert_cmd-2.0.16/src/cmd.rs:651:17:
[INFO] [stdout] Failed to spawn Command { cmd: "zsh" "-c" "'echo' '-n' 'double \"' 'single '\\'''", stdin: None, timeout: None }: No such file or directory (os error 2)
[INFO] [stdout] stack backtrace:
[INFO] [stdout]    0:     0x5f4a23959ec1 - <<std[70759c8f55707aa4]::sys::backtrace::BacktraceLock>::print::DisplayBacktrace as core[df12db4294e9bfd3]::fmt::Display>::fmt
[INFO] [stdout]    1:     0x5f4a2397301a - core[df12db4294e9bfd3]::fmt::write
[INFO] [stdout]    2:     0x5f4a239607fc - <alloc[2182bb758b4b3781]::vec::Vec<u8> as core[df12db4294e9bfd3]::io::write::Write>::write_fmt
[INFO] [stdout]    3:     0x5f4a23934986 - std[70759c8f55707aa4]::panicking::default_hook::{closure#0}
[INFO] [stdout]    4:     0x5f4a23951d59 - std[70759c8f55707aa4]::panicking::default_hook
[INFO] [stdout]    5:     0x5f4a238a2220 - test[9d35eded1c95d3be]::test_main_inner::<test[9d35eded1c95d3be]::test_main_static::{closure#0}>::{closure#0}
[INFO] [stdout]    6:     0x5f4a23952082 - std[70759c8f55707aa4]::panicking::panic_with_hook
[INFO] [stdout]    7:     0x5f4a23934a32 - std[70759c8f55707aa4]::panicking::panic_handler::{closure#0}
[INFO] [stdout]    8:     0x5f4a2392d069 - std[70759c8f55707aa4]::sys::backtrace::__rust_end_short_backtrace::<std[70759c8f55707aa4]::panicking::panic_handler::{closure#0}, !>
[INFO] [stdout]    9:     0x5f4a2393573d - __rustc[8fa7c3cbc660c2b3]::rust_begin_unwind
[INFO] [stdout]   10:     0x5f4a2397374c - core[df12db4294e9bfd3]::panicking::panic_fmt
[INFO] [stdout]   11:     0x5f4a238dc5c9 - <&mut assert_cmd[c6e64784314872d0]::cmd::Command as assert_cmd[c6e64784314872d0]::assert::OutputAssertExt>::assert
[INFO] [stdout]   12:     0x5f4a2383decc - es[7d6065f3948f913d]::shell::tests::test_executable_from_args
[INFO] [stdout]   13:     0x5f4a2385c717 - <es[7d6065f3948f913d]::shell::tests::test_executable_from_args::case_3::shell_kind_2_ShellKind__Zsh::{closure#0} as core[df12db4294e9bfd3]::ops::function::FnOnce<()>>::call_once
[INFO] [stdout]   14:     0x5f4a2389550b - test[9d35eded1c95d3be]::__rust_begin_short_backtrace::<core[df12db4294e9bfd3]::result::Result<(), alloc[2182bb758b4b3781]::string::String>, fn() -> core[df12db4294e9bfd3]::result::Result<(), alloc[2182bb758b4b3781]::string::String>>
[INFO] [stdout]   15:     0x5f4a238a2b75 - test[9d35eded1c95d3be]::run_test::{closure#0}
[INFO] [stdout]   16:     0x5f4a2389c434 - std[70759c8f55707aa4]::sys::backtrace::__rust_begin_short_backtrace::<test[9d35eded1c95d3be]::run_test::{closure#1}, ()>
[INFO] [stdout]   17:     0x5f4a238a5cd2 - <std[70759c8f55707aa4]::thread::lifecycle::spawn_unchecked<test[9d35eded1c95d3be]::run_test::{closure#1}, ()>::{closure#1} as core[df12db4294e9bfd3]::ops::function::FnOnce<()>>::call_once::{shim:vtable#0}
[INFO] [stdout]   18:     0x5f4a239591a9 - <std[70759c8f55707aa4]::sys::thread::unix::Thread>::new::thread_start
[INFO] [stdout]   19:     0x7e62569b1dfa - <unknown>
[INFO] [stdout]   20:     0x7e6256a453d4 - clone
[INFO] [stdout]   21:                0x0 - <unknown>
[INFO] [stdout] 
[INFO] [stdout] ---- shell::tests::test_executable_from_args::case_2::shell_kind_3_ShellKind__Fish stdout ----
[INFO] [stdout] 
[INFO] [stdout] thread 'shell::tests::test_executable_from_args::case_2::shell_kind_3_ShellKind__Fish' (2626) panicked at /opt/rustwide/cargo-home/registry/src/index.crates.io-1949cf8c6b5b557f/assert_cmd-2.0.16/src/cmd.rs:651:17:
[INFO] [stdout] Failed to spawn Command { cmd: "fish" "-c" "'echo' '-n' '$TEST'", stdin: None, timeout: None }: No such file or directory (os error 2)
[INFO] [stdout] stack backtrace:
[INFO] [stdout]    0:     0x5f4a23959ec1 - <<std[70759c8f55707aa4]::sys::backtrace::BacktraceLock>::print::DisplayBacktrace as core[df12db4294e9bfd3]::fmt::Display>::fmt
[INFO] [stdout]    1:     0x5f4a2397301a - core[df12db4294e9bfd3]::fmt::write
[INFO] [stdout]    2:     0x5f4a239607fc - <alloc[2182bb758b4b3781]::vec::Vec<u8> as core[df12db4294e9bfd3]::io::write::Write>::write_fmt
[INFO] [stdout]    3:     0x5f4a23934986 - std[70759c8f55707aa4]::panicking::default_hook::{closure#0}
[INFO] [stdout]    4:     0x5f4a23951d59 - std[70759c8f55707aa4]::panicking::default_hook
[INFO] [stdout]    5:     0x5f4a238a2220 - test[9d35eded1c95d3be]::test_main_inner::<test[9d35eded1c95d3be]::test_main_static::{closure#0}>::{closure#0}
[INFO] [stdout]    6:     0x5f4a23952082 - std[70759c8f55707aa4]::panicking::panic_with_hook
[INFO] [stdout]    7:     0x5f4a23934a32 - std[70759c8f55707aa4]::panicking::panic_handler::{closure#0}
[INFO] [stdout]    8:     0x5f4a2392d069 - std[70759c8f55707aa4]::sys::backtrace::__rust_end_short_backtrace::<std[70759c8f55707aa4]::panicking::panic_handler::{closure#0}, !>
[INFO] [stdout]    9:     0x5f4a2393573d - __rustc[8fa7c3cbc660c2b3]::rust_begin_unwind
[INFO] [stdout]   10:     0x5f4a2397374c - core[df12db4294e9bfd3]::panicking::panic_fmt
[INFO] [stdout]   11:     0x5f4a238dc5c9 - <&mut assert_cmd[c6e64784314872d0]::cmd::Command as assert_cmd[c6e64784314872d0]::assert::OutputAssertExt>::assert
[INFO] [stdout]   12:     0x5f4a2383decc - es[7d6065f3948f913d]::shell::tests::test_executable_from_args
[INFO] [stdout]   13:     0x5f4a2385c6d7 - <es[7d6065f3948f913d]::shell::tests::test_executable_from_args::case_2::shell_kind_3_ShellKind__Fish::{closure#0} as core[df12db4294e9bfd3]::ops::function::FnOnce<()>>::call_once
[INFO] [stdout]   14:     0x5f4a2389550b - test[9d35eded1c95d3be]::__rust_begin_short_backtrace::<core[df12db4294e9bfd3]::result::Result<(), alloc[2182bb758b4b3781]::string::String>, fn() -> core[df12db4294e9bfd3]::result::Result<(), alloc[2182bb758b4b3781]::string::String>>
[INFO] [stdout]   15:     0x5f4a238a2b75 - test[9d35eded1c95d3be]::run_test::{closure#0}
[INFO] [stdout]   16:     0x5f4a2389c434 - std[70759c8f55707aa4]::sys::backtrace::__rust_begin_short_backtrace::<test[9d35eded1c95d3be]::run_test::{closure#1}, ()>
[INFO] [stdout]   17:     0x5f4a238a5cd2 - <std[70759c8f55707aa4]::thread::lifecycle::spawn_unchecked<test[9d35eded1c95d3be]::run_test::{closure#1}, ()>::{closure#1} as core[df12db4294e9bfd3]::ops::function::FnOnce<()>>::call_once::{shim:vtable#0}
[INFO] [stdout]   18:     0x5f4a239591a9 - <std[70759c8f55707aa4]::sys::thread::unix::Thread>::new::thread_start
[INFO] [stdout]   19:     0x7e62569b1dfa - <unknown>
[INFO] [stdout]   20:     0x7e6256a453d4 - clone
[INFO] [stdout]   21:                0x0 - <unknown>
[INFO] [stdout] 
[INFO] [stdout] ---- shell::tests::test_executable_from_args::case_2::shell_kind_2_ShellKind__Zsh stdout ----
[INFO] [stdout] 
[INFO] [stdout] thread 'shell::tests::test_executable_from_args::case_2::shell_kind_2_ShellKind__Zsh' (2625) panicked at /opt/rustwide/cargo-home/registry/src/index.crates.io-1949cf8c6b5b557f/assert_cmd-2.0.16/src/cmd.rs:651:17:
[INFO] [stdout] Failed to spawn Command { cmd: "zsh" "-c" "'echo' '-n' '$TEST'", stdin: None, timeout: None }: No such file or directory (os error 2)
[INFO] [stdout] stack backtrace:
[INFO] [stdout]    0:     0x5f4a23959ec1 - <<std[70759c8f55707aa4]::sys::backtrace::BacktraceLock>::print::DisplayBacktrace as core[df12db4294e9bfd3]::fmt::Display>::fmt
[INFO] [stdout]    1:     0x5f4a2397301a - core[df12db4294e9bfd3]::fmt::write
[INFO] [stdout]    2:     0x5f4a239607fc - <alloc[2182bb758b4b3781]::vec::Vec<u8> as core[df12db4294e9bfd3]::io::write::Write>::write_fmt
[INFO] [stdout]    3:     0x5f4a23934986 - std[70759c8f55707aa4]::panicking::default_hook::{closure#0}
[INFO] [stdout]    4:     0x5f4a23951d59 - std[70759c8f55707aa4]::panicking::default_hook
[INFO] [stdout]    5:     0x5f4a238a2220 - test[9d35eded1c95d3be]::test_main_inner::<test[9d35eded1c95d3be]::test_main_static::{closure#0}>::{closure#0}
[INFO] [stdout]    6:     0x5f4a23952082 - std[70759c8f55707aa4]::panicking::panic_with_hook
[INFO] [stdout]    7:     0x5f4a23934a32 - std[70759c8f55707aa4]::panicking::panic_handler::{closure#0}
[INFO] [stdout]    8:     0x5f4a2392d069 - std[70759c8f55707aa4]::sys::backtrace::__rust_end_short_backtrace::<std[70759c8f55707aa4]::panicking::panic_handler::{closure#0}, !>
[INFO] [stdout]    9:     0x5f4a2393573d - __rustc[8fa7c3cbc660c2b3]::rust_begin_unwind
[INFO] [stdout]   10:     0x5f4a2397374c - core[df12db4294e9bfd3]::panicking::panic_fmt
[INFO] [stdout]   11:     0x5f4a238dc5c9 - <&mut assert_cmd[c6e64784314872d0]::cmd::Command as assert_cmd[c6e64784314872d0]::assert::OutputAssertExt>::assert
[INFO] [stdout]   12:     0x5f4a2383decc - es[7d6065f3948f913d]::shell::tests::test_executable_from_args
[INFO] [stdout]   13:     0x5f4a2385c667 - <es[7d6065f3948f913d]::shell::tests::test_executable_from_args::case_2::shell_kind_2_ShellKind__Zsh::{closure#0} as core[df12db4294e9bfd3]::ops::function::FnOnce<()>>::call_once
[INFO] [stdout]   14:     0x5f4a2389550b - test[9d35eded1c95d3be]::__rust_begin_short_backtrace::<core[df12db4294e9bfd3]::result::Result<(), alloc[2182bb758b4b3781]::string::String>, fn() -> core[df12db4294e9bfd3]::result::Result<(), alloc[2182bb758b4b3781]::string::String>>
[INFO] [stdout]   15:     0x5f4a238a2b75 - test[9d35eded1c95d3be]::run_test::{closure#0}
[INFO] [stdout]   16:     0x5f4a2389c434 - std[70759c8f55707aa4]::sys::backtrace::__rust_begin_short_backtrace::<test[9d35eded1c95d3be]::run_test::{closure#1}, ()>
[INFO] [stdout]   17:     0x5f4a238a5cd2 - <std[70759c8f55707aa4]::thread::lifecycle::spawn_unchecked<test[9d35eded1c95d3be]::run_test::{closure#1}, ()>::{closure#1} as core[df12db4294e9bfd3]::ops::function::FnOnce<()>>::call_once::{shim:vtable#0}
[INFO] [stdout]   18:     0x5f4a239591a9 - <std[70759c8f55707aa4]::sys::thread::unix::Thread>::new::thread_start
[INFO] [stdout]   19:     0x7e62569b1dfa - <unknown>
[INFO] [stdout]   20:     0x7e6256a453d4 - clone
[INFO] [stdout]   21:                0x0 - <unknown>
[INFO] [stdout] 
[INFO] [stdout] ---- shell::tests::test_executable_from_args::case_4::shell_kind_3_ShellKind__Fish stdout ----
[INFO] [stdout] 
[INFO] [stdout] thread 'shell::tests::test_executable_from_args::case_4::shell_kind_3_ShellKind__Fish' (2646) panicked at /opt/rustwide/cargo-home/registry/src/index.crates.io-1949cf8c6b5b557f/assert_cmd-2.0.16/src/cmd.rs:651:17:
[INFO] [stdout] Failed to spawn Command { cmd: "fish" "-c" "'echo' '-n' '$(echo scary!)'", stdin: None, timeout: None }: No such file or directory (os error 2)
[INFO] [stdout] stack backtrace:
[INFO] [stdout]    0:     0x5f4a23959ec1 - <<std[70759c8f55707aa4]::sys::backtrace::BacktraceLock>::print::DisplayBacktrace as core[df12db4294e9bfd3]::fmt::Display>::fmt
[INFO] [stdout]    1:     0x5f4a2397301a - core[df12db4294e9bfd3]::fmt::write
[INFO] [stdout]    2:     0x5f4a239607fc - <alloc[2182bb758b4b3781]::vec::Vec<u8> as core[df12db4294e9bfd3]::io::write::Write>::write_fmt
[INFO] [stdout]    3:     0x5f4a23934986 - std[70759c8f55707aa4]::panicking::default_hook::{closure#0}
[INFO] [stdout]    4:     0x5f4a23951d59 - std[70759c8f55707aa4]::panicking::default_hook
[INFO] [stdout]    5:     0x5f4a238a2220 - test[9d35eded1c95d3be]::test_main_inner::<test[9d35eded1c95d3be]::test_main_static::{closure#0}>::{closure#0}
[INFO] [stdout]    6:     0x5f4a23952082 - std[70759c8f55707aa4]::panicking::panic_with_hook
[INFO] [stdout]    7:     0x5f4a23934a32 - std[70759c8f55707aa4]::panicking::panic_handler::{closure#0}
[INFO] [stdout]    8:     0x5f4a2392d069 - std[70759c8f55707aa4]::sys::backtrace::__rust_end_short_backtrace::<std[70759c8f55707aa4]::panicking::panic_handler::{closure#0}, !>
[INFO] [stdout]    9:     0x5f4a2393573d - __rustc[8fa7c3cbc660c2b3]::rust_begin_unwind
[INFO] [stdout]   10:     0x5f4a2397374c - core[df12db4294e9bfd3]::panicking::panic_fmt
[INFO] [stdout]   11:     0x5f4a238dc5c9 - <&mut assert_cmd[c6e64784314872d0]::cmd::Command as assert_cmd[c6e64784314872d0]::assert::OutputAssertExt>::assert
[INFO] [stdout]   12:     0x5f4a2383decc - es[7d6065f3948f913d]::shell::tests::test_executable_from_args
[INFO] [stdout]   13:     0x5f4a2385c837 - <es[7d6065f3948f913d]::shell::tests::test_executable_from_args::case_4::shell_kind_3_ShellKind__Fish::{closure#0} as core[df12db4294e9bfd3]::ops::function::FnOnce<()>>::call_once
[INFO] [stdout]   14:     0x5f4a2389550b - test[9d35eded1c95d3be]::__rust_begin_short_backtrace::<core[df12db4294e9bfd3]::result::Result<(), alloc[2182bb758b4b3781]::string::String>, fn() -> core[df12db4294e9bfd3]::result::Result<(), alloc[2182bb758b4b3781]::string::String>>
[INFO] [stdout]   15:     0x5f4a238a2b75 - test[9d35eded1c95d3be]::run_test::{closure#0}
[INFO] [stdout]   16:     0x5f4a2389c434 - std[70759c8f55707aa4]::sys::backtrace::__rust_begin_short_backtrace::<test[9d35eded1c95d3be]::run_test::{closure#1}, ()>
[INFO] [stdout]   17:     0x5f4a238a5cd2 - <std[70759c8f55707aa4]::thread::lifecycle::spawn_unchecked<test[9d35eded1c95d3be]::run_test::{closure#1}, ()>::{closure#1} as core[df12db4294e9bfd3]::ops::function::FnOnce<()>>::call_once::{shim:vtable#0}
[INFO] [stdout]   18:     0x5f4a239591a9 - <std[70759c8f55707aa4]::sys::thread::unix::Thread>::new::thread_start
[INFO] [stdout]   19:     0x7e62569b1dfa - <unknown>
[INFO] [stdout]   20:     0x7e6256a453d4 - clone
[INFO] [stdout]   21:                0x0 - <unknown>
[INFO] [stdout] 
[INFO] [stdout] ---- shell::tests::test_executable_from_args::case_4::shell_kind_2_ShellKind__Zsh stdout ----
[INFO] [stdout] 
[INFO] [stdout] thread 'shell::tests::test_executable_from_args::case_4::shell_kind_2_ShellKind__Zsh' (2643) panicked at /opt/rustwide/cargo-home/registry/src/index.crates.io-1949cf8c6b5b557f/assert_cmd-2.0.16/src/cmd.rs:651:17:
[INFO] [stdout] Failed to spawn Command { cmd: "zsh" "-c" "'echo' '-n' '$(echo scary!)'", stdin: None, timeout: None }: No such file or directory (os error 2)
[INFO] [stdout] stack backtrace:
[INFO] [stdout]    0:     0x5f4a23959ec1 - <<std[70759c8f55707aa4]::sys::backtrace::BacktraceLock>::print::DisplayBacktrace as core[df12db4294e9bfd3]::fmt::Display>::fmt
[INFO] [stdout]    1:     0x5f4a2397301a - core[df12db4294e9bfd3]::fmt::write
[INFO] [stdout]    2:     0x5f4a239607fc - <alloc[2182bb758b4b3781]::vec::Vec<u8> as core[df12db4294e9bfd3]::io::write::Write>::write_fmt
[INFO] [stdout]    3:     0x5f4a23934986 - std[70759c8f55707aa4]::panicking::default_hook::{closure#0}
[INFO] [stdout]    4:     0x5f4a23951d59 - std[70759c8f55707aa4]::panicking::default_hook
[INFO] [stdout]    5:     0x5f4a238a2220 - test[9d35eded1c95d3be]::test_main_inner::<test[9d35eded1c95d3be]::test_main_static::{closure#0}>::{closure#0}
[INFO] [stdout]    6:     0x5f4a23952082 - std[70759c8f55707aa4]::panicking::panic_with_hook
[INFO] [stdout]    7:     0x5f4a23934a32 - std[70759c8f55707aa4]::panicking::panic_handler::{closure#0}
[INFO] [stdout]    8:     0x5f4a2392d069 - std[70759c8f55707aa4]::sys::backtrace::__rust_end_short_backtrace::<std[70759c8f55707aa4]::panicking::panic_handler::{closure#0}, !>
[INFO] [stdout]    9:     0x5f4a2393573d - __rustc[8fa7c3cbc660c2b3]::rust_begin_unwind
[INFO] [stdout]   10:     0x5f4a2397374c - core[df12db4294e9bfd3]::panicking::panic_fmt
[INFO] [stdout]   11:     0x5f4a238dc5c9 - <&mut assert_cmd[c6e64784314872d0]::cmd::Command as assert_cmd[c6e64784314872d0]::assert::OutputAssertExt>::assert
[INFO] [stdout]   12:     0x5f4a2383decc - es[7d6065f3948f913d]::shell::tests::test_executable_from_args
[INFO] [stdout]   13:     0x5f4a2385c7c7 - <es[7d6065f3948f913d]::shell::tests::test_executable_from_args::case_4::shell_kind_2_ShellKind__Zsh::{closure#0} as core[df12db4294e9bfd3]::ops::function::FnOnce<()>>::call_once
[INFO] [stdout]   14:     0x5f4a2389550b - test[9d35eded1c95d3be]::__rust_begin_short_backtrace::<core[df12db4294e9bfd3]::result::Result<(), alloc[2182bb758b4b3781]::string::String>, fn() -> core[df12db4294e9bfd3]::result::Result<(), alloc[2182bb758b4b3781]::string::String>>
[INFO] [stdout]   15:     0x5f4a238a2b75 - test[9d35eded1c95d3be]::run_test::{closure#0}
[INFO] [stdout]   16:     0x5f4a2389c434 - std[70759c8f55707aa4]::sys::backtrace::__rust_begin_short_backtrace::<test[9d35eded1c95d3be]::run_test::{closure#1}, ()>
[INFO] [stdout]   17:     0x5f4a238a5cd2 - <std[70759c8f55707aa4]::thread::lifecycle::spawn_unchecked<test[9d35eded1c95d3be]::run_test::{closure#1}, ()>::{closure#1} as core[df12db4294e9bfd3]::ops::function::FnOnce<()>>::call_once::{shim:vtable#0}
[INFO] [stdout]   18:     0x5f4a239591a9 - <std[70759c8f55707aa4]::sys::thread::unix::Thread>::new::thread_start
[INFO] [stdout]   19:     0x7e62569b1dfa - <unknown>
[INFO] [stdout]   20:     0x7e6256a453d4 - clone
[INFO] [stdout]   21:                0x0 - <unknown>
[INFO] [stdout] 
[INFO] [stdout] ---- shell::tests::test_executable_from_args::case_3::shell_kind_3_ShellKind__Fish stdout ----
[INFO] [stdout] 
[INFO] [stdout] thread 'shell::tests::test_executable_from_args::case_3::shell_kind_3_ShellKind__Fish' (2640) panicked at /opt/rustwide/cargo-home/registry/src/index.crates.io-1949cf8c6b5b557f/assert_cmd-2.0.16/src/cmd.rs:651:17:
[INFO] [stdout] Failed to spawn Command { cmd: "fish" "-c" "'echo' '-n' 'double \"' 'single \\''", stdin: None, timeout: None }: No such file or directory (os error 2)
[INFO] [stdout] stack backtrace:
[INFO] [stdout]    0:     0x5f4a23959ec1 - <<std[70759c8f55707aa4]::sys::backtrace::BacktraceLock>::print::DisplayBacktrace as core[df12db4294e9bfd3]::fmt::Display>::fmt
[INFO] [stdout]    1:     0x5f4a2397301a - core[df12db4294e9bfd3]::fmt::write
[INFO] [stdout]    2:     0x5f4a239607fc - <alloc[2182bb758b4b3781]::vec::Vec<u8> as core[df12db4294e9bfd3]::io::write::Write>::write_fmt
[INFO] [stdout]    3:     0x5f4a23934986 - std[70759c8f55707aa4]::panicking::default_hook::{closure#0}
[INFO] [stdout]    4:     0x5f4a23951d59 - std[70759c8f55707aa4]::panicking::default_hook
[INFO] [stdout]    5:     0x5f4a238a2220 - test[9d35eded1c95d3be]::test_main_inner::<test[9d35eded1c95d3be]::test_main_static::{closure#0}>::{closure#0}
[INFO] [stdout]    6:     0x5f4a23952082 - std[70759c8f55707aa4]::panicking::panic_with_hook
[INFO] [stdout]    7:     0x5f4a23934a32 - std[70759c8f55707aa4]::panicking::panic_handler::{closure#0}
[INFO] [stdout]    8:     0x5f4a2392d069 - std[70759c8f55707aa4]::sys::backtrace::__rust_end_short_backtrace::<std[70759c8f55707aa4]::panicking::panic_handler::{closure#0}, !>
[INFO] [stdout]    9:     0x5f4a2393573d - __rustc[8fa7c3cbc660c2b3]::rust_begin_unwind
[INFO] [stdout]   10:     0x5f4a2397374c - core[df12db4294e9bfd3]::panicking::panic_fmt
[INFO] [stdout]   11:     0x5f4a238dc5c9 - <&mut assert_cmd[c6e64784314872d0]::cmd::Command as assert_cmd[c6e64784314872d0]::assert::OutputAssertExt>::assert
[INFO] [stdout]   12:     0x5f4a2383decc - es[7d6065f3948f913d]::shell::tests::test_executable_from_args
[INFO] [stdout]   13:     0x5f4a2385c787 - <es[7d6065f3948f913d]::shell::tests::test_executable_from_args::case_3::shell_kind_3_ShellKind__Fish::{closure#0} as core[df12db4294e9bfd3]::ops::function::FnOnce<()>>::call_once
[INFO] [stdout]   14:     0x5f4a2389550b - test[9d35eded1c95d3be]::__rust_begin_short_backtrace::<core[df12db4294e9bfd3]::result::Result<(), alloc[2182bb758b4b3781]::string::String>, fn() -> core[df12db4294e9bfd3]::result::Result<(), alloc[2182bb758b4b3781]::string::String>>
[INFO] [stdout]   15:     0x5f4a238a2b75 - test[9d35eded1c95d3be]::run_test::{closure#0}
[INFO] [stdout]   16:     0x5f4a2389c434 - std[70759c8f55707aa4]::sys::backtrace::__rust_begin_short_backtrace::<test[9d35eded1c95d3be]::run_test::{closure#1}, ()>
[INFO] [stdout]   17:     0x5f4a238a5cd2 - <std[70759c8f55707aa4]::thread::lifecycle::spawn_unchecked<test[9d35eded1c95d3be]::run_test::{closure#1}, ()>::{closure#1} as core[df12db4294e9bfd3]::ops::function::FnOnce<()>>::call_once::{shim:vtable#0}
[INFO] [stdout]   18:     0x5f4a239591a9 - <std[70759c8f55707aa4]::sys::thread::unix::Thread>::new::thread_start
[INFO] [stdout]   19:     0x7e62569b1dfa - <unknown>
[INFO] [stdout]   20:     0x7e6256a453d4 - clone
[INFO] [stdout]   21:                0x0 - <unknown>
[INFO] [stdout] 
[INFO] [stdout] 
[INFO] [stdout] failures:
[INFO] [stdout]     environment::tests::test_resolve_command::shell_kind_2_ShellKind__Zsh
[INFO] [stdout]     environment::tests::test_resolve_command::shell_kind_3_ShellKind__Fish
[INFO] [stdout]     shell::tests::test_executable_from_args::case_1::shell_kind_2_ShellKind__Zsh
[INFO] [stdout]     shell::tests::test_executable_from_args::case_1::shell_kind_3_ShellKind__Fish
[INFO] [stdout]     shell::tests::test_executable_from_args::case_2::shell_kind_2_ShellKind__Zsh
[INFO] [stdout]     shell::tests::test_executable_from_args::case_2::shell_kind_3_ShellKind__Fish
[INFO] [stdout]     shell::tests::test_executable_from_args::case_3::shell_kind_2_ShellKind__Zsh
[INFO] [stdout]     shell::tests::test_executable_from_args::case_3::shell_kind_3_ShellKind__Fish
[INFO] [stdout]     shell::tests::test_executable_from_args::case_4::shell_kind_2_ShellKind__Zsh
[INFO] [stdout]     shell::tests::test_executable_from_args::case_4::shell_kind_3_ShellKind__Fish
[INFO] [stdout] 
[INFO] [stdout] test result: FAILED. 38 passed; 10 failed; 0 ignored; 0 measured; 0 filtered out; finished in 0.05s
[INFO] [stdout] 
[INFO] [stderr] error: test failed, to rerun pass `--bin es`
[INFO] running `Command { std: "docker" "inspect" "31e0d3deec6f36f1be07839404af47056004887362e1053855740600df55beb5", kill_on_drop: false }`
[INFO] running `Command { std: "docker" "rm" "-f" "31e0d3deec6f36f1be07839404af47056004887362e1053855740600df55beb5", kill_on_drop: false }`
[INFO] [stdout] 31e0d3deec6f36f1be07839404af47056004887362e1053855740600df55beb5
