[INFO] fetching crate enum_reflect 0.2.6...
[INFO] testing enum_reflect-0.2.6 against 1.100.0-beta.1+cargoflags=--release for beta-release-1.100-2
[INFO] extracting crate enum_reflect 0.2.6 into /workspace/builds/worker-7-tc2/source
[INFO] started tweaking crates.io crate enum_reflect 0.2.6
[INFO] finished tweaking crates.io crate enum_reflect 0.2.6
[INFO] tweaked toml for crates.io crate enum_reflect 0.2.6 written to /workspace/builds/worker-7-tc2/source/Cargo.toml
[INFO] validating manifest of crates.io crate enum_reflect 0.2.6 on toolchain 1.100.0-beta.1
[INFO] running `Command { std: CARGO_HOME="/workspace/cargo-home" RUSTUP_HOME="/workspace/rustup-home" "/workspace/cargo-home/bin/cargo" "+1.100.0-beta.1" "metadata" "--manifest-path" "Cargo.toml" "--no-deps", kill_on_drop: false }`
[INFO] crate crates.io crate enum_reflect 0.2.6 already has a lockfile, it will not be regenerated
[INFO] running `Command { std: CARGO_HOME="/workspace/cargo-home" RUSTUP_HOME="/workspace/rustup-home" "/workspace/cargo-home/bin/cargo" "+1.100.0-beta.1" "fetch" "--manifest-path" "Cargo.toml", kill_on_drop: false }`
[INFO] [stderr] warning: `package.homepage` is redundant with `package.repository`
[INFO] [stderr]   --> Cargo.toml:29:12
[INFO] [stderr]    |
[INFO] [stderr] 29 | homepage = "https://github.com/hrykr/enum-reflect/"
[INFO] [stderr]    |            ^^^^^^^^^^^^^^^^^^^^^^^^^^^^^^^^^^^^^^^^
[INFO] [stderr] ...
[INFO] [stderr] 34 | repository = "https://github.com/hrykr/enum-reflect/"
[INFO] [stderr]    |              ----------------------------------------
[INFO] [stderr]    |
[INFO] [stderr]    = note: `cargo::redundant_homepage` is set to `warn` by default
[INFO] [stderr] help: consider removing `package.homepage`
[INFO] [stderr] warning: `enum_reflect` (manifest) generated 1 warning
[INFO] running `Command { std: "docker" "create" "-v" "/var/lib/crater-agent-workspace/builds/worker-7-tc2/source:/opt/rustwide/workdir:ro,Z" "-v" "/var/lib/crater-agent-workspace/builds/worker-7-tc2/target:/opt/rustwide/target:rw,Z" "-v" "/var/lib/crater-agent-workspace/cargo-home:/opt/rustwide/cargo-home:ro,Z" "-v" "/var/lib/crater-agent-workspace/rustup-home:/opt/rustwide/rustup-home:ro,Z" "-m" "1610612736" "--network" "none" "ghcr.io/rust-lang/crates-build-env/linux@sha256:77db811e55d90add9212f6832c23229e3de5f1c1f9905e8cb07319ea15df73ac" "sleep" "infinity", kill_on_drop: false }`
[INFO] [stdout] dda6419b5d32591d60dcfd96f8b0498ad23df17b6dd32da8d7b650e0cd205359
[INFO] running `Command { std: "docker" "start" "dda6419b5d32591d60dcfd96f8b0498ad23df17b6dd32da8d7b650e0cd205359", kill_on_drop: false }`
[INFO] running `Command { std: "docker" "inspect" "dda6419b5d32591d60dcfd96f8b0498ad23df17b6dd32da8d7b650e0cd205359", kill_on_drop: false }`
[INFO] running `Command { std: "docker" "exec" "-e" "SOURCE_DIR=/opt/rustwide/workdir" "-e" "CARGO_HOME=/opt/rustwide/cargo-home" "-e" "RUSTUP_HOME=/opt/rustwide/rustup-home" "-e" "CARGO_TARGET_DIR=/opt/rustwide/target" "-w" "/opt/rustwide/workdir" "--user" "0:0" "dda6419b5d32591d60dcfd96f8b0498ad23df17b6dd32da8d7b650e0cd205359" "/opt/rustwide/cargo-home/bin/cargo" "+1.100.0-beta.1" "metadata" "--no-deps" "--format-version=1", kill_on_drop: false }`
[INFO] running `Command { std: "docker" "inspect" "dda6419b5d32591d60dcfd96f8b0498ad23df17b6dd32da8d7b650e0cd205359", kill_on_drop: false }`
[INFO] running `Command { std: "docker" "exec" "-e" "SOURCE_DIR=/opt/rustwide/workdir" "-e" "CARGO_HOME=/opt/rustwide/cargo-home" "-e" "RUSTUP_HOME=/opt/rustwide/rustup-home" "-e" "CARGO_TARGET_DIR=/opt/rustwide/target" "-e" "CARGO_INCREMENTAL=0" "-e" "RUST_BACKTRACE=full" "-e" "RUSTFLAGS=--cap-lints=warn" "-e" "RUSTDOCFLAGS=--cap-lints=warn" "-w" "/opt/rustwide/workdir" "--user" "0:0" "dda6419b5d32591d60dcfd96f8b0498ad23df17b6dd32da8d7b650e0cd205359" "/opt/rustwide/cargo-home/bin/cargo" "+1.100.0-beta.1" "build" "--frozen" "--message-format=json" "--release", kill_on_drop: false }`
[INFO] [stderr] warning: `package.homepage` is redundant with `package.repository`
[INFO] [stderr]   --> Cargo.toml:29:12
[INFO] [stderr]    |
[INFO] [stderr] 29 | homepage = "https://github.com/hrykr/enum-reflect/"
[INFO] [stderr]    |            ^^^^^^^^^^^^^^^^^^^^^^^^^^^^^^^^^^^^^^^^
[INFO] [stderr] ...
[INFO] [stderr] 34 | repository = "https://github.com/hrykr/enum-reflect/"
[INFO] [stderr]    |              ----------------------------------------
[INFO] [stderr]    |
[INFO] [stderr]    = note: `cargo::redundant_homepage` is set to `warn` by default
[INFO] [stderr] help: consider removing `package.homepage`
[INFO] [stderr] warning: `enum_reflect` (manifest) generated 1 warning
[INFO] [stderr]    Compiling enum_reflect_extern v0.2.6
[INFO] [stderr]    Compiling syn v2.0.104
[INFO] [stderr]    Compiling enum_reflect v0.2.6 (/opt/rustwide/workdir)
[INFO] [stderr] warning: unused dependency `enum_reflect_extern`
[INFO] [stderr]  --> Cargo.toml:1:15
[INFO] [stderr]   |
[INFO] [stderr] 1 | [dependencies.enum_reflect_extern]
[INFO] [stderr]   |               ^^^^^^^^^^^^^^^^^^^^
[INFO] [stderr]   |
[INFO] [stderr]   = note: `cargo::unused_dependencies` is set to `warn` by default
[INFO] [stderr] help: consider removing the dependency on `enum_reflect_extern`
[INFO] [stderr] warning: `enum_reflect` (manifest) generated 1 warning
[INFO] [stderr]     Finished `release` profile [optimized] target(s) in 4.02s
[INFO] running `Command { std: "docker" "inspect" "dda6419b5d32591d60dcfd96f8b0498ad23df17b6dd32da8d7b650e0cd205359", kill_on_drop: false }`
[INFO] running `Command { std: "docker" "exec" "-e" "SOURCE_DIR=/opt/rustwide/workdir" "-e" "CARGO_HOME=/opt/rustwide/cargo-home" "-e" "RUSTUP_HOME=/opt/rustwide/rustup-home" "-e" "CARGO_TARGET_DIR=/opt/rustwide/target" "-e" "CARGO_INCREMENTAL=0" "-e" "RUST_BACKTRACE=full" "-e" "RUSTFLAGS=--cap-lints=warn" "-e" "RUSTDOCFLAGS=--cap-lints=warn" "-w" "/opt/rustwide/workdir" "--user" "0:0" "dda6419b5d32591d60dcfd96f8b0498ad23df17b6dd32da8d7b650e0cd205359" "/opt/rustwide/cargo-home/bin/cargo" "+1.100.0-beta.1" "test" "--frozen" "--no-run" "--message-format=json" "--release", kill_on_drop: false }`
[INFO] [stderr] warning: `package.homepage` is redundant with `package.repository`
[INFO] [stderr]   --> Cargo.toml:29:12
[INFO] [stderr]    |
[INFO] [stderr] 29 | homepage = "https://github.com/hrykr/enum-reflect/"
[INFO] [stderr]    |            ^^^^^^^^^^^^^^^^^^^^^^^^^^^^^^^^^^^^^^^^
[INFO] [stderr] ...
[INFO] [stderr] 34 | repository = "https://github.com/hrykr/enum-reflect/"
[INFO] [stderr]    |              ----------------------------------------
[INFO] [stderr]    |
[INFO] [stderr]    = note: `cargo::redundant_homepage` is set to `warn` by default
[INFO] [stderr] help: consider removing `package.homepage`
[INFO] [stderr] warning: `enum_reflect` (manifest) generated 1 warning
[INFO] [stderr]    Compiling enum_reflect v0.2.6 (/opt/rustwide/workdir)
[INFO] [stderr] warning: unused dependency `enum_reflect_extern`
[INFO] [stderr]  --> Cargo.toml:1:15
[INFO] [stderr]   |
[INFO] [stderr] 1 | [dependencies.enum_reflect_extern]
[INFO] [stderr]   |               ^^^^^^^^^^^^^^^^^^^^
[INFO] [stderr]   |
[INFO] [stderr]   = note: `cargo::unused_dependencies` is set to `warn` by default
[INFO] [stderr] help: consider removing the dependency on `enum_reflect_extern`
[INFO] [stderr] warning: `enum_reflect` (manifest) generated 1 warning
[INFO] [stderr]     Finished `release` profile [optimized] target(s) in 0.62s
[INFO] running `Command { std: "docker" "inspect" "dda6419b5d32591d60dcfd96f8b0498ad23df17b6dd32da8d7b650e0cd205359", kill_on_drop: false }`
[INFO] running `Command { std: "docker" "exec" "-e" "SOURCE_DIR=/opt/rustwide/workdir" "-e" "CARGO_HOME=/opt/rustwide/cargo-home" "-e" "RUSTUP_HOME=/opt/rustwide/rustup-home" "-e" "CARGO_TARGET_DIR=/opt/rustwide/target" "-e" "CARGO_INCREMENTAL=0" "-e" "RUST_BACKTRACE=full" "-e" "RUSTFLAGS=--cap-lints=warn" "-e" "RUSTDOCFLAGS=--cap-lints=warn" "-w" "/opt/rustwide/workdir" "--user" "0:0" "dda6419b5d32591d60dcfd96f8b0498ad23df17b6dd32da8d7b650e0cd205359" "/opt/rustwide/cargo-home/bin/cargo" "+1.100.0-beta.1" "test" "--frozen" "--release", kill_on_drop: false }`
[INFO] [stderr] warning: `package.homepage` is redundant with `package.repository`
[INFO] [stderr]   --> Cargo.toml:29:12
[INFO] [stderr]    |
[INFO] [stderr] 29 | homepage = "https://github.com/hrykr/enum-reflect/"
[INFO] [stderr]    |            ^^^^^^^^^^^^^^^^^^^^^^^^^^^^^^^^^^^^^^^^
[INFO] [stderr] ...
[INFO] [stderr] 34 | repository = "https://github.com/hrykr/enum-reflect/"
[INFO] [stderr]    |              ----------------------------------------
[INFO] [stderr]    |
[INFO] [stderr]    = note: `cargo::redundant_homepage` is set to `warn` by default
[INFO] [stderr] help: consider removing `package.homepage`
[INFO] [stderr] warning: `enum_reflect` (manifest) generated 1 warning
[INFO] [stderr] warning: unused dependency `enum_reflect_extern`
[INFO] [stderr]  --> Cargo.toml:1:15
[INFO] [stderr]   |
[INFO] [stderr] 1 | [dependencies.enum_reflect_extern]
[INFO] [stderr]   |               ^^^^^^^^^^^^^^^^^^^^
[INFO] [stderr]   |
[INFO] [stderr]   = note: `cargo::unused_dependencies` is set to `warn` by default
[INFO] [stderr] help: consider removing the dependency on `enum_reflect_extern`
[INFO] [stderr] warning: `enum_reflect` (manifest) generated 1 warning
[INFO] [stderr]     Finished `release` profile [optimized] target(s) in 0.02s
[INFO] [stderr]      Running unittests src/lib.rs (/opt/rustwide/target/release/build/enum_reflect/f27eab620f5d4a84/out/enum_reflect-f27eab620f5d4a84)
[INFO] [stderr]    Doc-tests enum_reflect
[INFO] [stdout] 
[INFO] [stdout] running 0 tests
[INFO] [stdout] 
[INFO] [stdout] test result: ok. 0 passed; 0 failed; 0 ignored; 0 measured; 0 filtered out; finished in 0.00s
[INFO] [stdout] 
[INFO] [stdout] 
[INFO] [stdout] running 2 tests
[INFO] [stdout] test src/lib.rs - enum_reflection (line 10) ... FAILED
[INFO] [stdout] test src/lib.rs - enum_reflection (line 23) ... FAILED
[INFO] [stdout] 
[INFO] [stdout] failures:
[INFO] [stdout] 
[INFO] [stdout] ---- src/lib.rs - enum_reflection (line 10) stdout ----
[INFO] [stdout] error: expected `{}`, found `;`
[INFO] [stdout]   --> src/lib.rs:12:17
[INFO] [stdout]    |
[INFO] [stdout] 12 | enum ExampleEnum;
[INFO] [stdout]    |                 ^
[INFO] [stdout]    |
[INFO] [stdout]    = help: try using `{}` instead
[INFO] [stdout] 
[INFO] [stdout] error: cannot find derive macro `EnumReflect` in this scope
[INFO] [stdout]   --> src/lib.rs:11:10
[INFO] [stdout]    |
[INFO] [stdout] 11 | #[derive(EnumReflect)]
[INFO] [stdout]    |          ^^^^^^^^^^^
[INFO] [stdout] 
[INFO] [stdout] error: aborting due to 2 previous errors
[INFO] [stdout] 
[INFO] [stdout] Couldn't compile the test.
[INFO] [stdout] ---- src/lib.rs - enum_reflection (line 23) stdout ----
[INFO] [stdout] error: cannot find derive macro `EnumReflect` in this scope
[INFO] [stdout]   --> src/lib.rs:24:10
[INFO] [stdout]    |
[INFO] [stdout] 24 | #[derive(EnumReflect)]
[INFO] [stdout]    |          ^^^^^^^^^^^
[INFO] [stdout] 
[INFO] [stdout] error[E0599]: no method named `get_named_fields` found for enum `Example` in the current scope
[INFO] [stdout]   --> src/lib.rs:41:31
[INFO] [stdout]    |
[INFO] [stdout] 25 | pub enum Example {
[INFO] [stdout]    | ---------------- method `get_named_fields` not found for this enum
[INFO] [stdout] ...
[INFO] [stdout] 41 |     for (name, value) in exml.get_named_fields() {
[INFO] [stdout]    |                               ^^^^^^^^^^^^^^^^ method not found in `Example`
[INFO] [stdout]    |
[INFO] [stdout]    = help: items from traits can only be used if the trait is implemented and in scope
[INFO] [stdout]    = note: the following traits define an item `get_named_fields`, perhaps you need to implement one of them:
[INFO] [stdout]            candidate #1: `enum_reflect_extern::EnumReflect`
[INFO] [stdout]            candidate #2: `enum_reflect_extern::EnumReflection`
[INFO] [stdout] 
[INFO] [stdout] error: aborting due to 2 previous errors
[INFO] [stdout] 
[INFO] [stdout] For more information about this error, try `rustc --explain E0599`.
[INFO] [stdout] Couldn't compile the test.
[INFO] [stdout] 
[INFO] [stdout] failures:
[INFO] [stdout]     src/lib.rs - enum_reflection (line 10)
[INFO] [stdout]     src/lib.rs - enum_reflection (line 23)
[INFO] [stdout] 
[INFO] [stdout] test result: FAILED. 0 passed; 2 failed; 0 ignored; 0 measured; 0 filtered out; finished in 0.12s
[INFO] [stdout] 
[INFO] [stdout] all doctests ran in 0.31s; merged doctests compilation took 0.19s
[INFO] [stderr] error: doctest failed, to rerun pass `--doc`
[INFO] running `Command { std: "docker" "inspect" "dda6419b5d32591d60dcfd96f8b0498ad23df17b6dd32da8d7b650e0cd205359", kill_on_drop: false }`
[INFO] running `Command { std: "docker" "rm" "-f" "dda6419b5d32591d60dcfd96f8b0498ad23df17b6dd32da8d7b650e0cd205359", kill_on_drop: false }`
[INFO] [stdout] dda6419b5d32591d60dcfd96f8b0498ad23df17b6dd32da8d7b650e0cd205359
